Nov 24 22:08:47 devstack devstack@keystone.service[41737]: DEBUG keystone.server.flask.request_processing.req_logging [None req-c9276de3-596f-458d-a7b9-d46850cd053d None admin] REQUEST_METHOD: `GET` {{(pid=41737) log_request_info /opt/stack/keystone/keystone/server/flask/request_processing/req_logging.py:26}}
Nov 24 22:08:47 devstack devstack@keystone.service[41736]: DEBUG keystone.server.flask.request_processing.req_logging [None req-c7a80713-655d-4f6c-84e3-2a70d7094521 None None] REQUEST_METHOD: `POST` {{(pid=41736) log_request_info /opt/stack/keystone/keystone/server/flask/request_processing/req_logging.py:26}}
Nov 24 22:08:47 devstack devstack@keystone.service[41737]: DEBUG keystone.server.flask.request_processing.req_logging [None req-c9276de3-596f-458d-a7b9-d46850cd053d None admin] SCRIPT_NAME: `/identity` {{(pid=41737) log_request_info /opt/stack/keystone/keystone/server/flask/request_processing/req_logging.py:27}}
Nov 24 22:08:47 devstack devstack@keystone.service[41736]: DEBUG keystone.server.flask.request_processing.req_logging [None req-c7a80713-655d-4f6c-84e3-2a70d7094521 None None] SCRIPT_NAME: `/identity` {{(pid=41736) log_request_info /opt/stack/keystone/keystone/server/flask/request_processing/req_logging.py:27}}
Nov 24 22:08:47 devstack devstack@keystone.service[41737]: DEBUG keystone.server.flask.request_processing.req_logging [None req-c9276de3-596f-458d-a7b9-d46850cd053d None admin] PATH_INFO: `/v3/domains/Default` {{(pid=41737) log_request_info /opt/stack/keystone/keystone/server/flask/request_processing/req_logging.py:28}}
Nov 24 22:08:47 devstack devstack@keystone.service[41736]: DEBUG keystone.server.flask.request_processing.req_logging [None req-c7a80713-655d-4f6c-84e3-2a70d7094521 None None] PATH_INFO: `/v3/auth/tokens` {{(pid=41736) log_request_info /opt/stack/keystone/keystone/server/flask/request_processing/req_logging.py:28}}
Nov 24 22:08:47 devstack devstack@keystone.service[41737]: DEBUG keystone.common.rbac_enforcer.enforcer [None req-c9276de3-596f-458d-a7b9-d46850cd053d None admin] RBAC: Authorizing `identity:get_domain(domain_id=Default)` {{(pid=41737) enforce_call /opt/stack/keystone/keystone/common/rbac_enforcer/enforcer.py:494}}
Nov 24 22:08:47 devstack devstack@keystone.service[41737]: DEBUG keystone.common.rbac_enforcer.enforcer [None req-c9276de3-596f-458d-a7b9-d46850cd053d None admin] RBAC: Authorization granted {{(pid=41737) enforce_call /opt/stack/keystone/keystone/common/rbac_enforcer/enforcer.py:505}}
Nov 24 22:08:47 devstack devstack@keystone.service[41736]: WARNING keystone.common.password_hashing [None req-c7a80713-655d-4f6c-84e3-2a70d7094521 None None] Truncating password to algorithm specific maximum length 72 characters.
Nov 24 22:08:47 devstack devstack@keystone.service[41737]: DEBUG keystone.server.flask.application [None req-c9276de3-596f-458d-a7b9-d46850cd053d None admin] Could not find domain: Default. {{(pid=41737) _handle_keystone_exception /opt/stack/keystone/keystone/server/flask/application.py:146}}
Nov 24 22:08:47 devstack devstack@keystone.service[41737]: [pid: 41737|app: 0|req: 13/29] 192.168.122.248 () {56 vars in 1120 bytes} [Mon Nov 24 22:08:47 2025] GET /identity/v3/domains/Default => generated 87 bytes in 249 msecs (HTTP/1.1 404) 5 headers in 183 bytes (1 switches on core 0)
Nov 24 22:08:47 devstack devstack@keystone.service[41736]: DEBUG keystone.auth.core [None req-c7a80713-655d-4f6c-84e3-2a70d7094521 None None] MFA Rules not processed for user `f80693c148f047e68f30476988037dce`. Rule list: `[]` (Enabled: `True`). {{(pid=41736) check_auth_methods_against_rules /opt/stack/keystone/keystone/auth/core.py:476}}
Nov 24 22:08:47 devstack devstack@keystone.service[41736]: DEBUG keystone.common.fernet_utils [None req-c7a80713-655d-4f6c-84e3-2a70d7094521 None None] Loaded 2 Fernet keys from /etc/keystone/fernet-keys/, but `[fernet_tokens] max_active_keys = 3`; perhaps there have not been enough key rotations to reach `max_active_keys` yet? {{(pid=41736) load_keys /opt/stack/keystone/keystone/common/fernet_utils.py:297}}
Nov 24 22:08:47 devstack devstack@keystone.service[41737]: DEBUG keystone.server.flask.request_processing.middleware.auth_context [None req-c9276de3-596f-458d-a7b9-d46850cd053d None admin] Authenticating user token {{(pid=41737) process_request /opt/stack/data/venv/lib/python3.10/site-packages/keystonemiddleware/auth_token/__init__.py:407}}
Nov 24 22:08:47 devstack devstack@keystone.service[41736]: [pid: 41736|app: 0|req: 17/30] 192.168.122.248 () {58 vars in 1036 bytes} [Mon Nov 24 22:08:47 2025] POST /identity/v3/auth/tokens => generated 866 bytes in 104 msecs (HTTP/1.1 201) 6 headers in 363 bytes (1 switches on core 0)
Nov 24 22:08:47 devstack devstack@keystone.service[41736]: DEBUG keystone.server.flask.request_processing.middleware.auth_context [None req-c7a80713-655d-4f6c-84e3-2a70d7094521 None None] Authenticating user token {{(pid=41736) process_request /opt/stack/data/venv/lib/python3.10/site-packages/keystonemiddleware/auth_token/__init__.py:407}}
Nov 24 22:08:47 devstack devstack@keystone.service[41737]: DEBUG keystone.server.flask.request_processing.middleware.auth_context [None req-c9276de3-596f-458d-a7b9-d46850cd053d None admin] Validating token access rules against request {{(pid=41737) validate_allowed_request /opt/stack/data/venv/lib/python3.10/site-packages/keystonemiddleware/auth_token/__init__.py:545}}
Nov 24 22:08:47 devstack devstack@keystone.service[41737]: DEBUG keystone.server.flask.request_processing.middleware.auth_context [None req-0f47bdec-9b37-4b42-a573-68bdb0e2d093 None admin] RBAC: auth_context: {'token': , 'domain_id': None, 'trust_id': None, 'trustor_id': None, 'trustee_id': None, 'domain_name': None, 'group_ids': [], 'user_id': 'f80693c148f047e68f30476988037dce', 'user_domain_id': 'default', 'system_scope': 'all', 'project_id': None, 'project_domain_id': None, 'roles': ['admin', 'manager', 'member', 'reader'], 'is_admin_project': True, 'service_user_id': None, 'service_user_domain_id': None, 'service_project_id': None, 'service_project_domain_id': None, 'service_roles': []} {{(pid=41737) fill_context /opt/stack/keystone/keystone/server/flask/request_processing/middleware/auth_context.py:509}}
Nov 24 22:08:47 devstack devstack@keystone.service[41737]: DEBUG keystone.server.flask.request_processing.req_logging [None req-0f47bdec-9b37-4b42-a573-68bdb0e2d093 None admin] REQUEST_METHOD: `GET` {{(pid=41737) log_request_info /opt/stack/keystone/keystone/server/flask/request_processing/req_logging.py:26}}
Nov 24 22:08:47 devstack devstack@keystone.service[41737]: DEBUG keystone.server.flask.request_processing.req_logging [None req-0f47bdec-9b37-4b42-a573-68bdb0e2d093 None admin] SCRIPT_NAME: `/identity` {{(pid=41737) log_request_info /opt/stack/keystone/keystone/server/flask/request_processing/req_logging.py:27}}
Nov 24 22:08:47 devstack devstack@keystone.service[41737]: DEBUG keystone.server.flask.request_processing.req_logging [None req-0f47bdec-9b37-4b42-a573-68bdb0e2d093 None admin] PATH_INFO: `/v3/roles/admin` {{(pid=41737) log_request_info /opt/stack/keystone/keystone/server/flask/request_processing/req_logging.py:28}}
Nov 24 22:08:47 devstack devstack@keystone.service[41737]: DEBUG keystone.common.rbac_enforcer.enforcer [None req-0f47bdec-9b37-4b42-a573-68bdb0e2d093 None admin] Extracting inferred target data resulted in "NOT FOUND (404)". {{(pid=41737) enforce_call /opt/stack/keystone/keystone/common/rbac_enforcer/enforcer.py:445}}
Nov 24 22:08:47 devstack devstack@keystone.service[41737]: DEBUG keystone.server.flask.application [None req-0f47bdec-9b37-4b42-a573-68bdb0e2d093 None admin] Could not find role: admin. {{(pid=41737) _handle_keystone_exception /opt/stack/keystone/keystone/server/flask/application.py:146}}
Nov 24 22:08:47 devstack devstack@keystone.service[41737]: [pid: 41737|app: 0|req: 14/31] 192.168.122.248 () {56 vars in 1152 bytes} [Mon Nov 24 22:08:47 2025] GET /identity/v3/roles/admin => generated 83 bytes in 117 msecs (HTTP/1.1 404) 5 headers in 183 bytes (1 switches on core 0)
Nov 24 22:08:47 devstack devstack@keystone.service[41737]: DEBUG keystone.server.flask.request_processing.middleware.auth_context [None req-0f47bdec-9b37-4b42-a573-68bdb0e2d093 None admin] Authenticating user token {{(pid=41737) process_request /opt/stack/data/venv/lib/python3.10/site-packages/keystonemiddleware/auth_token/__init__.py:407}}
Nov 24 22:08:47 devstack devstack@keystone.service[41736]: DEBUG keystone.server.flask.request_processing.middleware.auth_context [None req-c7a80713-655d-4f6c-84e3-2a70d7094521 None None] Validating token access rules against request {{(pid=41736) validate_allowed_request /opt/stack/data/venv/lib/python3.10/site-packages/keystonemiddleware/auth_token/__init__.py:545}}
Nov 24 22:08:47 devstack devstack@keystone.service[41737]: DEBUG keystone.server.flask.request_processing.middleware.auth_context [None req-0f47bdec-9b37-4b42-a573-68bdb0e2d093 None admin] Validating token access rules against request {{(pid=41737) validate_allowed_request /opt/stack/data/venv/lib/python3.10/site-packages/keystonemiddleware/auth_token/__init__.py:545}}
Nov 24 22:08:47 devstack devstack@keystone.service[41737]: DEBUG keystone.server.flask.request_processing.middleware.auth_context [None req-6ee5efb7-2d42-44a7-9456-2ba1ff4cdd7c None admin] RBAC: auth_context: {'token': , 'domain_id': None, 'trust_id': None, 'trustor_id': None, 'trustee_id': None, 'domain_name': None, 'group_ids': [], 'user_id': 'f80693c148f047e68f30476988037dce', 'user_domain_id': 'default', 'system_scope': 'all', 'project_id': None, 'project_domain_id': None, 'roles': ['admin', 'manager', 'member', 'reader'], 'is_admin_project': True, 'service_user_id': None, 'service_user_domain_id': None, 'service_project_id': None, 'service_project_domain_id': None, 'service_roles': []} {{(pid=41737) fill_context /opt/stack/keystone/keystone/server/flask/request_processing/middleware/auth_context.py:509}}
Nov 24 22:08:47 devstack devstack@keystone.service[41737]: DEBUG keystone.server.flask.request_processing.req_logging [None req-6ee5efb7-2d42-44a7-9456-2ba1ff4cdd7c None admin] REQUEST_METHOD: `GET` {{(pid=41737) log_request_info /opt/stack/keystone/keystone/server/flask/request_processing/req_logging.py:26}}
Nov 24 22:08:47 devstack devstack@keystone.service[41737]: DEBUG keystone.server.flask.request_processing.req_logging [None req-6ee5efb7-2d42-44a7-9456-2ba1ff4cdd7c None admin] SCRIPT_NAME: `/identity` {{(pid=41737) log_request_info /opt/stack/keystone/keystone/server/flask/request_processing/req_logging.py:27}}
Nov 24 22:08:47 devstack devstack@keystone.service[41737]: DEBUG keystone.server.flask.request_processing.req_logging [None req-6ee5efb7-2d42-44a7-9456-2ba1ff4cdd7c None admin] PATH_INFO: `/v3/roles` {{(pid=41737) log_request_info /opt/stack/keystone/keystone/server/flask/request_processing/req_logging.py:28}}
Nov 24 22:08:47 devstack devstack@keystone.service[41737]: DEBUG keystone.common.rbac_enforcer.enforcer [None req-6ee5efb7-2d42-44a7-9456-2ba1ff4cdd7c None admin] RBAC: Adding query filter params (name=admin) {{(pid=41737) _extract_filter_values /opt/stack/keystone/keystone/common/rbac_enforcer/enforcer.py:176}}
Nov 24 22:08:47 devstack devstack@keystone.service[41737]: DEBUG keystone.common.rbac_enforcer.enforcer [None req-6ee5efb7-2d42-44a7-9456-2ba1ff4cdd7c None admin] RBAC: Authorizing `identity:list_roles()` {{(pid=41737) enforce_call /opt/stack/keystone/keystone/common/rbac_enforcer/enforcer.py:494}}
Nov 24 22:08:47 devstack devstack@keystone.service[41737]: DEBUG keystone.common.rbac_enforcer.enforcer [None req-6ee5efb7-2d42-44a7-9456-2ba1ff4cdd7c None admin] RBAC: Authorization granted {{(pid=41737) enforce_call /opt/stack/keystone/keystone/common/rbac_enforcer/enforcer.py:505}}
Nov 24 22:08:47 devstack devstack@keystone.service[41736]: DEBUG keystone.server.flask.request_processing.middleware.auth_context [None req-f391bbb3-383f-4c7f-8890-43dc46863680 None admin] RBAC: auth_context: {'token': , 'domain_id': None, 'trust_id': None, 'trustor_id': None, 'trustee_id': None, 'domain_name': None, 'group_ids': [], 'user_id': 'f80693c148f047e68f30476988037dce', 'user_domain_id': 'default', 'system_scope': 'all', 'project_id': None, 'project_domain_id': None, 'roles': ['admin', 'manager', 'member', 'reader'], 'is_admin_project': True, 'service_user_id': None, 'service_user_domain_id': None, 'service_project_id': None, 'service_project_domain_id': None, 'service_roles': []} {{(pid=41736) fill_context /opt/stack/keystone/keystone/server/flask/request_processing/middleware/auth_context.py:509}}
Nov 24 22:08:47 devstack devstack@keystone.service[41736]: DEBUG keystone.server.flask.request_processing.req_logging [None req-f391bbb3-383f-4c7f-8890-43dc46863680 None admin] REQUEST_METHOD: `GET` {{(pid=41736) log_request_info /opt/stack/keystone/keystone/server/flask/request_processing/req_logging.py:26}}
Nov 24 22:08:47 devstack devstack@keystone.service[41736]: DEBUG keystone.server.flask.request_processing.req_logging [None req-f391bbb3-383f-4c7f-8890-43dc46863680 None admin] SCRIPT_NAME: `/identity` {{(pid=41736) log_request_info /opt/stack/keystone/keystone/server/flask/request_processing/req_logging.py:27}}
Nov 24 22:08:47 devstack devstack@keystone.service[41737]: [pid: 41737|app: 0|req: 15/32] 192.168.122.248 () {56 vars in 1168 bytes} [Mon Nov 24 22:08:47 2025] GET /identity/v3/roles?name=admin => generated 347 bytes in 101 msecs (HTTP/1.1 200) 5 headers in 177 bytes (2 switches on core 0)
Nov 24 22:08:47 devstack devstack@keystone.service[41736]: DEBUG keystone.server.flask.request_processing.req_logging [None req-f391bbb3-383f-4c7f-8890-43dc46863680 None admin] PATH_INFO: `/v3/domains` {{(pid=41736) log_request_info /opt/stack/keystone/keystone/server/flask/request_processing/req_logging.py:28}}
Nov 24 22:08:47 devstack devstack@keystone.service[41736]: DEBUG keystone.common.rbac_enforcer.enforcer [None req-f391bbb3-383f-4c7f-8890-43dc46863680 None admin] RBAC: Adding query filter params (name=Default) {{(pid=41736) _extract_filter_values /opt/stack/keystone/keystone/common/rbac_enforcer/enforcer.py:176}}
Nov 24 22:08:47 devstack devstack@keystone.service[41736]: DEBUG keystone.common.rbac_enforcer.enforcer [None req-f391bbb3-383f-4c7f-8890-43dc46863680 None admin] RBAC: Authorizing `identity:list_domains()` {{(pid=41736) enforce_call /opt/stack/keystone/keystone/common/rbac_enforcer/enforcer.py:494}}
Nov 24 22:08:47 devstack devstack@keystone.service[41736]: DEBUG keystone.common.rbac_enforcer.enforcer [None req-f391bbb3-383f-4c7f-8890-43dc46863680 None admin] RBAC: Authorization granted {{(pid=41736) enforce_call /opt/stack/keystone/keystone/common/rbac_enforcer/enforcer.py:505}}
Nov 24 22:08:47 devstack devstack@keystone.service[41737]: DEBUG keystone.server.flask.request_processing.middleware.auth_context [None req-6ee5efb7-2d42-44a7-9456-2ba1ff4cdd7c None admin] Authenticating user token {{(pid=41737) process_request /opt/stack/data/venv/lib/python3.10/site-packages/keystonemiddleware/auth_token/__init__.py:407}}
Nov 24 22:08:47 devstack devstack@keystone.service[41736]: [pid: 41736|app: 0|req: 18/33] 192.168.122.248 () {56 vars in 1121 bytes} [Mon Nov 24 22:08:47 2025] GET /identity/v3/domains?name=Default => generated 316 bytes in 211 msecs (HTTP/1.1 200) 5 headers in 177 bytes (1 switches on core 0)
Nov 24 22:08:47 devstack devstack@keystone.service[41736]: DEBUG keystone.server.flask.request_processing.middleware.auth_context [None req-f391bbb3-383f-4c7f-8890-43dc46863680 None admin] Authenticating user token {{(pid=41736) process_request /opt/stack/data/venv/lib/python3.10/site-packages/keystonemiddleware/auth_token/__init__.py:407}}
Nov 24 22:08:47 devstack devstack@keystone.service[41737]: DEBUG keystone.server.flask.request_processing.middleware.auth_context [None req-6ee5efb7-2d42-44a7-9456-2ba1ff4cdd7c None admin] Validating token access rules against request {{(pid=41737) validate_allowed_request /opt/stack/data/venv/lib/python3.10/site-packages/keystonemiddleware/auth_token/__init__.py:545}}
Nov 24 22:08:47 devstack devstack@keystone.service[41737]: DEBUG keystone.server.flask.request_processing.middleware.auth_context [None req-662bbc97-8348-4bf6-b4d7-315b35ca333b None admin] RBAC: auth_context: {'token': , 'domain_id': None, 'trust_id': None, 'trustor_id': None, 'trustee_id': None, 'domain_name': None, 'group_ids': [], 'user_id': 'f80693c148f047e68f30476988037dce', 'user_domain_id': 'default', 'system_scope': 'all', 'project_id': None, 'project_domain_id': None, 'roles': ['admin', 'manager', 'member', 'reader'], 'is_admin_project': True, 'service_user_id': None, 'service_user_domain_id': None, 'service_project_id': None, 'service_project_domain_id': None, 'service_roles': []} {{(pid=41737) fill_context /opt/stack/keystone/keystone/server/flask/request_processing/middleware/auth_context.py:509}}
Nov 24 22:08:47 devstack devstack@keystone.service[41737]: DEBUG keystone.server.flask.request_processing.req_logging [None req-662bbc97-8348-4bf6-b4d7-315b35ca333b None admin] REQUEST_METHOD: `GET` {{(pid=41737) log_request_info /opt/stack/keystone/keystone/server/flask/request_processing/req_logging.py:26}}
Nov 24 22:08:47 devstack devstack@keystone.service[41737]: DEBUG keystone.server.flask.request_processing.req_logging [None req-662bbc97-8348-4bf6-b4d7-315b35ca333b None admin] SCRIPT_NAME: `/identity` {{(pid=41737) log_request_info /opt/stack/keystone/keystone/server/flask/request_processing/req_logging.py:27}}
Nov 24 22:08:47 devstack devstack@keystone.service[41737]: DEBUG keystone.server.flask.request_processing.req_logging [None req-662bbc97-8348-4bf6-b4d7-315b35ca333b None admin] PATH_INFO: `/v3/users/f80693c148f047e68f30476988037dce` {{(pid=41737) log_request_info /opt/stack/keystone/keystone/server/flask/request_processing/req_logging.py:28}}
Nov 24 22:08:47 devstack devstack@keystone.service[41737]: DEBUG keystone.common.rbac_enforcer.enforcer [None req-662bbc97-8348-4bf6-b4d7-315b35ca333b None admin] RBAC: Authorizing `identity:get_user(user_id=f80693c148f047e68f30476988037dce)` {{(pid=41737) enforce_call /opt/stack/keystone/keystone/common/rbac_enforcer/enforcer.py:494}}
Nov 24 22:08:47 devstack devstack@keystone.service[41737]: DEBUG keystone.common.rbac_enforcer.enforcer [None req-662bbc97-8348-4bf6-b4d7-315b35ca333b None admin] RBAC: Authorization granted {{(pid=41737) enforce_call /opt/stack/keystone/keystone/common/rbac_enforcer/enforcer.py:505}}
Nov 24 22:08:47 devstack devstack@keystone.service[41737]: [pid: 41737|app: 0|req: 16/34] 192.168.122.248 () {56 vars in 1233 bytes} [Mon Nov 24 22:08:47 2025] GET /identity/v3/users/f80693c148f047e68f30476988037dce => generated 251 bytes in 96 msecs (HTTP/1.1 200) 5 headers in 177 bytes (1 switches on core 0)
Nov 24 22:08:47 devstack devstack@keystone.service[41737]: DEBUG keystone.server.flask.request_processing.middleware.auth_context [None req-662bbc97-8348-4bf6-b4d7-315b35ca333b None admin] Authenticating user token {{(pid=41737) process_request /opt/stack/data/venv/lib/python3.10/site-packages/keystonemiddleware/auth_token/__init__.py:407}}
Nov 24 22:08:48 devstack devstack@keystone.service[41736]: DEBUG keystone.server.flask.request_processing.middleware.auth_context [None req-f391bbb3-383f-4c7f-8890-43dc46863680 None admin] Validating token access rules against request {{(pid=41736) validate_allowed_request /opt/stack/data/venv/lib/python3.10/site-packages/keystonemiddleware/auth_token/__init__.py:545}}
Nov 24 22:08:48 devstack devstack@keystone.service[41736]: DEBUG keystone.server.flask.request_processing.middleware.auth_context [None req-7c723d7b-3613-41b2-a49a-51f198caa962 None admin] RBAC: auth_context: {'token': , 'domain_id': None, 'trust_id': None, 'trustor_id': None, 'trustee_id': None, 'domain_name': None, 'group_ids': [], 'user_id': 'f80693c148f047e68f30476988037dce', 'user_domain_id': 'default', 'system_scope': 'all', 'project_id': None, 'project_domain_id': None, 'roles': ['admin', 'manager', 'member', 'reader'], 'is_admin_project': True, 'service_user_id': None, 'service_user_domain_id': None, 'service_project_id': None, 'service_project_domain_id': None, 'service_roles': []} {{(pid=41736) fill_context /opt/stack/keystone/keystone/server/flask/request_processing/middleware/auth_context.py:509}}
Nov 24 22:08:48 devstack devstack@keystone.service[41736]: DEBUG keystone.server.flask.request_processing.req_logging [None req-7c723d7b-3613-41b2-a49a-51f198caa962 None admin] REQUEST_METHOD: `POST` {{(pid=41736) log_request_info /opt/stack/keystone/keystone/server/flask/request_processing/req_logging.py:26}}
Nov 24 22:08:48 devstack devstack@keystone.service[41736]: DEBUG keystone.server.flask.request_processing.req_logging [None req-7c723d7b-3613-41b2-a49a-51f198caa962 None admin] SCRIPT_NAME: `/identity` {{(pid=41736) log_request_info /opt/stack/keystone/keystone/server/flask/request_processing/req_logging.py:27}}
Nov 24 22:08:48 devstack devstack@keystone.service[41736]: DEBUG keystone.server.flask.request_processing.req_logging [None req-7c723d7b-3613-41b2-a49a-51f198caa962 None admin] PATH_INFO: `/v3/roles` {{(pid=41736) log_request_info /opt/stack/keystone/keystone/server/flask/request_processing/req_logging.py:28}}
Nov 24 22:08:48 devstack devstack@keystone.service[41737]: DEBUG keystone.server.flask.request_processing.middleware.auth_context [None req-662bbc97-8348-4bf6-b4d7-315b35ca333b None admin] Validating token access rules against request {{(pid=41737) validate_allowed_request /opt/stack/data/venv/lib/python3.10/site-packages/keystonemiddleware/auth_token/__init__.py:545}}
Nov 24 22:08:48 devstack devstack@keystone.service[41736]: DEBUG keystone.common.rbac_enforcer.enforcer [None req-7c723d7b-3613-41b2-a49a-51f198caa962 None admin] RBAC: Authorizing `identity:create_role()` {{(pid=41736) enforce_call /opt/stack/keystone/keystone/common/rbac_enforcer/enforcer.py:494}}
Nov 24 22:08:48 devstack devstack@keystone.service[41736]: DEBUG keystone.common.rbac_enforcer.enforcer [None req-7c723d7b-3613-41b2-a49a-51f198caa962 None admin] RBAC: Authorization granted {{(pid=41736) enforce_call /opt/stack/keystone/keystone/common/rbac_enforcer/enforcer.py:505}}
Nov 24 22:08:48 devstack devstack@keystone.service[41736]: [pid: 41736|app: 0|req: 19/35] 192.168.122.248 () {60 vars in 1187 bytes} [Mon Nov 24 22:08:47 2025] POST /identity/v3/roles => generated 229 bytes in 150 msecs (HTTP/1.1 201) 5 headers in 182 bytes (1 switches on core 0)
Nov 24 22:08:48 devstack devstack@keystone.service[41736]: DEBUG keystone.server.flask.request_processing.req_logging [None req-6100761c-32d7-43dc-a23c-365edb052d71 None None] REQUEST_METHOD: `GET` {{(pid=41736) log_request_info /opt/stack/keystone/keystone/server/flask/request_processing/req_logging.py:26}}
Nov 24 22:08:48 devstack devstack@keystone.service[41736]: DEBUG keystone.server.flask.request_processing.req_logging [None req-6100761c-32d7-43dc-a23c-365edb052d71 None None] SCRIPT_NAME: `/identity` {{(pid=41736) log_request_info /opt/stack/keystone/keystone/server/flask/request_processing/req_logging.py:27}}
Nov 24 22:08:48 devstack devstack@keystone.service[41736]: DEBUG keystone.server.flask.request_processing.req_logging [None req-6100761c-32d7-43dc-a23c-365edb052d71 None None] PATH_INFO: `/` {{(pid=41736) log_request_info /opt/stack/keystone/keystone/server/flask/request_processing/req_logging.py:28}}
Nov 24 22:08:48 devstack devstack@keystone.service[41736]: [pid: 41736|app: 0|req: 20/36] 192.168.122.248 () {54 vars in 939 bytes} [Mon Nov 24 22:08:48 2025] GET /identity => generated 274 bytes in 2 msecs (HTTP/1.1 300) 6 headers in 238 bytes (1 switches on core 0)
Nov 24 22:08:48 devstack devstack@keystone.service[41736]: DEBUG keystone.server.flask.request_processing.middleware.auth_context [None req-6100761c-32d7-43dc-a23c-365edb052d71 None None] Authenticating user token {{(pid=41736) process_request /opt/stack/data/venv/lib/python3.10/site-packages/keystonemiddleware/auth_token/__init__.py:407}}
Nov 24 22:08:48 devstack devstack@keystone.service[41737]: DEBUG keystone.server.flask.request_processing.middleware.auth_context [None req-efef6003-9001-4388-a084-115ca40a082f None admin] RBAC: auth_context: {'token': , 'domain_id': None, 'trust_id': None, 'trustor_id': None, 'trustee_id': None, 'domain_name': None, 'group_ids': [], 'user_id': 'f80693c148f047e68f30476988037dce', 'user_domain_id': 'default', 'system_scope': 'all', 'project_id': None, 'project_domain_id': None, 'roles': ['admin', 'manager', 'member', 'reader'], 'is_admin_project': True, 'service_user_id': None, 'service_user_domain_id': None, 'service_project_id': None, 'service_project_domain_id': None, 'service_roles': []} {{(pid=41737) fill_context /opt/stack/keystone/keystone/server/flask/request_processing/middleware/auth_context.py:509}}
Nov 24 22:08:48 devstack devstack@keystone.service[41737]: DEBUG keystone.server.flask.request_processing.req_logging [None req-efef6003-9001-4388-a084-115ca40a082f None admin] REQUEST_METHOD: `POST` {{(pid=41737) log_request_info /opt/stack/keystone/keystone/server/flask/request_processing/req_logging.py:26}}
Nov 24 22:08:48 devstack devstack@keystone.service[41737]: DEBUG keystone.server.flask.request_processing.req_logging [None req-efef6003-9001-4388-a084-115ca40a082f None admin] SCRIPT_NAME: `/identity` {{(pid=41737) log_request_info /opt/stack/keystone/keystone/server/flask/request_processing/req_logging.py:27}}
Nov 24 22:08:48 devstack devstack@keystone.service[41737]: DEBUG keystone.server.flask.request_processing.req_logging [None req-efef6003-9001-4388-a084-115ca40a082f None admin] PATH_INFO: `/v3/projects` {{(pid=41737) log_request_info /opt/stack/keystone/keystone/server/flask/request_processing/req_logging.py:28}}
Nov 24 22:08:48 devstack devstack@keystone.service[41737]: DEBUG keystone.common.rbac_enforcer.enforcer [None req-efef6003-9001-4388-a084-115ca40a082f None admin] RBAC: Authorizing `identity:create_project()` {{(pid=41737) enforce_call /opt/stack/keystone/keystone/common/rbac_enforcer/enforcer.py:494}}
Nov 24 22:08:48 devstack devstack@keystone.service[41737]: DEBUG keystone.common.rbac_enforcer.enforcer [None req-efef6003-9001-4388-a084-115ca40a082f None admin] RBAC: Authorization granted {{(pid=41737) enforce_call /opt/stack/keystone/keystone/common/rbac_enforcer/enforcer.py:505}}
Nov 24 22:08:48 devstack devstack@keystone.service[41736]: DEBUG keystone.server.flask.request_processing.middleware.auth_context [None req-6100761c-32d7-43dc-a23c-365edb052d71 None None] Validating token access rules against request {{(pid=41736) validate_allowed_request /opt/stack/data/venv/lib/python3.10/site-packages/keystonemiddleware/auth_token/__init__.py:545}}
Nov 24 22:08:48 devstack devstack@keystone.service[41736]: DEBUG keystone.server.flask.request_processing.middleware.auth_context [None req-8b6ca706-ef59-4959-ba4f-0a2b052a4530 None admin] RBAC: auth_context: {'token': , 'domain_id': None, 'trust_id': None, 'trustor_id': None, 'trustee_id': None, 'domain_name': None, 'group_ids': [], 'user_id': 'f80693c148f047e68f30476988037dce', 'user_domain_id': 'default', 'system_scope': 'all', 'project_id': None, 'project_domain_id': None, 'roles': ['admin', 'manager', 'member', 'reader'], 'is_admin_project': True, 'service_user_id': None, 'service_user_domain_id': None, 'service_project_id': None, 'service_project_domain_id': None, 'service_roles': []} {{(pid=41736) fill_context /opt/stack/keystone/keystone/server/flask/request_processing/middleware/auth_context.py:509}}
Nov 24 22:08:48 devstack devstack@keystone.service[41736]: DEBUG keystone.server.flask.request_processing.req_logging [None req-8b6ca706-ef59-4959-ba4f-0a2b052a4530 None admin] REQUEST_METHOD: `GET` {{(pid=41736) log_request_info /opt/stack/keystone/keystone/server/flask/request_processing/req_logging.py:26}}
Nov 24 22:08:48 devstack devstack@keystone.service[41736]: DEBUG keystone.server.flask.request_processing.req_logging [None req-8b6ca706-ef59-4959-ba4f-0a2b052a4530 None admin] SCRIPT_NAME: `/identity` {{(pid=41736) log_request_info /opt/stack/keystone/keystone/server/flask/request_processing/req_logging.py:27}}
Nov 24 22:08:48 devstack devstack@keystone.service[41736]: DEBUG keystone.server.flask.request_processing.req_logging [None req-8b6ca706-ef59-4959-ba4f-0a2b052a4530 None admin] PATH_INFO: `/v3/domains/default` {{(pid=41736) log_request_info /opt/stack/keystone/keystone/server/flask/request_processing/req_logging.py:28}}
Nov 24 22:08:48 devstack devstack@keystone.service[41736]: DEBUG keystone.common.rbac_enforcer.enforcer [None req-8b6ca706-ef59-4959-ba4f-0a2b052a4530 None admin] RBAC: Authorizing `identity:get_domain(domain_id=default)` {{(pid=41736) enforce_call /opt/stack/keystone/keystone/common/rbac_enforcer/enforcer.py:494}}
Nov 24 22:08:48 devstack devstack@keystone.service[41736]: DEBUG keystone.common.rbac_enforcer.enforcer [None req-8b6ca706-ef59-4959-ba4f-0a2b052a4530 None admin] RBAC: Authorization granted {{(pid=41736) enforce_call /opt/stack/keystone/keystone/common/rbac_enforcer/enforcer.py:505}}
Nov 24 22:08:48 devstack devstack@keystone.service[41736]: [pid: 41736|app: 0|req: 21/37] 192.168.122.248 () {56 vars in 1164 bytes} [Mon Nov 24 22:08:48 2025] GET /identity/v3/domains/default => generated 203 bytes in 104 msecs (HTTP/1.1 200) 5 headers in 177 bytes (1 switches on core 0)
Nov 24 22:08:48 devstack devstack@keystone.service[41736]: DEBUG keystone.server.flask.request_processing.middleware.auth_context [None req-8b6ca706-ef59-4959-ba4f-0a2b052a4530 None admin] Authenticating user token {{(pid=41736) process_request /opt/stack/data/venv/lib/python3.10/site-packages/keystonemiddleware/auth_token/__init__.py:407}}
Nov 24 22:08:48 devstack devstack@keystone.service[41737]: [pid: 41737|app: 0|req: 17/38] 192.168.122.248 () {60 vars in 1153 bytes} [Mon Nov 24 22:08:47 2025] POST /identity/v3/projects => generated 305 bytes in 244 msecs (HTTP/1.1 201) 5 headers in 182 bytes (1 switches on core 0)
Nov 24 22:08:48 devstack devstack@keystone.service[41737]: DEBUG keystone.server.flask.request_processing.req_logging [None req-05bfc60b-98f2-4791-a46a-60bd00cb2e73 None None] REQUEST_METHOD: `POST` {{(pid=41737) log_request_info /opt/stack/keystone/keystone/server/flask/request_processing/req_logging.py:26}}
Nov 24 22:08:48 devstack devstack@keystone.service[41737]: DEBUG keystone.server.flask.request_processing.req_logging [None req-05bfc60b-98f2-4791-a46a-60bd00cb2e73 None None] SCRIPT_NAME: `/identity` {{(pid=41737) log_request_info /opt/stack/keystone/keystone/server/flask/request_processing/req_logging.py:27}}
Nov 24 22:08:48 devstack devstack@keystone.service[41737]: DEBUG keystone.server.flask.request_processing.req_logging [None req-05bfc60b-98f2-4791-a46a-60bd00cb2e73 None None] PATH_INFO: `/v3/auth/tokens` {{(pid=41737) log_request_info /opt/stack/keystone/keystone/server/flask/request_processing/req_logging.py:28}}
Nov 24 22:08:48 devstack devstack@keystone.service[41736]: DEBUG keystone.server.flask.request_processing.middleware.auth_context [None req-8b6ca706-ef59-4959-ba4f-0a2b052a4530 None admin] Validating token access rules against request {{(pid=41736) validate_allowed_request /opt/stack/data/venv/lib/python3.10/site-packages/keystonemiddleware/auth_token/__init__.py:545}}
Nov 24 22:08:48 devstack devstack@keystone.service[41737]: WARNING keystone.common.password_hashing [None req-05bfc60b-98f2-4791-a46a-60bd00cb2e73 None None] Truncating password to algorithm specific maximum length 72 characters.
Nov 24 22:08:48 devstack devstack@keystone.service[41736]: DEBUG keystone.server.flask.request_processing.middleware.auth_context [None req-0ed66329-51fd-472c-81c2-188e8eb6e723 None admin] RBAC: auth_context: {'token': , 'domain_id': None, 'trust_id': None, 'trustor_id': None, 'trustee_id': None, 'domain_name': None, 'group_ids': [], 'user_id': 'f80693c148f047e68f30476988037dce', 'user_domain_id': 'default', 'system_scope': 'all', 'project_id': None, 'project_domain_id': None, 'roles': ['admin', 'manager', 'member', 'reader'], 'is_admin_project': True, 'service_user_id': None, 'service_user_domain_id': None, 'service_project_id': None, 'service_project_domain_id': None, 'service_roles': []} {{(pid=41736) fill_context /opt/stack/keystone/keystone/server/flask/request_processing/middleware/auth_context.py:509}}
Nov 24 22:08:48 devstack devstack@keystone.service[41736]: DEBUG keystone.server.flask.request_processing.req_logging [None req-0ed66329-51fd-472c-81c2-188e8eb6e723 None admin] REQUEST_METHOD: `POST` {{(pid=41736) log_request_info /opt/stack/keystone/keystone/server/flask/request_processing/req_logging.py:26}}
Nov 24 22:08:48 devstack devstack@keystone.service[41736]: DEBUG keystone.server.flask.request_processing.req_logging [None req-0ed66329-51fd-472c-81c2-188e8eb6e723 None admin] SCRIPT_NAME: `/identity` {{(pid=41736) log_request_info /opt/stack/keystone/keystone/server/flask/request_processing/req_logging.py:27}}
Nov 24 22:08:48 devstack devstack@keystone.service[41736]: DEBUG keystone.server.flask.request_processing.req_logging [None req-0ed66329-51fd-472c-81c2-188e8eb6e723 None admin] PATH_INFO: `/v3/roles` {{(pid=41736) log_request_info /opt/stack/keystone/keystone/server/flask/request_processing/req_logging.py:28}}
Nov 24 22:08:48 devstack devstack@keystone.service[41737]: DEBUG keystone.auth.core [None req-05bfc60b-98f2-4791-a46a-60bd00cb2e73 None None] MFA Rules not processed for user `f80693c148f047e68f30476988037dce`. Rule list: `[]` (Enabled: `True`). {{(pid=41737) check_auth_methods_against_rules /opt/stack/keystone/keystone/auth/core.py:476}}
Nov 24 22:08:48 devstack devstack@keystone.service[41737]: DEBUG keystone.common.fernet_utils [None req-05bfc60b-98f2-4791-a46a-60bd00cb2e73 None None] Loaded 2 Fernet keys from /etc/keystone/fernet-keys/, but `[fernet_tokens] max_active_keys = 3`; perhaps there have not been enough key rotations to reach `max_active_keys` yet? {{(pid=41737) load_keys /opt/stack/keystone/keystone/common/fernet_utils.py:297}}
Nov 24 22:08:48 devstack devstack@keystone.service[41736]: DEBUG keystone.common.rbac_enforcer.enforcer [None req-0ed66329-51fd-472c-81c2-188e8eb6e723 None admin] RBAC: Authorizing `identity:create_role()` {{(pid=41736) enforce_call /opt/stack/keystone/keystone/common/rbac_enforcer/enforcer.py:494}}
Nov 24 22:08:48 devstack devstack@keystone.service[41736]: DEBUG keystone.common.rbac_enforcer.enforcer [None req-0ed66329-51fd-472c-81c2-188e8eb6e723 None admin] RBAC: Authorization granted {{(pid=41736) enforce_call /opt/stack/keystone/keystone/common/rbac_enforcer/enforcer.py:505}}
Nov 24 22:08:48 devstack devstack@keystone.service[41736]: DEBUG keystone.common.sql.core [None req-0ed66329-51fd-472c-81c2-188e8eb6e723 None admin] Conflict role: (pymysql.err.IntegrityError) (1062, "Duplicate entry 'service-<>' for key 'role.ixu_role_name_domain_id'")
Nov 24 22:08:48 devstack devstack@keystone.service[41736]: [SQL: INSERT INTO `role` (id, name, description, extra) VALUES (%(id)s, %(name)s, %(description)s, %(extra)s)]
Nov 24 22:08:48 devstack devstack@keystone.service[41736]: [parameters: {'id': 'cc5ce7d1f50044a79f3d0c19dba3edbb', 'name': 'service', 'description': None, 'extra': '{}'}]
Nov 24 22:08:48 devstack devstack@keystone.service[41736]: (Background on this error at: https://sqlalche.me/e/20/gkpj) {{(pid=41736) wrapper /opt/stack/keystone/keystone/common/sql/core.py:580}}
Nov 24 22:08:48 devstack devstack@keystone.service[41736]: ERROR keystone.server.flask.application [None req-0ed66329-51fd-472c-81c2-188e8eb6e723 None admin] Conflict occurred attempting to store role - Duplicate entry found with name service.: keystone.exception.Conflict: Conflict occurred attempting to store role - Duplicate entry found with name service.
Nov 24 22:08:48 devstack devstack@keystone.service[41736]: ERROR keystone.server.flask.application
Traceback (most recent call last):
Nov 24 22:08:48 devstack devstack@keystone.service[41736]: ERROR keystone.server.flask.application
File "/opt/stack/data/venv/lib/python3.10/site-packages/sqlalchemy/engine/base.py", line 1967, in _exec_single_context
Nov 24 22:08:48 devstack devstack@keystone.service[41736]: ERROR keystone.server.flask.application self.dialect.do_execute(
Nov 24 22:08:48 devstack devstack@keystone.service[41736]: ERROR keystone.server.flask.application
File "/opt/stack/data/venv/lib/python3.10/site-packages/sqlalchemy/engine/default.py", line 951, in do_execute
Nov 24 22:08:48 devstack devstack@keystone.service[41736]: ERROR keystone.server.flask.application cursor.execute(statement, parameters)
Nov 24 22:08:48 devstack devstack@keystone.service[41736]: ERROR keystone.server.flask.application
File "/opt/stack/data/venv/lib/python3.10/site-packages/pymysql/cursors.py", line 153, in execute
Nov 24 22:08:48 devstack devstack@keystone.service[41736]: ERROR keystone.server.flask.application result = self._query(query)
Nov 24 22:08:48 devstack devstack@keystone.service[41736]: ERROR keystone.server.flask.application
File "/opt/stack/data/venv/lib/python3.10/site-packages/pymysql/cursors.py", line 322, in _query
Nov 24 22:08:48 devstack devstack@keystone.service[41736]: ERROR keystone.server.flask.application conn.query(q)
Nov 24 22:08:48 devstack devstack@keystone.service[41736]: ERROR keystone.server.flask.application
File "/opt/stack/data/venv/lib/python3.10/site-packages/pymysql/connections.py", line 575, in query
Nov 24 22:08:48 devstack devstack@keystone.service[41736]: ERROR keystone.server.flask.application self._affected_rows = self._read_query_result(unbuffered=unbuffered)
Nov 24 22:08:48 devstack devstack@keystone.service[41736]: ERROR keystone.server.flask.application
File "/opt/stack/data/venv/lib/python3.10/site-packages/pymysql/connections.py", line 826, in _read_query_result
Nov 24 22:08:48 devstack devstack@keystone.service[41736]: ERROR keystone.server.flask.application result.read()
Nov 24 22:08:48 devstack devstack@keystone.service[41736]: ERROR keystone.server.flask.application
File "/opt/stack/data/venv/lib/python3.10/site-packages/pymysql/connections.py", line 1203, in read
Nov 24 22:08:48 devstack devstack@keystone.service[41736]: ERROR keystone.server.flask.application first_packet = self.connection._read_packet()
Nov 24 22:08:48 devstack devstack@keystone.service[41736]: ERROR keystone.server.flask.application
File "/opt/stack/data/venv/lib/python3.10/site-packages/pymysql/connections.py", line 782, in _read_packet
Nov 24 22:08:48 devstack devstack@keystone.service[41736]: ERROR keystone.server.flask.application packet.raise_for_error()
Nov 24 22:08:48 devstack devstack@keystone.service[41736]: ERROR keystone.server.flask.application
File "/opt/stack/data/venv/lib/python3.10/site-packages/pymysql/protocol.py", line 219, in raise_for_error
Nov 24 22:08:48 devstack devstack@keystone.service[41736]: ERROR keystone.server.flask.application err.raise_mysql_exception(self._data)
Nov 24 22:08:48 devstack devstack@keystone.service[41736]: ERROR keystone.server.flask.application
File "/opt/stack/data/venv/lib/python3.10/site-packages/pymysql/err.py", line 150, in raise_mysql_exception
Nov 24 22:08:48 devstack devstack@keystone.service[41736]: ERROR keystone.server.flask.application raise errorclass(errno, errval)
Nov 24 22:08:48 devstack devstack@keystone.service[41736]: ERROR keystone.server.flask.application pymysql.err.IntegrityError: (1062, "Duplicate entry 'service-<>' for key 'role.ixu_role_name_domain_id'")
Nov 24 22:08:48 devstack devstack@keystone.service[41736]: ERROR keystone.server.flask.application
Nov 24 22:08:48 devstack devstack@keystone.service[41736]: ERROR keystone.server.flask.application The above exception was the direct cause of the following exception:
Nov 24 22:08:48 devstack devstack@keystone.service[41736]: ERROR keystone.server.flask.application
Nov 24 22:08:48 devstack devstack@keystone.service[41736]: ERROR keystone.server.flask.application
Traceback (most recent call last):
Nov 24 22:08:48 devstack devstack@keystone.service[41736]: ERROR keystone.server.flask.application
File "/opt/stack/keystone/keystone/common/sql/core.py", line 575, in wrapper
Nov 24 22:08:48 devstack devstack@keystone.service[41736]: ERROR keystone.server.flask.application return method(*args, **kwargs)
Nov 24 22:08:48 devstack devstack@keystone.service[41736]: ERROR keystone.server.flask.application
File "/opt/stack/keystone/keystone/assignment/role_backends/sql.py", line 25, in create_role
Nov 24 22:08:48 devstack devstack@keystone.service[41736]: ERROR keystone.server.flask.application with sql.session_for_write() as session:
Nov 24 22:08:48 devstack devstack@keystone.service[41736]: ERROR keystone.server.flask.application
File "/usr/lib/python3.10/contextlib.py", line 142, in __exit__
Nov 24 22:08:48 devstack devstack@keystone.service[41736]: ERROR keystone.server.flask.application next(self.gen)
Nov 24 22:08:48 devstack devstack@keystone.service[41736]: ERROR keystone.server.flask.application
File "/opt/stack/data/venv/lib/python3.10/site-packages/oslo_db/sqlalchemy/enginefacade.py", line 1199, in _transaction_scope
Nov 24 22:08:48 devstack devstack@keystone.service[41736]: ERROR keystone.server.flask.application with current._produce_block(
Nov 24 22:08:48 devstack devstack@keystone.service[41736]: ERROR keystone.server.flask.application
File "/usr/lib/python3.10/contextlib.py", line 142, in __exit__
Nov 24 22:08:48 devstack devstack@keystone.service[41736]: ERROR keystone.server.flask.application next(self.gen)
Nov 24 22:08:48 devstack devstack@keystone.service[41736]: ERROR keystone.server.flask.application
File "/opt/stack/data/venv/lib/python3.10/site-packages/oslo_db/sqlalchemy/enginefacade.py", line 850, in _session
Nov 24 22:08:48 devstack devstack@keystone.service[41736]: ERROR keystone.server.flask.application with excutils.save_and_reraise_exception():
Nov 24 22:08:48 devstack devstack@keystone.service[41736]: ERROR keystone.server.flask.application
File "/opt/stack/data/venv/lib/python3.10/site-packages/oslo_utils/excutils.py", line 256, in __exit__
Nov 24 22:08:48 devstack devstack@keystone.service[41736]: ERROR keystone.server.flask.application self.force_reraise()
Nov 24 22:08:48 devstack devstack@keystone.service[41736]: ERROR keystone.server.flask.application
File "/opt/stack/data/venv/lib/python3.10/site-packages/oslo_utils/excutils.py", line 222, in force_reraise
Nov 24 22:08:48 devstack devstack@keystone.service[41736]: ERROR keystone.server.flask.application raise self.value
Nov 24 22:08:48 devstack devstack@keystone.service[41736]: ERROR keystone.server.flask.application
File "/opt/stack/data/venv/lib/python3.10/site-packages/oslo_db/sqlalchemy/enginefacade.py", line 848, in _session
Nov 24 22:08:48 devstack devstack@keystone.service[41736]: ERROR keystone.server.flask.application self._end_session_transaction(self.session)
Nov 24 22:08:48 devstack devstack@keystone.service[41736]: ERROR keystone.server.flask.application
File "/opt/stack/data/venv/lib/python3.10/site-packages/oslo_db/sqlalchemy/enginefacade.py", line 761, in _end_session_transaction
Nov 24 22:08:48 devstack devstack@keystone.service[41736]: ERROR keystone.server.flask.application session.commit()
Nov 24 22:08:48 devstack devstack@keystone.service[41736]: ERROR keystone.server.flask.application
File "/opt/stack/data/venv/lib/python3.10/site-packages/sqlalchemy/orm/session.py", line 2030, in commit
Nov 24 22:08:48 devstack devstack@keystone.service[41736]: ERROR keystone.server.flask.application trans.commit(_to_root=True)
Nov 24 22:08:48 devstack devstack@keystone.service[41736]: ERROR keystone.server.flask.application File "", line 2, in commit
Nov 24 22:08:48 devstack devstack@keystone.service[41736]: ERROR keystone.server.flask.application
File "/opt/stack/data/venv/lib/python3.10/site-packages/sqlalchemy/orm/state_changes.py", line 137, in _go
Nov 24 22:08:48 devstack devstack@keystone.service[41736]: ERROR keystone.server.flask.application ret_value = fn(self, *arg, **kw)
Nov 24 22:08:48 devstack devstack@keystone.service[41736]: ERROR keystone.server.flask.application
File "/opt/stack/data/venv/lib/python3.10/site-packages/sqlalchemy/orm/session.py", line 1311, in commit
Nov 24 22:08:48 devstack devstack@keystone.service[41736]: ERROR keystone.server.flask.application self._prepare_impl()
Nov 24 22:08:48 devstack devstack@keystone.service[41736]: ERROR keystone.server.flask.application File "", line 2, in _prepare_impl
Nov 24 22:08:48 devstack devstack@keystone.service[41736]: ERROR keystone.server.flask.application
File "/opt/stack/data/venv/lib/python3.10/site-packages/sqlalchemy/orm/state_changes.py", line 137, in _go
Nov 24 22:08:48 devstack devstack@keystone.service[41736]: ERROR keystone.server.flask.application ret_value = fn(self, *arg, **kw)
Nov 24 22:08:48 devstack devstack@keystone.service[41736]: ERROR keystone.server.flask.application
File "/opt/stack/data/venv/lib/python3.10/site-packages/sqlalchemy/orm/session.py", line 1286, in _prepare_impl
Nov 24 22:08:48 devstack devstack@keystone.service[41736]: ERROR keystone.server.flask.application self.session.flush()
Nov 24 22:08:48 devstack devstack@keystone.service[41736]: ERROR keystone.server.flask.application
File "/opt/stack/data/venv/lib/python3.10/site-packages/sqlalchemy/orm/session.py", line 4331, in flush
Nov 24 22:08:48 devstack devstack@keystone.service[41736]: ERROR keystone.server.flask.application self._flush(objects)
Nov 24 22:08:48 devstack devstack@keystone.service[41736]: ERROR keystone.server.flask.application
File "/opt/stack/data/venv/lib/python3.10/site-packages/sqlalchemy/orm/session.py", line 4466, in _flush
Nov 24 22:08:48 devstack devstack@keystone.service[41736]: ERROR keystone.server.flask.application with util.safe_reraise():
Nov 24 22:08:48 devstack devstack@keystone.service[41736]: ERROR keystone.server.flask.application
File "/opt/stack/data/venv/lib/python3.10/site-packages/sqlalchemy/util/langhelpers.py", line 224, in __exit__
Nov 24 22:08:48 devstack devstack@keystone.service[41736]: ERROR keystone.server.flask.application raise exc_value.with_traceback(exc_tb)
Nov 24 22:08:48 devstack devstack@keystone.service[41736]: ERROR keystone.server.flask.application
File "/opt/stack/data/venv/lib/python3.10/site-packages/sqlalchemy/orm/session.py", line 4427, in _flush
Nov 24 22:08:48 devstack devstack@keystone.service[41736]: ERROR keystone.server.flask.application flush_context.execute()
Nov 24 22:08:48 devstack devstack@keystone.service[41736]: ERROR keystone.server.flask.application
File "/opt/stack/data/venv/lib/python3.10/site-packages/sqlalchemy/orm/unitofwork.py", line 466, in execute
Nov 24 22:08:48 devstack devstack@keystone.service[41736]: ERROR keystone.server.flask.application rec.execute(self)
Nov 24 22:08:48 devstack devstack@keystone.service[41736]: ERROR keystone.server.flask.application
File "/opt/stack/data/venv/lib/python3.10/site-packages/sqlalchemy/orm/unitofwork.py", line 642, in execute
Nov 24 22:08:48 devstack devstack@keystone.service[41736]: ERROR keystone.server.flask.application util.preloaded.orm_persistence.save_obj(
Nov 24 22:08:48 devstack devstack@keystone.service[41736]: ERROR keystone.server.flask.application
File "/opt/stack/data/venv/lib/python3.10/site-packages/sqlalchemy/orm/persistence.py", line 93, in save_obj
Nov 24 22:08:48 devstack devstack@keystone.service[41736]: ERROR keystone.server.flask.application _emit_insert_statements(
Nov 24 22:08:48 devstack devstack@keystone.service[41736]: ERROR keystone.server.flask.application
File "/opt/stack/data/venv/lib/python3.10/site-packages/sqlalchemy/orm/persistence.py", line 1048, in _emit_insert_statements
Nov 24 22:08:48 devstack devstack@keystone.service[41736]: ERROR keystone.server.flask.application result = connection.execute(
Nov 24 22:08:48 devstack devstack@keystone.service[41736]: ERROR keystone.server.flask.application
File "/opt/stack/data/venv/lib/python3.10/site-packages/sqlalchemy/engine/base.py", line 1419, in execute
Nov 24 22:08:48 devstack devstack@keystone.service[41736]: ERROR keystone.server.flask.application return meth(
Nov 24 22:08:48 devstack devstack@keystone.service[41736]: ERROR keystone.server.flask.application
File "/opt/stack/data/venv/lib/python3.10/site-packages/sqlalchemy/sql/elements.py", line 526, in _execute_on_connection
Nov 24 22:08:48 devstack devstack@keystone.service[41736]: ERROR keystone.server.flask.application return connection._execute_clauseelement(
Nov 24 22:08:48 devstack devstack@keystone.service[41736]: ERROR keystone.server.flask.application
File "/opt/stack/data/venv/lib/python3.10/site-packages/sqlalchemy/engine/base.py", line 1641, in _execute_clauseelement
Nov 24 22:08:48 devstack devstack@keystone.service[41736]: ERROR keystone.server.flask.application ret = self._execute_context(
Nov 24 22:08:48 devstack devstack@keystone.service[41736]: ERROR keystone.server.flask.application
File "/opt/stack/data/venv/lib/python3.10/site-packages/sqlalchemy/engine/base.py", line 1846, in _execute_context
Nov 24 22:08:48 devstack devstack@keystone.service[41736]: ERROR keystone.server.flask.application return self._exec_single_context(
Nov 24 22:08:48 devstack devstack@keystone.service[41736]: ERROR keystone.server.flask.application
File "/opt/stack/data/venv/lib/python3.10/site-packages/sqlalchemy/engine/base.py", line 1986, in _exec_single_context
Nov 24 22:08:48 devstack devstack@keystone.service[41736]: ERROR keystone.server.flask.application self._handle_dbapi_exception(
Nov 24 22:08:48 devstack devstack@keystone.service[41736]: ERROR keystone.server.flask.application
File "/opt/stack/data/venv/lib/python3.10/site-packages/sqlalchemy/engine/base.py", line 2352, in _handle_dbapi_exception
