Nov 24 22:25:07 devstack sudo[89692]: pam_unix(sudo:session): session closed for user root
Nov 24 22:25:07 devstack cinder-volume[82256]: DEBUG oslo_concurrency.processutils [None req-72430687-e7c7-4ec6-9e1f-111ce3fed82e tempest-SnapshotsActionsTest-940037977 None] CMD "/opt/stack/data/venv/bin/python3.10 -m oslo_concurrency.prlimit --as=1073741824 --cpu=60 -- sudo cinder-rootwrap /etc/cinder/rootwrap.conf env LC_ALL=C qemu-img info -f qcow2 --output=json --force-share /opt/stack/data/cinder/mnt/dc0efa337751adfd40a1fbf7d309276b/volume-a93ff8a2-5c9c-4c29-a3ab-c90799802dba.62b61a36-7b1e-41f4-9af8-6461e242f00b" returned: 0 in 0.644s {{(pid=82256) execute /opt/stack/data/venv/lib/python3.10/site-packages/oslo_concurrency/processutils.py:372}}
Nov 24 22:25:07 devstack cinder-volume[82256]: DEBUG cinder.volume.drivers.remotefs [None req-72430687-e7c7-4ec6-9e1f-111ce3fed82e tempest-SnapshotsActionsTest-940037977 None] Fetching qemu-img info with special backing_file_template: (/opt/stack/data/cinder/mnt/[0-9a-f]+/)?(volume-a93ff8a2-5c9c-4c29-a3ab-c90799802dba(.(tmp-snap-)?[0-9a-f-]+)?|volume_from_snapshot_cache/(tmp-snap-)?[0-9a-f-]+(.(child-|parent-)[0-9a-f-]+)?)$ {{(pid=82256) _qemu_img_info_base /opt/stack/cinder/cinder/volume/drivers/remotefs.py:886}}
Nov 24 22:25:07 devstack cinder-volume[82256]: DEBUG oslo.privsep.daemon [-] privsep: reply[5456efed-d7ba-47a4-94aa-68719beebbc4]: (4, 'qcow2') {{(pid=83043) _call_back /opt/stack/data/venv/lib/python3.10/site-packages/oslo_privsep/daemon.py:515}}
Nov 24 22:25:07 devstack cinder-volume[82256]: DEBUG oslo_concurrency.processutils [None req-72430687-e7c7-4ec6-9e1f-111ce3fed82e tempest-SnapshotsActionsTest-940037977 None] Running cmd (subprocess): /opt/stack/data/venv/bin/python3.10 -m oslo_concurrency.prlimit --as=1073741824 --cpu=60 -- sudo cinder-rootwrap /etc/cinder/rootwrap.conf env LC_ALL=C qemu-img info -f qcow2 --output=json --force-share /opt/stack/data/cinder/mnt/dc0efa337751adfd40a1fbf7d309276b/volume-a93ff8a2-5c9c-4c29-a3ab-c90799802dba.6751ec01-acdd-4a90-a9a1-166553056500 {{(pid=82256) execute /opt/stack/data/venv/lib/python3.10/site-packages/oslo_concurrency/processutils.py:349}}
Nov 24 22:25:07 devstack sudo[89699]: quobyte : PWD=/ ; USER=root ; COMMAND=/opt/stack/data/venv/bin/cinder-rootwrap /etc/cinder/rootwrap.conf env LC_ALL=C qemu-img info -f qcow2 --output=json --force-share /opt/stack/data/cinder/mnt/dc0efa337751adfd40a1fbf7d309276b/volume-a93ff8a2-5c9c-4c29-a3ab-c90799802dba.6751ec01-acdd-4a90-a9a1-166553056500
Nov 24 22:25:07 devstack sudo[89699]: pam_unix(sudo:session): session opened for user root(uid=0) by (uid=1000)
Nov 24 22:25:07 devstack sudo[89694]: pam_unix(sudo:session): session closed for user root
Nov 24 22:25:07 devstack cinder-volume[82256]: DEBUG oslo_concurrency.processutils [None req-844985e9-5714-4b72-a6e6-fd48e9d599ec tempest-AttachVolumeTestJSON-458231945 None] CMD "/opt/stack/data/venv/bin/python3.10 -m oslo_concurrency.prlimit --as=1073741824 --cpu=60 -- sudo cinder-rootwrap /etc/cinder/rootwrap.conf env LC_ALL=C qemu-img info -f qcow2 --output=json --force-share /opt/stack/data/cinder/mnt/dc0efa337751adfd40a1fbf7d309276b/volume-96a5129a-67fd-46ad-ac10-fe4699516847" returned: 0 in 0.649s {{(pid=82256) execute /opt/stack/data/venv/lib/python3.10/site-packages/oslo_concurrency/processutils.py:372}}
Nov 24 22:25:07 devstack cinder-volume[82256]: DEBUG oslo_concurrency.processutils [None req-844985e9-5714-4b72-a6e6-fd48e9d599ec tempest-AttachVolumeTestJSON-458231945 None] Running cmd (subprocess): sudo cinder-rootwrap /etc/cinder/rootwrap.conf rm -f /opt/stack/data/cinder/mnt/dc0efa337751adfd40a1fbf7d309276b/volume-96a5129a-67fd-46ad-ac10-fe4699516847 {{(pid=82256) execute /opt/stack/data/venv/lib/python3.10/site-packages/oslo_concurrency/processutils.py:349}}
Nov 24 22:25:07 devstack sudo[89792]: quobyte : PWD=/ ; USER=root ; COMMAND=/opt/stack/data/venv/bin/cinder-rootwrap /etc/cinder/rootwrap.conf rm -f /opt/stack/data/cinder/mnt/dc0efa337751adfd40a1fbf7d309276b/volume-96a5129a-67fd-46ad-ac10-fe4699516847
Nov 24 22:25:07 devstack sudo[89792]: pam_unix(sudo:session): session opened for user root(uid=0) by (uid=1000)
Nov 24 22:25:07 devstack sudo[89699]: pam_unix(sudo:session): session closed for user root
Nov 24 22:25:07 devstack cinder-volume[82256]: DEBUG oslo_concurrency.processutils [None req-72430687-e7c7-4ec6-9e1f-111ce3fed82e tempest-SnapshotsActionsTest-940037977 None] CMD "/opt/stack/data/venv/bin/python3.10 -m oslo_concurrency.prlimit --as=1073741824 --cpu=60 -- sudo cinder-rootwrap /etc/cinder/rootwrap.conf env LC_ALL=C qemu-img info -f qcow2 --output=json --force-share /opt/stack/data/cinder/mnt/dc0efa337751adfd40a1fbf7d309276b/volume-a93ff8a2-5c9c-4c29-a3ab-c90799802dba.6751ec01-acdd-4a90-a9a1-166553056500" returned: 0 in 0.668s {{(pid=82256) execute /opt/stack/data/venv/lib/python3.10/site-packages/oslo_concurrency/processutils.py:372}}
Nov 24 22:25:07 devstack cinder-volume[82256]: DEBUG cinder.volume.drivers.remotefs [None req-72430687-e7c7-4ec6-9e1f-111ce3fed82e tempest-SnapshotsActionsTest-940037977 None] Fetching qemu-img info with special backing_file_template: (/opt/stack/data/cinder/mnt/[0-9a-f]+/)?(volume-a93ff8a2-5c9c-4c29-a3ab-c90799802dba(.(tmp-snap-)?[0-9a-f-]+)?|volume_from_snapshot_cache/(tmp-snap-)?[0-9a-f-]+(.(child-|parent-)[0-9a-f-]+)?)$ {{(pid=82256) _qemu_img_info_base /opt/stack/cinder/cinder/volume/drivers/remotefs.py:886}}
Nov 24 22:25:07 devstack cinder-volume[82256]: DEBUG oslo_concurrency.processutils [None req-72430687-e7c7-4ec6-9e1f-111ce3fed82e tempest-SnapshotsActionsTest-940037977 None] Running cmd (subprocess): sudo cinder-rootwrap /etc/cinder/rootwrap.conf qemu-img commit -d /opt/stack/data/cinder/mnt/dc0efa337751adfd40a1fbf7d309276b/volume-a93ff8a2-5c9c-4c29-a3ab-c90799802dba.62b61a36-7b1e-41f4-9af8-6461e242f00b {{(pid=82256) execute /opt/stack/data/venv/lib/python3.10/site-packages/oslo_concurrency/processutils.py:349}}
Nov 24 22:25:07 devstack sudo[89852]: quobyte : PWD=/ ; USER=root ; COMMAND=/opt/stack/data/venv/bin/cinder-rootwrap /etc/cinder/rootwrap.conf qemu-img commit -d /opt/stack/data/cinder/mnt/dc0efa337751adfd40a1fbf7d309276b/volume-a93ff8a2-5c9c-4c29-a3ab-c90799802dba.62b61a36-7b1e-41f4-9af8-6461e242f00b
Nov 24 22:25:07 devstack sudo[89852]: pam_unix(sudo:session): session opened for user root(uid=0) by (uid=1000)
Nov 24 22:25:08 devstack sudo[89792]: pam_unix(sudo:session): session closed for user root
Nov 24 22:25:08 devstack cinder-volume[82256]: DEBUG oslo_concurrency.processutils [None req-844985e9-5714-4b72-a6e6-fd48e9d599ec tempest-AttachVolumeTestJSON-458231945 None] CMD "sudo cinder-rootwrap /etc/cinder/rootwrap.conf rm -f /opt/stack/data/cinder/mnt/dc0efa337751adfd40a1fbf7d309276b/volume-96a5129a-67fd-46ad-ac10-fe4699516847" returned: 0 in 0.537s {{(pid=82256) execute /opt/stack/data/venv/lib/python3.10/site-packages/oslo_concurrency/processutils.py:372}}
Nov 24 22:25:08 devstack cinder-volume[82256]: DEBUG cinder.coordination [None req-844985e9-5714-4b72-a6e6-fd48e9d599ec tempest-AttachVolumeTestJSON-458231945 None] Lock "cinder-quobyte-96a5129a-67fd-46ad-ac10-fe4699516847" released by "delete_volume" :: held 1.213s {{(pid=82256) __release /opt/stack/cinder/cinder/coordination.py:157}}
Nov 24 22:25:08 devstack cinder-volume[82256]: DEBUG cinder.quota [None req-844985e9-5714-4b72-a6e6-fd48e9d599ec tempest-AttachVolumeTestJSON-458231945 None] Created reservations ['bce180cf-12c9-4db4-a195-383f5022710a', '64dbf6eb-67d0-4428-b93f-6c63c8136baa', '3cc06628-5783-46ab-824c-d7c4fe771742', '04126f94-37cd-4be7-9eba-d87c86d40fb6'] {{(pid=82256) reserve /opt/stack/cinder/cinder/quota.py:752}}
Nov 24 22:25:08 devstack cinder-volume[82256]: DEBUG oslo_concurrency.lockutils [None req-844985e9-5714-4b72-a6e6-fd48e9d599ec tempest-AttachVolumeTestJSON-458231945 None] Acquiring lock "quobyte_ensure" by "cinder.volume.drivers.quobyte.QuobyteDriver._ensure_shares_mounted" {{(pid=82256) inner /opt/stack/data/venv/lib/python3.10/site-packages/oslo_concurrency/lockutils.py:405}}
Nov 24 22:25:08 devstack cinder-volume[82256]: DEBUG oslo_concurrency.lockutils [None req-844985e9-5714-4b72-a6e6-fd48e9d599ec tempest-AttachVolumeTestJSON-458231945 None] Lock "quobyte_ensure" acquired by "cinder.volume.drivers.quobyte.QuobyteDriver._ensure_shares_mounted" :: waited 0.001s {{(pid=82256) inner /opt/stack/data/venv/lib/python3.10/site-packages/oslo_concurrency/lockutils.py:410}}
Nov 24 22:25:08 devstack cinder-volume[82256]: DEBUG cinder.volume.drivers.quobyte [None req-844985e9-5714-4b72-a6e6-fd48e9d599ec tempest-AttachVolumeTestJSON-458231945 None] Quobyte Volume URL set to: {'osci02.corp.quobyte.com/cinder-vol-1ea9e5d8-6379-493d-836e-c5e6bceffd2f': None} {{(pid=82256) _load_shares_config /opt/stack/cinder/cinder/volume/drivers/quobyte.py:604}}
Nov 24 22:25:08 devstack cinder-volume[82256]: DEBUG cinder.volume.drivers.quobyte [None req-844985e9-5714-4b72-a6e6-fd48e9d599ec tempest-AttachVolumeTestJSON-458231945 None] Available shares ['osci02.corp.quobyte.com/cinder-vol-1ea9e5d8-6379-493d-836e-c5e6bceffd2f'] {{(pid=82256) _ensure_shares_mounted /opt/stack/cinder/cinder/volume/drivers/quobyte.py:634}}
Nov 24 22:25:08 devstack cinder-volume[82256]: DEBUG oslo_concurrency.lockutils [None req-844985e9-5714-4b72-a6e6-fd48e9d599ec tempest-AttachVolumeTestJSON-458231945 None] Lock "quobyte_ensure" "released" by "cinder.volume.drivers.quobyte.QuobyteDriver._ensure_shares_mounted" :: held 0.004s {{(pid=82256) inner /opt/stack/data/venv/lib/python3.10/site-packages/oslo_concurrency/lockutils.py:424}}
Nov 24 22:25:08 devstack cinder-volume[82256]: DEBUG oslo_concurrency.processutils [None req-844985e9-5714-4b72-a6e6-fd48e9d599ec tempest-AttachVolumeTestJSON-458231945 None] Running cmd (subprocess): sudo cinder-rootwrap /etc/cinder/rootwrap.conf df --portability --block-size 1 /opt/stack/data/cinder/mnt/dc0efa337751adfd40a1fbf7d309276b {{(pid=82256) execute /opt/stack/data/venv/lib/python3.10/site-packages/oslo_concurrency/processutils.py:349}}
Nov 24 22:25:08 devstack sudo[89855]: quobyte : PWD=/ ; USER=root ; COMMAND=/opt/stack/data/venv/bin/cinder-rootwrap /etc/cinder/rootwrap.conf df --portability --block-size 1 /opt/stack/data/cinder/mnt/dc0efa337751adfd40a1fbf7d309276b
Nov 24 22:25:08 devstack sudo[89855]: pam_unix(sudo:session): session opened for user root(uid=0) by (uid=1000)
Nov 24 22:25:08 devstack sudo[89852]: pam_unix(sudo:session): session closed for user root
Nov 24 22:25:08 devstack cinder-volume[82256]: DEBUG oslo_concurrency.processutils [None req-72430687-e7c7-4ec6-9e1f-111ce3fed82e tempest-SnapshotsActionsTest-940037977 None] CMD "sudo cinder-rootwrap /etc/cinder/rootwrap.conf qemu-img commit -d /opt/stack/data/cinder/mnt/dc0efa337751adfd40a1fbf7d309276b/volume-a93ff8a2-5c9c-4c29-a3ab-c90799802dba.62b61a36-7b1e-41f4-9af8-6461e242f00b" returned: 0 in 0.536s {{(pid=82256) execute /opt/stack/data/venv/lib/python3.10/site-packages/oslo_concurrency/processutils.py:372}}
Nov 24 22:25:08 devstack cinder-volume[82256]: DEBUG oslo_concurrency.processutils [None req-72430687-e7c7-4ec6-9e1f-111ce3fed82e tempest-SnapshotsActionsTest-940037977 None] Running cmd (subprocess): sudo cinder-rootwrap /etc/cinder/rootwrap.conf rm -f /opt/stack/data/cinder/mnt/dc0efa337751adfd40a1fbf7d309276b/volume-a93ff8a2-5c9c-4c29-a3ab-c90799802dba.62b61a36-7b1e-41f4-9af8-6461e242f00b {{(pid=82256) execute /opt/stack/data/venv/lib/python3.10/site-packages/oslo_concurrency/processutils.py:349}}
Nov 24 22:25:08 devstack sudo[89860]: quobyte : PWD=/ ; USER=root ; COMMAND=/opt/stack/data/venv/bin/cinder-rootwrap /etc/cinder/rootwrap.conf rm -f /opt/stack/data/cinder/mnt/dc0efa337751adfd40a1fbf7d309276b/volume-a93ff8a2-5c9c-4c29-a3ab-c90799802dba.62b61a36-7b1e-41f4-9af8-6461e242f00b
Nov 24 22:25:08 devstack sudo[89860]: pam_unix(sudo:session): session opened for user root(uid=0) by (uid=1000)
Nov 24 22:25:08 devstack sudo[89855]: pam_unix(sudo:session): session closed for user root
Nov 24 22:25:08 devstack cinder-volume[82256]: DEBUG oslo_concurrency.processutils [None req-844985e9-5714-4b72-a6e6-fd48e9d599ec tempest-AttachVolumeTestJSON-458231945 None] CMD "sudo cinder-rootwrap /etc/cinder/rootwrap.conf df --portability --block-size 1 /opt/stack/data/cinder/mnt/dc0efa337751adfd40a1fbf7d309276b" returned: 0 in 0.503s {{(pid=82256) execute /opt/stack/data/venv/lib/python3.10/site-packages/oslo_concurrency/processutils.py:372}}
Nov 24 22:25:08 devstack cinder-volume[82256]: DEBUG cinder.manager [None req-844985e9-5714-4b72-a6e6-fd48e9d599ec tempest-AttachVolumeTestJSON-458231945 None] Notifying Schedulers of capabilities ... {{(pid=82256) _publish_service_capabilities /opt/stack/cinder/cinder/manager.py:202}}
Nov 24 22:25:08 devstack cinder-volume[82256]: INFO cinder.volume.manager [None req-844985e9-5714-4b72-a6e6-fd48e9d599ec tempest-AttachVolumeTestJSON-458231945 None] Deleted volume successfully.
Nov 24 22:25:08 devstack cinder-volume[82256]: DEBUG cinder.coordination [None req-844985e9-5714-4b72-a6e6-fd48e9d599ec tempest-AttachVolumeTestJSON-458231945 None] Lock "cinder-96a5129a-67fd-46ad-ac10-fe4699516847-delete_volume" released by "delete_volume" :: held 1.862s {{(pid=82256) __release /opt/stack/cinder/cinder/coordination.py:157}}
Nov 24 22:25:08 devstack sudo[89860]: pam_unix(sudo:session): session closed for user root
Nov 24 22:25:08 devstack cinder-volume[82256]: DEBUG oslo_concurrency.processutils [None req-72430687-e7c7-4ec6-9e1f-111ce3fed82e tempest-SnapshotsActionsTest-940037977 None] CMD "sudo cinder-rootwrap /etc/cinder/rootwrap.conf rm -f /opt/stack/data/cinder/mnt/dc0efa337751adfd40a1fbf7d309276b/volume-a93ff8a2-5c9c-4c29-a3ab-c90799802dba.62b61a36-7b1e-41f4-9af8-6461e242f00b" returned: 0 in 0.476s {{(pid=82256) execute /opt/stack/data/venv/lib/python3.10/site-packages/oslo_concurrency/processutils.py:372}}
Nov 24 22:25:08 devstack cinder-volume[82256]: DEBUG cinder.coordination [None req-72430687-e7c7-4ec6-9e1f-111ce3fed82e tempest-SnapshotsActionsTest-940037977 None] Lock "cinder-quobyte-62b61a36-7b1e-41f4-9af8-6461e242f00b" released by "_delete_snapshot" :: held 2.390s {{(pid=82256) __release /opt/stack/cinder/cinder/coordination.py:157}}
Nov 24 22:25:08 devstack cinder-volume[82256]: DEBUG cinder.coordination [None req-72430687-e7c7-4ec6-9e1f-111ce3fed82e tempest-SnapshotsActionsTest-940037977 None] Lock "cinder-quobyte-a93ff8a2-5c9c-4c29-a3ab-c90799802dba" released by "delete_snapshot" :: held 2.402s {{(pid=82256) __release /opt/stack/cinder/cinder/coordination.py:157}}
Nov 24 22:25:08 devstack cinder-volume[82256]: DEBUG cinder.quota [None req-72430687-e7c7-4ec6-9e1f-111ce3fed82e tempest-SnapshotsActionsTest-940037977 None] Created reservations ['66084e24-991c-4227-a8a4-9167dc3af813', '9024a0c6-7211-49cc-8368-3aa23e50651c', 'ba11ca04-f99a-42f5-bbcf-fd908931a590', '28231815-2804-4212-98dc-39d6df322fe2'] {{(pid=82256) reserve /opt/stack/cinder/cinder/quota.py:752}}
Nov 24 22:25:08 devstack cinder-volume[82256]: INFO cinder.volume.manager [None req-72430687-e7c7-4ec6-9e1f-111ce3fed82e tempest-SnapshotsActionsTest-940037977 None] Delete snapshot completed successfully.
Nov 24 22:25:08 devstack cinder-volume[82256]: DEBUG cinder.coordination [None req-72430687-e7c7-4ec6-9e1f-111ce3fed82e tempest-SnapshotsActionsTest-940037977 None] Lock "cinder-62b61a36-7b1e-41f4-9af8-6461e242f00b-delete_snapshot" released by "delete_snapshot" :: held 2.493s {{(pid=82256) __release /opt/stack/cinder/cinder/coordination.py:157}}
Nov 24 22:25:09 devstack cinder-volume[82256]: WARNING cinder.volume.volume_utils [None req-8d3f393b-f589-4101-a845-cc76735058fe tempest-SnapshotsActionsTest-442389869 None] Volume driver (QuobyteDriver 1.1.13) is currently unsupported and may be removed in the next release of OpenStack. Use at your own risk.
Nov 24 22:25:09 devstack cinder-volume[82256]: DEBUG oslo_concurrency.lockutils [None req-8d3f393b-f589-4101-a845-cc76735058fe tempest-SnapshotsActionsTest-442389869 None] Acquiring lock "quobyte" by "cinder.volume.drivers.quobyte.QuobyteDriver.create_snapshot" {{(pid=82256) inner /opt/stack/data/venv/lib/python3.10/site-packages/oslo_concurrency/lockutils.py:405}}
Nov 24 22:25:09 devstack cinder-volume[82256]: DEBUG oslo_concurrency.lockutils [None req-8d3f393b-f589-4101-a845-cc76735058fe tempest-SnapshotsActionsTest-442389869 None] Lock "quobyte" acquired by "cinder.volume.drivers.quobyte.QuobyteDriver.create_snapshot" :: waited 0.000s {{(pid=82256) inner /opt/stack/data/venv/lib/python3.10/site-packages/oslo_concurrency/lockutils.py:410}}
Nov 24 22:25:09 devstack cinder-volume[82256]: DEBUG cinder.volume.drivers.remotefs [None req-8d3f393b-f589-4101-a845-cc76735058fe tempest-SnapshotsActionsTest-442389869 None] Creating offline snapshot 31707ad4-ebe1-4a5c-a9a7-bdb79e4e22c8 of volume a93ff8a2-5c9c-4c29-a3ab-c90799802dba {{(pid=82256) _create_snapshot /opt/stack/cinder/cinder/volume/drivers/remotefs.py:1694}}
Nov 24 22:25:09 devstack cinder-volume[82256]: DEBUG oslo.privsep.daemon [-] privsep: reply[349d693c-a57e-44b6-acab-01c13270cc69]: (4, 'qcow2') {{(pid=83043) _call_back /opt/stack/data/venv/lib/python3.10/site-packages/oslo_privsep/daemon.py:515}}
Nov 24 22:25:09 devstack cinder-volume[82256]: DEBUG oslo_concurrency.processutils [None req-8d3f393b-f589-4101-a845-cc76735058fe tempest-SnapshotsActionsTest-442389869 None] Running cmd (subprocess): /opt/stack/data/venv/bin/python3.10 -m oslo_concurrency.prlimit --as=1073741824 --cpu=60 -- sudo cinder-rootwrap /etc/cinder/rootwrap.conf env LC_ALL=C qemu-img info -f qcow2 --output=json --force-share /opt/stack/data/cinder/mnt/dc0efa337751adfd40a1fbf7d309276b/volume-a93ff8a2-5c9c-4c29-a3ab-c90799802dba.6751ec01-acdd-4a90-a9a1-166553056500 {{(pid=82256) execute /opt/stack/data/venv/lib/python3.10/site-packages/oslo_concurrency/processutils.py:349}}
Nov 24 22:25:10 devstack sudo[89881]: quobyte : PWD=/ ; USER=root ; COMMAND=/opt/stack/data/venv/bin/cinder-rootwrap /etc/cinder/rootwrap.conf env LC_ALL=C qemu-img info -f qcow2 --output=json --force-share /opt/stack/data/cinder/mnt/dc0efa337751adfd40a1fbf7d309276b/volume-a93ff8a2-5c9c-4c29-a3ab-c90799802dba.6751ec01-acdd-4a90-a9a1-166553056500
Nov 24 22:25:10 devstack sudo[89881]: pam_unix(sudo:session): session opened for user root(uid=0) by (uid=1000)
Nov 24 22:25:10 devstack sudo[89881]: pam_unix(sudo:session): session closed for user root
Nov 24 22:25:10 devstack cinder-volume[82256]: DEBUG oslo_concurrency.processutils [None req-8d3f393b-f589-4101-a845-cc76735058fe tempest-SnapshotsActionsTest-442389869 None] CMD "/opt/stack/data/venv/bin/python3.10 -m oslo_concurrency.prlimit --as=1073741824 --cpu=60 -- sudo cinder-rootwrap /etc/cinder/rootwrap.conf env LC_ALL=C qemu-img info -f qcow2 --output=json --force-share /opt/stack/data/cinder/mnt/dc0efa337751adfd40a1fbf7d309276b/volume-a93ff8a2-5c9c-4c29-a3ab-c90799802dba.6751ec01-acdd-4a90-a9a1-166553056500" returned: 0 in 0.683s {{(pid=82256) execute /opt/stack/data/venv/lib/python3.10/site-packages/oslo_concurrency/processutils.py:372}}
Nov 24 22:25:10 devstack cinder-volume[82256]: DEBUG cinder.volume.drivers.remotefs [None req-8d3f393b-f589-4101-a845-cc76735058fe tempest-SnapshotsActionsTest-442389869 None] Fetching qemu-img info with special backing_file_template: (/opt/stack/data/cinder/mnt/[0-9a-f]+/)?(volume-a93ff8a2-5c9c-4c29-a3ab-c90799802dba(.(tmp-snap-)?[0-9a-f-]+)?|volume_from_snapshot_cache/(tmp-snap-)?[0-9a-f-]+(.(child-|parent-)[0-9a-f-]+)?)$ {{(pid=82256) _qemu_img_info_base /opt/stack/cinder/cinder/volume/drivers/remotefs.py:886}}
Nov 24 22:25:10 devstack cinder-volume[82256]: DEBUG oslo_concurrency.processutils [None req-8d3f393b-f589-4101-a845-cc76735058fe tempest-SnapshotsActionsTest-442389869 None] Running cmd (subprocess): sudo cinder-rootwrap /etc/cinder/rootwrap.conf qemu-img create -f qcow2 -o backing_file=/opt/stack/data/cinder/mnt/dc0efa337751adfd40a1fbf7d309276b/volume-a93ff8a2-5c9c-4c29-a3ab-c90799802dba.6751ec01-acdd-4a90-a9a1-166553056500,backing_fmt=qcow2 /opt/stack/data/cinder/mnt/dc0efa337751adfd40a1fbf7d309276b/volume-a93ff8a2-5c9c-4c29-a3ab-c90799802dba.31707ad4-ebe1-4a5c-a9a7-bdb79e4e22c8 1G {{(pid=82256) execute /opt/stack/data/venv/lib/python3.10/site-packages/oslo_concurrency/processutils.py:349}}
Nov 24 22:25:10 devstack sudo[89893]: quobyte : PWD=/ ; USER=root ; COMMAND=/opt/stack/data/venv/bin/cinder-rootwrap /etc/cinder/rootwrap.conf qemu-img create -f qcow2 -o backing_file=/opt/stack/data/cinder/mnt/dc0efa337751adfd40a1fbf7d309276b/volume-a93ff8a2-5c9c-4c29-a3ab-c90799802dba.6751ec01-acdd-4a90-a9a1-166553056500,backing_fmt=qcow2 /opt/stack/data/cinder/mnt/dc0efa337751adfd40a1fbf7d309276b/volume-a93ff8a2-5c9c-4c29-a3ab-c90799802dba.31707ad4-ebe1-4a5c-a9a7-bdb79e4e22c8 1G
Nov 24 22:25:10 devstack sudo[89893]: pam_unix(sudo:session): session opened for user root(uid=0) by (uid=1000)
Nov 24 22:25:11 devstack sudo[89893]: pam_unix(sudo:session): session closed for user root
Nov 24 22:25:11 devstack cinder-volume[82256]: DEBUG oslo_concurrency.processutils [None req-8d3f393b-f589-4101-a845-cc76735058fe tempest-SnapshotsActionsTest-442389869 None] CMD "sudo cinder-rootwrap /etc/cinder/rootwrap.conf qemu-img create -f qcow2 -o backing_file=/opt/stack/data/cinder/mnt/dc0efa337751adfd40a1fbf7d309276b/volume-a93ff8a2-5c9c-4c29-a3ab-c90799802dba.6751ec01-acdd-4a90-a9a1-166553056500,backing_fmt=qcow2 /opt/stack/data/cinder/mnt/dc0efa337751adfd40a1fbf7d309276b/volume-a93ff8a2-5c9c-4c29-a3ab-c90799802dba.31707ad4-ebe1-4a5c-a9a7-bdb79e4e22c8 1G" returned: 0 in 0.610s {{(pid=82256) execute /opt/stack/data/venv/lib/python3.10/site-packages/oslo_concurrency/processutils.py:372}}
Nov 24 22:25:11 devstack cinder-volume[82256]: DEBUG oslo_concurrency.processutils [None req-8d3f393b-f589-4101-a845-cc76735058fe tempest-SnapshotsActionsTest-442389869 None] Running cmd (subprocess): sudo cinder-rootwrap /etc/cinder/rootwrap.conf qemu-img rebase -u -b volume-a93ff8a2-5c9c-4c29-a3ab-c90799802dba.6751ec01-acdd-4a90-a9a1-166553056500 -F qcow2 /opt/stack/data/cinder/mnt/dc0efa337751adfd40a1fbf7d309276b/volume-a93ff8a2-5c9c-4c29-a3ab-c90799802dba.31707ad4-ebe1-4a5c-a9a7-bdb79e4e22c8 {{(pid=82256) execute /opt/stack/data/venv/lib/python3.10/site-packages/oslo_concurrency/processutils.py:349}}
Nov 24 22:25:11 devstack sudo[89898]: quobyte : PWD=/ ; USER=root ; COMMAND=/opt/stack/data/venv/bin/cinder-rootwrap /etc/cinder/rootwrap.conf qemu-img rebase -u -b volume-a93ff8a2-5c9c-4c29-a3ab-c90799802dba.6751ec01-acdd-4a90-a9a1-166553056500 -F qcow2 /opt/stack/data/cinder/mnt/dc0efa337751adfd40a1fbf7d309276b/volume-a93ff8a2-5c9c-4c29-a3ab-c90799802dba.31707ad4-ebe1-4a5c-a9a7-bdb79e4e22c8
Nov 24 22:25:11 devstack sudo[89898]: pam_unix(sudo:session): session opened for user root(uid=0) by (uid=1000)
Nov 24 22:25:11 devstack sudo[89898]: pam_unix(sudo:session): session closed for user root
Nov 24 22:25:11 devstack cinder-volume[82256]: DEBUG oslo_concurrency.processutils [None req-8d3f393b-f589-4101-a845-cc76735058fe tempest-SnapshotsActionsTest-442389869 None] CMD "sudo cinder-rootwrap /etc/cinder/rootwrap.conf qemu-img rebase -u -b volume-a93ff8a2-5c9c-4c29-a3ab-c90799802dba.6751ec01-acdd-4a90-a9a1-166553056500 -F qcow2 /opt/stack/data/cinder/mnt/dc0efa337751adfd40a1fbf7d309276b/volume-a93ff8a2-5c9c-4c29-a3ab-c90799802dba.31707ad4-ebe1-4a5c-a9a7-bdb79e4e22c8" returned: 0 in 0.568s {{(pid=82256) execute /opt/stack/data/venv/lib/python3.10/site-packages/oslo_concurrency/processutils.py:372}}
Nov 24 22:25:11 devstack cinder-volume[82256]: WARNING cinder.volume.drivers.remotefs [None req-8d3f393b-f589-4101-a845-cc76735058fe tempest-SnapshotsActionsTest-442389869 None] /opt/stack/data/cinder/mnt/dc0efa337751adfd40a1fbf7d309276b/volume-a93ff8a2-5c9c-4c29-a3ab-c90799802dba.31707ad4-ebe1-4a5c-a9a7-bdb79e4e22c8 is being set with open permissions: ugo+rw
Nov 24 22:25:11 devstack cinder-volume[82256]: DEBUG oslo_concurrency.processutils [None req-8d3f393b-f589-4101-a845-cc76735058fe tempest-SnapshotsActionsTest-442389869 None] Running cmd (subprocess): sudo cinder-rootwrap /etc/cinder/rootwrap.conf chmod ugo+rw /opt/stack/data/cinder/mnt/dc0efa337751adfd40a1fbf7d309276b/volume-a93ff8a2-5c9c-4c29-a3ab-c90799802dba.31707ad4-ebe1-4a5c-a9a7-bdb79e4e22c8 {{(pid=82256) execute /opt/stack/data/venv/lib/python3.10/site-packages/oslo_concurrency/processutils.py:349}}
Nov 24 22:25:11 devstack sudo[89903]: quobyte : PWD=/ ; USER=root ; COMMAND=/opt/stack/data/venv/bin/cinder-rootwrap /etc/cinder/rootwrap.conf chmod ugo+rw /opt/stack/data/cinder/mnt/dc0efa337751adfd40a1fbf7d309276b/volume-a93ff8a2-5c9c-4c29-a3ab-c90799802dba.31707ad4-ebe1-4a5c-a9a7-bdb79e4e22c8
Nov 24 22:25:11 devstack sudo[89903]: pam_unix(sudo:session): session opened for user root(uid=0) by (uid=1000)
Nov 24 22:25:12 devstack sudo[89903]: pam_unix(sudo:session): session closed for user root
Nov 24 22:25:12 devstack cinder-volume[82256]: DEBUG oslo_concurrency.processutils [None req-8d3f393b-f589-4101-a845-cc76735058fe tempest-SnapshotsActionsTest-442389869 None] CMD "sudo cinder-rootwrap /etc/cinder/rootwrap.conf chmod ugo+rw /opt/stack/data/cinder/mnt/dc0efa337751adfd40a1fbf7d309276b/volume-a93ff8a2-5c9c-4c29-a3ab-c90799802dba.31707ad4-ebe1-4a5c-a9a7-bdb79e4e22c8" returned: 0 in 0.614s {{(pid=82256) execute /opt/stack/data/venv/lib/python3.10/site-packages/oslo_concurrency/processutils.py:372}}
Nov 24 22:25:12 devstack cinder-volume[82256]: DEBUG oslo_concurrency.lockutils [None req-8d3f393b-f589-4101-a845-cc76735058fe tempest-SnapshotsActionsTest-442389869 None] Lock "quobyte" "released" by "cinder.volume.drivers.quobyte.QuobyteDriver.create_snapshot" :: held 2.532s {{(pid=82256) inner /opt/stack/data/venv/lib/python3.10/site-packages/oslo_concurrency/lockutils.py:424}}
Nov 24 22:25:12 devstack cinder-volume[82256]: INFO cinder.volume.manager [None req-8d3f393b-f589-4101-a845-cc76735058fe tempest-SnapshotsActionsTest-442389869 None] Create snapshot completed successfully
Nov 24 22:25:13 devstack cinder-volume[82256]: DEBUG cinder.coordination [None req-5451902b-f651-44e4-8f5d-7ec19e80254a tempest-SnapshotsActionsTest-940037977 None] Acquiring lock "cinder-31707ad4-ebe1-4a5c-a9a7-bdb79e4e22c8-delete_snapshot" by "delete_snapshot" {{(pid=82256) __acquire /opt/stack/cinder/cinder/coordination.py:143}}
Nov 24 22:25:13 devstack cinder-volume[82256]: DEBUG cinder.coordination [None req-5451902b-f651-44e4-8f5d-7ec19e80254a tempest-SnapshotsActionsTest-940037977 None] Lock "cinder-31707ad4-ebe1-4a5c-a9a7-bdb79e4e22c8-delete_snapshot" acquired by "delete_snapshot" :: waited 0.021s {{(pid=82256) __acquire /opt/stack/cinder/cinder/coordination.py:146}}
Nov 24 22:25:13 devstack cinder-volume[82256]: WARNING cinder.volume.volume_utils [None req-5451902b-f651-44e4-8f5d-7ec19e80254a tempest-SnapshotsActionsTest-940037977 None] Volume driver (QuobyteDriver 1.1.13) is currently unsupported and may be removed in the next release of OpenStack. Use at your own risk.
Nov 24 22:25:13 devstack cinder-volume[82256]: DEBUG cinder.coordination [None req-5451902b-f651-44e4-8f5d-7ec19e80254a tempest-SnapshotsActionsTest-940037977 None] Acquiring lock "cinder-quobyte-a93ff8a2-5c9c-4c29-a3ab-c90799802dba" by "delete_snapshot" {{(pid=82256) __acquire /opt/stack/cinder/cinder/coordination.py:143}}
Nov 24 22:25:13 devstack cinder-volume[82256]: DEBUG cinder.coordination [None req-5451902b-f651-44e4-8f5d-7ec19e80254a tempest-SnapshotsActionsTest-940037977 None] Lock "cinder-quobyte-a93ff8a2-5c9c-4c29-a3ab-c90799802dba" acquired by "delete_snapshot" :: waited 0.020s {{(pid=82256) __acquire /opt/stack/cinder/cinder/coordination.py:146}}
Nov 24 22:25:13 devstack cinder-volume[82256]: DEBUG cinder.coordination [None req-5451902b-f651-44e4-8f5d-7ec19e80254a tempest-SnapshotsActionsTest-940037977 None] Acquiring lock "cinder-quobyte-31707ad4-ebe1-4a5c-a9a7-bdb79e4e22c8" by "_delete_snapshot" {{(pid=82256) __acquire /opt/stack/cinder/cinder/coordination.py:143}}
Nov 24 22:25:13 devstack cinder-volume[82256]: DEBUG cinder.coordination [None req-5451902b-f651-44e4-8f5d-7ec19e80254a tempest-SnapshotsActionsTest-940037977 None] Lock "cinder-quobyte-31707ad4-ebe1-4a5c-a9a7-bdb79e4e22c8" acquired by "_delete_snapshot" :: waited 0.009s {{(pid=82256) __acquire /opt/stack/cinder/cinder/coordination.py:146}}
Nov 24 22:25:13 devstack cinder-volume[82256]: DEBUG cinder.volume.drivers.remotefs [None req-5451902b-f651-44e4-8f5d-7ec19e80254a tempest-SnapshotsActionsTest-940037977 None] Deleting offline snapshot 31707ad4-ebe1-4a5c-a9a7-bdb79e4e22c8 of volume a93ff8a2-5c9c-4c29-a3ab-c90799802dba {{(pid=82256) _delete_snapshot /opt/stack/cinder/cinder/volume/drivers/remotefs.py:1278}}
Nov 24 22:25:13 devstack cinder-volume[82256]: DEBUG cinder.volume.drivers.remotefs [None req-5451902b-f651-44e4-8f5d-7ec19e80254a tempest-SnapshotsActionsTest-940037977 None] snapshot_file for this snap is: volume-a93ff8a2-5c9c-4c29-a3ab-c90799802dba.31707ad4-ebe1-4a5c-a9a7-bdb79e4e22c8 {{(pid=82256) _delete_snapshot /opt/stack/cinder/cinder/volume/drivers/remotefs.py:1307}}
Nov 24 22:25:13 devstack cinder-volume[82256]: DEBUG oslo.privsep.daemon [-] privsep: reply[24f9f7ce-f7d8-48c0-a1b0-8454125a7bdb]: (4, 'qcow2') {{(pid=83043) _call_back /opt/stack/data/venv/lib/python3.10/site-packages/oslo_privsep/daemon.py:515}}
Nov 24 22:25:13 devstack cinder-volume[82256]: DEBUG oslo_concurrency.processutils [None req-5451902b-f651-44e4-8f5d-7ec19e80254a tempest-SnapshotsActionsTest-940037977 None] Running cmd (subprocess): /opt/stack/data/venv/bin/python3.10 -m oslo_concurrency.prlimit --as=1073741824 --cpu=60 -- sudo cinder-rootwrap /etc/cinder/rootwrap.conf env LC_ALL=C qemu-img info -f qcow2 --output=json --force-share /opt/stack/data/cinder/mnt/dc0efa337751adfd40a1fbf7d309276b/volume-a93ff8a2-5c9c-4c29-a3ab-c90799802dba.31707ad4-ebe1-4a5c-a9a7-bdb79e4e22c8 {{(pid=82256) execute /opt/stack/data/venv/lib/python3.10/site-packages/oslo_concurrency/processutils.py:349}}
Nov 24 22:25:13 devstack sudo[90010]: quobyte : PWD=/ ; USER=root ; COMMAND=/opt/stack/data/venv/bin/cinder-rootwrap /etc/cinder/rootwrap.conf env LC_ALL=C qemu-img info -f qcow2 --output=json --force-share /opt/stack/data/cinder/mnt/dc0efa337751adfd40a1fbf7d309276b/volume-a93ff8a2-5c9c-4c29-a3ab-c90799802dba.31707ad4-ebe1-4a5c-a9a7-bdb79e4e22c8
Nov 24 22:25:13 devstack sudo[90010]: pam_unix(sudo:session): session opened for user root(uid=0) by (uid=1000)
Nov 24 22:25:14 devstack sudo[90010]: pam_unix(sudo:session): session closed for user root
Nov 24 22:25:14 devstack cinder-volume[82256]: DEBUG oslo_concurrency.processutils [None req-5451902b-f651-44e4-8f5d-7ec19e80254a tempest-SnapshotsActionsTest-940037977 None] CMD "/opt/stack/data/venv/bin/python3.10 -m oslo_concurrency.prlimit --as=1073741824 --cpu=60 -- sudo cinder-rootwrap /etc/cinder/rootwrap.conf env LC_ALL=C qemu-img info -f qcow2 --output=json --force-share /opt/stack/data/cinder/mnt/dc0efa337751adfd40a1fbf7d309276b/volume-a93ff8a2-5c9c-4c29-a3ab-c90799802dba.31707ad4-ebe1-4a5c-a9a7-bdb79e4e22c8" returned: 0 in 0.687s {{(pid=82256) execute /opt/stack/data/venv/lib/python3.10/site-packages/oslo_concurrency/processutils.py:372}}
Nov 24 22:25:14 devstack cinder-volume[82256]: DEBUG cinder.volume.drivers.remotefs [None req-5451902b-f651-44e4-8f5d-7ec19e80254a tempest-SnapshotsActionsTest-940037977 None] Fetching qemu-img info with special backing_file_template: (/opt/stack/data/cinder/mnt/[0-9a-f]+/)?(volume-a93ff8a2-5c9c-4c29-a3ab-c90799802dba(.(tmp-snap-)?[0-9a-f-]+)?|volume_from_snapshot_cache/(tmp-snap-)?[0-9a-f-]+(.(child-|parent-)[0-9a-f-]+)?)$ {{(pid=82256) _qemu_img_info_base /opt/stack/cinder/cinder/volume/drivers/remotefs.py:886}}
Nov 24 22:25:14 devstack cinder-volume[82256]: DEBUG oslo.privsep.daemon [-] privsep: reply[81114f35-3581-449c-ab1a-387c876ccbd5]: (4, 'qcow2') {{(pid=83043) _call_back /opt/stack/data/venv/lib/python3.10/site-packages/oslo_privsep/daemon.py:515}}
Nov 24 22:25:14 devstack cinder-volume[82256]: DEBUG oslo_concurrency.processutils [None req-5451902b-f651-44e4-8f5d-7ec19e80254a tempest-SnapshotsActionsTest-940037977 None] Running cmd (subprocess): /opt/stack/data/venv/bin/python3.10 -m oslo_concurrency.prlimit --as=1073741824 --cpu=60 -- sudo cinder-rootwrap /etc/cinder/rootwrap.conf env LC_ALL=C qemu-img info -f qcow2 --output=json --force-share /opt/stack/data/cinder/mnt/dc0efa337751adfd40a1fbf7d309276b/volume-a93ff8a2-5c9c-4c29-a3ab-c90799802dba.6751ec01-acdd-4a90-a9a1-166553056500 {{(pid=82256) execute /opt/stack/data/venv/lib/python3.10/site-packages/oslo_concurrency/processutils.py:349}}
Nov 24 22:25:14 devstack sudo[90015]: quobyte : PWD=/ ; USER=root ; COMMAND=/opt/stack/data/venv/bin/cinder-rootwrap /etc/cinder/rootwrap.conf env LC_ALL=C qemu-img info -f qcow2 --output=json --force-share /opt/stack/data/cinder/mnt/dc0efa337751adfd40a1fbf7d309276b/volume-a93ff8a2-5c9c-4c29-a3ab-c90799802dba.6751ec01-acdd-4a90-a9a1-166553056500
Nov 24 22:25:14 devstack sudo[90015]: pam_unix(sudo:session): session opened for user root(uid=0) by (uid=1000)
Nov 24 22:25:14 devstack sudo[90015]: pam_unix(sudo:session): session closed for user root
Nov 24 22:25:14 devstack cinder-volume[82256]: DEBUG oslo_concurrency.processutils [None req-5451902b-f651-44e4-8f5d-7ec19e80254a tempest-SnapshotsActionsTest-940037977 None] CMD "/opt/stack/data/venv/bin/python3.10 -m oslo_concurrency.prlimit --as=1073741824 --cpu=60 -- sudo cinder-rootwrap /etc/cinder/rootwrap.conf env LC_ALL=C qemu-img info -f qcow2 --output=json --force-share /opt/stack/data/cinder/mnt/dc0efa337751adfd40a1fbf7d309276b/volume-a93ff8a2-5c9c-4c29-a3ab-c90799802dba.6751ec01-acdd-4a90-a9a1-166553056500" returned: 0 in 0.782s {{(pid=82256) execute /opt/stack/data/venv/lib/python3.10/site-packages/oslo_concurrency/processutils.py:372}}
Nov 24 22:25:14 devstack cinder-volume[82256]: DEBUG cinder.volume.drivers.remotefs [None req-5451902b-f651-44e4-8f5d-7ec19e80254a tempest-SnapshotsActionsTest-940037977 None] Fetching qemu-img info with special backing_file_template: (/opt/stack/data/cinder/mnt/[0-9a-f]+/)?(volume-a93ff8a2-5c9c-4c29-a3ab-c90799802dba(.(tmp-snap-)?[0-9a-f-]+)?|volume_from_snapshot_cache/(tmp-snap-)?[0-9a-f-]+(.(child-|parent-)[0-9a-f-]+)?)$ {{(pid=82256) _qemu_img_info_base /opt/stack/cinder/cinder/volume/drivers/remotefs.py:886}}
Nov 24 22:25:14 devstack cinder-volume[82256]: DEBUG oslo_concurrency.processutils [None req-5451902b-f651-44e4-8f5d-7ec19e80254a tempest-SnapshotsActionsTest-940037977 None] Running cmd (subprocess): sudo cinder-rootwrap /etc/cinder/rootwrap.conf qemu-img commit -d /opt/stack/data/cinder/mnt/dc0efa337751adfd40a1fbf7d309276b/volume-a93ff8a2-5c9c-4c29-a3ab-c90799802dba.31707ad4-ebe1-4a5c-a9a7-bdb79e4e22c8 {{(pid=82256) execute /opt/stack/data/venv/lib/python3.10/site-packages/oslo_concurrency/processutils.py:349}}
Nov 24 22:25:14 devstack sudo[90020]: quobyte : PWD=/ ; USER=root ; COMMAND=/opt/stack/data/venv/bin/cinder-rootwrap /etc/cinder/rootwrap.conf qemu-img commit -d /opt/stack/data/cinder/mnt/dc0efa337751adfd40a1fbf7d309276b/volume-a93ff8a2-5c9c-4c29-a3ab-c90799802dba.31707ad4-ebe1-4a5c-a9a7-bdb79e4e22c8
Nov 24 22:25:14 devstack sudo[90020]: pam_unix(sudo:session): session opened for user root(uid=0) by (uid=1000)
Nov 24 22:25:15 devstack sudo[90020]: pam_unix(sudo:session): session closed for user root
Nov 24 22:25:15 devstack cinder-volume[82256]: DEBUG oslo_concurrency.processutils [None req-5451902b-f651-44e4-8f5d-7ec19e80254a tempest-SnapshotsActionsTest-940037977 None] CMD "sudo cinder-rootwrap /etc/cinder/rootwrap.conf qemu-img commit -d /opt/stack/data/cinder/mnt/dc0efa337751adfd40a1fbf7d309276b/volume-a93ff8a2-5c9c-4c29-a3ab-c90799802dba.31707ad4-ebe1-4a5c-a9a7-bdb79e4e22c8" returned: 0 in 0.632s {{(pid=82256) execute /opt/stack/data/venv/lib/python3.10/site-packages/oslo_concurrency/processutils.py:372}}
Nov 24 22:25:15 devstack cinder-volume[82256]: DEBUG oslo_concurrency.processutils [None req-5451902b-f651-44e4-8f5d-7ec19e80254a tempest-SnapshotsActionsTest-940037977 None] Running cmd (subprocess): sudo cinder-rootwrap /etc/cinder/rootwrap.conf rm -f /opt/stack/data/cinder/mnt/dc0efa337751adfd40a1fbf7d309276b/volume-a93ff8a2-5c9c-4c29-a3ab-c90799802dba.31707ad4-ebe1-4a5c-a9a7-bdb79e4e22c8 {{(pid=82256) execute /opt/stack/data/venv/lib/python3.10/site-packages/oslo_concurrency/processutils.py:349}}
Nov 24 22:25:15 devstack sudo[90025]: quobyte : PWD=/ ; USER=root ; COMMAND=/opt/stack/data/venv/bin/cinder-rootwrap /etc/cinder/rootwrap.conf rm -f /opt/stack/data/cinder/mnt/dc0efa337751adfd40a1fbf7d309276b/volume-a93ff8a2-5c9c-4c29-a3ab-c90799802dba.31707ad4-ebe1-4a5c-a9a7-bdb79e4e22c8
Nov 24 22:25:15 devstack sudo[90025]: pam_unix(sudo:session): session opened for user root(uid=0) by (uid=1000)
Nov 24 22:25:16 devstack sudo[90025]: pam_unix(sudo:session): session closed for user root
Nov 24 22:25:16 devstack cinder-volume[82256]: DEBUG oslo_concurrency.processutils [None req-5451902b-f651-44e4-8f5d-7ec19e80254a tempest-SnapshotsActionsTest-940037977 None] CMD "sudo cinder-rootwrap /etc/cinder/rootwrap.conf rm -f /opt/stack/data/cinder/mnt/dc0efa337751adfd40a1fbf7d309276b/volume-a93ff8a2-5c9c-4c29-a3ab-c90799802dba.31707ad4-ebe1-4a5c-a9a7-bdb79e4e22c8" returned: 0 in 0.599s {{(pid=82256) execute /opt/stack/data/venv/lib/python3.10/site-packages/oslo_concurrency/processutils.py:372}}
Nov 24 22:25:16 devstack cinder-volume[82256]: DEBUG cinder.coordination [None req-5451902b-f651-44e4-8f5d-7ec19e80254a tempest-SnapshotsActionsTest-940037977 None] Lock "cinder-quobyte-31707ad4-ebe1-4a5c-a9a7-bdb79e4e22c8" released by "_delete_snapshot" :: held 2.903s {{(pid=82256) __release /opt/stack/cinder/cinder/coordination.py:157}}
Nov 24 22:25:16 devstack cinder-volume[82256]: DEBUG cinder.coordination [None req-5451902b-f651-44e4-8f5d-7ec19e80254a tempest-SnapshotsActionsTest-940037977 None] Lock "cinder-quobyte-a93ff8a2-5c9c-4c29-a3ab-c90799802dba" released by "delete_snapshot" :: held 2.921s {{(pid=82256) __release /opt/stack/cinder/cinder/coordination.py:157}}
Nov 24 22:25:16 devstack cinder-volume[82256]: DEBUG cinder.quota [None req-5451902b-f651-44e4-8f5d-7ec19e80254a tempest-SnapshotsActionsTest-940037977 None] Created reservations ['cea980e5-7fab-489f-ad1d-3e8acf1b260f', 'c510ddc9-63cd-407d-aff1-b3e6fea1fc22', '3cdd4a6d-9983-4bc1-aa4b-7822c2f29936', '4cf41297-6158-4c61-af4c-73fc171edb22'] {{(pid=82256) reserve /opt/stack/cinder/cinder/quota.py:752}}
Nov 24 22:25:16 devstack cinder-volume[82256]: INFO cinder.volume.manager [None req-5451902b-f651-44e4-8f5d-7ec19e80254a tempest-SnapshotsActionsTest-940037977 None] Delete snapshot completed successfully.
Nov 24 22:25:16 devstack cinder-volume[82256]: DEBUG cinder.coordination [None req-5451902b-f651-44e4-8f5d-7ec19e80254a tempest-SnapshotsActionsTest-940037977 None] Lock "cinder-31707ad4-ebe1-4a5c-a9a7-bdb79e4e22c8-delete_snapshot" released by "delete_snapshot" :: held 3.046s {{(pid=82256) __release /opt/stack/cinder/cinder/coordination.py:157}}
Nov 24 22:25:16 devstack cinder-volume[82256]: DEBUG cinder.coordination [None req-1407bda8-ca15-41a7-9a7d-bacc1acf97b8 tempest-SnapshotsActionsTest-442389869 None] Acquiring lock "cinder-6751ec01-acdd-4a90-a9a1-166553056500-delete_snapshot" by "delete_snapshot" {{(pid=82256) __acquire /opt/stack/cinder/cinder/coordination.py:143}}
Nov 24 22:25:16 devstack cinder-volume[82256]: DEBUG cinder.coordination [None req-1407bda8-ca15-41a7-9a7d-bacc1acf97b8 tempest-SnapshotsActionsTest-442389869 None] Lock "cinder-6751ec01-acdd-4a90-a9a1-166553056500-delete_snapshot" acquired by "delete_snapshot" :: waited 0.020s {{(pid=82256) __acquire /opt/stack/cinder/cinder/coordination.py:146}}
Nov 24 22:25:16 devstack cinder-volume[82256]: WARNING cinder.volume.volume_utils [None req-1407bda8-ca15-41a7-9a7d-bacc1acf97b8 tempest-SnapshotsActionsTest-442389869 None] Volume driver (QuobyteDriver 1.1.13) is currently unsupported and may be removed in the next release of OpenStack. Use at your own risk.
Nov 24 22:25:16 devstack cinder-volume[82256]: DEBUG cinder.coordination [None req-1407bda8-ca15-41a7-9a7d-bacc1acf97b8 tempest-SnapshotsActionsTest-442389869 None] Acquiring lock "cinder-quobyte-a93ff8a2-5c9c-4c29-a3ab-c90799802dba" by "delete_snapshot" {{(pid=82256) __acquire /opt/stack/cinder/cinder/coordination.py:143}}
Nov 24 22:25:16 devstack cinder-volume[82256]: DEBUG cinder.coordination [None req-1407bda8-ca15-41a7-9a7d-bacc1acf97b8 tempest-SnapshotsActionsTest-442389869 None] Lock "cinder-quobyte-a93ff8a2-5c9c-4c29-a3ab-c90799802dba" acquired by "delete_snapshot" :: waited 0.013s {{(pid=82256) __acquire /opt/stack/cinder/cinder/coordination.py:146}}
Nov 24 22:25:16 devstack cinder-volume[82256]: DEBUG cinder.coordination [None req-1407bda8-ca15-41a7-9a7d-bacc1acf97b8 tempest-SnapshotsActionsTest-442389869 None] Acquiring lock "cinder-quobyte-6751ec01-acdd-4a90-a9a1-166553056500" by "_delete_snapshot" {{(pid=82256) __acquire /opt/stack/cinder/cinder/coordination.py:143}}
Nov 24 22:25:16 devstack cinder-volume[82256]: DEBUG cinder.coordination [None req-1407bda8-ca15-41a7-9a7d-bacc1acf97b8 tempest-SnapshotsActionsTest-442389869 None] Lock "cinder-quobyte-6751ec01-acdd-4a90-a9a1-166553056500" acquired by "_delete_snapshot" :: waited 0.010s {{(pid=82256) __acquire /opt/stack/cinder/cinder/coordination.py:146}}
Nov 24 22:25:16 devstack cinder-volume[82256]: DEBUG cinder.volume.drivers.remotefs [None req-1407bda8-ca15-41a7-9a7d-bacc1acf97b8 tempest-SnapshotsActionsTest-442389869 None] Deleting offline snapshot 6751ec01-acdd-4a90-a9a1-166553056500 of volume a93ff8a2-5c9c-4c29-a3ab-c90799802dba {{(pid=82256) _delete_snapshot /opt/stack/cinder/cinder/volume/drivers/remotefs.py:1278}}
Nov 24 22:25:16 devstack cinder-volume[82256]: DEBUG cinder.volume.drivers.remotefs [None req-1407bda8-ca15-41a7-9a7d-bacc1acf97b8 tempest-SnapshotsActionsTest-442389869 None] snapshot_file for this snap is: volume-a93ff8a2-5c9c-4c29-a3ab-c90799802dba.6751ec01-acdd-4a90-a9a1-166553056500 {{(pid=82256) _delete_snapshot /opt/stack/cinder/cinder/volume/drivers/remotefs.py:1307}}
Nov 24 22:25:16 devstack cinder-volume[82256]: DEBUG oslo.privsep.daemon [-] privsep: reply[c36c1134-5396-4021-a916-2e50750cdf4b]: (4, 'qcow2') {{(pid=83043) _call_back /opt/stack/data/venv/lib/python3.10/site-packages/oslo_privsep/daemon.py:515}}
Nov 24 22:25:16 devstack cinder-volume[82256]: DEBUG oslo_concurrency.processutils [None req-1407bda8-ca15-41a7-9a7d-bacc1acf97b8 tempest-SnapshotsActionsTest-442389869 None] Running cmd (subprocess): /opt/stack/data/venv/bin/python3.10 -m oslo_concurrency.prlimit --as=1073741824 --cpu=60 -- sudo cinder-rootwrap /etc/cinder/rootwrap.conf env LC_ALL=C qemu-img info -f qcow2 --output=json --force-share /opt/stack/data/cinder/mnt/dc0efa337751adfd40a1fbf7d309276b/volume-a93ff8a2-5c9c-4c29-a3ab-c90799802dba.6751ec01-acdd-4a90-a9a1-166553056500 {{(pid=82256) execute /opt/stack/data/venv/lib/python3.10/site-packages/oslo_concurrency/processutils.py:349}}
Nov 24 22:25:16 devstack sudo[90028]: quobyte : PWD=/ ; USER=root ; COMMAND=/opt/stack/data/venv/bin/cinder-rootwrap /etc/cinder/rootwrap.conf env LC_ALL=C qemu-img info -f qcow2 --output=json --force-share /opt/stack/data/cinder/mnt/dc0efa337751adfd40a1fbf7d309276b/volume-a93ff8a2-5c9c-4c29-a3ab-c90799802dba.6751ec01-acdd-4a90-a9a1-166553056500
Nov 24 22:25:16 devstack sudo[90028]: pam_unix(sudo:session): session opened for user root(uid=0) by (uid=1000)
Nov 24 22:25:17 devstack sudo[90028]: pam_unix(sudo:session): session closed for user root
Nov 24 22:25:17 devstack cinder-volume[82256]: DEBUG oslo_concurrency.processutils [None req-1407bda8-ca15-41a7-9a7d-bacc1acf97b8 tempest-SnapshotsActionsTest-442389869 None] CMD "/opt/stack/data/venv/bin/python3.10 -m oslo_concurrency.prlimit --as=1073741824 --cpu=60 -- sudo cinder-rootwrap /etc/cinder/rootwrap.conf env LC_ALL=C qemu-img info -f qcow2 --output=json --force-share /opt/stack/data/cinder/mnt/dc0efa337751adfd40a1fbf7d309276b/volume-a93ff8a2-5c9c-4c29-a3ab-c90799802dba.6751ec01-acdd-4a90-a9a1-166553056500" returned: 0 in 0.609s {{(pid=82256) execute /opt/stack/data/venv/lib/python3.10/site-packages/oslo_concurrency/processutils.py:372}}
Nov 24 22:25:17 devstack cinder-volume[82256]: DEBUG cinder.volume.drivers.remotefs [None req-1407bda8-ca15-41a7-9a7d-bacc1acf97b8 tempest-SnapshotsActionsTest-442389869 None] Fetching qemu-img info with special backing_file_template: (/opt/stack/data/cinder/mnt/[0-9a-f]+/)?(volume-a93ff8a2-5c9c-4c29-a3ab-c90799802dba(.(tmp-snap-)?[0-9a-f-]+)?|volume_from_snapshot_cache/(tmp-snap-)?[0-9a-f-]+(.(child-|parent-)[0-9a-f-]+)?)$ {{(pid=82256) _qemu_img_info_base /opt/stack/cinder/cinder/volume/drivers/remotefs.py:886}}
Nov 24 22:25:17 devstack cinder-volume[82256]: DEBUG oslo.privsep.daemon [-] privsep: reply[8e184fe2-c4b4-46c6-a845-47eb2ba7ce3f]: (4, 'qcow2') {{(pid=83043) _call_back /opt/stack/data/venv/lib/python3.10/site-packages/oslo_privsep/daemon.py:515}}
Nov 24 22:25:17 devstack cinder-volume[82256]: DEBUG oslo_concurrency.processutils [None req-1407bda8-ca15-41a7-9a7d-bacc1acf97b8 tempest-SnapshotsActionsTest-442389869 None] Running cmd (subprocess): /opt/stack/data/venv/bin/python3.10 -m oslo_concurrency.prlimit --as=1073741824 --cpu=60 -- sudo cinder-rootwrap /etc/cinder/rootwrap.conf env LC_ALL=C qemu-img info -f qcow2 --output=json --force-share /opt/stack/data/cinder/mnt/dc0efa337751adfd40a1fbf7d309276b/volume-a93ff8a2-5c9c-4c29-a3ab-c90799802dba {{(pid=82256) execute /opt/stack/data/venv/lib/python3.10/site-packages/oslo_concurrency/processutils.py:349}}
Nov 24 22:25:17 devstack sudo[90033]: quobyte : PWD=/ ; USER=root ; COMMAND=/opt/stack/data/venv/bin/cinder-rootwrap /etc/cinder/rootwrap.conf env LC_ALL=C qemu-img info -f qcow2 --output=json --force-share /opt/stack/data/cinder/mnt/dc0efa337751adfd40a1fbf7d309276b/volume-a93ff8a2-5c9c-4c29-a3ab-c90799802dba
Nov 24 22:25:17 devstack sudo[90033]: pam_unix(sudo:session): session opened for user root(uid=0) by (uid=1000)
Nov 24 22:25:18 devstack sudo[90033]: pam_unix(sudo:session): session closed for user root
Nov 24 22:25:18 devstack cinder-volume[82256]: DEBUG oslo_concurrency.processutils [None req-1407bda8-ca15-41a7-9a7d-bacc1acf97b8 tempest-SnapshotsActionsTest-442389869 None] CMD "/opt/stack/data/venv/bin/python3.10 -m oslo_concurrency.prlimit --as=1073741824 --cpu=60 -- sudo cinder-rootwrap /etc/cinder/rootwrap.conf env LC_ALL=C qemu-img info -f qcow2 --output=json --force-share /opt/stack/data/cinder/mnt/dc0efa337751adfd40a1fbf7d309276b/volume-a93ff8a2-5c9c-4c29-a3ab-c90799802dba" returned: 0 in 0.923s {{(pid=82256) execute /opt/stack/data/venv/lib/python3.10/site-packages/oslo_concurrency/processutils.py:372}}
Nov 24 22:25:18 devstack cinder-volume[82256]: DEBUG oslo_concurrency.processutils [None req-1407bda8-ca15-41a7-9a7d-bacc1acf97b8 tempest-SnapshotsActionsTest-442389869 None] Running cmd (subprocess): sudo cinder-rootwrap /etc/cinder/rootwrap.conf qemu-img commit -d /opt/stack/data/cinder/mnt/dc0efa337751adfd40a1fbf7d309276b/volume-a93ff8a2-5c9c-4c29-a3ab-c90799802dba.6751ec01-acdd-4a90-a9a1-166553056500 {{(pid=82256) execute /opt/stack/data/venv/lib/python3.10/site-packages/oslo_concurrency/processutils.py:349}}
Nov 24 22:25:18 devstack sudo[90038]: quobyte : PWD=/ ; USER=root ; COMMAND=/opt/stack/data/venv/bin/cinder-rootwrap /etc/cinder/rootwrap.conf qemu-img commit -d /opt/stack/data/cinder/mnt/dc0efa337751adfd40a1fbf7d309276b/volume-a93ff8a2-5c9c-4c29-a3ab-c90799802dba.6751ec01-acdd-4a90-a9a1-166553056500
Nov 24 22:25:18 devstack sudo[90038]: pam_unix(sudo:session): session opened for user root(uid=0) by (uid=1000)
Nov 24 22:25:19 devstack sudo[90038]: pam_unix(sudo:session): session closed for user root
Nov 24 22:25:19 devstack cinder-volume[82256]: DEBUG oslo_concurrency.processutils [None req-1407bda8-ca15-41a7-9a7d-bacc1acf97b8 tempest-SnapshotsActionsTest-442389869 None] CMD "sudo cinder-rootwrap /etc/cinder/rootwrap.conf qemu-img commit -d /opt/stack/data/cinder/mnt/dc0efa337751adfd40a1fbf7d309276b/volume-a93ff8a2-5c9c-4c29-a3ab-c90799802dba.6751ec01-acdd-4a90-a9a1-166553056500" returned: 0 in 0.723s {{(pid=82256) execute /opt/stack/data/venv/lib/python3.10/site-packages/oslo_concurrency/processutils.py:372}}
Nov 24 22:25:19 devstack cinder-volume[82256]: DEBUG oslo_concurrency.processutils [None req-1407bda8-ca15-41a7-9a7d-bacc1acf97b8 tempest-SnapshotsActionsTest-442389869 None] Running cmd (subprocess): sudo cinder-rootwrap /etc/cinder/rootwrap.conf rm -f /opt/stack/data/cinder/mnt/dc0efa337751adfd40a1fbf7d309276b/volume-a93ff8a2-5c9c-4c29-a3ab-c90799802dba.6751ec01-acdd-4a90-a9a1-166553056500 {{(pid=82256) execute /opt/stack/data/venv/lib/python3.10/site-packages/oslo_concurrency/processutils.py:349}}
Nov 24 22:25:19 devstack sudo[90043]: quobyte : PWD=/ ; USER=root ; COMMAND=/opt/stack/data/venv/bin/cinder-rootwrap /etc/cinder/rootwrap.conf rm -f /opt/stack/data/cinder/mnt/dc0efa337751adfd40a1fbf7d309276b/volume-a93ff8a2-5c9c-4c29-a3ab-c90799802dba.6751ec01-acdd-4a90-a9a1-166553056500
Nov 24 22:25:19 devstack sudo[90043]: pam_unix(sudo:session): session opened for user root(uid=0) by (uid=1000)
Nov 24 22:25:19 devstack sudo[90043]: pam_unix(sudo:session): session closed for user root
Nov 24 22:25:19 devstack cinder-volume[82256]: DEBUG oslo_concurrency.processutils [None req-1407bda8-ca15-41a7-9a7d-bacc1acf97b8 tempest-SnapshotsActionsTest-442389869 None] CMD "sudo cinder-rootwrap /etc/cinder/rootwrap.conf rm -f /opt/stack/data/cinder/mnt/dc0efa337751adfd40a1fbf7d309276b/volume-a93ff8a2-5c9c-4c29-a3ab-c90799802dba.6751ec01-acdd-4a90-a9a1-166553056500" returned: 0 in 0.538s {{(pid=82256) execute /opt/stack/data/venv/lib/python3.10/site-packages/oslo_concurrency/processutils.py:372}}
