Jan 05 16:23:57 devstack sudo[84348]: quobyte : PWD=/ ; USER=root ; COMMAND=/opt/stack/data/venv/bin/cinder-rootwrap /etc/cinder/rootwrap.conf rm -f /opt/stack/data/cinder/mnt/1bcf99d1f953758a5e9cac5ca24c30c3/volume-61df5962-d5b7-4452-98ab-2c660c0b3fd1
Jan 05 16:23:57 devstack sudo[84348]: pam_unix(sudo:session): session opened for user root(uid=0) by (uid=1000)
Jan 05 16:23:58 devstack sudo[84348]: pam_unix(sudo:session): session closed for user root
Jan 05 16:23:58 devstack cinder-volume[80987]: DEBUG oslo_concurrency.processutils [None req-b934c266-3653-4d80-8013-2d30d3423fe4 tempest-TaggedBootDevicesTest-453028651 None] CMD "sudo cinder-rootwrap /etc/cinder/rootwrap.conf rm -f /opt/stack/data/cinder/mnt/1bcf99d1f953758a5e9cac5ca24c30c3/volume-61df5962-d5b7-4452-98ab-2c660c0b3fd1" returned: 0 in 0.572s {{(pid=80987) execute /opt/stack/data/venv/lib/python3.10/site-packages/oslo_concurrency/processutils.py:372}}
Jan 05 16:23:58 devstack cinder-volume[80987]: DEBUG cinder.coordination [None req-b934c266-3653-4d80-8013-2d30d3423fe4 tempest-TaggedBootDevicesTest-453028651 None] Lock "cinder-quobyte-61df5962-d5b7-4452-98ab-2c660c0b3fd1" released by "delete_volume" :: held 1.591s {{(pid=80987) __release /opt/stack/cinder/cinder/coordination.py:157}}
Jan 05 16:23:58 devstack cinder-volume[80987]: DEBUG cinder.quota [None req-b934c266-3653-4d80-8013-2d30d3423fe4 tempest-TaggedBootDevicesTest-453028651 None] Created reservations ['563fde95-fb04-4555-ab1a-f9f06bb025a7', 'f2b6e436-e10f-4757-918f-cc2eba73a144', 'dffc9887-3a30-4cca-9237-2b3c31e26e2f', '4c783a5c-fa9d-476f-b64c-c183c66577ba'] {{(pid=80987) reserve /opt/stack/cinder/cinder/quota.py:752}}
Jan 05 16:23:58 devstack cinder-volume[80987]: DEBUG oslo_concurrency.lockutils [None req-b934c266-3653-4d80-8013-2d30d3423fe4 tempest-TaggedBootDevicesTest-453028651 None] Acquiring lock "quobyte_ensure" by "cinder.volume.drivers.quobyte.QuobyteDriver._ensure_shares_mounted" {{(pid=80987) inner /opt/stack/data/venv/lib/python3.10/site-packages/oslo_concurrency/lockutils.py:405}}
Jan 05 16:23:58 devstack cinder-volume[80987]: DEBUG oslo_concurrency.lockutils [None req-b934c266-3653-4d80-8013-2d30d3423fe4 tempest-TaggedBootDevicesTest-453028651 None] Lock "quobyte_ensure" acquired by "cinder.volume.drivers.quobyte.QuobyteDriver._ensure_shares_mounted" :: waited 0.001s {{(pid=80987) inner /opt/stack/data/venv/lib/python3.10/site-packages/oslo_concurrency/lockutils.py:410}}
Jan 05 16:23:58 devstack cinder-volume[80987]: DEBUG cinder.volume.drivers.quobyte [None req-b934c266-3653-4d80-8013-2d30d3423fe4 tempest-TaggedBootDevicesTest-453028651 None] Quobyte Volume URL set to: {'osci02.corp.quobyte.com/cinder-vol-5687e28d-5cce-4532-a880-e12494dbb568': None} {{(pid=80987) _load_shares_config /opt/stack/cinder/cinder/volume/drivers/quobyte.py:611}}
Jan 05 16:23:58 devstack cinder-volume[80987]: DEBUG cinder.volume.drivers.quobyte [None req-b934c266-3653-4d80-8013-2d30d3423fe4 tempest-TaggedBootDevicesTest-453028651 None] Available shares ['osci02.corp.quobyte.com/cinder-vol-5687e28d-5cce-4532-a880-e12494dbb568'] {{(pid=80987) _ensure_shares_mounted /opt/stack/cinder/cinder/volume/drivers/quobyte.py:641}}
Jan 05 16:23:58 devstack cinder-volume[80987]: DEBUG oslo_concurrency.lockutils [None req-b934c266-3653-4d80-8013-2d30d3423fe4 tempest-TaggedBootDevicesTest-453028651 None] Lock "quobyte_ensure" "released" by "cinder.volume.drivers.quobyte.QuobyteDriver._ensure_shares_mounted" :: held 0.006s {{(pid=80987) inner /opt/stack/data/venv/lib/python3.10/site-packages/oslo_concurrency/lockutils.py:424}}
Jan 05 16:23:58 devstack cinder-volume[80987]: DEBUG oslo_concurrency.processutils [None req-b934c266-3653-4d80-8013-2d30d3423fe4 tempest-TaggedBootDevicesTest-453028651 None] Running cmd (subprocess): sudo cinder-rootwrap /etc/cinder/rootwrap.conf df --portability --block-size 1 /opt/stack/data/cinder/mnt/1bcf99d1f953758a5e9cac5ca24c30c3 {{(pid=80987) execute /opt/stack/data/venv/lib/python3.10/site-packages/oslo_concurrency/processutils.py:349}}
Jan 05 16:23:58 devstack sudo[84351]: quobyte : PWD=/ ; USER=root ; COMMAND=/opt/stack/data/venv/bin/cinder-rootwrap /etc/cinder/rootwrap.conf df --portability --block-size 1 /opt/stack/data/cinder/mnt/1bcf99d1f953758a5e9cac5ca24c30c3
Jan 05 16:23:58 devstack sudo[84351]: pam_unix(sudo:session): session opened for user root(uid=0) by (uid=1000)
Jan 05 16:23:58 devstack cinder-volume[80987]: WARNING cinder.volume.volume_utils [None req-8ee85462-5c53-429f-a9d6-e7cefb0be79d tempest-GroupSnapshotsTest-1313219861 None] Volume driver (QuobyteDriver 1.1.13) is currently unsupported and may be removed in the next release of OpenStack. Use at your own risk.
Jan 05 16:23:58 devstack cinder-volume[80987]: INFO cinder.volume.manager [None req-8ee85462-5c53-429f-a9d6-e7cefb0be79d tempest-GroupSnapshotsTest-1313219861 None] Update group completed successfully.
Jan 05 16:23:58 devstack cinder-volume[80987]: DEBUG cinder.coordination [None req-97f5024e-3e21-426b-8c81-dfd52795f006 tempest-TaggedBootDevicesTest-453028651 None] Acquiring lock "cinder-27244f19-4494-4f1b-9e58-90aa1c1b696e-delete_volume" by "delete_volume" {{(pid=80987) __acquire /opt/stack/cinder/cinder/coordination.py:143}}
Jan 05 16:23:58 devstack cinder-volume[80987]: DEBUG cinder.coordination [None req-97f5024e-3e21-426b-8c81-dfd52795f006 tempest-TaggedBootDevicesTest-453028651 None] Lock "cinder-27244f19-4494-4f1b-9e58-90aa1c1b696e-delete_volume" acquired by "delete_volume" :: waited 0.016s {{(pid=80987) __acquire /opt/stack/cinder/cinder/coordination.py:146}}
Jan 05 16:23:58 devstack cinder-volume[80987]: WARNING cinder.volume.volume_utils [None req-97f5024e-3e21-426b-8c81-dfd52795f006 tempest-TaggedBootDevicesTest-453028651 None] Volume driver (QuobyteDriver 1.1.13) is currently unsupported and may be removed in the next release of OpenStack. Use at your own risk.
Jan 05 16:23:58 devstack cinder-volume[80987]: DEBUG cinder.coordination [None req-97f5024e-3e21-426b-8c81-dfd52795f006 tempest-TaggedBootDevicesTest-453028651 None] Acquiring lock "cinder-quobyte-27244f19-4494-4f1b-9e58-90aa1c1b696e" by "delete_volume" {{(pid=80987) __acquire /opt/stack/cinder/cinder/coordination.py:143}}
Jan 05 16:23:58 devstack cinder-volume[80987]: DEBUG cinder.coordination [None req-97f5024e-3e21-426b-8c81-dfd52795f006 tempest-TaggedBootDevicesTest-453028651 None] Lock "cinder-quobyte-27244f19-4494-4f1b-9e58-90aa1c1b696e" acquired by "delete_volume" :: waited 0.025s {{(pid=80987) __acquire /opt/stack/cinder/cinder/coordination.py:146}}
Jan 05 16:23:58 devstack cinder-volume[80987]: DEBUG oslo.privsep.daemon [-] privsep: reply[9a1a309b-b195-4a0a-a3e6-68750e72c1a9]: (4, 'raw') {{(pid=81938) _call_back /opt/stack/data/venv/lib/python3.10/site-packages/oslo_privsep/daemon.py:515}}
Jan 05 16:23:58 devstack cinder-volume[80987]: DEBUG oslo_concurrency.processutils [None req-97f5024e-3e21-426b-8c81-dfd52795f006 tempest-TaggedBootDevicesTest-453028651 None] Running cmd (subprocess): /opt/stack/data/venv/bin/python3.10 -m oslo_concurrency.prlimit --as=1073741824 --cpu=60 -- sudo cinder-rootwrap /etc/cinder/rootwrap.conf env LC_ALL=C qemu-img info -f raw --output=json --force-share /opt/stack/data/cinder/mnt/1bcf99d1f953758a5e9cac5ca24c30c3/volume-27244f19-4494-4f1b-9e58-90aa1c1b696e {{(pid=80987) execute /opt/stack/data/venv/lib/python3.10/site-packages/oslo_concurrency/processutils.py:349}}
Jan 05 16:23:59 devstack sudo[84354]: quobyte : PWD=/ ; USER=root ; COMMAND=/opt/stack/data/venv/bin/cinder-rootwrap /etc/cinder/rootwrap.conf env LC_ALL=C qemu-img info -f raw --output=json --force-share /opt/stack/data/cinder/mnt/1bcf99d1f953758a5e9cac5ca24c30c3/volume-27244f19-4494-4f1b-9e58-90aa1c1b696e
Jan 05 16:23:59 devstack sudo[84354]: pam_unix(sudo:session): session opened for user root(uid=0) by (uid=1000)
Jan 05 16:23:59 devstack sudo[84351]: pam_unix(sudo:session): session closed for user root
Jan 05 16:23:59 devstack cinder-volume[80987]: DEBUG oslo_concurrency.processutils [None req-b934c266-3653-4d80-8013-2d30d3423fe4 tempest-TaggedBootDevicesTest-453028651 None] CMD "sudo cinder-rootwrap /etc/cinder/rootwrap.conf df --portability --block-size 1 /opt/stack/data/cinder/mnt/1bcf99d1f953758a5e9cac5ca24c30c3" returned: 0 in 0.697s {{(pid=80987) execute /opt/stack/data/venv/lib/python3.10/site-packages/oslo_concurrency/processutils.py:372}}
Jan 05 16:23:59 devstack cinder-volume[80987]: DEBUG cinder.manager [None req-b934c266-3653-4d80-8013-2d30d3423fe4 tempest-TaggedBootDevicesTest-453028651 None] Notifying Schedulers of capabilities ... {{(pid=80987) _publish_service_capabilities /opt/stack/cinder/cinder/manager.py:202}}
Jan 05 16:23:59 devstack cinder-volume[80987]: INFO cinder.volume.manager [None req-b934c266-3653-4d80-8013-2d30d3423fe4 tempest-TaggedBootDevicesTest-453028651 None] Deleted volume successfully.
Jan 05 16:23:59 devstack cinder-volume[80987]: DEBUG cinder.coordination [None req-b934c266-3653-4d80-8013-2d30d3423fe4 tempest-TaggedBootDevicesTest-453028651 None] Lock "cinder-61df5962-d5b7-4452-98ab-2c660c0b3fd1-delete_volume" released by "delete_volume" :: held 2.504s {{(pid=80987) __release /opt/stack/cinder/cinder/coordination.py:157}}
Jan 05 16:23:59 devstack sudo[84354]: pam_unix(sudo:session): session closed for user root
Jan 05 16:23:59 devstack cinder-volume[80987]: DEBUG oslo_concurrency.processutils [None req-97f5024e-3e21-426b-8c81-dfd52795f006 tempest-TaggedBootDevicesTest-453028651 None] CMD "/opt/stack/data/venv/bin/python3.10 -m oslo_concurrency.prlimit --as=1073741824 --cpu=60 -- sudo cinder-rootwrap /etc/cinder/rootwrap.conf env LC_ALL=C qemu-img info -f raw --output=json --force-share /opt/stack/data/cinder/mnt/1bcf99d1f953758a5e9cac5ca24c30c3/volume-27244f19-4494-4f1b-9e58-90aa1c1b696e" returned: 0 in 0.643s {{(pid=80987) execute /opt/stack/data/venv/lib/python3.10/site-packages/oslo_concurrency/processutils.py:372}}
Jan 05 16:23:59 devstack cinder-volume[80987]: DEBUG oslo_concurrency.processutils [None req-97f5024e-3e21-426b-8c81-dfd52795f006 tempest-TaggedBootDevicesTest-453028651 None] Running cmd (subprocess): /opt/stack/data/venv/bin/python3.10 -m oslo_concurrency.prlimit --as=1073741824 --cpu=60 -- sudo cinder-rootwrap /etc/cinder/rootwrap.conf env LC_ALL=C qemu-img info -f luks --output=json --force-share /opt/stack/data/cinder/mnt/1bcf99d1f953758a5e9cac5ca24c30c3/volume-27244f19-4494-4f1b-9e58-90aa1c1b696e {{(pid=80987) execute /opt/stack/data/venv/lib/python3.10/site-packages/oslo_concurrency/processutils.py:349}}
Jan 05 16:23:59 devstack sudo[84358]: quobyte : PWD=/ ; USER=root ; COMMAND=/opt/stack/data/venv/bin/cinder-rootwrap /etc/cinder/rootwrap.conf env LC_ALL=C qemu-img info -f luks --output=json --force-share /opt/stack/data/cinder/mnt/1bcf99d1f953758a5e9cac5ca24c30c3/volume-27244f19-4494-4f1b-9e58-90aa1c1b696e
Jan 05 16:23:59 devstack sudo[84358]: pam_unix(sudo:session): session opened for user root(uid=0) by (uid=1000)
Jan 05 16:23:59 devstack cinder-volume[80987]: WARNING cinder.volume.volume_utils [None req-a8881229-296b-4212-9846-c6acc12df068 tempest-GroupSnapshotsTest-1313219861 None] Volume driver (QuobyteDriver 1.1.13) is currently unsupported and may be removed in the next release of OpenStack. Use at your own risk.
Jan 05 16:23:59 devstack cinder-volume[80987]: INFO cinder.volume.manager [None req-a8881229-296b-4212-9846-c6acc12df068 tempest-GroupSnapshotsTest-1313219861 None] Update group completed successfully.
Jan 05 16:24:00 devstack sudo[84358]: pam_unix(sudo:session): session closed for user root
Jan 05 16:24:00 devstack cinder-volume[80987]: DEBUG oslo_concurrency.processutils [None req-97f5024e-3e21-426b-8c81-dfd52795f006 tempest-TaggedBootDevicesTest-453028651 None] CMD "/opt/stack/data/venv/bin/python3.10 -m oslo_concurrency.prlimit --as=1073741824 --cpu=60 -- sudo cinder-rootwrap /etc/cinder/rootwrap.conf env LC_ALL=C qemu-img info -f luks --output=json --force-share /opt/stack/data/cinder/mnt/1bcf99d1f953758a5e9cac5ca24c30c3/volume-27244f19-4494-4f1b-9e58-90aa1c1b696e" returned: 1 in 0.744s {{(pid=80987) execute /opt/stack/data/venv/lib/python3.10/site-packages/oslo_concurrency/processutils.py:372}}
Jan 05 16:24:00 devstack cinder-volume[80987]: DEBUG oslo_concurrency.processutils [None req-97f5024e-3e21-426b-8c81-dfd52795f006 tempest-TaggedBootDevicesTest-453028651 None] '/opt/stack/data/venv/bin/python3.10 -m oslo_concurrency.prlimit --as=1073741824 --cpu=60 -- sudo cinder-rootwrap /etc/cinder/rootwrap.conf env LC_ALL=C qemu-img info -f luks --output=json --force-share /opt/stack/data/cinder/mnt/1bcf99d1f953758a5e9cac5ca24c30c3/volume-27244f19-4494-4f1b-9e58-90aa1c1b696e' failed. Not Retrying. {{(pid=80987) execute /opt/stack/data/venv/lib/python3.10/site-packages/oslo_concurrency/processutils.py:423}}
Jan 05 16:24:00 devstack cinder-volume[80987]: DEBUG oslo_concurrency.processutils [None req-97f5024e-3e21-426b-8c81-dfd52795f006 tempest-TaggedBootDevicesTest-453028651 None] Running cmd (subprocess): sudo cinder-rootwrap /etc/cinder/rootwrap.conf rm -f /opt/stack/data/cinder/mnt/1bcf99d1f953758a5e9cac5ca24c30c3/volume-27244f19-4494-4f1b-9e58-90aa1c1b696e {{(pid=80987) execute /opt/stack/data/venv/lib/python3.10/site-packages/oslo_concurrency/processutils.py:349}}
Jan 05 16:24:00 devstack sudo[84363]: quobyte : PWD=/ ; USER=root ; COMMAND=/opt/stack/data/venv/bin/cinder-rootwrap /etc/cinder/rootwrap.conf rm -f /opt/stack/data/cinder/mnt/1bcf99d1f953758a5e9cac5ca24c30c3/volume-27244f19-4494-4f1b-9e58-90aa1c1b696e
Jan 05 16:24:00 devstack sudo[84363]: pam_unix(sudo:session): session opened for user root(uid=0) by (uid=1000)
Jan 05 16:24:00 devstack cinder-volume[80987]: WARNING cinder.volume.volume_utils [None req-9697ccb4-b865-4da9-970e-27c6577ddd68 tempest-GroupSnapshotsTest-1313219861 None] Volume driver (QuobyteDriver 1.1.13) is currently unsupported and may be removed in the next release of OpenStack. Use at your own risk.
Jan 05 16:24:00 devstack sudo[84363]: pam_unix(sudo:session): session closed for user root
Jan 05 16:24:00 devstack cinder-volume[80987]: DEBUG oslo_concurrency.processutils [None req-97f5024e-3e21-426b-8c81-dfd52795f006 tempest-TaggedBootDevicesTest-453028651 None] CMD "sudo cinder-rootwrap /etc/cinder/rootwrap.conf rm -f /opt/stack/data/cinder/mnt/1bcf99d1f953758a5e9cac5ca24c30c3/volume-27244f19-4494-4f1b-9e58-90aa1c1b696e" returned: 0 in 0.615s {{(pid=80987) execute /opt/stack/data/venv/lib/python3.10/site-packages/oslo_concurrency/processutils.py:372}}
Jan 05 16:24:00 devstack cinder-volume[80987]: DEBUG cinder.coordination [None req-97f5024e-3e21-426b-8c81-dfd52795f006 tempest-TaggedBootDevicesTest-453028651 None] Lock "cinder-quobyte-27244f19-4494-4f1b-9e58-90aa1c1b696e" released by "delete_volume" :: held 2.053s {{(pid=80987) __release /opt/stack/cinder/cinder/coordination.py:157}}
Jan 05 16:24:00 devstack cinder-volume[80987]: INFO cinder.volume.manager [None req-9697ccb4-b865-4da9-970e-27c6577ddd68 tempest-GroupSnapshotsTest-1313219861 None] Update group completed successfully.
Jan 05 16:24:00 devstack cinder-volume[80987]: DEBUG cinder.quota [None req-97f5024e-3e21-426b-8c81-dfd52795f006 tempest-TaggedBootDevicesTest-453028651 None] Created reservations ['da5afd22-3b6e-48a8-ac8c-23f31cfac1e9', '261d2003-916e-4ec3-a2ba-ac34a237148c', '21afad3a-79ca-4fb8-81d2-4e8f36f1daac', '31abd239-b102-4414-880a-c5bc386ddba9'] {{(pid=80987) reserve /opt/stack/cinder/cinder/quota.py:752}}
Jan 05 16:24:01 devstack cinder-volume[80987]: DEBUG oslo_concurrency.lockutils [None req-97f5024e-3e21-426b-8c81-dfd52795f006 tempest-TaggedBootDevicesTest-453028651 None] Acquiring lock "quobyte_ensure" by "cinder.volume.drivers.quobyte.QuobyteDriver._ensure_shares_mounted" {{(pid=80987) inner /opt/stack/data/venv/lib/python3.10/site-packages/oslo_concurrency/lockutils.py:405}}
Jan 05 16:24:01 devstack cinder-volume[80987]: DEBUG oslo_concurrency.lockutils [None req-97f5024e-3e21-426b-8c81-dfd52795f006 tempest-TaggedBootDevicesTest-453028651 None] Lock "quobyte_ensure" acquired by "cinder.volume.drivers.quobyte.QuobyteDriver._ensure_shares_mounted" :: waited 0.001s {{(pid=80987) inner /opt/stack/data/venv/lib/python3.10/site-packages/oslo_concurrency/lockutils.py:410}}
Jan 05 16:24:01 devstack cinder-volume[80987]: DEBUG cinder.volume.drivers.quobyte [None req-97f5024e-3e21-426b-8c81-dfd52795f006 tempest-TaggedBootDevicesTest-453028651 None] Quobyte Volume URL set to: {'osci02.corp.quobyte.com/cinder-vol-5687e28d-5cce-4532-a880-e12494dbb568': None} {{(pid=80987) _load_shares_config /opt/stack/cinder/cinder/volume/drivers/quobyte.py:611}}
Jan 05 16:24:01 devstack cinder-volume[80987]: DEBUG cinder.volume.drivers.quobyte [None req-97f5024e-3e21-426b-8c81-dfd52795f006 tempest-TaggedBootDevicesTest-453028651 None] Available shares ['osci02.corp.quobyte.com/cinder-vol-5687e28d-5cce-4532-a880-e12494dbb568'] {{(pid=80987) _ensure_shares_mounted /opt/stack/cinder/cinder/volume/drivers/quobyte.py:641}}
Jan 05 16:24:01 devstack cinder-volume[80987]: DEBUG oslo_concurrency.lockutils [None req-97f5024e-3e21-426b-8c81-dfd52795f006 tempest-TaggedBootDevicesTest-453028651 None] Lock "quobyte_ensure" "released" by "cinder.volume.drivers.quobyte.QuobyteDriver._ensure_shares_mounted" :: held 0.005s {{(pid=80987) inner /opt/stack/data/venv/lib/python3.10/site-packages/oslo_concurrency/lockutils.py:424}}
Jan 05 16:24:01 devstack cinder-volume[80987]: DEBUG oslo_concurrency.processutils [None req-97f5024e-3e21-426b-8c81-dfd52795f006 tempest-TaggedBootDevicesTest-453028651 None] Running cmd (subprocess): sudo cinder-rootwrap /etc/cinder/rootwrap.conf df --portability --block-size 1 /opt/stack/data/cinder/mnt/1bcf99d1f953758a5e9cac5ca24c30c3 {{(pid=80987) execute /opt/stack/data/venv/lib/python3.10/site-packages/oslo_concurrency/processutils.py:349}}
Jan 05 16:24:01 devstack sudo[84366]: quobyte : PWD=/ ; USER=root ; COMMAND=/opt/stack/data/venv/bin/cinder-rootwrap /etc/cinder/rootwrap.conf df --portability --block-size 1 /opt/stack/data/cinder/mnt/1bcf99d1f953758a5e9cac5ca24c30c3
Jan 05 16:24:01 devstack sudo[84366]: pam_unix(sudo:session): session opened for user root(uid=0) by (uid=1000)
Jan 05 16:24:01 devstack sudo[84366]: pam_unix(sudo:session): session closed for user root
Jan 05 16:24:01 devstack cinder-volume[80987]: DEBUG oslo_concurrency.processutils [None req-97f5024e-3e21-426b-8c81-dfd52795f006 tempest-TaggedBootDevicesTest-453028651 None] CMD "sudo cinder-rootwrap /etc/cinder/rootwrap.conf df --portability --block-size 1 /opt/stack/data/cinder/mnt/1bcf99d1f953758a5e9cac5ca24c30c3" returned: 0 in 0.663s {{(pid=80987) execute /opt/stack/data/venv/lib/python3.10/site-packages/oslo_concurrency/processutils.py:372}}
Jan 05 16:24:01 devstack cinder-volume[80987]: DEBUG cinder.manager [None req-97f5024e-3e21-426b-8c81-dfd52795f006 tempest-TaggedBootDevicesTest-453028651 None] Notifying Schedulers of capabilities ... {{(pid=80987) _publish_service_capabilities /opt/stack/cinder/cinder/manager.py:202}}
Jan 05 16:24:01 devstack cinder-volume[80987]: INFO cinder.volume.manager [None req-97f5024e-3e21-426b-8c81-dfd52795f006 tempest-TaggedBootDevicesTest-453028651 None] Deleted volume successfully.
Jan 05 16:24:01 devstack cinder-volume[80987]: DEBUG cinder.coordination [None req-97f5024e-3e21-426b-8c81-dfd52795f006 tempest-TaggedBootDevicesTest-453028651 None] Lock "cinder-27244f19-4494-4f1b-9e58-90aa1c1b696e-delete_volume" released by "delete_volume" :: held 2.920s {{(pid=80987) __release /opt/stack/cinder/cinder/coordination.py:157}}
Jan 05 16:24:02 devstack cinder-volume[80987]: INFO cinder.volume.manager [None req-0ee971e7-152e-449e-94b6-107abc0bcaa5 tempest-GroupSnapshotsTest-1313219861 None] GroupSnapshot b49ba187-ccb3-4762-aa2e-0817f1c9d0f2: creating.
Jan 05 16:24:02 devstack cinder-volume[80987]: WARNING cinder.volume.volume_utils [None req-0ee971e7-152e-449e-94b6-107abc0bcaa5 tempest-GroupSnapshotsTest-1313219861 None] Volume driver (QuobyteDriver 1.1.13) is currently unsupported and may be removed in the next release of OpenStack. Use at your own risk.
Jan 05 16:24:02 devstack cinder-volume[80987]: DEBUG cinder.volume.manager [None req-0ee971e7-152e-449e-94b6-107abc0bcaa5 tempest-GroupSnapshotsTest-1313219861 None] Group snapshot b49ba187-ccb3-4762-aa2e-0817f1c9d0f2: creating. {{(pid=80987) create_group_snapshot /opt/stack/cinder/cinder/volume/manager.py:4144}}
Jan 05 16:24:02 devstack cinder-volume[80987]: DEBUG oslo_concurrency.lockutils [None req-0ee971e7-152e-449e-94b6-107abc0bcaa5 tempest-GroupSnapshotsTest-1313219861 None] Acquiring lock "quobyte" by "cinder.volume.drivers.quobyte.QuobyteDriver.create_snapshot" {{(pid=80987) inner /opt/stack/data/venv/lib/python3.10/site-packages/oslo_concurrency/lockutils.py:405}}
Jan 05 16:24:02 devstack cinder-volume[80987]: DEBUG oslo_concurrency.lockutils [None req-0ee971e7-152e-449e-94b6-107abc0bcaa5 tempest-GroupSnapshotsTest-1313219861 None] Lock "quobyte" acquired by "cinder.volume.drivers.quobyte.QuobyteDriver.create_snapshot" :: waited 0.002s {{(pid=80987) inner /opt/stack/data/venv/lib/python3.10/site-packages/oslo_concurrency/lockutils.py:410}}
Jan 05 16:24:02 devstack cinder-volume[80987]: DEBUG cinder.volume.drivers.remotefs [None req-0ee971e7-152e-449e-94b6-107abc0bcaa5 tempest-GroupSnapshotsTest-1313219861 None] Creating offline snapshot 2da4f02a-89c2-4751-a55d-2cd9904723f1 of volume 2750f75c-fd49-4196-9021-0b9221627ab8 {{(pid=80987) _create_snapshot /opt/stack/cinder/cinder/volume/drivers/remotefs.py:1817}}
Jan 05 16:24:02 devstack cinder-volume[80987]: DEBUG oslo.privsep.daemon [-] privsep: reply[6db98385-0522-4d72-a197-8a5d35b8f6cd]: (4, 'qcow2') {{(pid=81938) _call_back /opt/stack/data/venv/lib/python3.10/site-packages/oslo_privsep/daemon.py:515}}
Jan 05 16:24:02 devstack cinder-volume[80987]: DEBUG oslo_concurrency.processutils [None req-0ee971e7-152e-449e-94b6-107abc0bcaa5 tempest-GroupSnapshotsTest-1313219861 None] Running cmd (subprocess): /opt/stack/data/venv/bin/python3.10 -m oslo_concurrency.prlimit --as=1073741824 --cpu=60 -- sudo cinder-rootwrap /etc/cinder/rootwrap.conf env LC_ALL=C qemu-img info -f qcow2 --output=json --force-share /opt/stack/data/cinder/mnt/1bcf99d1f953758a5e9cac5ca24c30c3/volume-2750f75c-fd49-4196-9021-0b9221627ab8 {{(pid=80987) execute /opt/stack/data/venv/lib/python3.10/site-packages/oslo_concurrency/processutils.py:349}}
Jan 05 16:24:02 devstack sudo[84369]: quobyte : PWD=/ ; USER=root ; COMMAND=/opt/stack/data/venv/bin/cinder-rootwrap /etc/cinder/rootwrap.conf env LC_ALL=C qemu-img info -f qcow2 --output=json --force-share /opt/stack/data/cinder/mnt/1bcf99d1f953758a5e9cac5ca24c30c3/volume-2750f75c-fd49-4196-9021-0b9221627ab8
Jan 05 16:24:02 devstack sudo[84369]: pam_unix(sudo:session): session opened for user root(uid=0) by (uid=1000)
Jan 05 16:24:03 devstack sudo[84369]: pam_unix(sudo:session): session closed for user root
Jan 05 16:24:03 devstack cinder-volume[80987]: DEBUG oslo_concurrency.processutils [None req-0ee971e7-152e-449e-94b6-107abc0bcaa5 tempest-GroupSnapshotsTest-1313219861 None] CMD "/opt/stack/data/venv/bin/python3.10 -m oslo_concurrency.prlimit --as=1073741824 --cpu=60 -- sudo cinder-rootwrap /etc/cinder/rootwrap.conf env LC_ALL=C qemu-img info -f qcow2 --output=json --force-share /opt/stack/data/cinder/mnt/1bcf99d1f953758a5e9cac5ca24c30c3/volume-2750f75c-fd49-4196-9021-0b9221627ab8" returned: 0 in 0.854s {{(pid=80987) execute /opt/stack/data/venv/lib/python3.10/site-packages/oslo_concurrency/processutils.py:372}}
Jan 05 16:24:03 devstack cinder-volume[80987]: DEBUG oslo_concurrency.processutils [None req-0ee971e7-152e-449e-94b6-107abc0bcaa5 tempest-GroupSnapshotsTest-1313219861 None] Running cmd (subprocess): sudo cinder-rootwrap /etc/cinder/rootwrap.conf qemu-img create -f qcow2 -o backing_file=/opt/stack/data/cinder/mnt/1bcf99d1f953758a5e9cac5ca24c30c3/volume-2750f75c-fd49-4196-9021-0b9221627ab8,backing_fmt=qcow2 /opt/stack/data/cinder/mnt/1bcf99d1f953758a5e9cac5ca24c30c3/volume-2750f75c-fd49-4196-9021-0b9221627ab8.2da4f02a-89c2-4751-a55d-2cd9904723f1 1G {{(pid=80987) execute /opt/stack/data/venv/lib/python3.10/site-packages/oslo_concurrency/processutils.py:349}}
Jan 05 16:24:03 devstack sudo[84375]: quobyte : PWD=/ ; USER=root ; COMMAND=/opt/stack/data/venv/bin/cinder-rootwrap /etc/cinder/rootwrap.conf qemu-img create -f qcow2 -o backing_file=/opt/stack/data/cinder/mnt/1bcf99d1f953758a5e9cac5ca24c30c3/volume-2750f75c-fd49-4196-9021-0b9221627ab8,backing_fmt=qcow2 /opt/stack/data/cinder/mnt/1bcf99d1f953758a5e9cac5ca24c30c3/volume-2750f75c-fd49-4196-9021-0b9221627ab8.2da4f02a-89c2-4751-a55d-2cd9904723f1 1G
Jan 05 16:24:03 devstack sudo[84375]: pam_unix(sudo:session): session opened for user root(uid=0) by (uid=1000)
Jan 05 16:24:04 devstack sudo[84375]: pam_unix(sudo:session): session closed for user root
Jan 05 16:24:04 devstack cinder-volume[80987]: DEBUG oslo_concurrency.processutils [None req-0ee971e7-152e-449e-94b6-107abc0bcaa5 tempest-GroupSnapshotsTest-1313219861 None] CMD "sudo cinder-rootwrap /etc/cinder/rootwrap.conf qemu-img create -f qcow2 -o backing_file=/opt/stack/data/cinder/mnt/1bcf99d1f953758a5e9cac5ca24c30c3/volume-2750f75c-fd49-4196-9021-0b9221627ab8,backing_fmt=qcow2 /opt/stack/data/cinder/mnt/1bcf99d1f953758a5e9cac5ca24c30c3/volume-2750f75c-fd49-4196-9021-0b9221627ab8.2da4f02a-89c2-4751-a55d-2cd9904723f1 1G" returned: 0 in 0.941s {{(pid=80987) execute /opt/stack/data/venv/lib/python3.10/site-packages/oslo_concurrency/processutils.py:372}}
Jan 05 16:24:04 devstack cinder-volume[80987]: DEBUG oslo_concurrency.processutils [None req-0ee971e7-152e-449e-94b6-107abc0bcaa5 tempest-GroupSnapshotsTest-1313219861 None] Running cmd (subprocess): sudo cinder-rootwrap /etc/cinder/rootwrap.conf qemu-img rebase -u -b volume-2750f75c-fd49-4196-9021-0b9221627ab8 -F qcow2 /opt/stack/data/cinder/mnt/1bcf99d1f953758a5e9cac5ca24c30c3/volume-2750f75c-fd49-4196-9021-0b9221627ab8.2da4f02a-89c2-4751-a55d-2cd9904723f1 {{(pid=80987) execute /opt/stack/data/venv/lib/python3.10/site-packages/oslo_concurrency/processutils.py:349}}
Jan 05 16:24:04 devstack sudo[84394]: quobyte : PWD=/ ; USER=root ; COMMAND=/opt/stack/data/venv/bin/cinder-rootwrap /etc/cinder/rootwrap.conf qemu-img rebase -u -b volume-2750f75c-fd49-4196-9021-0b9221627ab8 -F qcow2 /opt/stack/data/cinder/mnt/1bcf99d1f953758a5e9cac5ca24c30c3/volume-2750f75c-fd49-4196-9021-0b9221627ab8.2da4f02a-89c2-4751-a55d-2cd9904723f1
Jan 05 16:24:04 devstack sudo[84394]: pam_unix(sudo:session): session opened for user root(uid=0) by (uid=1000)
Jan 05 16:24:04 devstack sudo[84394]: pam_unix(sudo:session): session closed for user root
Jan 05 16:24:04 devstack cinder-volume[80987]: DEBUG oslo_concurrency.processutils [None req-0ee971e7-152e-449e-94b6-107abc0bcaa5 tempest-GroupSnapshotsTest-1313219861 None] CMD "sudo cinder-rootwrap /etc/cinder/rootwrap.conf qemu-img rebase -u -b volume-2750f75c-fd49-4196-9021-0b9221627ab8 -F qcow2 /opt/stack/data/cinder/mnt/1bcf99d1f953758a5e9cac5ca24c30c3/volume-2750f75c-fd49-4196-9021-0b9221627ab8.2da4f02a-89c2-4751-a55d-2cd9904723f1" returned: 0 in 0.680s {{(pid=80987) execute /opt/stack/data/venv/lib/python3.10/site-packages/oslo_concurrency/processutils.py:372}}
Jan 05 16:24:04 devstack cinder-volume[80987]: WARNING cinder.volume.drivers.remotefs [None req-0ee971e7-152e-449e-94b6-107abc0bcaa5 tempest-GroupSnapshotsTest-1313219861 None] /opt/stack/data/cinder/mnt/1bcf99d1f953758a5e9cac5ca24c30c3/volume-2750f75c-fd49-4196-9021-0b9221627ab8.2da4f02a-89c2-4751-a55d-2cd9904723f1 is being set with open permissions: ugo+rw: NotImplementedError
Jan 05 16:24:04 devstack cinder-volume[80987]: DEBUG oslo_concurrency.processutils [None req-0ee971e7-152e-449e-94b6-107abc0bcaa5 tempest-GroupSnapshotsTest-1313219861 None] Running cmd (subprocess): sudo cinder-rootwrap /etc/cinder/rootwrap.conf chmod ugo+rw /opt/stack/data/cinder/mnt/1bcf99d1f953758a5e9cac5ca24c30c3/volume-2750f75c-fd49-4196-9021-0b9221627ab8.2da4f02a-89c2-4751-a55d-2cd9904723f1 {{(pid=80987) execute /opt/stack/data/venv/lib/python3.10/site-packages/oslo_concurrency/processutils.py:349}}
Jan 05 16:24:04 devstack sudo[84399]: quobyte : PWD=/ ; USER=root ; COMMAND=/opt/stack/data/venv/bin/cinder-rootwrap /etc/cinder/rootwrap.conf chmod ugo+rw /opt/stack/data/cinder/mnt/1bcf99d1f953758a5e9cac5ca24c30c3/volume-2750f75c-fd49-4196-9021-0b9221627ab8.2da4f02a-89c2-4751-a55d-2cd9904723f1
Jan 05 16:24:04 devstack sudo[84399]: pam_unix(sudo:session): session opened for user root(uid=0) by (uid=1000)
Jan 05 16:24:05 devstack sudo[84399]: pam_unix(sudo:session): session closed for user root
Jan 05 16:24:05 devstack cinder-volume[80987]: DEBUG oslo_concurrency.processutils [None req-0ee971e7-152e-449e-94b6-107abc0bcaa5 tempest-GroupSnapshotsTest-1313219861 None] CMD "sudo cinder-rootwrap /etc/cinder/rootwrap.conf chmod ugo+rw /opt/stack/data/cinder/mnt/1bcf99d1f953758a5e9cac5ca24c30c3/volume-2750f75c-fd49-4196-9021-0b9221627ab8.2da4f02a-89c2-4751-a55d-2cd9904723f1" returned: 0 in 0.690s {{(pid=80987) execute /opt/stack/data/venv/lib/python3.10/site-packages/oslo_concurrency/processutils.py:372}}
Jan 05 16:24:05 devstack cinder-volume[80987]: DEBUG oslo_concurrency.processutils [None req-0ee971e7-152e-449e-94b6-107abc0bcaa5 tempest-GroupSnapshotsTest-1313219861 None] Running cmd (subprocess): sudo cinder-rootwrap /etc/cinder/rootwrap.conf truncate -s0 /opt/stack/data/cinder/mnt/1bcf99d1f953758a5e9cac5ca24c30c3/volume-2750f75c-fd49-4196-9021-0b9221627ab8.info {{(pid=80987) execute /opt/stack/data/venv/lib/python3.10/site-packages/oslo_concurrency/processutils.py:349}}
Jan 05 16:24:05 devstack sudo[84402]: quobyte : PWD=/ ; USER=root ; COMMAND=/opt/stack/data/venv/bin/cinder-rootwrap /etc/cinder/rootwrap.conf truncate -s0 /opt/stack/data/cinder/mnt/1bcf99d1f953758a5e9cac5ca24c30c3/volume-2750f75c-fd49-4196-9021-0b9221627ab8.info
Jan 05 16:24:05 devstack sudo[84402]: pam_unix(sudo:session): session opened for user root(uid=0) by (uid=1000)
Jan 05 16:24:06 devstack sudo[84402]: pam_unix(sudo:session): session closed for user root
Jan 05 16:24:06 devstack cinder-volume[80987]: DEBUG oslo_concurrency.processutils [None req-0ee971e7-152e-449e-94b6-107abc0bcaa5 tempest-GroupSnapshotsTest-1313219861 None] CMD "sudo cinder-rootwrap /etc/cinder/rootwrap.conf truncate -s0 /opt/stack/data/cinder/mnt/1bcf99d1f953758a5e9cac5ca24c30c3/volume-2750f75c-fd49-4196-9021-0b9221627ab8.info" returned: 0 in 0.724s {{(pid=80987) execute /opt/stack/data/venv/lib/python3.10/site-packages/oslo_concurrency/processutils.py:372}}
Jan 05 16:24:06 devstack cinder-volume[80987]: WARNING cinder.volume.drivers.remotefs [None req-0ee971e7-152e-449e-94b6-107abc0bcaa5 tempest-GroupSnapshotsTest-1313219861 None] /opt/stack/data/cinder/mnt/1bcf99d1f953758a5e9cac5ca24c30c3/volume-2750f75c-fd49-4196-9021-0b9221627ab8.info is being set with open permissions: ugo+rw: NotImplementedError
Jan 05 16:24:06 devstack cinder-volume[80987]: DEBUG oslo_concurrency.processutils [None req-0ee971e7-152e-449e-94b6-107abc0bcaa5 tempest-GroupSnapshotsTest-1313219861 None] Running cmd (subprocess): sudo cinder-rootwrap /etc/cinder/rootwrap.conf chmod ugo+rw /opt/stack/data/cinder/mnt/1bcf99d1f953758a5e9cac5ca24c30c3/volume-2750f75c-fd49-4196-9021-0b9221627ab8.info {{(pid=80987) execute /opt/stack/data/venv/lib/python3.10/site-packages/oslo_concurrency/processutils.py:349}}
Jan 05 16:24:06 devstack sudo[84405]: quobyte : PWD=/ ; USER=root ; COMMAND=/opt/stack/data/venv/bin/cinder-rootwrap /etc/cinder/rootwrap.conf chmod ugo+rw /opt/stack/data/cinder/mnt/1bcf99d1f953758a5e9cac5ca24c30c3/volume-2750f75c-fd49-4196-9021-0b9221627ab8.info
Jan 05 16:24:06 devstack sudo[84405]: pam_unix(sudo:session): session opened for user root(uid=0) by (uid=1000)
Jan 05 16:24:07 devstack sudo[84405]: pam_unix(sudo:session): session closed for user root
Jan 05 16:24:07 devstack cinder-volume[80987]: DEBUG oslo_concurrency.processutils [None req-0ee971e7-152e-449e-94b6-107abc0bcaa5 tempest-GroupSnapshotsTest-1313219861 None] CMD "sudo cinder-rootwrap /etc/cinder/rootwrap.conf chmod ugo+rw /opt/stack/data/cinder/mnt/1bcf99d1f953758a5e9cac5ca24c30c3/volume-2750f75c-fd49-4196-9021-0b9221627ab8.info" returned: 0 in 0.702s {{(pid=80987) execute /opt/stack/data/venv/lib/python3.10/site-packages/oslo_concurrency/processutils.py:372}}
Jan 05 16:24:07 devstack cinder-volume[80987]: DEBUG oslo_concurrency.lockutils [None req-0ee971e7-152e-449e-94b6-107abc0bcaa5 tempest-GroupSnapshotsTest-1313219861 None] Lock "quobyte" "released" by "cinder.volume.drivers.quobyte.QuobyteDriver.create_snapshot" :: held 4.704s {{(pid=80987) inner /opt/stack/data/venv/lib/python3.10/site-packages/oslo_concurrency/lockutils.py:424}}
Jan 05 16:24:07 devstack cinder-volume[80987]: DEBUG oslo_concurrency.lockutils [None req-0ee971e7-152e-449e-94b6-107abc0bcaa5 tempest-GroupSnapshotsTest-1313219861 None] Acquiring lock "quobyte" by "cinder.volume.drivers.quobyte.QuobyteDriver.create_snapshot" {{(pid=80987) inner /opt/stack/data/venv/lib/python3.10/site-packages/oslo_concurrency/lockutils.py:405}}
Jan 05 16:24:07 devstack cinder-volume[80987]: DEBUG oslo_concurrency.lockutils [None req-0ee971e7-152e-449e-94b6-107abc0bcaa5 tempest-GroupSnapshotsTest-1313219861 None] Lock "quobyte" acquired by "cinder.volume.drivers.quobyte.QuobyteDriver.create_snapshot" :: waited 0.001s {{(pid=80987) inner /opt/stack/data/venv/lib/python3.10/site-packages/oslo_concurrency/lockutils.py:410}}
Jan 05 16:24:07 devstack cinder-volume[80987]: DEBUG cinder.volume.drivers.remotefs [None req-0ee971e7-152e-449e-94b6-107abc0bcaa5 tempest-GroupSnapshotsTest-1313219861 None] Creating offline snapshot f2f12c9c-f3d3-4d31-b97e-239dcae0550f of volume 04d09216-2df1-4c68-bc59-9a18c3338c27 {{(pid=80987) _create_snapshot /opt/stack/cinder/cinder/volume/drivers/remotefs.py:1817}}
Jan 05 16:24:07 devstack cinder-volume[80987]: DEBUG oslo.privsep.daemon [-] privsep: reply[5d7a4408-75e4-4326-9037-37aaf026fb7b]: (4, 'qcow2') {{(pid=81938) _call_back /opt/stack/data/venv/lib/python3.10/site-packages/oslo_privsep/daemon.py:515}}
Jan 05 16:24:07 devstack cinder-volume[80987]: DEBUG oslo_concurrency.processutils [None req-0ee971e7-152e-449e-94b6-107abc0bcaa5 tempest-GroupSnapshotsTest-1313219861 None] Running cmd (subprocess): /opt/stack/data/venv/bin/python3.10 -m oslo_concurrency.prlimit --as=1073741824 --cpu=60 -- sudo cinder-rootwrap /etc/cinder/rootwrap.conf env LC_ALL=C qemu-img info -f qcow2 --output=json --force-share /opt/stack/data/cinder/mnt/1bcf99d1f953758a5e9cac5ca24c30c3/volume-04d09216-2df1-4c68-bc59-9a18c3338c27 {{(pid=80987) execute /opt/stack/data/venv/lib/python3.10/site-packages/oslo_concurrency/processutils.py:349}}
Jan 05 16:24:07 devstack sudo[84410]: quobyte : PWD=/ ; USER=root ; COMMAND=/opt/stack/data/venv/bin/cinder-rootwrap /etc/cinder/rootwrap.conf env LC_ALL=C qemu-img info -f qcow2 --output=json --force-share /opt/stack/data/cinder/mnt/1bcf99d1f953758a5e9cac5ca24c30c3/volume-04d09216-2df1-4c68-bc59-9a18c3338c27
Jan 05 16:24:07 devstack sudo[84410]: pam_unix(sudo:session): session opened for user root(uid=0) by (uid=1000)
Jan 05 16:24:08 devstack cinder-volume[80987]: DEBUG oslo_service.periodic_task [None req-0be05387-8252-4c7e-a6f5-52b6928fb1a7 None None] Running periodic task VolumeManager.publish_service_capabilities {{(pid=80987) run_periodic_tasks /opt/stack/data/venv/lib/python3.10/site-packages/oslo_service/periodic_task.py:210}}
Jan 05 16:24:08 devstack cinder-volume[80987]: DEBUG oslo_concurrency.lockutils [None req-0be05387-8252-4c7e-a6f5-52b6928fb1a7 None None] Acquiring lock "quobyte_ensure" by "cinder.volume.drivers.quobyte.QuobyteDriver._ensure_shares_mounted" {{(pid=80987) inner /opt/stack/data/venv/lib/python3.10/site-packages/oslo_concurrency/lockutils.py:405}}
Jan 05 16:24:08 devstack cinder-volume[80987]: DEBUG oslo_concurrency.lockutils [None req-0be05387-8252-4c7e-a6f5-52b6928fb1a7 None None] Lock "quobyte_ensure" acquired by "cinder.volume.drivers.quobyte.QuobyteDriver._ensure_shares_mounted" :: waited 0.001s {{(pid=80987) inner /opt/stack/data/venv/lib/python3.10/site-packages/oslo_concurrency/lockutils.py:410}}
Jan 05 16:24:08 devstack cinder-volume[80987]: DEBUG cinder.volume.drivers.quobyte [None req-0be05387-8252-4c7e-a6f5-52b6928fb1a7 None None] Quobyte Volume URL set to: {'osci02.corp.quobyte.com/cinder-vol-5687e28d-5cce-4532-a880-e12494dbb568': None} {{(pid=80987) _load_shares_config /opt/stack/cinder/cinder/volume/drivers/quobyte.py:611}}
Jan 05 16:24:08 devstack cinder-volume[80987]: DEBUG cinder.volume.drivers.quobyte [None req-0be05387-8252-4c7e-a6f5-52b6928fb1a7 None None] Available shares ['osci02.corp.quobyte.com/cinder-vol-5687e28d-5cce-4532-a880-e12494dbb568'] {{(pid=80987) _ensure_shares_mounted /opt/stack/cinder/cinder/volume/drivers/quobyte.py:641}}
Jan 05 16:24:08 devstack cinder-volume[80987]: DEBUG oslo_concurrency.lockutils [None req-0be05387-8252-4c7e-a6f5-52b6928fb1a7 None None] Lock "quobyte_ensure" "released" by "cinder.volume.drivers.quobyte.QuobyteDriver._ensure_shares_mounted" :: held 0.008s {{(pid=80987) inner /opt/stack/data/venv/lib/python3.10/site-packages/oslo_concurrency/lockutils.py:424}}
Jan 05 16:24:08 devstack cinder-volume[80987]: DEBUG oslo_concurrency.processutils [None req-0be05387-8252-4c7e-a6f5-52b6928fb1a7 None None] Running cmd (subprocess): sudo cinder-rootwrap /etc/cinder/rootwrap.conf df --portability --block-size 1 /opt/stack/data/cinder/mnt/1bcf99d1f953758a5e9cac5ca24c30c3 {{(pid=80987) execute /opt/stack/data/venv/lib/python3.10/site-packages/oslo_concurrency/processutils.py:349}}
Jan 05 16:24:08 devstack sudo[84416]: quobyte : PWD=/ ; USER=root ; COMMAND=/opt/stack/data/venv/bin/cinder-rootwrap /etc/cinder/rootwrap.conf df --portability --block-size 1 /opt/stack/data/cinder/mnt/1bcf99d1f953758a5e9cac5ca24c30c3
Jan 05 16:24:08 devstack sudo[84416]: pam_unix(sudo:session): session opened for user root(uid=0) by (uid=1000)
Jan 05 16:24:08 devstack sudo[84410]: pam_unix(sudo:session): session closed for user root
Jan 05 16:24:08 devstack cinder-volume[80987]: DEBUG oslo_concurrency.processutils [None req-0ee971e7-152e-449e-94b6-107abc0bcaa5 tempest-GroupSnapshotsTest-1313219861 None] CMD "/opt/stack/data/venv/bin/python3.10 -m oslo_concurrency.prlimit --as=1073741824 --cpu=60 -- sudo cinder-rootwrap /etc/cinder/rootwrap.conf env LC_ALL=C qemu-img info -f qcow2 --output=json --force-share /opt/stack/data/cinder/mnt/1bcf99d1f953758a5e9cac5ca24c30c3/volume-04d09216-2df1-4c68-bc59-9a18c3338c27" returned: 0 in 0.979s {{(pid=80987) execute /opt/stack/data/venv/lib/python3.10/site-packages/oslo_concurrency/processutils.py:372}}
Jan 05 16:24:08 devstack cinder-volume[80987]: DEBUG oslo_concurrency.processutils [None req-0ee971e7-152e-449e-94b6-107abc0bcaa5 tempest-GroupSnapshotsTest-1313219861 None] Running cmd (subprocess): sudo cinder-rootwrap /etc/cinder/rootwrap.conf qemu-img create -f qcow2 -o backing_file=/opt/stack/data/cinder/mnt/1bcf99d1f953758a5e9cac5ca24c30c3/volume-04d09216-2df1-4c68-bc59-9a18c3338c27,backing_fmt=qcow2 /opt/stack/data/cinder/mnt/1bcf99d1f953758a5e9cac5ca24c30c3/volume-04d09216-2df1-4c68-bc59-9a18c3338c27.f2f12c9c-f3d3-4d31-b97e-239dcae0550f 1G {{(pid=80987) execute /opt/stack/data/venv/lib/python3.10/site-packages/oslo_concurrency/processutils.py:349}}
Jan 05 16:24:08 devstack sudo[84418]: quobyte : PWD=/ ; USER=root ; COMMAND=/opt/stack/data/venv/bin/cinder-rootwrap /etc/cinder/rootwrap.conf qemu-img create -f qcow2 -o backing_file=/opt/stack/data/cinder/mnt/1bcf99d1f953758a5e9cac5ca24c30c3/volume-04d09216-2df1-4c68-bc59-9a18c3338c27,backing_fmt=qcow2 /opt/stack/data/cinder/mnt/1bcf99d1f953758a5e9cac5ca24c30c3/volume-04d09216-2df1-4c68-bc59-9a18c3338c27.f2f12c9c-f3d3-4d31-b97e-239dcae0550f 1G
Jan 05 16:24:08 devstack sudo[84418]: pam_unix(sudo:session): session opened for user root(uid=0) by (uid=1000)
Jan 05 16:24:08 devstack sudo[84416]: pam_unix(sudo:session): session closed for user root
Jan 05 16:24:08 devstack cinder-volume[80987]: DEBUG oslo_concurrency.processutils [None req-0be05387-8252-4c7e-a6f5-52b6928fb1a7 None None] CMD "sudo cinder-rootwrap /etc/cinder/rootwrap.conf df --portability --block-size 1 /opt/stack/data/cinder/mnt/1bcf99d1f953758a5e9cac5ca24c30c3" returned: 0 in 0.526s {{(pid=80987) execute /opt/stack/data/venv/lib/python3.10/site-packages/oslo_concurrency/processutils.py:372}}
Jan 05 16:24:08 devstack cinder-volume[80987]: DEBUG cinder.manager [None req-0be05387-8252-4c7e-a6f5-52b6928fb1a7 None None] Notifying Schedulers of capabilities ... {{(pid=80987) _publish_service_capabilities /opt/stack/cinder/cinder/manager.py:202}}
Jan 05 16:24:08 devstack sudo[84418]: pam_unix(sudo:session): session closed for user root
Jan 05 16:24:08 devstack cinder-volume[80987]: DEBUG oslo_concurrency.processutils [None req-0ee971e7-152e-449e-94b6-107abc0bcaa5 tempest-GroupSnapshotsTest-1313219861 None] CMD "sudo cinder-rootwrap /etc/cinder/rootwrap.conf qemu-img create -f qcow2 -o backing_file=/opt/stack/data/cinder/mnt/1bcf99d1f953758a5e9cac5ca24c30c3/volume-04d09216-2df1-4c68-bc59-9a18c3338c27,backing_fmt=qcow2 /opt/stack/data/cinder/mnt/1bcf99d1f953758a5e9cac5ca24c30c3/volume-04d09216-2df1-4c68-bc59-9a18c3338c27.f2f12c9c-f3d3-4d31-b97e-239dcae0550f 1G" returned: 0 in 0.846s {{(pid=80987) execute /opt/stack/data/venv/lib/python3.10/site-packages/oslo_concurrency/processutils.py:372}}
Jan 05 16:24:08 devstack cinder-volume[80987]: DEBUG oslo_concurrency.processutils [None req-0ee971e7-152e-449e-94b6-107abc0bcaa5 tempest-GroupSnapshotsTest-1313219861 None] Running cmd (subprocess): sudo cinder-rootwrap /etc/cinder/rootwrap.conf qemu-img rebase -u -b volume-04d09216-2df1-4c68-bc59-9a18c3338c27 -F qcow2 /opt/stack/data/cinder/mnt/1bcf99d1f953758a5e9cac5ca24c30c3/volume-04d09216-2df1-4c68-bc59-9a18c3338c27.f2f12c9c-f3d3-4d31-b97e-239dcae0550f {{(pid=80987) execute /opt/stack/data/venv/lib/python3.10/site-packages/oslo_concurrency/processutils.py:349}}
Jan 05 16:24:09 devstack sudo[84424]: quobyte : PWD=/ ; USER=root ; COMMAND=/opt/stack/data/venv/bin/cinder-rootwrap /etc/cinder/rootwrap.conf qemu-img rebase -u -b volume-04d09216-2df1-4c68-bc59-9a18c3338c27 -F qcow2 /opt/stack/data/cinder/mnt/1bcf99d1f953758a5e9cac5ca24c30c3/volume-04d09216-2df1-4c68-bc59-9a18c3338c27.f2f12c9c-f3d3-4d31-b97e-239dcae0550f
Jan 05 16:24:09 devstack sudo[84424]: pam_unix(sudo:session): session opened for user root(uid=0) by (uid=1000)
Jan 05 16:24:09 devstack sudo[84424]: pam_unix(sudo:session): session closed for user root
Jan 05 16:24:09 devstack cinder-volume[80987]: DEBUG oslo_concurrency.processutils [None req-0ee971e7-152e-449e-94b6-107abc0bcaa5 tempest-GroupSnapshotsTest-1313219861 None] CMD "sudo cinder-rootwrap /etc/cinder/rootwrap.conf qemu-img rebase -u -b volume-04d09216-2df1-4c68-bc59-9a18c3338c27 -F qcow2 /opt/stack/data/cinder/mnt/1bcf99d1f953758a5e9cac5ca24c30c3/volume-04d09216-2df1-4c68-bc59-9a18c3338c27.f2f12c9c-f3d3-4d31-b97e-239dcae0550f" returned: 0 in 0.609s {{(pid=80987) execute /opt/stack/data/venv/lib/python3.10/site-packages/oslo_concurrency/processutils.py:372}}
Jan 05 16:24:09 devstack cinder-volume[80987]: WARNING cinder.volume.drivers.remotefs [None req-0ee971e7-152e-449e-94b6-107abc0bcaa5 tempest-GroupSnapshotsTest-1313219861 None] /opt/stack/data/cinder/mnt/1bcf99d1f953758a5e9cac5ca24c30c3/volume-04d09216-2df1-4c68-bc59-9a18c3338c27.f2f12c9c-f3d3-4d31-b97e-239dcae0550f is being set with open permissions: ugo+rw: NotImplementedError
Jan 05 16:24:09 devstack cinder-volume[80987]: DEBUG oslo_concurrency.processutils [None req-0ee971e7-152e-449e-94b6-107abc0bcaa5 tempest-GroupSnapshotsTest-1313219861 None] Running cmd (subprocess): sudo cinder-rootwrap /etc/cinder/rootwrap.conf chmod ugo+rw /opt/stack/data/cinder/mnt/1bcf99d1f953758a5e9cac5ca24c30c3/volume-04d09216-2df1-4c68-bc59-9a18c3338c27.f2f12c9c-f3d3-4d31-b97e-239dcae0550f {{(pid=80987) execute /opt/stack/data/venv/lib/python3.10/site-packages/oslo_concurrency/processutils.py:349}}
Jan 05 16:24:09 devstack sudo[84429]: quobyte : PWD=/ ; USER=root ; COMMAND=/opt/stack/data/venv/bin/cinder-rootwrap /etc/cinder/rootwrap.conf chmod ugo+rw /opt/stack/data/cinder/mnt/1bcf99d1f953758a5e9cac5ca24c30c3/volume-04d09216-2df1-4c68-bc59-9a18c3338c27.f2f12c9c-f3d3-4d31-b97e-239dcae0550f
Jan 05 16:24:09 devstack sudo[84429]: pam_unix(sudo:session): session opened for user root(uid=0) by (uid=1000)
Jan 05 16:24:10 devstack sudo[84429]: pam_unix(sudo:session): session closed for user root
Jan 05 16:24:10 devstack cinder-volume[80987]: DEBUG oslo_concurrency.processutils [None req-0ee971e7-152e-449e-94b6-107abc0bcaa5 tempest-GroupSnapshotsTest-1313219861 None] CMD "sudo cinder-rootwrap /etc/cinder/rootwrap.conf chmod ugo+rw /opt/stack/data/cinder/mnt/1bcf99d1f953758a5e9cac5ca24c30c3/volume-04d09216-2df1-4c68-bc59-9a18c3338c27.f2f12c9c-f3d3-4d31-b97e-239dcae0550f" returned: 0 in 0.601s {{(pid=80987) execute /opt/stack/data/venv/lib/python3.10/site-packages/oslo_concurrency/processutils.py:372}}
Jan 05 16:24:10 devstack cinder-volume[80987]: DEBUG oslo_concurrency.processutils [None req-0ee971e7-152e-449e-94b6-107abc0bcaa5 tempest-GroupSnapshotsTest-1313219861 None] Running cmd (subprocess): sudo cinder-rootwrap /etc/cinder/rootwrap.conf truncate -s0 /opt/stack/data/cinder/mnt/1bcf99d1f953758a5e9cac5ca24c30c3/volume-04d09216-2df1-4c68-bc59-9a18c3338c27.info {{(pid=80987) execute /opt/stack/data/venv/lib/python3.10/site-packages/oslo_concurrency/processutils.py:349}}
Jan 05 16:24:10 devstack sudo[84433]: quobyte : PWD=/ ; USER=root ; COMMAND=/opt/stack/data/venv/bin/cinder-rootwrap /etc/cinder/rootwrap.conf truncate -s0 /opt/stack/data/cinder/mnt/1bcf99d1f953758a5e9cac5ca24c30c3/volume-04d09216-2df1-4c68-bc59-9a18c3338c27.info
Jan 05 16:24:10 devstack sudo[84433]: pam_unix(sudo:session): session opened for user root(uid=0) by (uid=1000)
Jan 05 16:24:10 devstack sudo[84433]: pam_unix(sudo:session): session closed for user root
Jan 05 16:24:10 devstack cinder-volume[80987]: DEBUG oslo_concurrency.processutils [None req-0ee971e7-152e-449e-94b6-107abc0bcaa5 tempest-GroupSnapshotsTest-1313219861 None] CMD "sudo cinder-rootwrap /etc/cinder/rootwrap.conf truncate -s0 /opt/stack/data/cinder/mnt/1bcf99d1f953758a5e9cac5ca24c30c3/volume-04d09216-2df1-4c68-bc59-9a18c3338c27.info" returned: 0 in 0.589s {{(pid=80987) execute /opt/stack/data/venv/lib/python3.10/site-packages/oslo_concurrency/processutils.py:372}}
Jan 05 16:24:10 devstack cinder-volume[80987]: WARNING cinder.volume.drivers.remotefs [None req-0ee971e7-152e-449e-94b6-107abc0bcaa5 tempest-GroupSnapshotsTest-1313219861 None] /opt/stack/data/cinder/mnt/1bcf99d1f953758a5e9cac5ca24c30c3/volume-04d09216-2df1-4c68-bc59-9a18c3338c27.info is being set with open permissions: ugo+rw: NotImplementedError
Jan 05 16:24:10 devstack cinder-volume[80987]: DEBUG oslo_concurrency.processutils [None req-0ee971e7-152e-449e-94b6-107abc0bcaa5 tempest-GroupSnapshotsTest-1313219861 None] Running cmd (subprocess): sudo cinder-rootwrap /etc/cinder/rootwrap.conf chmod ugo+rw /opt/stack/data/cinder/mnt/1bcf99d1f953758a5e9cac5ca24c30c3/volume-04d09216-2df1-4c68-bc59-9a18c3338c27.info {{(pid=80987) execute /opt/stack/data/venv/lib/python3.10/site-packages/oslo_concurrency/processutils.py:349}}
Jan 05 16:24:10 devstack sudo[84436]: quobyte : PWD=/ ; USER=root ; COMMAND=/opt/stack/data/venv/bin/cinder-rootwrap /etc/cinder/rootwrap.conf chmod ugo+rw /opt/stack/data/cinder/mnt/1bcf99d1f953758a5e9cac5ca24c30c3/volume-04d09216-2df1-4c68-bc59-9a18c3338c27.info
Jan 05 16:24:10 devstack sudo[84436]: pam_unix(sudo:session): session opened for user root(uid=0) by (uid=1000)
Jan 05 16:24:11 devstack sudo[84436]: pam_unix(sudo:session): session closed for user root
Jan 05 16:24:11 devstack cinder-volume[80987]: DEBUG oslo_concurrency.processutils [None req-0ee971e7-152e-449e-94b6-107abc0bcaa5 tempest-GroupSnapshotsTest-1313219861 None] CMD "sudo cinder-rootwrap /etc/cinder/rootwrap.conf chmod ugo+rw /opt/stack/data/cinder/mnt/1bcf99d1f953758a5e9cac5ca24c30c3/volume-04d09216-2df1-4c68-bc59-9a18c3338c27.info" returned: 0 in 0.631s {{(pid=80987) execute /opt/stack/data/venv/lib/python3.10/site-packages/oslo_concurrency/processutils.py:372}}
Jan 05 16:24:11 devstack cinder-volume[80987]: DEBUG oslo_concurrency.lockutils [None req-0ee971e7-152e-449e-94b6-107abc0bcaa5 tempest-GroupSnapshotsTest-1313219861 None] Lock "quobyte" "released" by "cinder.volume.drivers.quobyte.QuobyteDriver.create_snapshot" :: held 4.337s {{(pid=80987) inner /opt/stack/data/venv/lib/python3.10/site-packages/oslo_concurrency/lockutils.py:424}}
Jan 05 16:24:11 devstack cinder-volume[80987]: INFO cinder.volume.manager [None req-0ee971e7-152e-449e-94b6-107abc0bcaa5 tempest-GroupSnapshotsTest-1313219861 None] group_snapshot b49ba187-ccb3-4762-aa2e-0817f1c9d0f2: created successfully
Jan 05 16:24:11 devstack cinder-volume[80987]: INFO cinder.volume.manager [None req-08e8a548-848c-421b-8aef-a3d222c3ffad tempest-GroupSnapshotsTest-1313219861 None] group_snapshot b49ba187-ccb3-4762-aa2e-0817f1c9d0f2: deleting
Jan 05 16:24:11 devstack cinder-volume[80987]: WARNING cinder.volume.volume_utils [None req-08e8a548-848c-421b-8aef-a3d222c3ffad tempest-GroupSnapshotsTest-1313219861 None] Volume driver (QuobyteDriver 1.1.13) is currently unsupported and may be removed in the next release of OpenStack. Use at your own risk.
Jan 05 16:24:11 devstack cinder-volume[80987]: DEBUG cinder.volume.manager [None req-08e8a548-848c-421b-8aef-a3d222c3ffad tempest-GroupSnapshotsTest-1313219861 None] group_snapshot b49ba187-ccb3-4762-aa2e-0817f1c9d0f2: deleting {{(pid=80987) delete_group_snapshot /opt/stack/cinder/cinder/volume/manager.py:4319}}
