Aug 26 00:07:46 devstack cinder-volume[94433]: DEBUG oslo_service.periodic_task [None req-590088be-8ba4-4fdb-92ec-523bc1d9fc99 None None] Running periodic task VolumeManager.publish_service_capabilities {{(pid=94433) run_periodic_tasks /opt/stack/data/venv/lib/python3.12/site-packages/oslo_service/periodic_task.py:254}}
Aug 26 00:07:46 devstack cinder-volume[94433]: DEBUG oslo_concurrency.lockutils [None req-590088be-8ba4-4fdb-92ec-523bc1d9fc99 None None] Acquiring lock "quobyte_ensure" by "cinder.volume.drivers.quobyte.QuobyteDriver._ensure_shares_mounted" {{(pid=94433) inner /opt/stack/data/venv/lib/python3.12/site-packages/oslo_concurrency/lockutils.py:512}}
Aug 26 00:07:46 devstack cinder-volume[94433]: DEBUG oslo_concurrency.lockutils [None req-590088be-8ba4-4fdb-92ec-523bc1d9fc99 None None] Lock "quobyte_ensure" acquired by "cinder.volume.drivers.quobyte.QuobyteDriver._ensure_shares_mounted" :: waited 0.000s {{(pid=94433) inner /opt/stack/data/venv/lib/python3.12/site-packages/oslo_concurrency/lockutils.py:525}}
Aug 26 00:07:46 devstack cinder-volume[94433]: DEBUG cinder.volume.drivers.quobyte [None req-590088be-8ba4-4fdb-92ec-523bc1d9fc99 None None] Quobyte Volume URL set to: {'osci02.corp.quobyte.com/cinder-vol-042a1e1e-6d7e-42b5-a650-fe959db792f9': None} {{(pid=94433) _load_shares_config /opt/stack/cinder/cinder/volume/drivers/quobyte.py:662}}
Aug 26 00:07:46 devstack cinder-volume[94433]: DEBUG cinder.volume.drivers.quobyte [None req-590088be-8ba4-4fdb-92ec-523bc1d9fc99 None None] Available shares ['osci02.corp.quobyte.com/cinder-vol-042a1e1e-6d7e-42b5-a650-fe959db792f9'] {{(pid=94433) _ensure_shares_mounted /opt/stack/cinder/cinder/volume/drivers/quobyte.py:692}}
Aug 26 00:07:46 devstack cinder-volume[94433]: DEBUG oslo_concurrency.lockutils [None req-590088be-8ba4-4fdb-92ec-523bc1d9fc99 None None] Lock "quobyte_ensure" "released" by "cinder.volume.drivers.quobyte.QuobyteDriver._ensure_shares_mounted" :: held 0.018s {{(pid=94433) inner /opt/stack/data/venv/lib/python3.12/site-packages/oslo_concurrency/lockutils.py:544}}
Aug 26 00:07:46 devstack cinder-volume[94433]: DEBUG oslo_concurrency.processutils [None req-590088be-8ba4-4fdb-92ec-523bc1d9fc99 None None] Running cmd (subprocess): sudo cinder-rootwrap /etc/cinder/rootwrap.conf df --portability --block-size 1 /opt/stack/data/cinder/mnt/a55cf497d715a909aeba8e5304f8d195 {{(pid=94433) execute /opt/stack/data/venv/lib/python3.12/site-packages/oslo_concurrency/processutils.py:440}}
Aug 26 00:07:46 devstack sudo[97156]: pam_unix(sudo:session): session closed for user root
Aug 26 00:07:46 devstack cinder-volume[94433]: DEBUG oslo_concurrency.processutils [None req-ce180092-5560-4936-8a08-c82bd8a16fb8 tempest-ServerRescueNegativeTestJSON-455566981 None] CMD "sudo cinder-rootwrap /etc/cinder/rootwrap.conf rm -f /opt/stack/data/cinder/mnt/a55cf497d715a909aeba8e5304f8d195/volume-b9898220-4366-48fd-b238-e293afc0e8a6" returned: 0 in 0.342s {{(pid=94433) execute /opt/stack/data/venv/lib/python3.12/site-packages/oslo_concurrency/processutils.py:468}}
Aug 26 00:07:46 devstack sudo[97162]: quobyte : PWD=/ ; USER=root ; COMMAND=/opt/stack/data/venv/bin/cinder-rootwrap /etc/cinder/rootwrap.conf df --portability --block-size 1 /opt/stack/data/cinder/mnt/a55cf497d715a909aeba8e5304f8d195
Aug 26 00:07:46 devstack sudo[97162]: pam_unix(sudo:session): session opened for user root(uid=0) by (uid=1000)
Aug 26 00:07:46 devstack cinder-volume[94433]: DEBUG cinder.coordination [None req-ce180092-5560-4936-8a08-c82bd8a16fb8 tempest-ServerRescueNegativeTestJSON-455566981 None] Lock "cinder-quobyte-b9898220-4366-48fd-b238-e293afc0e8a6" released by "delete_volume" :: held 1.096s {{(pid=94433) __release /opt/stack/cinder/cinder/coordination.py:152}}
Aug 26 00:07:46 devstack cinder-volume[94433]: DEBUG cinder.quota [None req-ce180092-5560-4936-8a08-c82bd8a16fb8 tempest-ServerRescueNegativeTestJSON-455566981 None] Created reservations ['03dacc62-8663-4259-9ccf-bb1bdcb2aaf7', 'f95d30cb-891c-4dac-821e-5a9f2d82315b', '1e7db8dc-3d58-4765-87c4-1684cb0cdc25', '82d4a1b3-8ade-4eb0-bb26-a85ed73d6465'] {{(pid=94433) reserve /opt/stack/cinder/cinder/quota.py:752}}
Aug 26 00:07:46 devstack cinder-volume[94433]: DEBUG oslo_concurrency.lockutils [None req-ce180092-5560-4936-8a08-c82bd8a16fb8 tempest-ServerRescueNegativeTestJSON-455566981 None] Acquiring lock "quobyte_ensure" by "cinder.volume.drivers.quobyte.QuobyteDriver._ensure_shares_mounted" {{(pid=94433) inner /opt/stack/data/venv/lib/python3.12/site-packages/oslo_concurrency/lockutils.py:512}}
Aug 26 00:07:46 devstack cinder-volume[94433]: DEBUG oslo_concurrency.lockutils [None req-ce180092-5560-4936-8a08-c82bd8a16fb8 tempest-ServerRescueNegativeTestJSON-455566981 None] Lock "quobyte_ensure" acquired by "cinder.volume.drivers.quobyte.QuobyteDriver._ensure_shares_mounted" :: waited 0.002s {{(pid=94433) inner /opt/stack/data/venv/lib/python3.12/site-packages/oslo_concurrency/lockutils.py:525}}
Aug 26 00:07:46 devstack cinder-volume[94433]: DEBUG cinder.volume.drivers.quobyte [None req-ce180092-5560-4936-8a08-c82bd8a16fb8 tempest-ServerRescueNegativeTestJSON-455566981 None] Quobyte Volume URL set to: {'osci02.corp.quobyte.com/cinder-vol-042a1e1e-6d7e-42b5-a650-fe959db792f9': None} {{(pid=94433) _load_shares_config /opt/stack/cinder/cinder/volume/drivers/quobyte.py:662}}
Aug 26 00:07:46 devstack cinder-volume[94433]: DEBUG cinder.volume.drivers.quobyte [None req-ce180092-5560-4936-8a08-c82bd8a16fb8 tempest-ServerRescueNegativeTestJSON-455566981 None] Available shares ['osci02.corp.quobyte.com/cinder-vol-042a1e1e-6d7e-42b5-a650-fe959db792f9'] {{(pid=94433) _ensure_shares_mounted /opt/stack/cinder/cinder/volume/drivers/quobyte.py:692}}
Aug 26 00:07:46 devstack cinder-volume[94433]: DEBUG oslo_concurrency.lockutils [None req-ce180092-5560-4936-8a08-c82bd8a16fb8 tempest-ServerRescueNegativeTestJSON-455566981 None] Lock "quobyte_ensure" "released" by "cinder.volume.drivers.quobyte.QuobyteDriver._ensure_shares_mounted" :: held 0.013s {{(pid=94433) inner /opt/stack/data/venv/lib/python3.12/site-packages/oslo_concurrency/lockutils.py:544}}
Aug 26 00:07:46 devstack cinder-volume[94433]: DEBUG oslo_concurrency.processutils [None req-ce180092-5560-4936-8a08-c82bd8a16fb8 tempest-ServerRescueNegativeTestJSON-455566981 None] Running cmd (subprocess): sudo cinder-rootwrap /etc/cinder/rootwrap.conf df --portability --block-size 1 /opt/stack/data/cinder/mnt/a55cf497d715a909aeba8e5304f8d195 {{(pid=94433) execute /opt/stack/data/venv/lib/python3.12/site-packages/oslo_concurrency/processutils.py:440}}
Aug 26 00:07:46 devstack sudo[97162]: pam_unix(sudo:session): session closed for user root
Aug 26 00:07:46 devstack cinder-volume[94433]: DEBUG oslo_concurrency.processutils [None req-590088be-8ba4-4fdb-92ec-523bc1d9fc99 None None] CMD "sudo cinder-rootwrap /etc/cinder/rootwrap.conf df --portability --block-size 1 /opt/stack/data/cinder/mnt/a55cf497d715a909aeba8e5304f8d195" returned: 0 in 0.354s {{(pid=94433) execute /opt/stack/data/venv/lib/python3.12/site-packages/oslo_concurrency/processutils.py:468}}
Aug 26 00:07:46 devstack cinder-volume[94433]: DEBUG cinder.manager [None req-590088be-8ba4-4fdb-92ec-523bc1d9fc99 None None] Notifying Schedulers of capabilities ... {{(pid=94433) _publish_service_capabilities /opt/stack/cinder/cinder/manager.py:219}}
Aug 26 00:07:46 devstack sudo[97167]: quobyte : PWD=/ ; USER=root ; COMMAND=/opt/stack/data/venv/bin/cinder-rootwrap /etc/cinder/rootwrap.conf df --portability --block-size 1 /opt/stack/data/cinder/mnt/a55cf497d715a909aeba8e5304f8d195
Aug 26 00:07:46 devstack sudo[97167]: pam_unix(sudo:session): session opened for user root(uid=0) by (uid=1000)
Aug 26 00:07:46 devstack cinder-volume[94433]: DEBUG oslo_service.periodic_task [None req-590088be-8ba4-4fdb-92ec-523bc1d9fc99 None None] Running periodic task VolumeManager._thread_info {{(pid=94433) run_periodic_tasks /opt/stack/data/venv/lib/python3.12/site-packages/oslo_service/periodic_task.py:254}}
Aug 26 00:07:46 devstack cinder-volume[94433]: DEBUG cinder.volume.manager [None req-590088be-8ba4-4fdb-92ec-523bc1d9fc99 None None] thread count: 8 {{(pid=94433) _thread_info /opt/stack/cinder/cinder/volume/manager.py:5472}}
Aug 26 00:07:46 devstack cinder-volume[94433]: DEBUG cinder.volume.manager [None req-590088be-8ba4-4fdb-92ec-523bc1d9fc99 None None] thread info: [<_MainThread(MainThread, started 140142169837696)>, , , , , , , ] {{(pid=94433) _thread_info /opt/stack/cinder/cinder/volume/manager.py:5473}}
Aug 26 00:07:46 devstack sudo[97155]: pam_unix(sudo:session): session closed for user root
Aug 26 00:07:46 devstack cinder-volume[94433]: DEBUG oslo_concurrency.processutils [None req-a8774bb6-d738-4862-b176-d32669ed418b tempest-VolumesDeleteCascade-1670055061 None] CMD "sudo cinder-rootwrap /etc/cinder/rootwrap.conf qemu-img create -f qcow2 -o preallocation=metadata /opt/stack/data/cinder/mnt/a55cf497d715a909aeba8e5304f8d195/volume-64159531-83e7-4831-92c1-695846d9a5f4 1073741824" returned: 0 in 0.753s {{(pid=94433) execute /opt/stack/data/venv/lib/python3.12/site-packages/oslo_concurrency/processutils.py:468}}
Aug 26 00:07:47 devstack cinder-volume[94433]: DEBUG oslo_concurrency.processutils [None req-a8774bb6-d738-4862-b176-d32669ed418b tempest-VolumesDeleteCascade-1670055061 None] Running cmd (subprocess): sudo cinder-rootwrap /etc/cinder/rootwrap.conf chmod ugo+rw /opt/stack/data/cinder/mnt/a55cf497d715a909aeba8e5304f8d195/volume-64159531-83e7-4831-92c1-695846d9a5f4 {{(pid=94433) execute /opt/stack/data/venv/lib/python3.12/site-packages/oslo_concurrency/processutils.py:440}}
Aug 26 00:07:47 devstack sudo[97170]: quobyte : PWD=/ ; USER=root ; COMMAND=/opt/stack/data/venv/bin/cinder-rootwrap /etc/cinder/rootwrap.conf chmod ugo+rw /opt/stack/data/cinder/mnt/a55cf497d715a909aeba8e5304f8d195/volume-64159531-83e7-4831-92c1-695846d9a5f4
Aug 26 00:07:47 devstack sudo[97170]: pam_unix(sudo:session): session opened for user root(uid=0) by (uid=1000)
Aug 26 00:07:47 devstack sudo[97167]: pam_unix(sudo:session): session closed for user root
Aug 26 00:07:47 devstack cinder-volume[94433]: DEBUG oslo_concurrency.processutils [None req-ce180092-5560-4936-8a08-c82bd8a16fb8 tempest-ServerRescueNegativeTestJSON-455566981 None] CMD "sudo cinder-rootwrap /etc/cinder/rootwrap.conf df --portability --block-size 1 /opt/stack/data/cinder/mnt/a55cf497d715a909aeba8e5304f8d195" returned: 0 in 0.304s {{(pid=94433) execute /opt/stack/data/venv/lib/python3.12/site-packages/oslo_concurrency/processutils.py:468}}
Aug 26 00:07:47 devstack cinder-volume[94433]: DEBUG cinder.manager [None req-ce180092-5560-4936-8a08-c82bd8a16fb8 tempest-ServerRescueNegativeTestJSON-455566981 None] Notifying Schedulers of capabilities ... {{(pid=94433) _publish_service_capabilities /opt/stack/cinder/cinder/manager.py:219}}
Aug 26 00:07:47 devstack cinder-volume[94433]: INFO cinder.volume.manager [None req-ce180092-5560-4936-8a08-c82bd8a16fb8 tempest-ServerRescueNegativeTestJSON-455566981 None] Deleted volume successfully.
Aug 26 00:07:47 devstack cinder-volume[94433]: DEBUG cinder.coordination [None req-ce180092-5560-4936-8a08-c82bd8a16fb8 tempest-ServerRescueNegativeTestJSON-455566981 None] Lock "cinder-b9898220-4366-48fd-b238-e293afc0e8a6-delete_volume" released by "delete_volume" :: held 1.794s {{(pid=94433) __release /opt/stack/cinder/cinder/coordination.py:152}}
Aug 26 00:07:47 devstack sudo[97170]: pam_unix(sudo:session): session closed for user root
Aug 26 00:07:47 devstack cinder-volume[94433]: DEBUG oslo_concurrency.processutils [None req-a8774bb6-d738-4862-b176-d32669ed418b tempest-VolumesDeleteCascade-1670055061 None] CMD "sudo cinder-rootwrap /etc/cinder/rootwrap.conf chmod ugo+rw /opt/stack/data/cinder/mnt/a55cf497d715a909aeba8e5304f8d195/volume-64159531-83e7-4831-92c1-695846d9a5f4" returned: 0 in 0.312s {{(pid=94433) execute /opt/stack/data/venv/lib/python3.12/site-packages/oslo_concurrency/processutils.py:468}}
Aug 26 00:07:47 devstack cinder-volume[94433]: DEBUG cinder.volume.drivers.quobyte [None req-a8774bb6-d738-4862-b176-d32669ed418b tempest-VolumesDeleteCascade-1670055061 None] <== create_volume: return (1142ms) {'provider_location': 'osci02.corp.quobyte.com/cinder-vol-042a1e1e-6d7e-42b5-a650-fe959db792f9'} {{(pid=94433) trace_logging_wrapper /opt/stack/cinder/cinder/volume/volume_utils.py:1522}}
Aug 26 00:07:47 devstack cinder-volume[94433]: DEBUG oslo_concurrency.lockutils [None req-a8774bb6-d738-4862-b176-d32669ed418b tempest-VolumesDeleteCascade-1670055061 None] Lock "quobyte" "released" by "cinder.volume.drivers.quobyte.QuobyteDriver.create_volume" :: held 1.144s {{(pid=94433) inner /opt/stack/data/venv/lib/python3.12/site-packages/oslo_concurrency/lockutils.py:544}}
Aug 26 00:07:47 devstack cinder-volume[94433]: DEBUG cinder.volume.manager [None req-a8774bb6-d738-4862-b176-d32669ed418b tempest-VolumesDeleteCascade-1670055061 None] Task 'cinder.volume.flows.manager.create_volume.CreateVolumeFromSpecTask;volume:create' (e6a99489-25d2-4301-9ceb-2f077d660bbc) transitioned into state 'SUCCESS' from state 'RUNNING' with result '{'status': 'creating', 'volume_name': 'volume-64159531-83e7-4831-92c1-695846d9a5f4', 'volume_size': 1}' {{(pid=94433) _task_receiver /opt/stack/data/venv/lib/python3.12/site-packages/taskflow/listeners/logging.py:218}}
Aug 26 00:07:47 devstack cinder-volume[94433]: DEBUG cinder.volume.manager [None req-a8774bb6-d738-4862-b176-d32669ed418b tempest-VolumesDeleteCascade-1670055061 None] Task 'cinder.volume.flows.manager.create_volume.CreateVolumeOnFinishTask;volume:create, create.end' (5867f425-44e8-4431-8489-cf5aa080f0cd) transitioned into state 'RUNNING' from state 'PENDING' {{(pid=94433) _task_receiver /opt/stack/data/venv/lib/python3.12/site-packages/taskflow/listeners/logging.py:242}}
Aug 26 00:07:47 devstack cinder-volume[94433]: INFO cinder.volume.flows.manager.create_volume [None req-a8774bb6-d738-4862-b176-d32669ed418b tempest-VolumesDeleteCascade-1670055061 None] Volume volume-64159531-83e7-4831-92c1-695846d9a5f4 (64159531-83e7-4831-92c1-695846d9a5f4): created successfully
Aug 26 00:07:47 devstack cinder-volume[94433]: DEBUG cinder.volume.manager [None req-a8774bb6-d738-4862-b176-d32669ed418b tempest-VolumesDeleteCascade-1670055061 None] Task 'cinder.volume.flows.manager.create_volume.CreateVolumeOnFinishTask;volume:create, create.end' (5867f425-44e8-4431-8489-cf5aa080f0cd) transitioned into state 'SUCCESS' from state 'RUNNING' with result 'None' {{(pid=94433) _task_receiver /opt/stack/data/venv/lib/python3.12/site-packages/taskflow/listeners/logging.py:218}}
Aug 26 00:07:47 devstack cinder-volume[94433]: DEBUG cinder.volume.manager [None req-a8774bb6-d738-4862-b176-d32669ed418b tempest-VolumesDeleteCascade-1670055061 None] Flow 'volume_create_manager' (75b6c652-2634-4bee-8fd9-4dbe63ef9206) transitioned into state 'SUCCESS' from state 'RUNNING' {{(pid=94433) _flow_receiver /opt/stack/data/venv/lib/python3.12/site-packages/taskflow/listeners/logging.py:160}}
Aug 26 00:07:47 devstack cinder-volume[94433]: INFO cinder.volume.manager [None req-a8774bb6-d738-4862-b176-d32669ed418b tempest-VolumesDeleteCascade-1670055061 None] Created volume successfully.
Aug 26 00:07:48 devstack cinder-volume[94433]: DEBUG oslo_concurrency.lockutils [None req-b83d3070-c5cb-4163-b463-efd331d5372a tempest-VolumesDeleteCascade-1670055061 None] Acquiring lock "quobyte" by "cinder.volume.drivers.quobyte.QuobyteDriver.create_snapshot" {{(pid=94433) inner /opt/stack/data/venv/lib/python3.12/site-packages/oslo_concurrency/lockutils.py:512}}
Aug 26 00:07:48 devstack cinder-volume[94433]: DEBUG oslo_concurrency.lockutils [None req-b83d3070-c5cb-4163-b463-efd331d5372a tempest-VolumesDeleteCascade-1670055061 None] Lock "quobyte" acquired by "cinder.volume.drivers.quobyte.QuobyteDriver.create_snapshot" :: waited 0.001s {{(pid=94433) inner /opt/stack/data/venv/lib/python3.12/site-packages/oslo_concurrency/lockutils.py:525}}
Aug 26 00:07:48 devstack cinder-volume[94433]: DEBUG cinder.volume.drivers.remotefs [None req-b83d3070-c5cb-4163-b463-efd331d5372a tempest-VolumesDeleteCascade-1670055061 None] Creating offline snapshot 94342281-4dc2-4d6c-885c-c415388aeccc of volume 64159531-83e7-4831-92c1-695846d9a5f4 {{(pid=94433) _create_snapshot /opt/stack/cinder/cinder/volume/drivers/remotefs.py:1816}}
Aug 26 00:07:48 devstack cinder-volume[94433]: DEBUG oslo.privsep.daemon [-] privsep: reply[70d88745-e92e-4642-9189-0f5439ba808f]: (4, 'qcow2') {{(pid=95536) _call_back /opt/stack/data/venv/lib/python3.12/site-packages/oslo_privsep/daemon.py:580}}
Aug 26 00:07:48 devstack cinder-volume[94433]: DEBUG oslo_concurrency.processutils [None req-b83d3070-c5cb-4163-b463-efd331d5372a tempest-VolumesDeleteCascade-1670055061 None] Running cmd (subprocess): /opt/stack/data/venv/bin/python3.12 -m oslo_concurrency.prlimit --as=1073741824 --cpu=60 -- sudo cinder-rootwrap /etc/cinder/rootwrap.conf env LC_ALL=C qemu-img info -f qcow2 --output=json --force-share /opt/stack/data/cinder/mnt/a55cf497d715a909aeba8e5304f8d195/volume-64159531-83e7-4831-92c1-695846d9a5f4 {{(pid=94433) execute /opt/stack/data/venv/lib/python3.12/site-packages/oslo_concurrency/processutils.py:440}}
Aug 26 00:07:48 devstack sudo[97200]: quobyte : PWD=/ ; USER=root ; COMMAND=/opt/stack/data/venv/bin/cinder-rootwrap /etc/cinder/rootwrap.conf env LC_ALL=C qemu-img info -f qcow2 --output=json --force-share /opt/stack/data/cinder/mnt/a55cf497d715a909aeba8e5304f8d195/volume-64159531-83e7-4831-92c1-695846d9a5f4
Aug 26 00:07:48 devstack sudo[97200]: pam_unix(sudo:session): session opened for user root(uid=0) by (uid=1000)
Aug 26 00:07:49 devstack sudo[97200]: pam_unix(sudo:session): session closed for user root
Aug 26 00:07:49 devstack cinder-volume[94433]: DEBUG oslo_concurrency.processutils [None req-b83d3070-c5cb-4163-b463-efd331d5372a tempest-VolumesDeleteCascade-1670055061 None] CMD "/opt/stack/data/venv/bin/python3.12 -m oslo_concurrency.prlimit --as=1073741824 --cpu=60 -- sudo cinder-rootwrap /etc/cinder/rootwrap.conf env LC_ALL=C qemu-img info -f qcow2 --output=json --force-share /opt/stack/data/cinder/mnt/a55cf497d715a909aeba8e5304f8d195/volume-64159531-83e7-4831-92c1-695846d9a5f4" returned: 0 in 0.711s {{(pid=94433) execute /opt/stack/data/venv/lib/python3.12/site-packages/oslo_concurrency/processutils.py:468}}
Aug 26 00:07:49 devstack cinder-volume[94433]: DEBUG oslo_concurrency.processutils [None req-b83d3070-c5cb-4163-b463-efd331d5372a tempest-VolumesDeleteCascade-1670055061 None] Running cmd (subprocess): sudo cinder-rootwrap /etc/cinder/rootwrap.conf qemu-img create -f qcow2 -o backing_file=/opt/stack/data/cinder/mnt/a55cf497d715a909aeba8e5304f8d195/volume-64159531-83e7-4831-92c1-695846d9a5f4,backing_fmt=qcow2 /opt/stack/data/cinder/mnt/a55cf497d715a909aeba8e5304f8d195/volume-64159531-83e7-4831-92c1-695846d9a5f4.94342281-4dc2-4d6c-885c-c415388aeccc 1G {{(pid=94433) execute /opt/stack/data/venv/lib/python3.12/site-packages/oslo_concurrency/processutils.py:440}}
Aug 26 00:07:49 devstack sudo[97245]: quobyte : PWD=/ ; USER=root ; COMMAND=/opt/stack/data/venv/bin/cinder-rootwrap /etc/cinder/rootwrap.conf qemu-img create -f qcow2 -o backing_file=/opt/stack/data/cinder/mnt/a55cf497d715a909aeba8e5304f8d195/volume-64159531-83e7-4831-92c1-695846d9a5f4,backing_fmt=qcow2 /opt/stack/data/cinder/mnt/a55cf497d715a909aeba8e5304f8d195/volume-64159531-83e7-4831-92c1-695846d9a5f4.94342281-4dc2-4d6c-885c-c415388aeccc 1G
Aug 26 00:07:49 devstack sudo[97245]: pam_unix(sudo:session): session opened for user root(uid=0) by (uid=1000)
Aug 26 00:07:50 devstack sudo[97245]: pam_unix(sudo:session): session closed for user root
Aug 26 00:07:50 devstack cinder-volume[94433]: DEBUG oslo_concurrency.processutils [None req-b83d3070-c5cb-4163-b463-efd331d5372a tempest-VolumesDeleteCascade-1670055061 None] CMD "sudo cinder-rootwrap /etc/cinder/rootwrap.conf qemu-img create -f qcow2 -o backing_file=/opt/stack/data/cinder/mnt/a55cf497d715a909aeba8e5304f8d195/volume-64159531-83e7-4831-92c1-695846d9a5f4,backing_fmt=qcow2 /opt/stack/data/cinder/mnt/a55cf497d715a909aeba8e5304f8d195/volume-64159531-83e7-4831-92c1-695846d9a5f4.94342281-4dc2-4d6c-885c-c415388aeccc 1G" returned: 0 in 0.854s {{(pid=94433) execute /opt/stack/data/venv/lib/python3.12/site-packages/oslo_concurrency/processutils.py:468}}
Aug 26 00:07:50 devstack cinder-volume[94433]: DEBUG oslo_concurrency.processutils [None req-b83d3070-c5cb-4163-b463-efd331d5372a tempest-VolumesDeleteCascade-1670055061 None] Running cmd (subprocess): sudo cinder-rootwrap /etc/cinder/rootwrap.conf qemu-img rebase -u -b volume-64159531-83e7-4831-92c1-695846d9a5f4 -F qcow2 /opt/stack/data/cinder/mnt/a55cf497d715a909aeba8e5304f8d195/volume-64159531-83e7-4831-92c1-695846d9a5f4.94342281-4dc2-4d6c-885c-c415388aeccc {{(pid=94433) execute /opt/stack/data/venv/lib/python3.12/site-packages/oslo_concurrency/processutils.py:440}}
Aug 26 00:07:50 devstack sudo[97257]: quobyte : PWD=/ ; USER=root ; COMMAND=/opt/stack/data/venv/bin/cinder-rootwrap /etc/cinder/rootwrap.conf qemu-img rebase -u -b volume-64159531-83e7-4831-92c1-695846d9a5f4 -F qcow2 /opt/stack/data/cinder/mnt/a55cf497d715a909aeba8e5304f8d195/volume-64159531-83e7-4831-92c1-695846d9a5f4.94342281-4dc2-4d6c-885c-c415388aeccc
Aug 26 00:07:50 devstack sudo[97257]: pam_unix(sudo:session): session opened for user root(uid=0) by (uid=1000)
Aug 26 00:07:50 devstack sudo[97257]: pam_unix(sudo:session): session closed for user root
Aug 26 00:07:50 devstack cinder-volume[94433]: DEBUG oslo_concurrency.processutils [None req-b83d3070-c5cb-4163-b463-efd331d5372a tempest-VolumesDeleteCascade-1670055061 None] CMD "sudo cinder-rootwrap /etc/cinder/rootwrap.conf qemu-img rebase -u -b volume-64159531-83e7-4831-92c1-695846d9a5f4 -F qcow2 /opt/stack/data/cinder/mnt/a55cf497d715a909aeba8e5304f8d195/volume-64159531-83e7-4831-92c1-695846d9a5f4.94342281-4dc2-4d6c-885c-c415388aeccc" returned: 0 in 0.626s {{(pid=94433) execute /opt/stack/data/venv/lib/python3.12/site-packages/oslo_concurrency/processutils.py:468}}
Aug 26 00:07:50 devstack cinder-volume[94433]: WARNING cinder.volume.drivers.remotefs [None req-b83d3070-c5cb-4163-b463-efd331d5372a tempest-VolumesDeleteCascade-1670055061 None] /opt/stack/data/cinder/mnt/a55cf497d715a909aeba8e5304f8d195/volume-64159531-83e7-4831-92c1-695846d9a5f4.94342281-4dc2-4d6c-885c-c415388aeccc is being set with open permissions: ugo+rw
Aug 26 00:07:50 devstack cinder-volume[94433]: DEBUG oslo_concurrency.processutils [None req-b83d3070-c5cb-4163-b463-efd331d5372a tempest-VolumesDeleteCascade-1670055061 None] Running cmd (subprocess): sudo cinder-rootwrap /etc/cinder/rootwrap.conf chmod ugo+rw /opt/stack/data/cinder/mnt/a55cf497d715a909aeba8e5304f8d195/volume-64159531-83e7-4831-92c1-695846d9a5f4.94342281-4dc2-4d6c-885c-c415388aeccc {{(pid=94433) execute /opt/stack/data/venv/lib/python3.12/site-packages/oslo_concurrency/processutils.py:440}}
Aug 26 00:07:50 devstack sudo[97264]: quobyte : PWD=/ ; USER=root ; COMMAND=/opt/stack/data/venv/bin/cinder-rootwrap /etc/cinder/rootwrap.conf chmod ugo+rw /opt/stack/data/cinder/mnt/a55cf497d715a909aeba8e5304f8d195/volume-64159531-83e7-4831-92c1-695846d9a5f4.94342281-4dc2-4d6c-885c-c415388aeccc
Aug 26 00:07:50 devstack sudo[97264]: pam_unix(sudo:session): session opened for user root(uid=0) by (uid=1000)
Aug 26 00:07:51 devstack sudo[97264]: pam_unix(sudo:session): session closed for user root
Aug 26 00:07:51 devstack cinder-volume[94433]: DEBUG oslo_concurrency.processutils [None req-b83d3070-c5cb-4163-b463-efd331d5372a tempest-VolumesDeleteCascade-1670055061 None] CMD "sudo cinder-rootwrap /etc/cinder/rootwrap.conf chmod ugo+rw /opt/stack/data/cinder/mnt/a55cf497d715a909aeba8e5304f8d195/volume-64159531-83e7-4831-92c1-695846d9a5f4.94342281-4dc2-4d6c-885c-c415388aeccc" returned: 0 in 0.582s {{(pid=94433) execute /opt/stack/data/venv/lib/python3.12/site-packages/oslo_concurrency/processutils.py:468}}
Aug 26 00:07:51 devstack cinder-volume[94433]: DEBUG oslo_concurrency.processutils [None req-b83d3070-c5cb-4163-b463-efd331d5372a tempest-VolumesDeleteCascade-1670055061 None] Running cmd (subprocess): sudo cinder-rootwrap /etc/cinder/rootwrap.conf truncate -s0 /opt/stack/data/cinder/mnt/a55cf497d715a909aeba8e5304f8d195/volume-64159531-83e7-4831-92c1-695846d9a5f4.info {{(pid=94433) execute /opt/stack/data/venv/lib/python3.12/site-packages/oslo_concurrency/processutils.py:440}}
Aug 26 00:07:51 devstack sudo[97268]: quobyte : PWD=/ ; USER=root ; COMMAND=/opt/stack/data/venv/bin/cinder-rootwrap /etc/cinder/rootwrap.conf truncate -s0 /opt/stack/data/cinder/mnt/a55cf497d715a909aeba8e5304f8d195/volume-64159531-83e7-4831-92c1-695846d9a5f4.info
Aug 26 00:07:51 devstack sudo[97268]: pam_unix(sudo:session): session opened for user root(uid=0) by (uid=1000)
Aug 26 00:07:51 devstack sudo[97268]: pam_unix(sudo:session): session closed for user root
Aug 26 00:07:51 devstack cinder-volume[94433]: DEBUG oslo_concurrency.processutils [None req-b83d3070-c5cb-4163-b463-efd331d5372a tempest-VolumesDeleteCascade-1670055061 None] CMD "sudo cinder-rootwrap /etc/cinder/rootwrap.conf truncate -s0 /opt/stack/data/cinder/mnt/a55cf497d715a909aeba8e5304f8d195/volume-64159531-83e7-4831-92c1-695846d9a5f4.info" returned: 0 in 0.486s {{(pid=94433) execute /opt/stack/data/venv/lib/python3.12/site-packages/oslo_concurrency/processutils.py:468}}
Aug 26 00:07:51 devstack cinder-volume[94433]: WARNING cinder.volume.drivers.remotefs [None req-b83d3070-c5cb-4163-b463-efd331d5372a tempest-VolumesDeleteCascade-1670055061 None] /opt/stack/data/cinder/mnt/a55cf497d715a909aeba8e5304f8d195/volume-64159531-83e7-4831-92c1-695846d9a5f4.info is being set with open permissions: ugo+rw
Aug 26 00:07:51 devstack cinder-volume[94433]: DEBUG oslo_concurrency.processutils [None req-b83d3070-c5cb-4163-b463-efd331d5372a tempest-VolumesDeleteCascade-1670055061 None] Running cmd (subprocess): sudo cinder-rootwrap /etc/cinder/rootwrap.conf chmod ugo+rw /opt/stack/data/cinder/mnt/a55cf497d715a909aeba8e5304f8d195/volume-64159531-83e7-4831-92c1-695846d9a5f4.info {{(pid=94433) execute /opt/stack/data/venv/lib/python3.12/site-packages/oslo_concurrency/processutils.py:440}}
Aug 26 00:07:51 devstack sudo[97272]: quobyte : PWD=/ ; USER=root ; COMMAND=/opt/stack/data/venv/bin/cinder-rootwrap /etc/cinder/rootwrap.conf chmod ugo+rw /opt/stack/data/cinder/mnt/a55cf497d715a909aeba8e5304f8d195/volume-64159531-83e7-4831-92c1-695846d9a5f4.info
Aug 26 00:07:51 devstack sudo[97272]: pam_unix(sudo:session): session opened for user root(uid=0) by (uid=1000)
Aug 26 00:07:52 devstack sudo[97272]: pam_unix(sudo:session): session closed for user root
Aug 26 00:07:52 devstack cinder-volume[94433]: DEBUG oslo_concurrency.processutils [None req-b83d3070-c5cb-4163-b463-efd331d5372a tempest-VolumesDeleteCascade-1670055061 None] CMD "sudo cinder-rootwrap /etc/cinder/rootwrap.conf chmod ugo+rw /opt/stack/data/cinder/mnt/a55cf497d715a909aeba8e5304f8d195/volume-64159531-83e7-4831-92c1-695846d9a5f4.info" returned: 0 in 0.537s {{(pid=94433) execute /opt/stack/data/venv/lib/python3.12/site-packages/oslo_concurrency/processutils.py:468}}
Aug 26 00:07:52 devstack cinder-volume[94433]: DEBUG oslo_concurrency.lockutils [None req-b83d3070-c5cb-4163-b463-efd331d5372a tempest-VolumesDeleteCascade-1670055061 None] Lock "quobyte" "released" by "cinder.volume.drivers.quobyte.QuobyteDriver.create_snapshot" :: held 3.983s {{(pid=94433) inner /opt/stack/data/venv/lib/python3.12/site-packages/oslo_concurrency/lockutils.py:544}}
Aug 26 00:07:52 devstack cinder-volume[94433]: INFO cinder.volume.manager [None req-b83d3070-c5cb-4163-b463-efd331d5372a tempest-VolumesDeleteCascade-1670055061 None] Create snapshot completed successfully
Aug 26 00:07:53 devstack cinder-volume[94433]: DEBUG oslo_concurrency.lockutils [None req-8b011dc0-a4c3-4f5e-93ee-3f2ba59d8043 tempest-VolumesDeleteCascade-1670055061 None] Acquiring lock "quobyte" by "cinder.volume.drivers.quobyte.QuobyteDriver.create_snapshot" {{(pid=94433) inner /opt/stack/data/venv/lib/python3.12/site-packages/oslo_concurrency/lockutils.py:512}}
Aug 26 00:07:53 devstack cinder-volume[94433]: DEBUG oslo_concurrency.lockutils [None req-8b011dc0-a4c3-4f5e-93ee-3f2ba59d8043 tempest-VolumesDeleteCascade-1670055061 None] Lock "quobyte" acquired by "cinder.volume.drivers.quobyte.QuobyteDriver.create_snapshot" :: waited 0.001s {{(pid=94433) inner /opt/stack/data/venv/lib/python3.12/site-packages/oslo_concurrency/lockutils.py:525}}
Aug 26 00:07:53 devstack cinder-volume[94433]: DEBUG cinder.volume.drivers.remotefs [None req-8b011dc0-a4c3-4f5e-93ee-3f2ba59d8043 tempest-VolumesDeleteCascade-1670055061 None] Creating offline snapshot 04b73544-7118-4592-ae5c-23012aadef7b of volume 64159531-83e7-4831-92c1-695846d9a5f4 {{(pid=94433) _create_snapshot /opt/stack/cinder/cinder/volume/drivers/remotefs.py:1816}}
Aug 26 00:07:53 devstack cinder-volume[94433]: DEBUG oslo.privsep.daemon [-] privsep: reply[a8ff4377-7e2c-4f27-aed2-e8ebbb574d97]: (4, 'qcow2') {{(pid=95536) _call_back /opt/stack/data/venv/lib/python3.12/site-packages/oslo_privsep/daemon.py:580}}
Aug 26 00:07:53 devstack cinder-volume[94433]: DEBUG oslo_concurrency.processutils [None req-8b011dc0-a4c3-4f5e-93ee-3f2ba59d8043 tempest-VolumesDeleteCascade-1670055061 None] Running cmd (subprocess): /opt/stack/data/venv/bin/python3.12 -m oslo_concurrency.prlimit --as=1073741824 --cpu=60 -- sudo cinder-rootwrap /etc/cinder/rootwrap.conf env LC_ALL=C qemu-img info -f qcow2 --output=json --force-share /opt/stack/data/cinder/mnt/a55cf497d715a909aeba8e5304f8d195/volume-64159531-83e7-4831-92c1-695846d9a5f4.94342281-4dc2-4d6c-885c-c415388aeccc {{(pid=94433) execute /opt/stack/data/venv/lib/python3.12/site-packages/oslo_concurrency/processutils.py:440}}
Aug 26 00:07:53 devstack sudo[97297]: quobyte : PWD=/ ; USER=root ; COMMAND=/opt/stack/data/venv/bin/cinder-rootwrap /etc/cinder/rootwrap.conf env LC_ALL=C qemu-img info -f qcow2 --output=json --force-share /opt/stack/data/cinder/mnt/a55cf497d715a909aeba8e5304f8d195/volume-64159531-83e7-4831-92c1-695846d9a5f4.94342281-4dc2-4d6c-885c-c415388aeccc
Aug 26 00:07:53 devstack sudo[97297]: pam_unix(sudo:session): session opened for user root(uid=0) by (uid=1000)
Aug 26 00:07:53 devstack sudo[97297]: pam_unix(sudo:session): session closed for user root
Aug 26 00:07:53 devstack cinder-volume[94433]: DEBUG oslo_concurrency.processutils [None req-8b011dc0-a4c3-4f5e-93ee-3f2ba59d8043 tempest-VolumesDeleteCascade-1670055061 None] CMD "/opt/stack/data/venv/bin/python3.12 -m oslo_concurrency.prlimit --as=1073741824 --cpu=60 -- sudo cinder-rootwrap /etc/cinder/rootwrap.conf env LC_ALL=C qemu-img info -f qcow2 --output=json --force-share /opt/stack/data/cinder/mnt/a55cf497d715a909aeba8e5304f8d195/volume-64159531-83e7-4831-92c1-695846d9a5f4.94342281-4dc2-4d6c-885c-c415388aeccc" returned: 0 in 0.496s {{(pid=94433) execute /opt/stack/data/venv/lib/python3.12/site-packages/oslo_concurrency/processutils.py:468}}
Aug 26 00:07:53 devstack cinder-volume[94433]: DEBUG cinder.volume.drivers.remotefs [None req-8b011dc0-a4c3-4f5e-93ee-3f2ba59d8043 tempest-VolumesDeleteCascade-1670055061 None] Fetching qemu-img info with special backing_file_template: (/opt/stack/data/cinder/mnt/[0-9a-f]+/)?(volume-64159531-83e7-4831-92c1-695846d9a5f4(.(tmp-snap-)?[0-9a-f-]+)?|volume_from_snapshot_cache/(tmp-snap-)?[0-9a-f-]+(.(child-|parent-)[0-9a-f-]+)?)$ {{(pid=94433) _qemu_img_info_base /opt/stack/cinder/cinder/volume/drivers/remotefs.py:896}}
Aug 26 00:07:53 devstack cinder-volume[94433]: DEBUG oslo_concurrency.processutils [None req-8b011dc0-a4c3-4f5e-93ee-3f2ba59d8043 tempest-VolumesDeleteCascade-1670055061 None] Running cmd (subprocess): sudo cinder-rootwrap /etc/cinder/rootwrap.conf qemu-img create -f qcow2 -o backing_file=/opt/stack/data/cinder/mnt/a55cf497d715a909aeba8e5304f8d195/volume-64159531-83e7-4831-92c1-695846d9a5f4.94342281-4dc2-4d6c-885c-c415388aeccc,backing_fmt=qcow2 /opt/stack/data/cinder/mnt/a55cf497d715a909aeba8e5304f8d195/volume-64159531-83e7-4831-92c1-695846d9a5f4.04b73544-7118-4592-ae5c-23012aadef7b 1G {{(pid=94433) execute /opt/stack/data/venv/lib/python3.12/site-packages/oslo_concurrency/processutils.py:440}}
Aug 26 00:07:53 devstack sudo[97323]: quobyte : PWD=/ ; USER=root ; COMMAND=/opt/stack/data/venv/bin/cinder-rootwrap /etc/cinder/rootwrap.conf qemu-img create -f qcow2 -o backing_file=/opt/stack/data/cinder/mnt/a55cf497d715a909aeba8e5304f8d195/volume-64159531-83e7-4831-92c1-695846d9a5f4.94342281-4dc2-4d6c-885c-c415388aeccc,backing_fmt=qcow2 /opt/stack/data/cinder/mnt/a55cf497d715a909aeba8e5304f8d195/volume-64159531-83e7-4831-92c1-695846d9a5f4.04b73544-7118-4592-ae5c-23012aadef7b 1G
Aug 26 00:07:53 devstack sudo[97323]: pam_unix(sudo:session): session opened for user root(uid=0) by (uid=1000)
Aug 26 00:07:54 devstack sudo[97323]: pam_unix(sudo:session): session closed for user root
Aug 26 00:07:54 devstack cinder-volume[94433]: DEBUG oslo_concurrency.processutils [None req-8b011dc0-a4c3-4f5e-93ee-3f2ba59d8043 tempest-VolumesDeleteCascade-1670055061 None] CMD "sudo cinder-rootwrap /etc/cinder/rootwrap.conf qemu-img create -f qcow2 -o backing_file=/opt/stack/data/cinder/mnt/a55cf497d715a909aeba8e5304f8d195/volume-64159531-83e7-4831-92c1-695846d9a5f4.94342281-4dc2-4d6c-885c-c415388aeccc,backing_fmt=qcow2 /opt/stack/data/cinder/mnt/a55cf497d715a909aeba8e5304f8d195/volume-64159531-83e7-4831-92c1-695846d9a5f4.04b73544-7118-4592-ae5c-23012aadef7b 1G" returned: 0 in 0.660s {{(pid=94433) execute /opt/stack/data/venv/lib/python3.12/site-packages/oslo_concurrency/processutils.py:468}}
Aug 26 00:07:54 devstack cinder-volume[94433]: DEBUG oslo_concurrency.processutils [None req-8b011dc0-a4c3-4f5e-93ee-3f2ba59d8043 tempest-VolumesDeleteCascade-1670055061 None] Running cmd (subprocess): sudo cinder-rootwrap /etc/cinder/rootwrap.conf qemu-img rebase -u -b volume-64159531-83e7-4831-92c1-695846d9a5f4.94342281-4dc2-4d6c-885c-c415388aeccc -F qcow2 /opt/stack/data/cinder/mnt/a55cf497d715a909aeba8e5304f8d195/volume-64159531-83e7-4831-92c1-695846d9a5f4.04b73544-7118-4592-ae5c-23012aadef7b {{(pid=94433) execute /opt/stack/data/venv/lib/python3.12/site-packages/oslo_concurrency/processutils.py:440}}
Aug 26 00:07:54 devstack sudo[97333]: quobyte : PWD=/ ; USER=root ; COMMAND=/opt/stack/data/venv/bin/cinder-rootwrap /etc/cinder/rootwrap.conf qemu-img rebase -u -b volume-64159531-83e7-4831-92c1-695846d9a5f4.94342281-4dc2-4d6c-885c-c415388aeccc -F qcow2 /opt/stack/data/cinder/mnt/a55cf497d715a909aeba8e5304f8d195/volume-64159531-83e7-4831-92c1-695846d9a5f4.04b73544-7118-4592-ae5c-23012aadef7b
Aug 26 00:07:54 devstack sudo[97333]: pam_unix(sudo:session): session opened for user root(uid=0) by (uid=1000)
Aug 26 00:07:54 devstack sudo[97333]: pam_unix(sudo:session): session closed for user root
Aug 26 00:07:54 devstack cinder-volume[94433]: DEBUG oslo_concurrency.processutils [None req-8b011dc0-a4c3-4f5e-93ee-3f2ba59d8043 tempest-VolumesDeleteCascade-1670055061 None] CMD "sudo cinder-rootwrap /etc/cinder/rootwrap.conf qemu-img rebase -u -b volume-64159531-83e7-4831-92c1-695846d9a5f4.94342281-4dc2-4d6c-885c-c415388aeccc -F qcow2 /opt/stack/data/cinder/mnt/a55cf497d715a909aeba8e5304f8d195/volume-64159531-83e7-4831-92c1-695846d9a5f4.04b73544-7118-4592-ae5c-23012aadef7b" returned: 0 in 0.404s {{(pid=94433) execute /opt/stack/data/venv/lib/python3.12/site-packages/oslo_concurrency/processutils.py:468}}
Aug 26 00:07:54 devstack cinder-volume[94433]: WARNING cinder.volume.drivers.remotefs [None req-8b011dc0-a4c3-4f5e-93ee-3f2ba59d8043 tempest-VolumesDeleteCascade-1670055061 None] /opt/stack/data/cinder/mnt/a55cf497d715a909aeba8e5304f8d195/volume-64159531-83e7-4831-92c1-695846d9a5f4.04b73544-7118-4592-ae5c-23012aadef7b is being set with open permissions: ugo+rw
Aug 26 00:07:54 devstack cinder-volume[94433]: DEBUG oslo_concurrency.processutils [None req-8b011dc0-a4c3-4f5e-93ee-3f2ba59d8043 tempest-VolumesDeleteCascade-1670055061 None] Running cmd (subprocess): sudo cinder-rootwrap /etc/cinder/rootwrap.conf chmod ugo+rw /opt/stack/data/cinder/mnt/a55cf497d715a909aeba8e5304f8d195/volume-64159531-83e7-4831-92c1-695846d9a5f4.04b73544-7118-4592-ae5c-23012aadef7b {{(pid=94433) execute /opt/stack/data/venv/lib/python3.12/site-packages/oslo_concurrency/processutils.py:440}}
Aug 26 00:07:54 devstack sudo[97341]: quobyte : PWD=/ ; USER=root ; COMMAND=/opt/stack/data/venv/bin/cinder-rootwrap /etc/cinder/rootwrap.conf chmod ugo+rw /opt/stack/data/cinder/mnt/a55cf497d715a909aeba8e5304f8d195/volume-64159531-83e7-4831-92c1-695846d9a5f4.04b73544-7118-4592-ae5c-23012aadef7b
Aug 26 00:07:54 devstack sudo[97341]: pam_unix(sudo:session): session opened for user root(uid=0) by (uid=1000)
Aug 26 00:07:55 devstack sudo[97341]: pam_unix(sudo:session): session closed for user root
Aug 26 00:07:55 devstack cinder-volume[94433]: DEBUG oslo_concurrency.processutils [None req-8b011dc0-a4c3-4f5e-93ee-3f2ba59d8043 tempest-VolumesDeleteCascade-1670055061 None] CMD "sudo cinder-rootwrap /etc/cinder/rootwrap.conf chmod ugo+rw /opt/stack/data/cinder/mnt/a55cf497d715a909aeba8e5304f8d195/volume-64159531-83e7-4831-92c1-695846d9a5f4.04b73544-7118-4592-ae5c-23012aadef7b" returned: 0 in 0.272s {{(pid=94433) execute /opt/stack/data/venv/lib/python3.12/site-packages/oslo_concurrency/processutils.py:468}}
Aug 26 00:07:55 devstack cinder-volume[94433]: DEBUG oslo_concurrency.lockutils [None req-8b011dc0-a4c3-4f5e-93ee-3f2ba59d8043 tempest-VolumesDeleteCascade-1670055061 None] Lock "quobyte" "released" by "cinder.volume.drivers.quobyte.QuobyteDriver.create_snapshot" :: held 1.955s {{(pid=94433) inner /opt/stack/data/venv/lib/python3.12/site-packages/oslo_concurrency/lockutils.py:544}}
Aug 26 00:07:55 devstack cinder-volume[94433]: INFO cinder.volume.manager [None req-8b011dc0-a4c3-4f5e-93ee-3f2ba59d8043 tempest-VolumesDeleteCascade-1670055061 None] Create snapshot completed successfully
Aug 26 00:07:55 devstack cinder-volume[94433]: DEBUG cinder.coordination [None req-6844009c-cbe8-4473-8594-57ab577b638c tempest-VolumesDeleteCascade-1670055061 None] Acquiring lock "cinder-64159531-83e7-4831-92c1-695846d9a5f4-delete_volume" by "delete_volume" {{(pid=94433) __acquire /opt/stack/cinder/cinder/coordination.py:138}}
Aug 26 00:07:55 devstack cinder-volume[94433]: DEBUG cinder.coordination [None req-6844009c-cbe8-4473-8594-57ab577b638c tempest-VolumesDeleteCascade-1670055061 None] Lock "cinder-64159531-83e7-4831-92c1-695846d9a5f4-delete_volume" acquired by "delete_volume" :: waited 0.033s {{(pid=94433) __acquire /opt/stack/cinder/cinder/coordination.py:141}}
Aug 26 00:07:55 devstack cinder-volume[94433]: DEBUG cinder.volume.manager [None req-6844009c-cbe8-4473-8594-57ab577b638c tempest-VolumesDeleteCascade-1670055061 None] Performing cascade delete. {{(pid=94433) delete_volume /opt/stack/cinder/cinder/volume/manager.py:995}}
Aug 26 00:07:55 devstack cinder-volume[94433]: DEBUG cinder.coordination [None req-6844009c-cbe8-4473-8594-57ab577b638c tempest-VolumesDeleteCascade-1670055061 None] Acquiring lock "cinder-04b73544-7118-4592-ae5c-23012aadef7b-delete_snapshot" by "delete_snapshot" {{(pid=94433) __acquire /opt/stack/cinder/cinder/coordination.py:138}}
Aug 26 00:07:55 devstack cinder-volume[94433]: DEBUG cinder.coordination [None req-6844009c-cbe8-4473-8594-57ab577b638c tempest-VolumesDeleteCascade-1670055061 None] Lock "cinder-04b73544-7118-4592-ae5c-23012aadef7b-delete_snapshot" acquired by "delete_snapshot" :: waited 0.024s {{(pid=94433) __acquire /opt/stack/cinder/cinder/coordination.py:141}}
Aug 26 00:07:55 devstack cinder-volume[94433]: DEBUG cinder.coordination [None req-6844009c-cbe8-4473-8594-57ab577b638c tempest-VolumesDeleteCascade-1670055061 None] Acquiring lock "cinder-quobyte-64159531-83e7-4831-92c1-695846d9a5f4" by "delete_snapshot" {{(pid=94433) __acquire /opt/stack/cinder/cinder/coordination.py:138}}
Aug 26 00:07:55 devstack cinder-volume[94433]: DEBUG cinder.coordination [None req-6844009c-cbe8-4473-8594-57ab577b638c tempest-VolumesDeleteCascade-1670055061 None] Lock "cinder-quobyte-64159531-83e7-4831-92c1-695846d9a5f4" acquired by "delete_snapshot" :: waited 0.028s {{(pid=94433) __acquire /opt/stack/cinder/cinder/coordination.py:141}}
Aug 26 00:07:55 devstack cinder-volume[94433]: DEBUG cinder.coordination [None req-6844009c-cbe8-4473-8594-57ab577b638c tempest-VolumesDeleteCascade-1670055061 None] Acquiring lock "cinder-quobyte-04b73544-7118-4592-ae5c-23012aadef7b" by "_delete_snapshot" {{(pid=94433) __acquire /opt/stack/cinder/cinder/coordination.py:138}}
Aug 26 00:07:55 devstack cinder-volume[94433]: DEBUG cinder.coordination [None req-6844009c-cbe8-4473-8594-57ab577b638c tempest-VolumesDeleteCascade-1670055061 None] Lock "cinder-quobyte-04b73544-7118-4592-ae5c-23012aadef7b" acquired by "_delete_snapshot" :: waited 0.026s {{(pid=94433) __acquire /opt/stack/cinder/cinder/coordination.py:141}}
Aug 26 00:07:55 devstack cinder-volume[94433]: DEBUG cinder.volume.drivers.remotefs [None req-6844009c-cbe8-4473-8594-57ab577b638c tempest-VolumesDeleteCascade-1670055061 None] Deleting offline snapshot 04b73544-7118-4592-ae5c-23012aadef7b of volume 64159531-83e7-4831-92c1-695846d9a5f4 {{(pid=94433) _delete_snapshot /opt/stack/cinder/cinder/volume/drivers/remotefs.py:1288}}
Aug 26 00:07:55 devstack cinder-volume[94433]: DEBUG cinder.volume.drivers.remotefs [None req-6844009c-cbe8-4473-8594-57ab577b638c tempest-VolumesDeleteCascade-1670055061 None] snapshot_file for this snap is: volume-64159531-83e7-4831-92c1-695846d9a5f4.04b73544-7118-4592-ae5c-23012aadef7b {{(pid=94433) _delete_snapshot /opt/stack/cinder/cinder/volume/drivers/remotefs.py:1317}}
Aug 26 00:07:55 devstack cinder-volume[94433]: DEBUG oslo.privsep.daemon [-] privsep: reply[43020ba3-1a74-43d1-bba8-41770f096ed2]: (4, 'qcow2') {{(pid=95536) _call_back /opt/stack/data/venv/lib/python3.12/site-packages/oslo_privsep/daemon.py:580}}
Aug 26 00:07:55 devstack cinder-volume[94433]: DEBUG oslo_concurrency.processutils [None req-6844009c-cbe8-4473-8594-57ab577b638c tempest-VolumesDeleteCascade-1670055061 None] Running cmd (subprocess): /opt/stack/data/venv/bin/python3.12 -m oslo_concurrency.prlimit --as=1073741824 --cpu=60 -- sudo cinder-rootwrap /etc/cinder/rootwrap.conf env LC_ALL=C qemu-img info -f qcow2 --output=json --force-share /opt/stack/data/cinder/mnt/a55cf497d715a909aeba8e5304f8d195/volume-64159531-83e7-4831-92c1-695846d9a5f4.04b73544-7118-4592-ae5c-23012aadef7b {{(pid=94433) execute /opt/stack/data/venv/lib/python3.12/site-packages/oslo_concurrency/processutils.py:440}}
Aug 26 00:07:55 devstack sudo[97363]: quobyte : PWD=/ ; USER=root ; COMMAND=/opt/stack/data/venv/bin/cinder-rootwrap /etc/cinder/rootwrap.conf env LC_ALL=C qemu-img info -f qcow2 --output=json --force-share /opt/stack/data/cinder/mnt/a55cf497d715a909aeba8e5304f8d195/volume-64159531-83e7-4831-92c1-695846d9a5f4.04b73544-7118-4592-ae5c-23012aadef7b
Aug 26 00:07:55 devstack sudo[97363]: pam_unix(sudo:session): session opened for user root(uid=0) by (uid=1000)
Aug 26 00:07:56 devstack sudo[97363]: pam_unix(sudo:session): session closed for user root
Aug 26 00:07:56 devstack cinder-volume[94433]: DEBUG oslo_concurrency.processutils [None req-6844009c-cbe8-4473-8594-57ab577b638c tempest-VolumesDeleteCascade-1670055061 None] CMD "/opt/stack/data/venv/bin/python3.12 -m oslo_concurrency.prlimit --as=1073741824 --cpu=60 -- sudo cinder-rootwrap /etc/cinder/rootwrap.conf env LC_ALL=C qemu-img info -f qcow2 --output=json --force-share /opt/stack/data/cinder/mnt/a55cf497d715a909aeba8e5304f8d195/volume-64159531-83e7-4831-92c1-695846d9a5f4.04b73544-7118-4592-ae5c-23012aadef7b" returned: 0 in 0.502s {{(pid=94433) execute /opt/stack/data/venv/lib/python3.12/site-packages/oslo_concurrency/processutils.py:468}}
Aug 26 00:07:56 devstack cinder-volume[94433]: DEBUG cinder.volume.drivers.remotefs [None req-6844009c-cbe8-4473-8594-57ab577b638c tempest-VolumesDeleteCascade-1670055061 None] Fetching qemu-img info with special backing_file_template: (/opt/stack/data/cinder/mnt/[0-9a-f]+/)?(volume-64159531-83e7-4831-92c1-695846d9a5f4(.(tmp-snap-)?[0-9a-f-]+)?|volume_from_snapshot_cache/(tmp-snap-)?[0-9a-f-]+(.(child-|parent-)[0-9a-f-]+)?)$ {{(pid=94433) _qemu_img_info_base /opt/stack/cinder/cinder/volume/drivers/remotefs.py:896}}
Aug 26 00:07:56 devstack cinder-volume[94433]: DEBUG oslo.privsep.daemon [-] privsep: reply[ffd4782c-ba91-4a88-9cc3-48ec34de677a]: (4, 'qcow2') {{(pid=95536) _call_back /opt/stack/data/venv/lib/python3.12/site-packages/oslo_privsep/daemon.py:580}}
Aug 26 00:07:56 devstack cinder-volume[94433]: DEBUG oslo_concurrency.processutils [None req-6844009c-cbe8-4473-8594-57ab577b638c tempest-VolumesDeleteCascade-1670055061 None] Running cmd (subprocess): /opt/stack/data/venv/bin/python3.12 -m oslo_concurrency.prlimit --as=1073741824 --cpu=60 -- sudo cinder-rootwrap /etc/cinder/rootwrap.conf env LC_ALL=C qemu-img info -f qcow2 --output=json --force-share /opt/stack/data/cinder/mnt/a55cf497d715a909aeba8e5304f8d195/volume-64159531-83e7-4831-92c1-695846d9a5f4.94342281-4dc2-4d6c-885c-c415388aeccc {{(pid=94433) execute /opt/stack/data/venv/lib/python3.12/site-packages/oslo_concurrency/processutils.py:440}}
Aug 26 00:07:56 devstack sudo[97383]: quobyte : PWD=/ ; USER=root ; COMMAND=/opt/stack/data/venv/bin/cinder-rootwrap /etc/cinder/rootwrap.conf env LC_ALL=C qemu-img info -f qcow2 --output=json --force-share /opt/stack/data/cinder/mnt/a55cf497d715a909aeba8e5304f8d195/volume-64159531-83e7-4831-92c1-695846d9a5f4.94342281-4dc2-4d6c-885c-c415388aeccc
Aug 26 00:07:56 devstack sudo[97383]: pam_unix(sudo:session): session opened for user root(uid=0) by (uid=1000)
Aug 26 00:07:56 devstack sudo[97383]: pam_unix(sudo:session): session closed for user root
Aug 26 00:07:56 devstack cinder-volume[94433]: DEBUG oslo_concurrency.processutils [None req-6844009c-cbe8-4473-8594-57ab577b638c tempest-VolumesDeleteCascade-1670055061 None] CMD "/opt/stack/data/venv/bin/python3.12 -m oslo_concurrency.prlimit --as=1073741824 --cpu=60 -- sudo cinder-rootwrap /etc/cinder/rootwrap.conf env LC_ALL=C qemu-img info -f qcow2 --output=json --force-share /opt/stack/data/cinder/mnt/a55cf497d715a909aeba8e5304f8d195/volume-64159531-83e7-4831-92c1-695846d9a5f4.94342281-4dc2-4d6c-885c-c415388aeccc" returned: 0 in 0.505s {{(pid=94433) execute /opt/stack/data/venv/lib/python3.12/site-packages/oslo_concurrency/processutils.py:468}}
Aug 26 00:07:56 devstack cinder-volume[94433]: DEBUG cinder.volume.drivers.remotefs [None req-6844009c-cbe8-4473-8594-57ab577b638c tempest-VolumesDeleteCascade-1670055061 None] Fetching qemu-img info with special backing_file_template: (/opt/stack/data/cinder/mnt/[0-9a-f]+/)?(volume-64159531-83e7-4831-92c1-695846d9a5f4(.(tmp-snap-)?[0-9a-f-]+)?|volume_from_snapshot_cache/(tmp-snap-)?[0-9a-f-]+(.(child-|parent-)[0-9a-f-]+)?)$ {{(pid=94433) _qemu_img_info_base /opt/stack/cinder/cinder/volume/drivers/remotefs.py:896}}
Aug 26 00:07:56 devstack cinder-volume[94433]: DEBUG oslo_concurrency.processutils [None req-6844009c-cbe8-4473-8594-57ab577b638c tempest-VolumesDeleteCascade-1670055061 None] Running cmd (subprocess): sudo cinder-rootwrap /etc/cinder/rootwrap.conf qemu-img commit -d /opt/stack/data/cinder/mnt/a55cf497d715a909aeba8e5304f8d195/volume-64159531-83e7-4831-92c1-695846d9a5f4.04b73544-7118-4592-ae5c-23012aadef7b {{(pid=94433) execute /opt/stack/data/venv/lib/python3.12/site-packages/oslo_concurrency/processutils.py:440}}
Aug 26 00:07:56 devstack sudo[97401]: quobyte : PWD=/ ; USER=root ; COMMAND=/opt/stack/data/venv/bin/cinder-rootwrap /etc/cinder/rootwrap.conf qemu-img commit -d /opt/stack/data/cinder/mnt/a55cf497d715a909aeba8e5304f8d195/volume-64159531-83e7-4831-92c1-695846d9a5f4.04b73544-7118-4592-ae5c-23012aadef7b
Aug 26 00:07:56 devstack sudo[97401]: pam_unix(sudo:session): session opened for user root(uid=0) by (uid=1000)
Aug 26 00:07:57 devstack sudo[97401]: pam_unix(sudo:session): session closed for user root
Aug 26 00:07:57 devstack cinder-volume[94433]: DEBUG oslo_concurrency.processutils [None req-6844009c-cbe8-4473-8594-57ab577b638c tempest-VolumesDeleteCascade-1670055061 None] CMD "sudo cinder-rootwrap /etc/cinder/rootwrap.conf qemu-img commit -d /opt/stack/data/cinder/mnt/a55cf497d715a909aeba8e5304f8d195/volume-64159531-83e7-4831-92c1-695846d9a5f4.04b73544-7118-4592-ae5c-23012aadef7b" returned: 0 in 0.501s {{(pid=94433) execute /opt/stack/data/venv/lib/python3.12/site-packages/oslo_concurrency/processutils.py:468}}
Aug 26 00:07:57 devstack cinder-volume[94433]: DEBUG oslo_concurrency.processutils [None req-6844009c-cbe8-4473-8594-57ab577b638c tempest-VolumesDeleteCascade-1670055061 None] Running cmd (subprocess): sudo cinder-rootwrap /etc/cinder/rootwrap.conf rm -f /opt/stack/data/cinder/mnt/a55cf497d715a909aeba8e5304f8d195/volume-64159531-83e7-4831-92c1-695846d9a5f4.04b73544-7118-4592-ae5c-23012aadef7b {{(pid=94433) execute /opt/stack/data/venv/lib/python3.12/site-packages/oslo_concurrency/processutils.py:440}}
Aug 26 00:07:57 devstack sudo[97418]: quobyte : PWD=/ ; USER=root ; COMMAND=/opt/stack/data/venv/bin/cinder-rootwrap /etc/cinder/rootwrap.conf rm -f /opt/stack/data/cinder/mnt/a55cf497d715a909aeba8e5304f8d195/volume-64159531-83e7-4831-92c1-695846d9a5f4.04b73544-7118-4592-ae5c-23012aadef7b
Aug 26 00:07:57 devstack sudo[97418]: pam_unix(sudo:session): session opened for user root(uid=0) by (uid=1000)
Aug 26 00:07:57 devstack sudo[97418]: pam_unix(sudo:session): session closed for user root
Aug 26 00:07:57 devstack cinder-volume[94433]: DEBUG oslo_concurrency.processutils [None req-6844009c-cbe8-4473-8594-57ab577b638c tempest-VolumesDeleteCascade-1670055061 None] CMD "sudo cinder-rootwrap /etc/cinder/rootwrap.conf rm -f /opt/stack/data/cinder/mnt/a55cf497d715a909aeba8e5304f8d195/volume-64159531-83e7-4831-92c1-695846d9a5f4.04b73544-7118-4592-ae5c-23012aadef7b" returned: 0 in 0.249s {{(pid=94433) execute /opt/stack/data/venv/lib/python3.12/site-packages/oslo_concurrency/processutils.py:468}}
