Aug 21 18:17:35 devstack cinder-volume[94458]: DEBUG cinder.volume.manager [None req-1b917011-3cdf-4a82-8a39-780605a18f29 tempest-AttachVolumeNegativeTest-816530350 None] Flow 'volume_create_manager' (a97abb13-bbce-460b-adfd-4004099417f4) transitioned into state 'RUNNING' from state 'PENDING' {{(pid=94458) _flow_receiver /opt/stack/data/venv/lib/python3.12/site-packages/taskflow/listeners/logging.py:160}}
Aug 21 18:17:35 devstack cinder-volume[94458]: DEBUG cinder.volume.manager [None req-1b917011-3cdf-4a82-8a39-780605a18f29 tempest-AttachVolumeNegativeTest-816530350 None] Task 'cinder.volume.flows.manager.create_volume.ExtractVolumeRefTask;volume:create' (ec9ced42-3131-4b82-a1ea-033a951d0710) transitioned into state 'RUNNING' from state 'PENDING' {{(pid=94458) _task_receiver /opt/stack/data/venv/lib/python3.12/site-packages/taskflow/listeners/logging.py:242}}
Aug 21 18:17:35 devstack cinder-volume[94458]: DEBUG oslo_concurrency.processutils [None req-90d1e900-9c30-4c34-b909-76ca39ff379c tempest-VolumesSnapshotListTestJSON-757052663 None] Running cmd (subprocess): sudo cinder-rootwrap /etc/cinder/rootwrap.conf chmod ugo+rw /opt/stack/data/cinder/mnt/b553cc8ae09bb990da4a2e64481e0b45/volume-3df0afdf-4383-4b10-b4b4-e58302ac949d {{(pid=94458) execute /opt/stack/data/venv/lib/python3.12/site-packages/oslo_concurrency/processutils.py:440}}
Aug 21 18:17:35 devstack cinder-volume[94458]: DEBUG cinder.volume.manager [None req-1b917011-3cdf-4a82-8a39-780605a18f29 tempest-AttachVolumeNegativeTest-816530350 None] Task 'cinder.volume.flows.manager.create_volume.ExtractVolumeRefTask;volume:create' (ec9ced42-3131-4b82-a1ea-033a951d0710) transitioned into state 'SUCCESS' from state 'RUNNING' with result 'Volume(_name_id=None,admin_metadata=,attach_status='detached',availability_zone='nova',bootable=False,cluster=,cluster_name=None,consistencygroup=,consistencygroup_id=None,created_at=2026-08-21T16:17:35Z,deleted=False,deleted_at=None,display_description=None,display_name='tempest-AttachVolumeNegativeTest-volume-2031739644',ec2_id=None,encryption_key_id=None,glance_metadata=,group=,group_id=None,host='devstack@QuobyteHD#QuobyteHD',id=0e927f70-90cd-4bf2-a8f0-46b4e0dbbcc1,launched_at=None,metadata={},migration_status=None,multiattach=False,previous_status=None,project_id='71af53683eea4c2f9e34e3d64569f140',provider_auth=None,provider_geometry=None,provider_id=None,provider_location=None,replication_driver_data=None,replication_extended_status=None,replication_status=None,scheduled_at=2026-08-21T16:17:36Z,service_uuid=None,shared_targets=True,size=1,snapshot_id=None,snapshots=,source_volid=None,status='creating',terminated_at=None,updated_at=2026-08-21T16:17:36Z,use_quota=True,user_id='537790bb82e74b75b72332c5125b99c0',volume_attachment=VolumeAttachmentList,volume_type=VolumeType(83c354fc-87aa-4d0a-afd5-3066d64f6c47),volume_type_id=83c354fc-87aa-4d0a-afd5-3066d64f6c47)' {{(pid=94458) _task_receiver /opt/stack/data/venv/lib/python3.12/site-packages/taskflow/listeners/logging.py:218}}
Aug 21 18:17:35 devstack cinder-volume[94458]: DEBUG cinder.volume.manager [None req-1b917011-3cdf-4a82-8a39-780605a18f29 tempest-AttachVolumeNegativeTest-816530350 None] Task 'cinder.volume.flows.manager.create_volume.OnFailureRescheduleTask;volume:create' (e3c5ae02-3d10-4557-9b15-939b0880272a) transitioned into state 'RUNNING' from state 'PENDING' {{(pid=94458) _task_receiver /opt/stack/data/venv/lib/python3.12/site-packages/taskflow/listeners/logging.py:242}}
Aug 21 18:17:35 devstack sudo[101928]: quobyte : PWD=/ ; USER=root ; COMMAND=/opt/stack/data/venv/bin/cinder-rootwrap /etc/cinder/rootwrap.conf chmod ugo+rw /opt/stack/data/cinder/mnt/b553cc8ae09bb990da4a2e64481e0b45/volume-3df0afdf-4383-4b10-b4b4-e58302ac949d
Aug 21 18:17:35 devstack sudo[101928]: pam_unix(sudo:session): session opened for user root(uid=0) by (uid=1000)
Aug 21 18:17:35 devstack cinder-volume[94458]: DEBUG cinder.volume.manager [None req-1b917011-3cdf-4a82-8a39-780605a18f29 tempest-AttachVolumeNegativeTest-816530350 None] Task 'cinder.volume.flows.manager.create_volume.OnFailureRescheduleTask;volume:create' (e3c5ae02-3d10-4557-9b15-939b0880272a) transitioned into state 'SUCCESS' from state 'RUNNING' with result 'None' {{(pid=94458) _task_receiver /opt/stack/data/venv/lib/python3.12/site-packages/taskflow/listeners/logging.py:218}}
Aug 21 18:17:35 devstack cinder-volume[94458]: DEBUG cinder.volume.manager [None req-1b917011-3cdf-4a82-8a39-780605a18f29 tempest-AttachVolumeNegativeTest-816530350 None] Task 'cinder.volume.flows.manager.create_volume.ExtractVolumeSpecTask;volume:create' (cd6d6d24-c617-4e0d-96c2-09c0ef58cb75) transitioned into state 'RUNNING' from state 'PENDING' {{(pid=94458) _task_receiver /opt/stack/data/venv/lib/python3.12/site-packages/taskflow/listeners/logging.py:242}}
Aug 21 18:17:36 devstack cinder-volume[94458]: DEBUG cinder.volume.manager [None req-1b917011-3cdf-4a82-8a39-780605a18f29 tempest-AttachVolumeNegativeTest-816530350 None] Task 'cinder.volume.flows.manager.create_volume.ExtractVolumeSpecTask;volume:create' (cd6d6d24-c617-4e0d-96c2-09c0ef58cb75) transitioned into state 'SUCCESS' from state 'RUNNING' with result '{'status': 'creating', 'type': 'raw', 'volume_id': '0e927f70-90cd-4bf2-a8f0-46b4e0dbbcc1', 'volume_name': 'volume-0e927f70-90cd-4bf2-a8f0-46b4e0dbbcc1', 'volume_size': 1}' {{(pid=94458) _task_receiver /opt/stack/data/venv/lib/python3.12/site-packages/taskflow/listeners/logging.py:218}}
Aug 21 18:17:36 devstack cinder-volume[94458]: DEBUG cinder.volume.manager [None req-1b917011-3cdf-4a82-8a39-780605a18f29 tempest-AttachVolumeNegativeTest-816530350 None] Task 'cinder.volume.flows.manager.create_volume.NotifyVolumeActionTask;volume:create, create.start' (e5986a4f-35b9-496c-9ed4-de143280507e) transitioned into state 'RUNNING' from state 'PENDING' {{(pid=94458) _task_receiver /opt/stack/data/venv/lib/python3.12/site-packages/taskflow/listeners/logging.py:242}}
Aug 21 18:17:36 devstack cinder-volume[94458]: DEBUG cinder.volume.manager [None req-1b917011-3cdf-4a82-8a39-780605a18f29 tempest-AttachVolumeNegativeTest-816530350 None] Task 'cinder.volume.flows.manager.create_volume.NotifyVolumeActionTask;volume:create, create.start' (e5986a4f-35b9-496c-9ed4-de143280507e) transitioned into state 'SUCCESS' from state 'RUNNING' with result 'None' {{(pid=94458) _task_receiver /opt/stack/data/venv/lib/python3.12/site-packages/taskflow/listeners/logging.py:218}}
Aug 21 18:17:36 devstack cinder-volume[94458]: DEBUG cinder.volume.manager [None req-1b917011-3cdf-4a82-8a39-780605a18f29 tempest-AttachVolumeNegativeTest-816530350 None] Task 'cinder.volume.flows.manager.create_volume.CreateVolumeFromSpecTask;volume:create' (63a2085b-13e9-445c-b0e2-a39051638d6d) transitioned into state 'RUNNING' from state 'PENDING' {{(pid=94458) _task_receiver /opt/stack/data/venv/lib/python3.12/site-packages/taskflow/listeners/logging.py:242}}
Aug 21 18:17:36 devstack cinder-volume[94458]: INFO cinder.volume.flows.manager.create_volume [None req-1b917011-3cdf-4a82-8a39-780605a18f29 tempest-AttachVolumeNegativeTest-816530350 None] Volume 0e927f70-90cd-4bf2-a8f0-46b4e0dbbcc1: being created as raw with specification: {'status': 'creating', 'volume_name': 'volume-0e927f70-90cd-4bf2-a8f0-46b4e0dbbcc1', 'volume_size': 1}
Aug 21 18:17:36 devstack cinder-volume[94458]: DEBUG oslo_concurrency.lockutils [None req-1b917011-3cdf-4a82-8a39-780605a18f29 tempest-AttachVolumeNegativeTest-816530350 None] Acquiring lock "quobyte" by "cinder.volume.drivers.quobyte.QuobyteDriver.create_volume" {{(pid=94458) inner /opt/stack/data/venv/lib/python3.12/site-packages/oslo_concurrency/lockutils.py:512}}
Aug 21 18:17:36 devstack sudo[101928]: pam_unix(sudo:session): session closed for user root
Aug 21 18:17:36 devstack cinder-volume[94458]: DEBUG oslo_concurrency.processutils [None req-90d1e900-9c30-4c34-b909-76ca39ff379c tempest-VolumesSnapshotListTestJSON-757052663 None] CMD "sudo cinder-rootwrap /etc/cinder/rootwrap.conf chmod ugo+rw /opt/stack/data/cinder/mnt/b553cc8ae09bb990da4a2e64481e0b45/volume-3df0afdf-4383-4b10-b4b4-e58302ac949d" returned: 0 in 0.266s {{(pid=94458) execute /opt/stack/data/venv/lib/python3.12/site-packages/oslo_concurrency/processutils.py:468}}
Aug 21 18:17:36 devstack cinder-volume[94458]: DEBUG cinder.volume.drivers.quobyte [None req-90d1e900-9c30-4c34-b909-76ca39ff379c tempest-VolumesSnapshotListTestJSON-757052663 None] <== create_volume: return (869ms) {'provider_location': 'osci02.corp.quobyte.com/cinder-vol-0526ed12-5752-4239-b7a9-5ef0509e6fb2'} {{(pid=94458) trace_logging_wrapper /opt/stack/cinder/cinder/volume/volume_utils.py:1522}}
Aug 21 18:17:36 devstack cinder-volume[94458]: DEBUG oslo_concurrency.lockutils [None req-90d1e900-9c30-4c34-b909-76ca39ff379c tempest-VolumesSnapshotListTestJSON-757052663 None] Lock "quobyte" "released" by "cinder.volume.drivers.quobyte.QuobyteDriver.create_volume" :: held 0.871s {{(pid=94458) inner /opt/stack/data/venv/lib/python3.12/site-packages/oslo_concurrency/lockutils.py:544}}
Aug 21 18:17:36 devstack cinder-volume[94458]: DEBUG oslo_concurrency.lockutils [None req-1b917011-3cdf-4a82-8a39-780605a18f29 tempest-AttachVolumeNegativeTest-816530350 None] Lock "quobyte" acquired by "cinder.volume.drivers.quobyte.QuobyteDriver.create_volume" :: waited 0.212s {{(pid=94458) inner /opt/stack/data/venv/lib/python3.12/site-packages/oslo_concurrency/lockutils.py:525}}
Aug 21 18:17:36 devstack cinder-volume[94458]: DEBUG cinder.volume.drivers.quobyte [None req-1b917011-3cdf-4a82-8a39-780605a18f29 tempest-AttachVolumeNegativeTest-816530350 None] ==> create_volume: call "{'self': , 'volume': Volume(_name_id=None,admin_metadata=,attach_status='detached',availability_zone='nova',bootable=False,cluster=,cluster_name=None,consistencygroup=,consistencygroup_id=None,created_at=2026-08-21T16:17:35Z,deleted=False,deleted_at=None,display_description=None,display_name='tempest-AttachVolumeNegativeTest-volume-2031739644',ec2_id=None,encryption_key_id=None,glance_metadata=,group=,group_id=None,host='devstack@QuobyteHD#QuobyteHD',id=0e927f70-90cd-4bf2-a8f0-46b4e0dbbcc1,launched_at=None,metadata={},migration_status=None,multiattach=False,previous_status=None,project_id='71af53683eea4c2f9e34e3d64569f140',provider_auth=None,provider_geometry=None,provider_id=None,provider_location=None,replication_driver_data=None,replication_extended_status=None,replication_status=None,scheduled_at=2026-08-21T16:17:36Z,service_uuid=None,shared_targets=True,size=1,snapshot_id=None,snapshots=,source_volid=None,status='creating',terminated_at=None,updated_at=2026-08-21T16:17:36Z,use_quota=True,user_id='537790bb82e74b75b72332c5125b99c0',volume_attachment=VolumeAttachmentList,volume_type=VolumeType(83c354fc-87aa-4d0a-afd5-3066d64f6c47),volume_type_id=83c354fc-87aa-4d0a-afd5-3066d64f6c47)}" {{(pid=94458) trace_logging_wrapper /opt/stack/cinder/cinder/volume/volume_utils.py:1497}}
Aug 21 18:17:36 devstack cinder-volume[94458]: DEBUG cinder.volume.drivers.remotefs [None req-1b917011-3cdf-4a82-8a39-780605a18f29 tempest-AttachVolumeNegativeTest-816530350 None] Creating volume 0e927f70-90cd-4bf2-a8f0-46b4e0dbbcc1 {{(pid=94458) create_volume /opt/stack/cinder/cinder/volume/drivers/remotefs.py:292}}
Aug 21 18:17:36 devstack cinder-volume[94458]: DEBUG oslo_concurrency.lockutils [None req-1b917011-3cdf-4a82-8a39-780605a18f29 tempest-AttachVolumeNegativeTest-816530350 None] Acquiring lock "quobyte_ensure" by "cinder.volume.drivers.quobyte.QuobyteDriver._ensure_shares_mounted" {{(pid=94458) inner /opt/stack/data/venv/lib/python3.12/site-packages/oslo_concurrency/lockutils.py:512}}
Aug 21 18:17:36 devstack cinder-volume[94458]: DEBUG oslo_concurrency.lockutils [None req-1b917011-3cdf-4a82-8a39-780605a18f29 tempest-AttachVolumeNegativeTest-816530350 None] Lock "quobyte_ensure" acquired by "cinder.volume.drivers.quobyte.QuobyteDriver._ensure_shares_mounted" :: waited 0.001s {{(pid=94458) inner /opt/stack/data/venv/lib/python3.12/site-packages/oslo_concurrency/lockutils.py:525}}
Aug 21 18:17:36 devstack cinder-volume[94458]: DEBUG cinder.volume.drivers.quobyte [None req-1b917011-3cdf-4a82-8a39-780605a18f29 tempest-AttachVolumeNegativeTest-816530350 None] Quobyte Volume URL set to: {'osci02.corp.quobyte.com/cinder-vol-0526ed12-5752-4239-b7a9-5ef0509e6fb2': None} {{(pid=94458) _load_shares_config /opt/stack/cinder/cinder/volume/drivers/quobyte.py:665}}
Aug 21 18:17:36 devstack cinder-volume[94458]: DEBUG cinder.volume.drivers.quobyte [None req-1b917011-3cdf-4a82-8a39-780605a18f29 tempest-AttachVolumeNegativeTest-816530350 None] Available shares ['osci02.corp.quobyte.com/cinder-vol-0526ed12-5752-4239-b7a9-5ef0509e6fb2'] {{(pid=94458) _ensure_shares_mounted /opt/stack/cinder/cinder/volume/drivers/quobyte.py:695}}
Aug 21 18:17:36 devstack cinder-volume[94458]: DEBUG oslo_concurrency.lockutils [None req-1b917011-3cdf-4a82-8a39-780605a18f29 tempest-AttachVolumeNegativeTest-816530350 None] Lock "quobyte_ensure" "released" by "cinder.volume.drivers.quobyte.QuobyteDriver._ensure_shares_mounted" :: held 0.007s {{(pid=94458) inner /opt/stack/data/venv/lib/python3.12/site-packages/oslo_concurrency/lockutils.py:544}}
Aug 21 18:17:36 devstack cinder-volume[94458]: DEBUG cinder.volume.drivers.quobyte [None req-1b917011-3cdf-4a82-8a39-780605a18f29 tempest-AttachVolumeNegativeTest-816530350 None] Selected osci02.corp.quobyte.com/cinder-vol-0526ed12-5752-4239-b7a9-5ef0509e6fb2 as target Quobyte volume. {{(pid=94458) _find_share /opt/stack/cinder/cinder/volume/drivers/quobyte.py:716}}
Aug 21 18:17:36 devstack cinder-volume[94458]: INFO cinder.volume.drivers.remotefs [None req-1b917011-3cdf-4a82-8a39-780605a18f29 tempest-AttachVolumeNegativeTest-816530350 None] casted to osci02.corp.quobyte.com/cinder-vol-0526ed12-5752-4239-b7a9-5ef0509e6fb2
Aug 21 18:17:36 devstack cinder-volume[94458]: DEBUG oslo_concurrency.processutils [None req-1b917011-3cdf-4a82-8a39-780605a18f29 tempest-AttachVolumeNegativeTest-816530350 None] Running cmd (subprocess): sudo cinder-rootwrap /etc/cinder/rootwrap.conf qemu-img create -f qcow2 -o preallocation=metadata /opt/stack/data/cinder/mnt/b553cc8ae09bb990da4a2e64481e0b45/volume-0e927f70-90cd-4bf2-a8f0-46b4e0dbbcc1 1073741824 {{(pid=94458) execute /opt/stack/data/venv/lib/python3.12/site-packages/oslo_concurrency/processutils.py:440}}
Aug 21 18:17:36 devstack cinder-volume[94458]: DEBUG cinder.volume.manager [None req-90d1e900-9c30-4c34-b909-76ca39ff379c tempest-VolumesSnapshotListTestJSON-757052663 None] Task 'cinder.volume.flows.manager.create_volume.CreateVolumeFromSpecTask;volume:create' (a44bc108-5bd0-4375-86d2-b2a53e9259eb) transitioned into state 'SUCCESS' from state 'RUNNING' with result '{'status': 'creating', 'volume_name': 'volume-3df0afdf-4383-4b10-b4b4-e58302ac949d', 'volume_size': 1}' {{(pid=94458) _task_receiver /opt/stack/data/venv/lib/python3.12/site-packages/taskflow/listeners/logging.py:218}}
Aug 21 18:17:36 devstack cinder-volume[94458]: DEBUG cinder.volume.manager [None req-90d1e900-9c30-4c34-b909-76ca39ff379c tempest-VolumesSnapshotListTestJSON-757052663 None] Task 'cinder.volume.flows.manager.create_volume.CreateVolumeOnFinishTask;volume:create, create.end' (9dbaaeab-0621-409b-9821-fce055438440) transitioned into state 'RUNNING' from state 'PENDING' {{(pid=94458) _task_receiver /opt/stack/data/venv/lib/python3.12/site-packages/taskflow/listeners/logging.py:242}}
Aug 21 18:17:36 devstack sudo[101931]: quobyte : PWD=/ ; USER=root ; COMMAND=/opt/stack/data/venv/bin/cinder-rootwrap /etc/cinder/rootwrap.conf qemu-img create -f qcow2 -o preallocation=metadata /opt/stack/data/cinder/mnt/b553cc8ae09bb990da4a2e64481e0b45/volume-0e927f70-90cd-4bf2-a8f0-46b4e0dbbcc1 1073741824
Aug 21 18:17:36 devstack sudo[101931]: pam_unix(sudo:session): session opened for user root(uid=0) by (uid=1000)
Aug 21 18:17:36 devstack cinder-volume[94458]: INFO cinder.volume.flows.manager.create_volume [None req-90d1e900-9c30-4c34-b909-76ca39ff379c tempest-VolumesSnapshotListTestJSON-757052663 None] Volume volume-3df0afdf-4383-4b10-b4b4-e58302ac949d (3df0afdf-4383-4b10-b4b4-e58302ac949d): created successfully
Aug 21 18:17:36 devstack cinder-volume[94458]: DEBUG cinder.volume.manager [None req-90d1e900-9c30-4c34-b909-76ca39ff379c tempest-VolumesSnapshotListTestJSON-757052663 None] Task 'cinder.volume.flows.manager.create_volume.CreateVolumeOnFinishTask;volume:create, create.end' (9dbaaeab-0621-409b-9821-fce055438440) transitioned into state 'SUCCESS' from state 'RUNNING' with result 'None' {{(pid=94458) _task_receiver /opt/stack/data/venv/lib/python3.12/site-packages/taskflow/listeners/logging.py:218}}
Aug 21 18:17:36 devstack cinder-volume[94458]: DEBUG cinder.volume.manager [None req-90d1e900-9c30-4c34-b909-76ca39ff379c tempest-VolumesSnapshotListTestJSON-757052663 None] Flow 'volume_create_manager' (bc3a886d-bcdf-4165-888a-3e416a13a304) transitioned into state 'SUCCESS' from state 'RUNNING' {{(pid=94458) _flow_receiver /opt/stack/data/venv/lib/python3.12/site-packages/taskflow/listeners/logging.py:160}}
Aug 21 18:17:36 devstack cinder-volume[94458]: INFO cinder.volume.manager [None req-90d1e900-9c30-4c34-b909-76ca39ff379c tempest-VolumesSnapshotListTestJSON-757052663 None] Created volume successfully.
Aug 21 18:17:36 devstack sudo[101931]: pam_unix(sudo:session): session closed for user root
Aug 21 18:17:36 devstack cinder-volume[94458]: DEBUG oslo_concurrency.processutils [None req-1b917011-3cdf-4a82-8a39-780605a18f29 tempest-AttachVolumeNegativeTest-816530350 None] CMD "sudo cinder-rootwrap /etc/cinder/rootwrap.conf qemu-img create -f qcow2 -o preallocation=metadata /opt/stack/data/cinder/mnt/b553cc8ae09bb990da4a2e64481e0b45/volume-0e927f70-90cd-4bf2-a8f0-46b4e0dbbcc1 1073741824" returned: 0 in 0.433s {{(pid=94458) execute /opt/stack/data/venv/lib/python3.12/site-packages/oslo_concurrency/processutils.py:468}}
Aug 21 18:17:36 devstack cinder-volume[94458]: DEBUG oslo_concurrency.processutils [None req-1b917011-3cdf-4a82-8a39-780605a18f29 tempest-AttachVolumeNegativeTest-816530350 None] Running cmd (subprocess): sudo cinder-rootwrap /etc/cinder/rootwrap.conf chmod ugo+rw /opt/stack/data/cinder/mnt/b553cc8ae09bb990da4a2e64481e0b45/volume-0e927f70-90cd-4bf2-a8f0-46b4e0dbbcc1 {{(pid=94458) execute /opt/stack/data/venv/lib/python3.12/site-packages/oslo_concurrency/processutils.py:440}}
Aug 21 18:17:36 devstack sudo[101937]: quobyte : PWD=/ ; USER=root ; COMMAND=/opt/stack/data/venv/bin/cinder-rootwrap /etc/cinder/rootwrap.conf chmod ugo+rw /opt/stack/data/cinder/mnt/b553cc8ae09bb990da4a2e64481e0b45/volume-0e927f70-90cd-4bf2-a8f0-46b4e0dbbcc1
Aug 21 18:17:36 devstack sudo[101937]: pam_unix(sudo:session): session opened for user root(uid=0) by (uid=1000)
Aug 21 18:17:36 devstack sudo[101937]: pam_unix(sudo:session): session closed for user root
Aug 21 18:17:36 devstack cinder-volume[94458]: DEBUG oslo_concurrency.processutils [None req-1b917011-3cdf-4a82-8a39-780605a18f29 tempest-AttachVolumeNegativeTest-816530350 None] CMD "sudo cinder-rootwrap /etc/cinder/rootwrap.conf chmod ugo+rw /opt/stack/data/cinder/mnt/b553cc8ae09bb990da4a2e64481e0b45/volume-0e927f70-90cd-4bf2-a8f0-46b4e0dbbcc1" returned: 0 in 0.246s {{(pid=94458) execute /opt/stack/data/venv/lib/python3.12/site-packages/oslo_concurrency/processutils.py:468}}
Aug 21 18:17:36 devstack cinder-volume[94458]: DEBUG cinder.volume.drivers.quobyte [None req-1b917011-3cdf-4a82-8a39-780605a18f29 tempest-AttachVolumeNegativeTest-816530350 None] <== create_volume: return (721ms) {'provider_location': 'osci02.corp.quobyte.com/cinder-vol-0526ed12-5752-4239-b7a9-5ef0509e6fb2'} {{(pid=94458) trace_logging_wrapper /opt/stack/cinder/cinder/volume/volume_utils.py:1522}}
Aug 21 18:17:36 devstack cinder-volume[94458]: DEBUG oslo_concurrency.lockutils [None req-1b917011-3cdf-4a82-8a39-780605a18f29 tempest-AttachVolumeNegativeTest-816530350 None] Lock "quobyte" "released" by "cinder.volume.drivers.quobyte.QuobyteDriver.create_volume" :: held 0.725s {{(pid=94458) inner /opt/stack/data/venv/lib/python3.12/site-packages/oslo_concurrency/lockutils.py:544}}
Aug 21 18:17:36 devstack cinder-volume[94458]: DEBUG cinder.volume.manager [None req-1b917011-3cdf-4a82-8a39-780605a18f29 tempest-AttachVolumeNegativeTest-816530350 None] Task 'cinder.volume.flows.manager.create_volume.CreateVolumeFromSpecTask;volume:create' (63a2085b-13e9-445c-b0e2-a39051638d6d) transitioned into state 'SUCCESS' from state 'RUNNING' with result '{'status': 'creating', 'volume_name': 'volume-0e927f70-90cd-4bf2-a8f0-46b4e0dbbcc1', 'volume_size': 1}' {{(pid=94458) _task_receiver /opt/stack/data/venv/lib/python3.12/site-packages/taskflow/listeners/logging.py:218}}
Aug 21 18:17:36 devstack cinder-volume[94458]: DEBUG cinder.volume.manager [None req-1b917011-3cdf-4a82-8a39-780605a18f29 tempest-AttachVolumeNegativeTest-816530350 None] Task 'cinder.volume.flows.manager.create_volume.CreateVolumeOnFinishTask;volume:create, create.end' (634817a6-ffbf-4101-88fd-4ce02ec6fe19) transitioned into state 'RUNNING' from state 'PENDING' {{(pid=94458) _task_receiver /opt/stack/data/venv/lib/python3.12/site-packages/taskflow/listeners/logging.py:242}}
Aug 21 18:17:36 devstack cinder-volume[94458]: INFO cinder.volume.flows.manager.create_volume [None req-1b917011-3cdf-4a82-8a39-780605a18f29 tempest-AttachVolumeNegativeTest-816530350 None] Volume volume-0e927f70-90cd-4bf2-a8f0-46b4e0dbbcc1 (0e927f70-90cd-4bf2-a8f0-46b4e0dbbcc1): created successfully
Aug 21 18:17:36 devstack cinder-volume[94458]: DEBUG cinder.volume.manager [None req-1b917011-3cdf-4a82-8a39-780605a18f29 tempest-AttachVolumeNegativeTest-816530350 None] Task 'cinder.volume.flows.manager.create_volume.CreateVolumeOnFinishTask;volume:create, create.end' (634817a6-ffbf-4101-88fd-4ce02ec6fe19) transitioned into state 'SUCCESS' from state 'RUNNING' with result 'None' {{(pid=94458) _task_receiver /opt/stack/data/venv/lib/python3.12/site-packages/taskflow/listeners/logging.py:218}}
Aug 21 18:17:37 devstack cinder-volume[94458]: DEBUG cinder.volume.manager [None req-1b917011-3cdf-4a82-8a39-780605a18f29 tempest-AttachVolumeNegativeTest-816530350 None] Flow 'volume_create_manager' (a97abb13-bbce-460b-adfd-4004099417f4) transitioned into state 'SUCCESS' from state 'RUNNING' {{(pid=94458) _flow_receiver /opt/stack/data/venv/lib/python3.12/site-packages/taskflow/listeners/logging.py:160}}
Aug 21 18:17:37 devstack cinder-volume[94458]: INFO cinder.volume.manager [None req-1b917011-3cdf-4a82-8a39-780605a18f29 tempest-AttachVolumeNegativeTest-816530350 None] Created volume successfully.
Aug 21 18:17:37 devstack cinder-volume[94458]: DEBUG oslo_concurrency.lockutils [None req-4c1c0a48-fa6b-4849-9633-f384b87c40ac tempest-VolumesSnapshotListTestJSON-757052663 None] Acquiring lock "quobyte" by "cinder.volume.drivers.quobyte.QuobyteDriver.create_snapshot" {{(pid=94458) inner /opt/stack/data/venv/lib/python3.12/site-packages/oslo_concurrency/lockutils.py:512}}
Aug 21 18:17:37 devstack cinder-volume[94458]: DEBUG oslo_concurrency.lockutils [None req-4c1c0a48-fa6b-4849-9633-f384b87c40ac tempest-VolumesSnapshotListTestJSON-757052663 None] Lock "quobyte" acquired by "cinder.volume.drivers.quobyte.QuobyteDriver.create_snapshot" :: waited 0.001s {{(pid=94458) inner /opt/stack/data/venv/lib/python3.12/site-packages/oslo_concurrency/lockutils.py:525}}
Aug 21 18:17:37 devstack cinder-volume[94458]: DEBUG cinder.volume.drivers.remotefs [None req-4c1c0a48-fa6b-4849-9633-f384b87c40ac tempest-VolumesSnapshotListTestJSON-757052663 None] Creating offline snapshot 2fcbe6f5-20fc-487f-9f11-e70477743c32 of volume 3df0afdf-4383-4b10-b4b4-e58302ac949d {{(pid=94458) _create_snapshot /opt/stack/cinder/cinder/volume/drivers/remotefs.py:1816}}
Aug 21 18:17:37 devstack cinder-volume[94458]: DEBUG oslo.privsep.daemon [-] privsep: reply[0ac3fb5e-c84c-496a-872e-96923536c0b2]: (4, 'qcow2') {{(pid=96273) _call_back /opt/stack/data/venv/lib/python3.12/site-packages/oslo_privsep/daemon.py:580}}
Aug 21 18:17:37 devstack cinder-volume[94458]: DEBUG oslo_concurrency.processutils [None req-4c1c0a48-fa6b-4849-9633-f384b87c40ac tempest-VolumesSnapshotListTestJSON-757052663 None] Running cmd (subprocess): /opt/stack/data/venv/bin/python3.12 -m oslo_concurrency.prlimit --as=1073741824 --cpu=60 -- sudo cinder-rootwrap /etc/cinder/rootwrap.conf env LC_ALL=C qemu-img info -f qcow2 --output=json --force-share /opt/stack/data/cinder/mnt/b553cc8ae09bb990da4a2e64481e0b45/volume-3df0afdf-4383-4b10-b4b4-e58302ac949d {{(pid=94458) execute /opt/stack/data/venv/lib/python3.12/site-packages/oslo_concurrency/processutils.py:440}}
Aug 21 18:17:37 devstack sudo[101940]: quobyte : PWD=/ ; USER=root ; COMMAND=/opt/stack/data/venv/bin/cinder-rootwrap /etc/cinder/rootwrap.conf env LC_ALL=C qemu-img info -f qcow2 --output=json --force-share /opt/stack/data/cinder/mnt/b553cc8ae09bb990da4a2e64481e0b45/volume-3df0afdf-4383-4b10-b4b4-e58302ac949d
Aug 21 18:17:37 devstack sudo[101940]: pam_unix(sudo:session): session opened for user root(uid=0) by (uid=1000)
Aug 21 18:17:37 devstack sudo[101940]: pam_unix(sudo:session): session closed for user root
Aug 21 18:17:37 devstack cinder-volume[94458]: DEBUG oslo_concurrency.processutils [None req-4c1c0a48-fa6b-4849-9633-f384b87c40ac tempest-VolumesSnapshotListTestJSON-757052663 None] CMD "/opt/stack/data/venv/bin/python3.12 -m oslo_concurrency.prlimit --as=1073741824 --cpu=60 -- sudo cinder-rootwrap /etc/cinder/rootwrap.conf env LC_ALL=C qemu-img info -f qcow2 --output=json --force-share /opt/stack/data/cinder/mnt/b553cc8ae09bb990da4a2e64481e0b45/volume-3df0afdf-4383-4b10-b4b4-e58302ac949d" returned: 0 in 0.379s {{(pid=94458) execute /opt/stack/data/venv/lib/python3.12/site-packages/oslo_concurrency/processutils.py:468}}
Aug 21 18:17:37 devstack cinder-volume[94458]: DEBUG oslo_concurrency.processutils [None req-4c1c0a48-fa6b-4849-9633-f384b87c40ac tempest-VolumesSnapshotListTestJSON-757052663 None] Running cmd (subprocess): sudo cinder-rootwrap /etc/cinder/rootwrap.conf qemu-img create -f qcow2 -o backing_file=/opt/stack/data/cinder/mnt/b553cc8ae09bb990da4a2e64481e0b45/volume-3df0afdf-4383-4b10-b4b4-e58302ac949d,backing_fmt=qcow2 /opt/stack/data/cinder/mnt/b553cc8ae09bb990da4a2e64481e0b45/volume-3df0afdf-4383-4b10-b4b4-e58302ac949d.2fcbe6f5-20fc-487f-9f11-e70477743c32 1G {{(pid=94458) execute /opt/stack/data/venv/lib/python3.12/site-packages/oslo_concurrency/processutils.py:440}}
Aug 21 18:17:37 devstack sudo[101946]: quobyte : PWD=/ ; USER=root ; COMMAND=/opt/stack/data/venv/bin/cinder-rootwrap /etc/cinder/rootwrap.conf qemu-img create -f qcow2 -o backing_file=/opt/stack/data/cinder/mnt/b553cc8ae09bb990da4a2e64481e0b45/volume-3df0afdf-4383-4b10-b4b4-e58302ac949d,backing_fmt=qcow2 /opt/stack/data/cinder/mnt/b553cc8ae09bb990da4a2e64481e0b45/volume-3df0afdf-4383-4b10-b4b4-e58302ac949d.2fcbe6f5-20fc-487f-9f11-e70477743c32 1G
Aug 21 18:17:37 devstack sudo[101946]: pam_unix(sudo:session): session opened for user root(uid=0) by (uid=1000)
Aug 21 18:17:38 devstack sudo[101946]: pam_unix(sudo:session): session closed for user root
Aug 21 18:17:38 devstack cinder-volume[94458]: DEBUG oslo_concurrency.processutils [None req-4c1c0a48-fa6b-4849-9633-f384b87c40ac tempest-VolumesSnapshotListTestJSON-757052663 None] CMD "sudo cinder-rootwrap /etc/cinder/rootwrap.conf qemu-img create -f qcow2 -o backing_file=/opt/stack/data/cinder/mnt/b553cc8ae09bb990da4a2e64481e0b45/volume-3df0afdf-4383-4b10-b4b4-e58302ac949d,backing_fmt=qcow2 /opt/stack/data/cinder/mnt/b553cc8ae09bb990da4a2e64481e0b45/volume-3df0afdf-4383-4b10-b4b4-e58302ac949d.2fcbe6f5-20fc-487f-9f11-e70477743c32 1G" returned: 0 in 0.478s {{(pid=94458) execute /opt/stack/data/venv/lib/python3.12/site-packages/oslo_concurrency/processutils.py:468}}
Aug 21 18:17:38 devstack cinder-volume[94458]: DEBUG oslo_concurrency.processutils [None req-4c1c0a48-fa6b-4849-9633-f384b87c40ac tempest-VolumesSnapshotListTestJSON-757052663 None] Running cmd (subprocess): sudo cinder-rootwrap /etc/cinder/rootwrap.conf qemu-img rebase -u -b volume-3df0afdf-4383-4b10-b4b4-e58302ac949d -F qcow2 /opt/stack/data/cinder/mnt/b553cc8ae09bb990da4a2e64481e0b45/volume-3df0afdf-4383-4b10-b4b4-e58302ac949d.2fcbe6f5-20fc-487f-9f11-e70477743c32 {{(pid=94458) execute /opt/stack/data/venv/lib/python3.12/site-packages/oslo_concurrency/processutils.py:440}}
Aug 21 18:17:38 devstack sudo[101960]: quobyte : PWD=/ ; USER=root ; COMMAND=/opt/stack/data/venv/bin/cinder-rootwrap /etc/cinder/rootwrap.conf qemu-img rebase -u -b volume-3df0afdf-4383-4b10-b4b4-e58302ac949d -F qcow2 /opt/stack/data/cinder/mnt/b553cc8ae09bb990da4a2e64481e0b45/volume-3df0afdf-4383-4b10-b4b4-e58302ac949d.2fcbe6f5-20fc-487f-9f11-e70477743c32
Aug 21 18:17:38 devstack sudo[101960]: pam_unix(sudo:session): session opened for user root(uid=0) by (uid=1000)
Aug 21 18:17:38 devstack cinder-volume[94458]: DEBUG oslo_concurrency.lockutils [req-f899498d-61e7-4cf0-bbaf-835017b31978 req-35825440-349d-4b73-926b-3b1808070da6 tempest-AttachVolumeNegativeTest-816530350 None] Acquiring lock "quobyte" by "cinder.volume.drivers.quobyte.QuobyteDriver.initialize_connection" {{(pid=94458) inner /opt/stack/data/venv/lib/python3.12/site-packages/oslo_concurrency/lockutils.py:512}}
Aug 21 18:17:38 devstack sudo[101960]: pam_unix(sudo:session): session closed for user root
Aug 21 18:17:38 devstack cinder-volume[94458]: DEBUG oslo_concurrency.processutils [None req-4c1c0a48-fa6b-4849-9633-f384b87c40ac tempest-VolumesSnapshotListTestJSON-757052663 None] CMD "sudo cinder-rootwrap /etc/cinder/rootwrap.conf qemu-img rebase -u -b volume-3df0afdf-4383-4b10-b4b4-e58302ac949d -F qcow2 /opt/stack/data/cinder/mnt/b553cc8ae09bb990da4a2e64481e0b45/volume-3df0afdf-4383-4b10-b4b4-e58302ac949d.2fcbe6f5-20fc-487f-9f11-e70477743c32" returned: 0 in 0.297s {{(pid=94458) execute /opt/stack/data/venv/lib/python3.12/site-packages/oslo_concurrency/processutils.py:468}}
Aug 21 18:17:38 devstack cinder-volume[94458]: WARNING cinder.volume.drivers.remotefs [None req-4c1c0a48-fa6b-4849-9633-f384b87c40ac tempest-VolumesSnapshotListTestJSON-757052663 None] /opt/stack/data/cinder/mnt/b553cc8ae09bb990da4a2e64481e0b45/volume-3df0afdf-4383-4b10-b4b4-e58302ac949d.2fcbe6f5-20fc-487f-9f11-e70477743c32 is being set with open permissions: ugo+rw
Aug 21 18:17:38 devstack cinder-volume[94458]: DEBUG oslo_concurrency.processutils [None req-4c1c0a48-fa6b-4849-9633-f384b87c40ac tempest-VolumesSnapshotListTestJSON-757052663 None] Running cmd (subprocess): sudo cinder-rootwrap /etc/cinder/rootwrap.conf chmod ugo+rw /opt/stack/data/cinder/mnt/b553cc8ae09bb990da4a2e64481e0b45/volume-3df0afdf-4383-4b10-b4b4-e58302ac949d.2fcbe6f5-20fc-487f-9f11-e70477743c32 {{(pid=94458) execute /opt/stack/data/venv/lib/python3.12/site-packages/oslo_concurrency/processutils.py:440}}
Aug 21 18:17:38 devstack sudo[101970]: quobyte : PWD=/ ; USER=root ; COMMAND=/opt/stack/data/venv/bin/cinder-rootwrap /etc/cinder/rootwrap.conf chmod ugo+rw /opt/stack/data/cinder/mnt/b553cc8ae09bb990da4a2e64481e0b45/volume-3df0afdf-4383-4b10-b4b4-e58302ac949d.2fcbe6f5-20fc-487f-9f11-e70477743c32
Aug 21 18:17:38 devstack sudo[101970]: pam_unix(sudo:session): session opened for user root(uid=0) by (uid=1000)
Aug 21 18:17:38 devstack sudo[101970]: pam_unix(sudo:session): session closed for user root
Aug 21 18:17:38 devstack cinder-volume[94458]: DEBUG oslo_concurrency.processutils [None req-4c1c0a48-fa6b-4849-9633-f384b87c40ac tempest-VolumesSnapshotListTestJSON-757052663 None] CMD "sudo cinder-rootwrap /etc/cinder/rootwrap.conf chmod ugo+rw /opt/stack/data/cinder/mnt/b553cc8ae09bb990da4a2e64481e0b45/volume-3df0afdf-4383-4b10-b4b4-e58302ac949d.2fcbe6f5-20fc-487f-9f11-e70477743c32" returned: 0 in 0.244s {{(pid=94458) execute /opt/stack/data/venv/lib/python3.12/site-packages/oslo_concurrency/processutils.py:468}}
Aug 21 18:17:38 devstack cinder-volume[94458]: DEBUG oslo_concurrency.processutils [None req-4c1c0a48-fa6b-4849-9633-f384b87c40ac tempest-VolumesSnapshotListTestJSON-757052663 None] Running cmd (subprocess): sudo cinder-rootwrap /etc/cinder/rootwrap.conf truncate -s0 /opt/stack/data/cinder/mnt/b553cc8ae09bb990da4a2e64481e0b45/volume-3df0afdf-4383-4b10-b4b4-e58302ac949d.info {{(pid=94458) execute /opt/stack/data/venv/lib/python3.12/site-packages/oslo_concurrency/processutils.py:440}}
Aug 21 18:17:38 devstack sudo[101973]: quobyte : PWD=/ ; USER=root ; COMMAND=/opt/stack/data/venv/bin/cinder-rootwrap /etc/cinder/rootwrap.conf truncate -s0 /opt/stack/data/cinder/mnt/b553cc8ae09bb990da4a2e64481e0b45/volume-3df0afdf-4383-4b10-b4b4-e58302ac949d.info
Aug 21 18:17:38 devstack sudo[101973]: pam_unix(sudo:session): session opened for user root(uid=0) by (uid=1000)
Aug 21 18:17:39 devstack sudo[101973]: pam_unix(sudo:session): session closed for user root
Aug 21 18:17:39 devstack cinder-volume[94458]: DEBUG oslo_concurrency.processutils [None req-4c1c0a48-fa6b-4849-9633-f384b87c40ac tempest-VolumesSnapshotListTestJSON-757052663 None] CMD "sudo cinder-rootwrap /etc/cinder/rootwrap.conf truncate -s0 /opt/stack/data/cinder/mnt/b553cc8ae09bb990da4a2e64481e0b45/volume-3df0afdf-4383-4b10-b4b4-e58302ac949d.info" returned: 0 in 0.277s {{(pid=94458) execute /opt/stack/data/venv/lib/python3.12/site-packages/oslo_concurrency/processutils.py:468}}
Aug 21 18:17:39 devstack cinder-volume[94458]: WARNING cinder.volume.drivers.remotefs [None req-4c1c0a48-fa6b-4849-9633-f384b87c40ac tempest-VolumesSnapshotListTestJSON-757052663 None] /opt/stack/data/cinder/mnt/b553cc8ae09bb990da4a2e64481e0b45/volume-3df0afdf-4383-4b10-b4b4-e58302ac949d.info is being set with open permissions: ugo+rw
Aug 21 18:17:39 devstack cinder-volume[94458]: DEBUG oslo_concurrency.processutils [None req-4c1c0a48-fa6b-4849-9633-f384b87c40ac tempest-VolumesSnapshotListTestJSON-757052663 None] Running cmd (subprocess): sudo cinder-rootwrap /etc/cinder/rootwrap.conf chmod ugo+rw /opt/stack/data/cinder/mnt/b553cc8ae09bb990da4a2e64481e0b45/volume-3df0afdf-4383-4b10-b4b4-e58302ac949d.info {{(pid=94458) execute /opt/stack/data/venv/lib/python3.12/site-packages/oslo_concurrency/processutils.py:440}}
Aug 21 18:17:39 devstack sudo[101976]: quobyte : PWD=/ ; USER=root ; COMMAND=/opt/stack/data/venv/bin/cinder-rootwrap /etc/cinder/rootwrap.conf chmod ugo+rw /opt/stack/data/cinder/mnt/b553cc8ae09bb990da4a2e64481e0b45/volume-3df0afdf-4383-4b10-b4b4-e58302ac949d.info
Aug 21 18:17:39 devstack sudo[101976]: pam_unix(sudo:session): session opened for user root(uid=0) by (uid=1000)
Aug 21 18:17:39 devstack sudo[101976]: pam_unix(sudo:session): session closed for user root
Aug 21 18:17:39 devstack cinder-volume[94458]: DEBUG oslo_concurrency.processutils [None req-4c1c0a48-fa6b-4849-9633-f384b87c40ac tempest-VolumesSnapshotListTestJSON-757052663 None] CMD "sudo cinder-rootwrap /etc/cinder/rootwrap.conf chmod ugo+rw /opt/stack/data/cinder/mnt/b553cc8ae09bb990da4a2e64481e0b45/volume-3df0afdf-4383-4b10-b4b4-e58302ac949d.info" returned: 0 in 0.251s {{(pid=94458) execute /opt/stack/data/venv/lib/python3.12/site-packages/oslo_concurrency/processutils.py:468}}
Aug 21 18:17:39 devstack cinder-volume[94458]: DEBUG oslo_concurrency.lockutils [None req-4c1c0a48-fa6b-4849-9633-f384b87c40ac tempest-VolumesSnapshotListTestJSON-757052663 None] Lock "quobyte" "released" by "cinder.volume.drivers.quobyte.QuobyteDriver.create_snapshot" :: held 2.026s {{(pid=94458) inner /opt/stack/data/venv/lib/python3.12/site-packages/oslo_concurrency/lockutils.py:544}}
Aug 21 18:17:39 devstack cinder-volume[94458]: DEBUG oslo_concurrency.lockutils [req-f899498d-61e7-4cf0-bbaf-835017b31978 req-35825440-349d-4b73-926b-3b1808070da6 tempest-AttachVolumeNegativeTest-816530350 None] Lock "quobyte" acquired by "cinder.volume.drivers.quobyte.QuobyteDriver.initialize_connection" :: waited 0.950s {{(pid=94458) inner /opt/stack/data/venv/lib/python3.12/site-packages/oslo_concurrency/lockutils.py:525}}
Aug 21 18:17:39 devstack cinder-volume[94458]: DEBUG oslo_concurrency.lockutils [req-f899498d-61e7-4cf0-bbaf-835017b31978 req-35825440-349d-4b73-926b-3b1808070da6 tempest-AttachVolumeNegativeTest-816530350 None] Lock "quobyte" "released" by "cinder.volume.drivers.quobyte.QuobyteDriver.initialize_connection" :: held 0.022s {{(pid=94458) inner /opt/stack/data/venv/lib/python3.12/site-packages/oslo_concurrency/lockutils.py:544}}
Aug 21 18:17:39 devstack cinder-volume[94458]: INFO cinder.volume.manager [None req-4c1c0a48-fa6b-4849-9633-f384b87c40ac tempest-VolumesSnapshotListTestJSON-757052663 None] Create snapshot completed successfully
Aug 21 18:17:39 devstack cinder-volume[94458]: DEBUG cinder.volume.manager [req-f899498d-61e7-4cf0-bbaf-835017b31978 req-35825440-349d-4b73-926b-3b1808070da6 tempest-AttachVolumeNegativeTest-816530350 None] Connection info returned from driver {'export': 'osci02.corp.quobyte.com/cinder-vol-0526ed12-5752-4239-b7a9-5ef0509e6fb2', 'name': 'volume-0e927f70-90cd-4bf2-a8f0-46b4e0dbbcc1', 'options': None, 'format': 'qcow2', 'qos_specs': None, 'access_mode': 'rw', 'encrypted': False, 'cacheable': False, 'driver_volume_type': 'quobyte', 'mount_point_base': '/opt/stack/data/cinder/mnt', 'attachment_id': '4c7339e0-d3ca-4753-bb71-82328e745f9a', 'enforce_multipath': True} {{(pid=94458) _connection_create /opt/stack/cinder/cinder/volume/manager.py:4924}}
Aug 21 18:17:39 devstack cinder-volume[94458]: INFO cinder.volume.manager [req-f899498d-61e7-4cf0-bbaf-835017b31978 req-35825440-349d-4b73-926b-3b1808070da6 tempest-AttachVolumeNegativeTest-816530350 None] attachment_update completed successfully.
Aug 21 18:17:41 devstack cinder-volume[94458]: DEBUG oslo_concurrency.lockutils [None req-cffd3e35-fef5-4547-bd1f-4a69b460230f tempest-VolumesSnapshotListTestJSON-757052663 None] Acquiring lock "quobyte" by "cinder.volume.drivers.quobyte.QuobyteDriver.create_snapshot" {{(pid=94458) inner /opt/stack/data/venv/lib/python3.12/site-packages/oslo_concurrency/lockutils.py:512}}
Aug 21 18:17:41 devstack cinder-volume[94458]: DEBUG oslo_concurrency.lockutils [None req-cffd3e35-fef5-4547-bd1f-4a69b460230f tempest-VolumesSnapshotListTestJSON-757052663 None] Lock "quobyte" acquired by "cinder.volume.drivers.quobyte.QuobyteDriver.create_snapshot" :: waited 0.001s {{(pid=94458) inner /opt/stack/data/venv/lib/python3.12/site-packages/oslo_concurrency/lockutils.py:525}}
Aug 21 18:17:41 devstack cinder-volume[94458]: DEBUG cinder.volume.drivers.remotefs [None req-cffd3e35-fef5-4547-bd1f-4a69b460230f tempest-VolumesSnapshotListTestJSON-757052663 None] Creating offline snapshot 3492d284-c202-4e97-90b5-de2d05b2a13e of volume 3df0afdf-4383-4b10-b4b4-e58302ac949d {{(pid=94458) _create_snapshot /opt/stack/cinder/cinder/volume/drivers/remotefs.py:1816}}
Aug 21 18:17:41 devstack cinder-volume[94458]: DEBUG oslo.privsep.daemon [-] privsep: reply[2d9dd3e5-15fb-43ef-a76d-3c2fc40cb9c4]: (4, 'qcow2') {{(pid=96273) _call_back /opt/stack/data/venv/lib/python3.12/site-packages/oslo_privsep/daemon.py:580}}
Aug 21 18:17:41 devstack cinder-volume[94458]: DEBUG oslo_concurrency.processutils [None req-cffd3e35-fef5-4547-bd1f-4a69b460230f tempest-VolumesSnapshotListTestJSON-757052663 None] Running cmd (subprocess): /opt/stack/data/venv/bin/python3.12 -m oslo_concurrency.prlimit --as=1073741824 --cpu=60 -- sudo cinder-rootwrap /etc/cinder/rootwrap.conf env LC_ALL=C qemu-img info -f qcow2 --output=json --force-share /opt/stack/data/cinder/mnt/b553cc8ae09bb990da4a2e64481e0b45/volume-3df0afdf-4383-4b10-b4b4-e58302ac949d.2fcbe6f5-20fc-487f-9f11-e70477743c32 {{(pid=94458) execute /opt/stack/data/venv/lib/python3.12/site-packages/oslo_concurrency/processutils.py:440}}
Aug 21 18:17:41 devstack sudo[101994]: quobyte : PWD=/ ; USER=root ; COMMAND=/opt/stack/data/venv/bin/cinder-rootwrap /etc/cinder/rootwrap.conf env LC_ALL=C qemu-img info -f qcow2 --output=json --force-share /opt/stack/data/cinder/mnt/b553cc8ae09bb990da4a2e64481e0b45/volume-3df0afdf-4383-4b10-b4b4-e58302ac949d.2fcbe6f5-20fc-487f-9f11-e70477743c32
Aug 21 18:17:41 devstack sudo[101994]: pam_unix(sudo:session): session opened for user root(uid=0) by (uid=1000)
Aug 21 18:17:41 devstack sudo[101994]: pam_unix(sudo:session): session closed for user root
Aug 21 18:17:41 devstack cinder-volume[94458]: DEBUG oslo_concurrency.processutils [None req-cffd3e35-fef5-4547-bd1f-4a69b460230f tempest-VolumesSnapshotListTestJSON-757052663 None] CMD "/opt/stack/data/venv/bin/python3.12 -m oslo_concurrency.prlimit --as=1073741824 --cpu=60 -- sudo cinder-rootwrap /etc/cinder/rootwrap.conf env LC_ALL=C qemu-img info -f qcow2 --output=json --force-share /opt/stack/data/cinder/mnt/b553cc8ae09bb990da4a2e64481e0b45/volume-3df0afdf-4383-4b10-b4b4-e58302ac949d.2fcbe6f5-20fc-487f-9f11-e70477743c32" returned: 0 in 0.652s {{(pid=94458) execute /opt/stack/data/venv/lib/python3.12/site-packages/oslo_concurrency/processutils.py:468}}
Aug 21 18:17:41 devstack cinder-volume[94458]: DEBUG cinder.volume.drivers.remotefs [None req-cffd3e35-fef5-4547-bd1f-4a69b460230f tempest-VolumesSnapshotListTestJSON-757052663 None] Fetching qemu-img info with special backing_file_template: (/opt/stack/data/cinder/mnt/[0-9a-f]+/)?(volume-3df0afdf-4383-4b10-b4b4-e58302ac949d(.(tmp-snap-)?[0-9a-f-]+)?|volume_from_snapshot_cache/(tmp-snap-)?[0-9a-f-]+(.(child-|parent-)[0-9a-f-]+)?)$ {{(pid=94458) _qemu_img_info_base /opt/stack/cinder/cinder/volume/drivers/remotefs.py:896}}
Aug 21 18:17:41 devstack cinder-volume[94458]: DEBUG oslo_concurrency.processutils [None req-cffd3e35-fef5-4547-bd1f-4a69b460230f tempest-VolumesSnapshotListTestJSON-757052663 None] Running cmd (subprocess): sudo cinder-rootwrap /etc/cinder/rootwrap.conf qemu-img create -f qcow2 -o backing_file=/opt/stack/data/cinder/mnt/b553cc8ae09bb990da4a2e64481e0b45/volume-3df0afdf-4383-4b10-b4b4-e58302ac949d.2fcbe6f5-20fc-487f-9f11-e70477743c32,backing_fmt=qcow2 /opt/stack/data/cinder/mnt/b553cc8ae09bb990da4a2e64481e0b45/volume-3df0afdf-4383-4b10-b4b4-e58302ac949d.3492d284-c202-4e97-90b5-de2d05b2a13e 1G {{(pid=94458) execute /opt/stack/data/venv/lib/python3.12/site-packages/oslo_concurrency/processutils.py:440}}
Aug 21 18:17:41 devstack sudo[102029]: quobyte : PWD=/ ; USER=root ; COMMAND=/opt/stack/data/venv/bin/cinder-rootwrap /etc/cinder/rootwrap.conf qemu-img create -f qcow2 -o backing_file=/opt/stack/data/cinder/mnt/b553cc8ae09bb990da4a2e64481e0b45/volume-3df0afdf-4383-4b10-b4b4-e58302ac949d.2fcbe6f5-20fc-487f-9f11-e70477743c32,backing_fmt=qcow2 /opt/stack/data/cinder/mnt/b553cc8ae09bb990da4a2e64481e0b45/volume-3df0afdf-4383-4b10-b4b4-e58302ac949d.3492d284-c202-4e97-90b5-de2d05b2a13e 1G
Aug 21 18:17:41 devstack sudo[102029]: pam_unix(sudo:session): session opened for user root(uid=0) by (uid=1000)
Aug 21 18:17:42 devstack cinder-volume[94458]: INFO cinder.volume.manager [req-577d7ee5-41ac-47fb-ae05-424760a700af req-8ead1b1c-60cc-4f4b-a872-5390d5425d97 tempest-AttachVolumeNegativeTest-816530350 None] Terminate volume connection completed successfully.
Aug 21 18:17:42 devstack cinder-volume[94458]: DEBUG cinder.volume.manager [req-577d7ee5-41ac-47fb-ae05-424760a700af req-8ead1b1c-60cc-4f4b-a872-5390d5425d97 tempest-AttachVolumeNegativeTest-816530350 None] Deleting attachment 4c7339e0-d3ca-4753-bb71-82328e745f9a. {{(pid=94458) attachment_delete /opt/stack/cinder/cinder/volume/manager.py:5055}}
Aug 21 18:17:42 devstack sudo[102029]: pam_unix(sudo:session): session closed for user root
Aug 21 18:17:42 devstack cinder-volume[94458]: DEBUG oslo_concurrency.processutils [None req-cffd3e35-fef5-4547-bd1f-4a69b460230f tempest-VolumesSnapshotListTestJSON-757052663 None] CMD "sudo cinder-rootwrap /etc/cinder/rootwrap.conf qemu-img create -f qcow2 -o backing_file=/opt/stack/data/cinder/mnt/b553cc8ae09bb990da4a2e64481e0b45/volume-3df0afdf-4383-4b10-b4b4-e58302ac949d.2fcbe6f5-20fc-487f-9f11-e70477743c32,backing_fmt=qcow2 /opt/stack/data/cinder/mnt/b553cc8ae09bb990da4a2e64481e0b45/volume-3df0afdf-4383-4b10-b4b4-e58302ac949d.3492d284-c202-4e97-90b5-de2d05b2a13e 1G" returned: 0 in 0.988s {{(pid=94458) execute /opt/stack/data/venv/lib/python3.12/site-packages/oslo_concurrency/processutils.py:468}}
Aug 21 18:17:42 devstack cinder-volume[94458]: DEBUG oslo_concurrency.processutils [None req-cffd3e35-fef5-4547-bd1f-4a69b460230f tempest-VolumesSnapshotListTestJSON-757052663 None] Running cmd (subprocess): sudo cinder-rootwrap /etc/cinder/rootwrap.conf qemu-img rebase -u -b volume-3df0afdf-4383-4b10-b4b4-e58302ac949d.2fcbe6f5-20fc-487f-9f11-e70477743c32 -F qcow2 /opt/stack/data/cinder/mnt/b553cc8ae09bb990da4a2e64481e0b45/volume-3df0afdf-4383-4b10-b4b4-e58302ac949d.3492d284-c202-4e97-90b5-de2d05b2a13e {{(pid=94458) execute /opt/stack/data/venv/lib/python3.12/site-packages/oslo_concurrency/processutils.py:440}}
Aug 21 18:17:42 devstack sudo[102058]: quobyte : PWD=/ ; USER=root ; COMMAND=/opt/stack/data/venv/bin/cinder-rootwrap /etc/cinder/rootwrap.conf qemu-img rebase -u -b volume-3df0afdf-4383-4b10-b4b4-e58302ac949d.2fcbe6f5-20fc-487f-9f11-e70477743c32 -F qcow2 /opt/stack/data/cinder/mnt/b553cc8ae09bb990da4a2e64481e0b45/volume-3df0afdf-4383-4b10-b4b4-e58302ac949d.3492d284-c202-4e97-90b5-de2d05b2a13e
Aug 21 18:17:42 devstack sudo[102058]: pam_unix(sudo:session): session opened for user root(uid=0) by (uid=1000)
Aug 21 18:17:43 devstack sudo[102058]: pam_unix(sudo:session): session closed for user root
Aug 21 18:17:43 devstack cinder-volume[94458]: DEBUG oslo_concurrency.processutils [None req-cffd3e35-fef5-4547-bd1f-4a69b460230f tempest-VolumesSnapshotListTestJSON-757052663 None] CMD "sudo cinder-rootwrap /etc/cinder/rootwrap.conf qemu-img rebase -u -b volume-3df0afdf-4383-4b10-b4b4-e58302ac949d.2fcbe6f5-20fc-487f-9f11-e70477743c32 -F qcow2 /opt/stack/data/cinder/mnt/b553cc8ae09bb990da4a2e64481e0b45/volume-3df0afdf-4383-4b10-b4b4-e58302ac949d.3492d284-c202-4e97-90b5-de2d05b2a13e" returned: 0 in 0.594s {{(pid=94458) execute /opt/stack/data/venv/lib/python3.12/site-packages/oslo_concurrency/processutils.py:468}}
Aug 21 18:17:43 devstack cinder-volume[94458]: WARNING cinder.volume.drivers.remotefs [None req-cffd3e35-fef5-4547-bd1f-4a69b460230f tempest-VolumesSnapshotListTestJSON-757052663 None] /opt/stack/data/cinder/mnt/b553cc8ae09bb990da4a2e64481e0b45/volume-3df0afdf-4383-4b10-b4b4-e58302ac949d.3492d284-c202-4e97-90b5-de2d05b2a13e is being set with open permissions: ugo+rw
Aug 21 18:17:43 devstack cinder-volume[94458]: DEBUG oslo_concurrency.processutils [None req-cffd3e35-fef5-4547-bd1f-4a69b460230f tempest-VolumesSnapshotListTestJSON-757052663 None] Running cmd (subprocess): sudo cinder-rootwrap /etc/cinder/rootwrap.conf chmod ugo+rw /opt/stack/data/cinder/mnt/b553cc8ae09bb990da4a2e64481e0b45/volume-3df0afdf-4383-4b10-b4b4-e58302ac949d.3492d284-c202-4e97-90b5-de2d05b2a13e {{(pid=94458) execute /opt/stack/data/venv/lib/python3.12/site-packages/oslo_concurrency/processutils.py:440}}
Aug 21 18:17:43 devstack sudo[102065]: quobyte : PWD=/ ; USER=root ; COMMAND=/opt/stack/data/venv/bin/cinder-rootwrap /etc/cinder/rootwrap.conf chmod ugo+rw /opt/stack/data/cinder/mnt/b553cc8ae09bb990da4a2e64481e0b45/volume-3df0afdf-4383-4b10-b4b4-e58302ac949d.3492d284-c202-4e97-90b5-de2d05b2a13e
Aug 21 18:17:43 devstack sudo[102065]: pam_unix(sudo:session): session opened for user root(uid=0) by (uid=1000)
Aug 21 18:17:43 devstack sudo[102065]: pam_unix(sudo:session): session closed for user root
Aug 21 18:17:43 devstack cinder-volume[94458]: DEBUG oslo_concurrency.processutils [None req-cffd3e35-fef5-4547-bd1f-4a69b460230f tempest-VolumesSnapshotListTestJSON-757052663 None] CMD "sudo cinder-rootwrap /etc/cinder/rootwrap.conf chmod ugo+rw /opt/stack/data/cinder/mnt/b553cc8ae09bb990da4a2e64481e0b45/volume-3df0afdf-4383-4b10-b4b4-e58302ac949d.3492d284-c202-4e97-90b5-de2d05b2a13e" returned: 0 in 0.308s {{(pid=94458) execute /opt/stack/data/venv/lib/python3.12/site-packages/oslo_concurrency/processutils.py:468}}
Aug 21 18:17:43 devstack cinder-volume[94458]: DEBUG cinder.volume.flows.manager.create_volume [None req-d40d9f70-e18d-46f4-89e2-ef2cbcdbb2f5 tempest-AttachVolumeTestJSON-1829216084 None] Volume reschedule parameters: True retry: {'num_attempts': 1, 'backends': ['devstack@QuobyteHD#QuobyteHD'], 'hosts': ['devstack@QuobyteHD#QuobyteHD']} {{(pid=94458) get_flow /opt/stack/cinder/cinder/volume/flows/manager/create_volume.py:1397}}
Aug 21 18:17:43 devstack cinder-volume[94458]: DEBUG cinder.volume.manager [None req-d40d9f70-e18d-46f4-89e2-ef2cbcdbb2f5 tempest-AttachVolumeTestJSON-1829216084 None] Flow 'volume_create_manager' (ca0e997d-686f-4bcf-b59b-31c3e17a5aee) transitioned into state 'RUNNING' from state 'PENDING' {{(pid=94458) _flow_receiver /opt/stack/data/venv/lib/python3.12/site-packages/taskflow/listeners/logging.py:160}}
Aug 21 18:17:43 devstack cinder-volume[94458]: DEBUG cinder.volume.manager [None req-d40d9f70-e18d-46f4-89e2-ef2cbcdbb2f5 tempest-AttachVolumeTestJSON-1829216084 None] Task 'cinder.volume.flows.manager.create_volume.ExtractVolumeRefTask;volume:create' (59e6c223-72cb-4333-9558-3a2d358fd935) transitioned into state 'RUNNING' from state 'PENDING' {{(pid=94458) _task_receiver /opt/stack/data/venv/lib/python3.12/site-packages/taskflow/listeners/logging.py:242}}
