Apr 13 17:06:24 devstack cinder-volume[82641]: DEBUG cinder.volume.manager [None req-b93f04b4-79ec-4779-a76e-cc680b70755d tempest-ServerRescueNegativeTestJSON-159923319 None] Task 'cinder.volume.flows.manager.create_volume.ExtractVolumeSpecTask;volume:create' (921d86d4-bf69-4b7d-8021-e614fcdf080b) transitioned into state 'RUNNING' from state 'PENDING' {{(pid=82641) _task_receiver /opt/stack/data/venv/lib/python3.10/site-packages/taskflow/listeners/logging.py:194}}
Apr 13 17:06:24 devstack cinder-volume[82641]: DEBUG cinder.volume.manager [None req-b93f04b4-79ec-4779-a76e-cc680b70755d tempest-ServerRescueNegativeTestJSON-159923319 None] Task 'cinder.volume.flows.manager.create_volume.ExtractVolumeSpecTask;volume:create' (921d86d4-bf69-4b7d-8021-e614fcdf080b) transitioned into state 'SUCCESS' from state 'RUNNING' with result '{'status': 'creating', 'type': 'raw', 'volume_id': 'b8bd5dfd-747a-4f22-a859-61a802afa326', 'volume_name': 'volume-b8bd5dfd-747a-4f22-a859-61a802afa326', 'volume_size': 1}' {{(pid=82641) _task_receiver /opt/stack/data/venv/lib/python3.10/site-packages/taskflow/listeners/logging.py:182}}
Apr 13 17:06:24 devstack cinder-volume[82641]: DEBUG cinder.volume.manager [None req-b93f04b4-79ec-4779-a76e-cc680b70755d tempest-ServerRescueNegativeTestJSON-159923319 None] Task 'cinder.volume.flows.manager.create_volume.NotifyVolumeActionTask;volume:create, create.start' (87f66c20-1862-44b6-a105-9b3562c4aca5) transitioned into state 'RUNNING' from state 'PENDING' {{(pid=82641) _task_receiver /opt/stack/data/venv/lib/python3.10/site-packages/taskflow/listeners/logging.py:194}}
Apr 13 17:06:24 devstack cinder-volume[82641]: DEBUG cinder.volume.manager [None req-b93f04b4-79ec-4779-a76e-cc680b70755d tempest-ServerRescueNegativeTestJSON-159923319 None] Task 'cinder.volume.flows.manager.create_volume.NotifyVolumeActionTask;volume:create, create.start' (87f66c20-1862-44b6-a105-9b3562c4aca5) transitioned into state 'SUCCESS' from state 'RUNNING' with result 'None' {{(pid=82641) _task_receiver /opt/stack/data/venv/lib/python3.10/site-packages/taskflow/listeners/logging.py:182}}
Apr 13 17:06:24 devstack cinder-volume[82641]: DEBUG cinder.volume.manager [None req-b93f04b4-79ec-4779-a76e-cc680b70755d tempest-ServerRescueNegativeTestJSON-159923319 None] Task 'cinder.volume.flows.manager.create_volume.CreateVolumeFromSpecTask;volume:create' (54005b63-1c1e-4d41-9055-639069f7e18e) transitioned into state 'RUNNING' from state 'PENDING' {{(pid=82641) _task_receiver /opt/stack/data/venv/lib/python3.10/site-packages/taskflow/listeners/logging.py:194}}
Apr 13 17:06:24 devstack cinder-volume[82641]: INFO cinder.volume.flows.manager.create_volume [None req-b93f04b4-79ec-4779-a76e-cc680b70755d tempest-ServerRescueNegativeTestJSON-159923319 None] Volume b8bd5dfd-747a-4f22-a859-61a802afa326: being created as raw with specification: {'status': 'creating', 'volume_name': 'volume-b8bd5dfd-747a-4f22-a859-61a802afa326', 'volume_size': 1}
Apr 13 17:06:24 devstack cinder-volume[82641]: DEBUG oslo_concurrency.lockutils [None req-b93f04b4-79ec-4779-a76e-cc680b70755d tempest-ServerRescueNegativeTestJSON-159923319 None] Acquiring lock "quobyte" by "cinder.volume.drivers.quobyte.QuobyteDriver.create_volume" {{(pid=82641) inner /opt/stack/data/venv/lib/python3.10/site-packages/oslo_concurrency/lockutils.py:506}}
Apr 13 17:06:24 devstack sudo[84854]: pam_unix(sudo:session): session closed for user root
Apr 13 17:06:24 devstack cinder-volume[82641]: DEBUG oslo_concurrency.processutils [None req-455ba2ae-c8bc-4eb4-af89-85837261b577 tempest-GroupSnapshotsTest-1324007362 None] CMD "sudo cinder-rootwrap /etc/cinder/rootwrap.conf qemu-img create -f qcow2 -o backing_file=/opt/stack/data/cinder/mnt/0cc89948abc32b9231943aa303f32905/volume-efab8381-c55b-4f4a-b5b4-bd852a76d23f,backing_fmt=qcow2 /opt/stack/data/cinder/mnt/0cc89948abc32b9231943aa303f32905/volume-efab8381-c55b-4f4a-b5b4-bd852a76d23f.7e944344-0c3f-4105-bd45-cd909f974d2f 1G" returned: 0 in 2.255s {{(pid=82641) execute /opt/stack/data/venv/lib/python3.10/site-packages/oslo_concurrency/processutils.py:468}}
Apr 13 17:06:24 devstack cinder-volume[82641]: DEBUG oslo_concurrency.processutils [None req-455ba2ae-c8bc-4eb4-af89-85837261b577 tempest-GroupSnapshotsTest-1324007362 None] Running cmd (subprocess): sudo cinder-rootwrap /etc/cinder/rootwrap.conf qemu-img rebase -u -b volume-efab8381-c55b-4f4a-b5b4-bd852a76d23f -F qcow2 /opt/stack/data/cinder/mnt/0cc89948abc32b9231943aa303f32905/volume-efab8381-c55b-4f4a-b5b4-bd852a76d23f.7e944344-0c3f-4105-bd45-cd909f974d2f {{(pid=82641) execute /opt/stack/data/venv/lib/python3.10/site-packages/oslo_concurrency/processutils.py:440}}
Apr 13 17:06:24 devstack sudo[84860]: quobyte : PWD=/ ; USER=root ; COMMAND=/opt/stack/data/venv/bin/cinder-rootwrap /etc/cinder/rootwrap.conf qemu-img rebase -u -b volume-efab8381-c55b-4f4a-b5b4-bd852a76d23f -F qcow2 /opt/stack/data/cinder/mnt/0cc89948abc32b9231943aa303f32905/volume-efab8381-c55b-4f4a-b5b4-bd852a76d23f.7e944344-0c3f-4105-bd45-cd909f974d2f
Apr 13 17:06:24 devstack sudo[84860]: pam_unix(sudo:session): session opened for user root(uid=0) by (uid=1000)
Apr 13 17:06:25 devstack cinder-volume[82641]: DEBUG cinder.volume.flows.manager.create_volume [req-96d350a8-cdff-4aa8-ad3c-847cbb6207f2 req-44ff7e16-5dbf-4aea-a222-5957109e0ad3 tempest-ServerBootFromVolumeStableRescueTest-505035589 None] Volume reschedule parameters: True retry: {'num_attempts': 1, 'backends': ['devstack@QuobyteHD#QuobyteHD'], 'hosts': ['devstack@QuobyteHD#QuobyteHD']} {{(pid=82641) get_flow /opt/stack/cinder/cinder/volume/flows/manager/create_volume.py:1395}}
Apr 13 17:06:25 devstack cinder-volume[82641]: DEBUG cinder.volume.manager [req-96d350a8-cdff-4aa8-ad3c-847cbb6207f2 req-44ff7e16-5dbf-4aea-a222-5957109e0ad3 tempest-ServerBootFromVolumeStableRescueTest-505035589 None] Flow 'volume_create_manager' (21f727c1-6103-4ece-8c52-b5456bdece7d) transitioned into state 'RUNNING' from state 'PENDING' {{(pid=82641) _flow_receiver /opt/stack/data/venv/lib/python3.10/site-packages/taskflow/listeners/logging.py:145}}
Apr 13 17:06:25 devstack cinder-volume[82641]: DEBUG cinder.volume.manager [req-96d350a8-cdff-4aa8-ad3c-847cbb6207f2 req-44ff7e16-5dbf-4aea-a222-5957109e0ad3 tempest-ServerBootFromVolumeStableRescueTest-505035589 None] Task 'cinder.volume.flows.manager.create_volume.ExtractVolumeRefTask;volume:create' (590bc461-300e-40d1-af05-a7afbe3d12ef) transitioned into state 'RUNNING' from state 'PENDING' {{(pid=82641) _task_receiver /opt/stack/data/venv/lib/python3.10/site-packages/taskflow/listeners/logging.py:194}}
Apr 13 17:06:25 devstack cinder-volume[82641]: DEBUG cinder.volume.manager [req-96d350a8-cdff-4aa8-ad3c-847cbb6207f2 req-44ff7e16-5dbf-4aea-a222-5957109e0ad3 tempest-ServerBootFromVolumeStableRescueTest-505035589 None] Task 'cinder.volume.flows.manager.create_volume.ExtractVolumeRefTask;volume:create' (590bc461-300e-40d1-af05-a7afbe3d12ef) transitioned into state 'SUCCESS' from state 'RUNNING' with result 'Volume(_name_id=None,admin_metadata=,attach_status='detached',availability_zone='nova',bootable=False,cluster=,cluster_name=None,consistencygroup=,consistencygroup_id=None,created_at=2026-04-13T15:06:25Z,deleted=False,deleted_at=None,display_description='',display_name='5d1bea51-f582-4eb7-89ba-ba6450c375a2-blank-vol',ec2_id=None,encryption_key_id=None,glance_metadata=,group=,group_id=None,host='devstack@QuobyteHD#QuobyteHD',id=9820fd84-ae51-419b-a552-9cef76e865a1,launched_at=None,metadata={},migration_status=None,multiattach=False,previous_status=None,project_id='da47858d1fcc447790d7d8581673a9b1',provider_auth=None,provider_geometry=None,provider_id=None,provider_location=None,replication_driver_data=None,replication_extended_status=None,replication_status=None,scheduled_at=2026-04-13T15:06:25Z,service_uuid=None,shared_targets=True,size=1,snapshot_id=None,snapshots=,source_volid=None,status='creating',terminated_at=None,updated_at=2026-04-13T15:06:25Z,use_quota=True,user_id='246c87d66d034b28b51d4d66a72f350f',volume_attachment=VolumeAttachmentList,volume_type=VolumeType(29bddace-ad35-4ede-a5ff-84e90bd81f00),volume_type_id=29bddace-ad35-4ede-a5ff-84e90bd81f00)' {{(pid=82641) _task_receiver /opt/stack/data/venv/lib/python3.10/site-packages/taskflow/listeners/logging.py:182}}
Apr 13 17:06:25 devstack cinder-volume[82641]: DEBUG cinder.volume.manager [req-96d350a8-cdff-4aa8-ad3c-847cbb6207f2 req-44ff7e16-5dbf-4aea-a222-5957109e0ad3 tempest-ServerBootFromVolumeStableRescueTest-505035589 None] Task 'cinder.volume.flows.manager.create_volume.OnFailureRescheduleTask;volume:create' (1b2ae8c5-38ca-46d2-b1f2-e59d028ed060) transitioned into state 'RUNNING' from state 'PENDING' {{(pid=82641) _task_receiver /opt/stack/data/venv/lib/python3.10/site-packages/taskflow/listeners/logging.py:194}}
Apr 13 17:06:25 devstack cinder-volume[82641]: DEBUG cinder.volume.manager [req-96d350a8-cdff-4aa8-ad3c-847cbb6207f2 req-44ff7e16-5dbf-4aea-a222-5957109e0ad3 tempest-ServerBootFromVolumeStableRescueTest-505035589 None] Task 'cinder.volume.flows.manager.create_volume.OnFailureRescheduleTask;volume:create' (1b2ae8c5-38ca-46d2-b1f2-e59d028ed060) transitioned into state 'SUCCESS' from state 'RUNNING' with result 'None' {{(pid=82641) _task_receiver /opt/stack/data/venv/lib/python3.10/site-packages/taskflow/listeners/logging.py:182}}
Apr 13 17:06:25 devstack cinder-volume[82641]: DEBUG cinder.volume.manager [req-96d350a8-cdff-4aa8-ad3c-847cbb6207f2 req-44ff7e16-5dbf-4aea-a222-5957109e0ad3 tempest-ServerBootFromVolumeStableRescueTest-505035589 None] Task 'cinder.volume.flows.manager.create_volume.ExtractVolumeSpecTask;volume:create' (68051fa1-a8f2-4442-a224-e64614914356) transitioned into state 'RUNNING' from state 'PENDING' {{(pid=82641) _task_receiver /opt/stack/data/venv/lib/python3.10/site-packages/taskflow/listeners/logging.py:194}}
Apr 13 17:06:25 devstack cinder-volume[82641]: DEBUG cinder.volume.manager [req-96d350a8-cdff-4aa8-ad3c-847cbb6207f2 req-44ff7e16-5dbf-4aea-a222-5957109e0ad3 tempest-ServerBootFromVolumeStableRescueTest-505035589 None] Task 'cinder.volume.flows.manager.create_volume.ExtractVolumeSpecTask;volume:create' (68051fa1-a8f2-4442-a224-e64614914356) transitioned into state 'SUCCESS' from state 'RUNNING' with result '{'status': 'creating', 'type': 'raw', 'volume_id': '9820fd84-ae51-419b-a552-9cef76e865a1', 'volume_name': 'volume-9820fd84-ae51-419b-a552-9cef76e865a1', 'volume_size': 1}' {{(pid=82641) _task_receiver /opt/stack/data/venv/lib/python3.10/site-packages/taskflow/listeners/logging.py:182}}
Apr 13 17:06:25 devstack cinder-volume[82641]: DEBUG cinder.volume.manager [req-96d350a8-cdff-4aa8-ad3c-847cbb6207f2 req-44ff7e16-5dbf-4aea-a222-5957109e0ad3 tempest-ServerBootFromVolumeStableRescueTest-505035589 None] Task 'cinder.volume.flows.manager.create_volume.NotifyVolumeActionTask;volume:create, create.start' (74c3b476-735e-45a7-b32b-ee663d6ae3b7) transitioned into state 'RUNNING' from state 'PENDING' {{(pid=82641) _task_receiver /opt/stack/data/venv/lib/python3.10/site-packages/taskflow/listeners/logging.py:194}}
Apr 13 17:06:25 devstack cinder-volume[82641]: DEBUG cinder.volume.manager [req-96d350a8-cdff-4aa8-ad3c-847cbb6207f2 req-44ff7e16-5dbf-4aea-a222-5957109e0ad3 tempest-ServerBootFromVolumeStableRescueTest-505035589 None] Task 'cinder.volume.flows.manager.create_volume.NotifyVolumeActionTask;volume:create, create.start' (74c3b476-735e-45a7-b32b-ee663d6ae3b7) transitioned into state 'SUCCESS' from state 'RUNNING' with result 'None' {{(pid=82641) _task_receiver /opt/stack/data/venv/lib/python3.10/site-packages/taskflow/listeners/logging.py:182}}
Apr 13 17:06:25 devstack cinder-volume[82641]: DEBUG cinder.volume.manager [req-96d350a8-cdff-4aa8-ad3c-847cbb6207f2 req-44ff7e16-5dbf-4aea-a222-5957109e0ad3 tempest-ServerBootFromVolumeStableRescueTest-505035589 None] Task 'cinder.volume.flows.manager.create_volume.CreateVolumeFromSpecTask;volume:create' (2023fe63-f956-4f15-b03c-308291881ae1) transitioned into state 'RUNNING' from state 'PENDING' {{(pid=82641) _task_receiver /opt/stack/data/venv/lib/python3.10/site-packages/taskflow/listeners/logging.py:194}}
Apr 13 17:06:25 devstack cinder-volume[82641]: INFO cinder.volume.flows.manager.create_volume [req-96d350a8-cdff-4aa8-ad3c-847cbb6207f2 req-44ff7e16-5dbf-4aea-a222-5957109e0ad3 tempest-ServerBootFromVolumeStableRescueTest-505035589 None] Volume 9820fd84-ae51-419b-a552-9cef76e865a1: being created as raw with specification: {'status': 'creating', 'volume_name': 'volume-9820fd84-ae51-419b-a552-9cef76e865a1', 'volume_size': 1}
Apr 13 17:06:25 devstack cinder-volume[82641]: DEBUG oslo_concurrency.lockutils [req-96d350a8-cdff-4aa8-ad3c-847cbb6207f2 req-44ff7e16-5dbf-4aea-a222-5957109e0ad3 tempest-ServerBootFromVolumeStableRescueTest-505035589 None] Acquiring lock "quobyte" by "cinder.volume.drivers.quobyte.QuobyteDriver.create_volume" {{(pid=82641) inner /opt/stack/data/venv/lib/python3.10/site-packages/oslo_concurrency/lockutils.py:506}}
Apr 13 17:06:26 devstack sudo[84860]: pam_unix(sudo:session): session closed for user root
Apr 13 17:06:26 devstack cinder-volume[82641]: DEBUG oslo_concurrency.processutils [None req-455ba2ae-c8bc-4eb4-af89-85837261b577 tempest-GroupSnapshotsTest-1324007362 None] CMD "sudo cinder-rootwrap /etc/cinder/rootwrap.conf qemu-img rebase -u -b volume-efab8381-c55b-4f4a-b5b4-bd852a76d23f -F qcow2 /opt/stack/data/cinder/mnt/0cc89948abc32b9231943aa303f32905/volume-efab8381-c55b-4f4a-b5b4-bd852a76d23f.7e944344-0c3f-4105-bd45-cd909f974d2f" returned: 0 in 1.116s {{(pid=82641) execute /opt/stack/data/venv/lib/python3.10/site-packages/oslo_concurrency/processutils.py:468}}
Apr 13 17:06:26 devstack cinder-volume[82641]: WARNING cinder.volume.drivers.remotefs [None req-455ba2ae-c8bc-4eb4-af89-85837261b577 tempest-GroupSnapshotsTest-1324007362 None] /opt/stack/data/cinder/mnt/0cc89948abc32b9231943aa303f32905/volume-efab8381-c55b-4f4a-b5b4-bd852a76d23f.7e944344-0c3f-4105-bd45-cd909f974d2f is being set with open permissions: ugo+rw: NotImplementedError
Apr 13 17:06:26 devstack cinder-volume[82641]: DEBUG oslo_concurrency.processutils [None req-455ba2ae-c8bc-4eb4-af89-85837261b577 tempest-GroupSnapshotsTest-1324007362 None] Running cmd (subprocess): sudo cinder-rootwrap /etc/cinder/rootwrap.conf chmod ugo+rw /opt/stack/data/cinder/mnt/0cc89948abc32b9231943aa303f32905/volume-efab8381-c55b-4f4a-b5b4-bd852a76d23f.7e944344-0c3f-4105-bd45-cd909f974d2f {{(pid=82641) execute /opt/stack/data/venv/lib/python3.10/site-packages/oslo_concurrency/processutils.py:440}}
Apr 13 17:06:26 devstack sudo[84866]: quobyte : PWD=/ ; USER=root ; COMMAND=/opt/stack/data/venv/bin/cinder-rootwrap /etc/cinder/rootwrap.conf chmod ugo+rw /opt/stack/data/cinder/mnt/0cc89948abc32b9231943aa303f32905/volume-efab8381-c55b-4f4a-b5b4-bd852a76d23f.7e944344-0c3f-4105-bd45-cd909f974d2f
Apr 13 17:06:26 devstack sudo[84866]: pam_unix(sudo:session): session opened for user root(uid=0) by (uid=1000)
Apr 13 17:06:26 devstack sudo[84866]: pam_unix(sudo:session): session closed for user root
Apr 13 17:06:26 devstack cinder-volume[82641]: DEBUG oslo_concurrency.processutils [None req-455ba2ae-c8bc-4eb4-af89-85837261b577 tempest-GroupSnapshotsTest-1324007362 None] CMD "sudo cinder-rootwrap /etc/cinder/rootwrap.conf chmod ugo+rw /opt/stack/data/cinder/mnt/0cc89948abc32b9231943aa303f32905/volume-efab8381-c55b-4f4a-b5b4-bd852a76d23f.7e944344-0c3f-4105-bd45-cd909f974d2f" returned: 0 in 0.565s {{(pid=82641) execute /opt/stack/data/venv/lib/python3.10/site-packages/oslo_concurrency/processutils.py:468}}
Apr 13 17:06:26 devstack cinder-volume[82641]: DEBUG oslo_concurrency.processutils [None req-455ba2ae-c8bc-4eb4-af89-85837261b577 tempest-GroupSnapshotsTest-1324007362 None] Running cmd (subprocess): sudo cinder-rootwrap /etc/cinder/rootwrap.conf truncate -s0 /opt/stack/data/cinder/mnt/0cc89948abc32b9231943aa303f32905/volume-efab8381-c55b-4f4a-b5b4-bd852a76d23f.info {{(pid=82641) execute /opt/stack/data/venv/lib/python3.10/site-packages/oslo_concurrency/processutils.py:440}}
Apr 13 17:06:26 devstack sudo[84871]: quobyte : PWD=/ ; USER=root ; COMMAND=/opt/stack/data/venv/bin/cinder-rootwrap /etc/cinder/rootwrap.conf truncate -s0 /opt/stack/data/cinder/mnt/0cc89948abc32b9231943aa303f32905/volume-efab8381-c55b-4f4a-b5b4-bd852a76d23f.info
Apr 13 17:06:26 devstack sudo[84871]: pam_unix(sudo:session): session opened for user root(uid=0) by (uid=1000)
Apr 13 17:06:27 devstack sudo[84871]: pam_unix(sudo:session): session closed for user root
Apr 13 17:06:27 devstack cinder-volume[82641]: DEBUG oslo_concurrency.processutils [None req-455ba2ae-c8bc-4eb4-af89-85837261b577 tempest-GroupSnapshotsTest-1324007362 None] CMD "sudo cinder-rootwrap /etc/cinder/rootwrap.conf truncate -s0 /opt/stack/data/cinder/mnt/0cc89948abc32b9231943aa303f32905/volume-efab8381-c55b-4f4a-b5b4-bd852a76d23f.info" returned: 0 in 0.547s {{(pid=82641) execute /opt/stack/data/venv/lib/python3.10/site-packages/oslo_concurrency/processutils.py:468}}
Apr 13 17:06:27 devstack cinder-volume[82641]: WARNING cinder.volume.drivers.remotefs [None req-455ba2ae-c8bc-4eb4-af89-85837261b577 tempest-GroupSnapshotsTest-1324007362 None] /opt/stack/data/cinder/mnt/0cc89948abc32b9231943aa303f32905/volume-efab8381-c55b-4f4a-b5b4-bd852a76d23f.info is being set with open permissions: ugo+rw: NotImplementedError
Apr 13 17:06:27 devstack cinder-volume[82641]: DEBUG oslo_concurrency.processutils [None req-455ba2ae-c8bc-4eb4-af89-85837261b577 tempest-GroupSnapshotsTest-1324007362 None] Running cmd (subprocess): sudo cinder-rootwrap /etc/cinder/rootwrap.conf chmod ugo+rw /opt/stack/data/cinder/mnt/0cc89948abc32b9231943aa303f32905/volume-efab8381-c55b-4f4a-b5b4-bd852a76d23f.info {{(pid=82641) execute /opt/stack/data/venv/lib/python3.10/site-packages/oslo_concurrency/processutils.py:440}}
Apr 13 17:06:27 devstack sudo[84874]: quobyte : PWD=/ ; USER=root ; COMMAND=/opt/stack/data/venv/bin/cinder-rootwrap /etc/cinder/rootwrap.conf chmod ugo+rw /opt/stack/data/cinder/mnt/0cc89948abc32b9231943aa303f32905/volume-efab8381-c55b-4f4a-b5b4-bd852a76d23f.info
Apr 13 17:06:27 devstack sudo[84874]: pam_unix(sudo:session): session opened for user root(uid=0) by (uid=1000)
Apr 13 17:06:27 devstack sudo[84874]: pam_unix(sudo:session): session closed for user root
Apr 13 17:06:27 devstack cinder-volume[82641]: DEBUG oslo_concurrency.processutils [None req-455ba2ae-c8bc-4eb4-af89-85837261b577 tempest-GroupSnapshotsTest-1324007362 None] CMD "sudo cinder-rootwrap /etc/cinder/rootwrap.conf chmod ugo+rw /opt/stack/data/cinder/mnt/0cc89948abc32b9231943aa303f32905/volume-efab8381-c55b-4f4a-b5b4-bd852a76d23f.info" returned: 0 in 0.506s {{(pid=82641) execute /opt/stack/data/venv/lib/python3.10/site-packages/oslo_concurrency/processutils.py:468}}
Apr 13 17:06:27 devstack cinder-volume[82641]: DEBUG oslo_concurrency.lockutils [None req-455ba2ae-c8bc-4eb4-af89-85837261b577 tempest-GroupSnapshotsTest-1324007362 None] Lock "quobyte" "released" by "cinder.volume.drivers.quobyte.QuobyteDriver.create_snapshot" :: held 5.754s {{(pid=82641) inner /opt/stack/data/venv/lib/python3.10/site-packages/oslo_concurrency/lockutils.py:538}}
Apr 13 17:06:27 devstack cinder-volume[82641]: DEBUG oslo_concurrency.lockutils [None req-455ba2ae-c8bc-4eb4-af89-85837261b577 tempest-GroupSnapshotsTest-1324007362 None] Acquiring lock "quobyte" by "cinder.volume.drivers.quobyte.QuobyteDriver.create_snapshot" {{(pid=82641) inner /opt/stack/data/venv/lib/python3.10/site-packages/oslo_concurrency/lockutils.py:506}}
Apr 13 17:06:27 devstack cinder-volume[82641]: DEBUG oslo_concurrency.lockutils [None req-455ba2ae-c8bc-4eb4-af89-85837261b577 tempest-GroupSnapshotsTest-1324007362 None] Lock "quobyte" acquired by "cinder.volume.drivers.quobyte.QuobyteDriver.create_snapshot" :: waited 0.000s {{(pid=82641) inner /opt/stack/data/venv/lib/python3.10/site-packages/oslo_concurrency/lockutils.py:519}}
Apr 13 17:06:27 devstack cinder-volume[82641]: DEBUG cinder.volume.drivers.remotefs [None req-455ba2ae-c8bc-4eb4-af89-85837261b577 tempest-GroupSnapshotsTest-1324007362 None] Creating offline snapshot d48b305e-7ae3-4e13-9944-0f7ee434c9b0 of volume 4025fb0c-d7da-4c22-b1b2-2ffd40fbb15c {{(pid=82641) _create_snapshot /opt/stack/cinder/cinder/volume/drivers/remotefs.py:1815}}
Apr 13 17:06:27 devstack cinder-volume[82641]: DEBUG oslo.privsep.daemon [-] privsep: reply[82c71271-0501-475e-b096-d59a494ca6a8]: (4, 'qcow2') {{(pid=83513) _call_back /opt/stack/data/venv/lib/python3.10/site-packages/oslo_privsep/daemon.py:573}}
Apr 13 17:06:27 devstack cinder-volume[82641]: DEBUG oslo_concurrency.processutils [None req-455ba2ae-c8bc-4eb4-af89-85837261b577 tempest-GroupSnapshotsTest-1324007362 None] Running cmd (subprocess): /opt/stack/data/venv/bin/python3.10 -m oslo_concurrency.prlimit --as=1073741824 --cpu=60 -- sudo cinder-rootwrap /etc/cinder/rootwrap.conf env LC_ALL=C qemu-img info -f qcow2 --output=json --force-share /opt/stack/data/cinder/mnt/0cc89948abc32b9231943aa303f32905/volume-4025fb0c-d7da-4c22-b1b2-2ffd40fbb15c {{(pid=82641) execute /opt/stack/data/venv/lib/python3.10/site-packages/oslo_concurrency/processutils.py:440}}
Apr 13 17:06:27 devstack sudo[84877]: quobyte : PWD=/ ; USER=root ; COMMAND=/opt/stack/data/venv/bin/cinder-rootwrap /etc/cinder/rootwrap.conf env LC_ALL=C qemu-img info -f qcow2 --output=json --force-share /opt/stack/data/cinder/mnt/0cc89948abc32b9231943aa303f32905/volume-4025fb0c-d7da-4c22-b1b2-2ffd40fbb15c
Apr 13 17:06:27 devstack sudo[84877]: pam_unix(sudo:session): session opened for user root(uid=0) by (uid=1000)
Apr 13 17:06:28 devstack sudo[84877]: pam_unix(sudo:session): session closed for user root
Apr 13 17:06:28 devstack cinder-volume[82641]: DEBUG oslo_concurrency.processutils [None req-455ba2ae-c8bc-4eb4-af89-85837261b577 tempest-GroupSnapshotsTest-1324007362 None] CMD "/opt/stack/data/venv/bin/python3.10 -m oslo_concurrency.prlimit --as=1073741824 --cpu=60 -- sudo cinder-rootwrap /etc/cinder/rootwrap.conf env LC_ALL=C qemu-img info -f qcow2 --output=json --force-share /opt/stack/data/cinder/mnt/0cc89948abc32b9231943aa303f32905/volume-4025fb0c-d7da-4c22-b1b2-2ffd40fbb15c" returned: 0 in 0.735s {{(pid=82641) execute /opt/stack/data/venv/lib/python3.10/site-packages/oslo_concurrency/processutils.py:468}}
Apr 13 17:06:28 devstack cinder-volume[82641]: DEBUG oslo_concurrency.processutils [None req-455ba2ae-c8bc-4eb4-af89-85837261b577 tempest-GroupSnapshotsTest-1324007362 None] Running cmd (subprocess): sudo cinder-rootwrap /etc/cinder/rootwrap.conf qemu-img create -f qcow2 -o backing_file=/opt/stack/data/cinder/mnt/0cc89948abc32b9231943aa303f32905/volume-4025fb0c-d7da-4c22-b1b2-2ffd40fbb15c,backing_fmt=qcow2 /opt/stack/data/cinder/mnt/0cc89948abc32b9231943aa303f32905/volume-4025fb0c-d7da-4c22-b1b2-2ffd40fbb15c.d48b305e-7ae3-4e13-9944-0f7ee434c9b0 1G {{(pid=82641) execute /opt/stack/data/venv/lib/python3.10/site-packages/oslo_concurrency/processutils.py:440}}
Apr 13 17:06:28 devstack sudo[84882]: quobyte : PWD=/ ; USER=root ; COMMAND=/opt/stack/data/venv/bin/cinder-rootwrap /etc/cinder/rootwrap.conf qemu-img create -f qcow2 -o backing_file=/opt/stack/data/cinder/mnt/0cc89948abc32b9231943aa303f32905/volume-4025fb0c-d7da-4c22-b1b2-2ffd40fbb15c,backing_fmt=qcow2 /opt/stack/data/cinder/mnt/0cc89948abc32b9231943aa303f32905/volume-4025fb0c-d7da-4c22-b1b2-2ffd40fbb15c.d48b305e-7ae3-4e13-9944-0f7ee434c9b0 1G
Apr 13 17:06:28 devstack sudo[84882]: pam_unix(sudo:session): session opened for user root(uid=0) by (uid=1000)
Apr 13 17:06:29 devstack sudo[84882]: pam_unix(sudo:session): session closed for user root
Apr 13 17:06:29 devstack cinder-volume[82641]: DEBUG oslo_concurrency.processutils [None req-455ba2ae-c8bc-4eb4-af89-85837261b577 tempest-GroupSnapshotsTest-1324007362 None] CMD "sudo cinder-rootwrap /etc/cinder/rootwrap.conf qemu-img create -f qcow2 -o backing_file=/opt/stack/data/cinder/mnt/0cc89948abc32b9231943aa303f32905/volume-4025fb0c-d7da-4c22-b1b2-2ffd40fbb15c,backing_fmt=qcow2 /opt/stack/data/cinder/mnt/0cc89948abc32b9231943aa303f32905/volume-4025fb0c-d7da-4c22-b1b2-2ffd40fbb15c.d48b305e-7ae3-4e13-9944-0f7ee434c9b0 1G" returned: 0 in 0.700s {{(pid=82641) execute /opt/stack/data/venv/lib/python3.10/site-packages/oslo_concurrency/processutils.py:468}}
Apr 13 17:06:29 devstack cinder-volume[82641]: DEBUG oslo_concurrency.processutils [None req-455ba2ae-c8bc-4eb4-af89-85837261b577 tempest-GroupSnapshotsTest-1324007362 None] Running cmd (subprocess): sudo cinder-rootwrap /etc/cinder/rootwrap.conf qemu-img rebase -u -b volume-4025fb0c-d7da-4c22-b1b2-2ffd40fbb15c -F qcow2 /opt/stack/data/cinder/mnt/0cc89948abc32b9231943aa303f32905/volume-4025fb0c-d7da-4c22-b1b2-2ffd40fbb15c.d48b305e-7ae3-4e13-9944-0f7ee434c9b0 {{(pid=82641) execute /opt/stack/data/venv/lib/python3.10/site-packages/oslo_concurrency/processutils.py:440}}
Apr 13 17:06:29 devstack sudo[84888]: quobyte : PWD=/ ; USER=root ; COMMAND=/opt/stack/data/venv/bin/cinder-rootwrap /etc/cinder/rootwrap.conf qemu-img rebase -u -b volume-4025fb0c-d7da-4c22-b1b2-2ffd40fbb15c -F qcow2 /opt/stack/data/cinder/mnt/0cc89948abc32b9231943aa303f32905/volume-4025fb0c-d7da-4c22-b1b2-2ffd40fbb15c.d48b305e-7ae3-4e13-9944-0f7ee434c9b0
Apr 13 17:06:29 devstack sudo[84888]: pam_unix(sudo:session): session opened for user root(uid=0) by (uid=1000)
Apr 13 17:06:29 devstack sudo[84888]: pam_unix(sudo:session): session closed for user root
Apr 13 17:06:29 devstack cinder-volume[82641]: DEBUG oslo_concurrency.processutils [None req-455ba2ae-c8bc-4eb4-af89-85837261b577 tempest-GroupSnapshotsTest-1324007362 None] CMD "sudo cinder-rootwrap /etc/cinder/rootwrap.conf qemu-img rebase -u -b volume-4025fb0c-d7da-4c22-b1b2-2ffd40fbb15c -F qcow2 /opt/stack/data/cinder/mnt/0cc89948abc32b9231943aa303f32905/volume-4025fb0c-d7da-4c22-b1b2-2ffd40fbb15c.d48b305e-7ae3-4e13-9944-0f7ee434c9b0" returned: 0 in 0.508s {{(pid=82641) execute /opt/stack/data/venv/lib/python3.10/site-packages/oslo_concurrency/processutils.py:468}}
Apr 13 17:06:29 devstack cinder-volume[82641]: WARNING cinder.volume.drivers.remotefs [None req-455ba2ae-c8bc-4eb4-af89-85837261b577 tempest-GroupSnapshotsTest-1324007362 None] /opt/stack/data/cinder/mnt/0cc89948abc32b9231943aa303f32905/volume-4025fb0c-d7da-4c22-b1b2-2ffd40fbb15c.d48b305e-7ae3-4e13-9944-0f7ee434c9b0 is being set with open permissions: ugo+rw: NotImplementedError
Apr 13 17:06:29 devstack cinder-volume[82641]: DEBUG oslo_concurrency.processutils [None req-455ba2ae-c8bc-4eb4-af89-85837261b577 tempest-GroupSnapshotsTest-1324007362 None] Running cmd (subprocess): sudo cinder-rootwrap /etc/cinder/rootwrap.conf chmod ugo+rw /opt/stack/data/cinder/mnt/0cc89948abc32b9231943aa303f32905/volume-4025fb0c-d7da-4c22-b1b2-2ffd40fbb15c.d48b305e-7ae3-4e13-9944-0f7ee434c9b0 {{(pid=82641) execute /opt/stack/data/venv/lib/python3.10/site-packages/oslo_concurrency/processutils.py:440}}
Apr 13 17:06:29 devstack sudo[84893]: quobyte : PWD=/ ; USER=root ; COMMAND=/opt/stack/data/venv/bin/cinder-rootwrap /etc/cinder/rootwrap.conf chmod ugo+rw /opt/stack/data/cinder/mnt/0cc89948abc32b9231943aa303f32905/volume-4025fb0c-d7da-4c22-b1b2-2ffd40fbb15c.d48b305e-7ae3-4e13-9944-0f7ee434c9b0
Apr 13 17:06:29 devstack sudo[84893]: pam_unix(sudo:session): session opened for user root(uid=0) by (uid=1000)
Apr 13 17:06:30 devstack sudo[84893]: pam_unix(sudo:session): session closed for user root
Apr 13 17:06:30 devstack cinder-volume[82641]: DEBUG oslo_concurrency.processutils [None req-455ba2ae-c8bc-4eb4-af89-85837261b577 tempest-GroupSnapshotsTest-1324007362 None] CMD "sudo cinder-rootwrap /etc/cinder/rootwrap.conf chmod ugo+rw /opt/stack/data/cinder/mnt/0cc89948abc32b9231943aa303f32905/volume-4025fb0c-d7da-4c22-b1b2-2ffd40fbb15c.d48b305e-7ae3-4e13-9944-0f7ee434c9b0" returned: 0 in 0.528s {{(pid=82641) execute /opt/stack/data/venv/lib/python3.10/site-packages/oslo_concurrency/processutils.py:468}}
Apr 13 17:06:30 devstack cinder-volume[82641]: DEBUG oslo_concurrency.processutils [None req-455ba2ae-c8bc-4eb4-af89-85837261b577 tempest-GroupSnapshotsTest-1324007362 None] Running cmd (subprocess): sudo cinder-rootwrap /etc/cinder/rootwrap.conf truncate -s0 /opt/stack/data/cinder/mnt/0cc89948abc32b9231943aa303f32905/volume-4025fb0c-d7da-4c22-b1b2-2ffd40fbb15c.info {{(pid=82641) execute /opt/stack/data/venv/lib/python3.10/site-packages/oslo_concurrency/processutils.py:440}}
Apr 13 17:06:30 devstack sudo[84896]: quobyte : PWD=/ ; USER=root ; COMMAND=/opt/stack/data/venv/bin/cinder-rootwrap /etc/cinder/rootwrap.conf truncate -s0 /opt/stack/data/cinder/mnt/0cc89948abc32b9231943aa303f32905/volume-4025fb0c-d7da-4c22-b1b2-2ffd40fbb15c.info
Apr 13 17:06:30 devstack sudo[84896]: pam_unix(sudo:session): session opened for user root(uid=0) by (uid=1000)
Apr 13 17:06:30 devstack sudo[84896]: pam_unix(sudo:session): session closed for user root
Apr 13 17:06:30 devstack cinder-volume[82641]: DEBUG oslo_concurrency.processutils [None req-455ba2ae-c8bc-4eb4-af89-85837261b577 tempest-GroupSnapshotsTest-1324007362 None] CMD "sudo cinder-rootwrap /etc/cinder/rootwrap.conf truncate -s0 /opt/stack/data/cinder/mnt/0cc89948abc32b9231943aa303f32905/volume-4025fb0c-d7da-4c22-b1b2-2ffd40fbb15c.info" returned: 0 in 0.513s {{(pid=82641) execute /opt/stack/data/venv/lib/python3.10/site-packages/oslo_concurrency/processutils.py:468}}
Apr 13 17:06:30 devstack cinder-volume[82641]: WARNING cinder.volume.drivers.remotefs [None req-455ba2ae-c8bc-4eb4-af89-85837261b577 tempest-GroupSnapshotsTest-1324007362 None] /opt/stack/data/cinder/mnt/0cc89948abc32b9231943aa303f32905/volume-4025fb0c-d7da-4c22-b1b2-2ffd40fbb15c.info is being set with open permissions: ugo+rw: NotImplementedError
Apr 13 17:06:30 devstack cinder-volume[82641]: DEBUG oslo_concurrency.processutils [None req-455ba2ae-c8bc-4eb4-af89-85837261b577 tempest-GroupSnapshotsTest-1324007362 None] Running cmd (subprocess): sudo cinder-rootwrap /etc/cinder/rootwrap.conf chmod ugo+rw /opt/stack/data/cinder/mnt/0cc89948abc32b9231943aa303f32905/volume-4025fb0c-d7da-4c22-b1b2-2ffd40fbb15c.info {{(pid=82641) execute /opt/stack/data/venv/lib/python3.10/site-packages/oslo_concurrency/processutils.py:440}}
Apr 13 17:06:30 devstack sudo[84931]: quobyte : PWD=/ ; USER=root ; COMMAND=/opt/stack/data/venv/bin/cinder-rootwrap /etc/cinder/rootwrap.conf chmod ugo+rw /opt/stack/data/cinder/mnt/0cc89948abc32b9231943aa303f32905/volume-4025fb0c-d7da-4c22-b1b2-2ffd40fbb15c.info
Apr 13 17:06:30 devstack sudo[84931]: pam_unix(sudo:session): session opened for user root(uid=0) by (uid=1000)
Apr 13 17:06:31 devstack sudo[84931]: pam_unix(sudo:session): session closed for user root
Apr 13 17:06:31 devstack cinder-volume[82641]: DEBUG oslo_concurrency.processutils [None req-455ba2ae-c8bc-4eb4-af89-85837261b577 tempest-GroupSnapshotsTest-1324007362 None] CMD "sudo cinder-rootwrap /etc/cinder/rootwrap.conf chmod ugo+rw /opt/stack/data/cinder/mnt/0cc89948abc32b9231943aa303f32905/volume-4025fb0c-d7da-4c22-b1b2-2ffd40fbb15c.info" returned: 0 in 0.456s {{(pid=82641) execute /opt/stack/data/venv/lib/python3.10/site-packages/oslo_concurrency/processutils.py:468}}
Apr 13 17:06:31 devstack cinder-volume[82641]: DEBUG oslo_concurrency.lockutils [None req-455ba2ae-c8bc-4eb4-af89-85837261b577 tempest-GroupSnapshotsTest-1324007362 None] Lock "quobyte" "released" by "cinder.volume.drivers.quobyte.QuobyteDriver.create_snapshot" :: held 3.514s {{(pid=82641) inner /opt/stack/data/venv/lib/python3.10/site-packages/oslo_concurrency/lockutils.py:538}}
Apr 13 17:06:31 devstack cinder-volume[82641]: DEBUG oslo_concurrency.lockutils [None req-b93f04b4-79ec-4779-a76e-cc680b70755d tempest-ServerRescueNegativeTestJSON-159923319 None] Lock "quobyte" acquired by "cinder.volume.drivers.quobyte.QuobyteDriver.create_volume" :: waited 6.849s {{(pid=82641) inner /opt/stack/data/venv/lib/python3.10/site-packages/oslo_concurrency/lockutils.py:519}}
Apr 13 17:06:31 devstack cinder-volume[82641]: DEBUG cinder.volume.drivers.quobyte [None req-b93f04b4-79ec-4779-a76e-cc680b70755d tempest-ServerRescueNegativeTestJSON-159923319 None] ==> create_volume: call "{'self': , 'volume': Volume(_name_id=None,admin_metadata=,attach_status='detached',availability_zone='nova',bootable=False,cluster=,cluster_name=None,consistencygroup=,consistencygroup_id=None,created_at=2026-04-13T15:06:24Z,deleted=False,deleted_at=None,display_description=None,display_name='tempest-ServerRescueNegativeTestJSON-volume-597895564',ec2_id=None,encryption_key_id=None,glance_metadata=,group=,group_id=None,host='devstack@QuobyteHD#QuobyteHD',id=b8bd5dfd-747a-4f22-a859-61a802afa326,launched_at=None,metadata={},migration_status=None,multiattach=False,previous_status=None,project_id='e3ee865ca0604f7c94486490fb4d0b73',provider_auth=None,provider_geometry=None,provider_id=None,provider_location=None,replication_driver_data=None,replication_extended_status=None,replication_status=None,scheduled_at=2026-04-13T15:06:24Z,service_uuid=None,shared_targets=True,size=1,snapshot_id=None,snapshots=,source_volid=None,status='creating',terminated_at=None,updated_at=2026-04-13T15:06:24Z,use_quota=True,user_id='5f9ce7057126407781e4932fc2f1d8df',volume_attachment=VolumeAttachmentList,volume_type=VolumeType(29bddace-ad35-4ede-a5ff-84e90bd81f00),volume_type_id=29bddace-ad35-4ede-a5ff-84e90bd81f00)}" {{(pid=82641) trace_logging_wrapper /opt/stack/cinder/cinder/volume/volume_utils.py:1498}}
Apr 13 17:06:31 devstack cinder-volume[82641]: DEBUG cinder.volume.drivers.remotefs [None req-b93f04b4-79ec-4779-a76e-cc680b70755d tempest-ServerRescueNegativeTestJSON-159923319 None] Creating volume b8bd5dfd-747a-4f22-a859-61a802afa326 {{(pid=82641) create_volume /opt/stack/cinder/cinder/volume/drivers/remotefs.py:292}}
Apr 13 17:06:31 devstack cinder-volume[82641]: DEBUG oslo_concurrency.lockutils [None req-b93f04b4-79ec-4779-a76e-cc680b70755d tempest-ServerRescueNegativeTestJSON-159923319 None] Acquiring lock "quobyte_ensure" by "cinder.volume.drivers.quobyte.QuobyteDriver._ensure_shares_mounted" {{(pid=82641) inner /opt/stack/data/venv/lib/python3.10/site-packages/oslo_concurrency/lockutils.py:506}}
Apr 13 17:06:31 devstack cinder-volume[82641]: DEBUG oslo_concurrency.lockutils [None req-b93f04b4-79ec-4779-a76e-cc680b70755d tempest-ServerRescueNegativeTestJSON-159923319 None] Lock "quobyte_ensure" acquired by "cinder.volume.drivers.quobyte.QuobyteDriver._ensure_shares_mounted" :: waited 0.000s {{(pid=82641) inner /opt/stack/data/venv/lib/python3.10/site-packages/oslo_concurrency/lockutils.py:519}}
Apr 13 17:06:31 devstack cinder-volume[82641]: DEBUG cinder.volume.drivers.quobyte [None req-b93f04b4-79ec-4779-a76e-cc680b70755d tempest-ServerRescueNegativeTestJSON-159923319 None] Quobyte Volume URL set to: {'osci02.corp.quobyte.com/cinder-vol-afc0bd5b-2626-41a1-a5e8-e38ffbfd1bc5': None} {{(pid=82641) _load_shares_config /opt/stack/cinder/cinder/volume/drivers/quobyte.py:617}}
Apr 13 17:06:31 devstack cinder-volume[82641]: DEBUG cinder.volume.drivers.quobyte [None req-b93f04b4-79ec-4779-a76e-cc680b70755d tempest-ServerRescueNegativeTestJSON-159923319 None] Available shares ['osci02.corp.quobyte.com/cinder-vol-afc0bd5b-2626-41a1-a5e8-e38ffbfd1bc5'] {{(pid=82641) _ensure_shares_mounted /opt/stack/cinder/cinder/volume/drivers/quobyte.py:647}}
Apr 13 17:06:31 devstack cinder-volume[82641]: DEBUG oslo_concurrency.lockutils [None req-b93f04b4-79ec-4779-a76e-cc680b70755d tempest-ServerRescueNegativeTestJSON-159923319 None] Lock "quobyte_ensure" "released" by "cinder.volume.drivers.quobyte.QuobyteDriver._ensure_shares_mounted" :: held 0.004s {{(pid=82641) inner /opt/stack/data/venv/lib/python3.10/site-packages/oslo_concurrency/lockutils.py:538}}
Apr 13 17:06:31 devstack cinder-volume[82641]: DEBUG cinder.volume.drivers.quobyte [None req-b93f04b4-79ec-4779-a76e-cc680b70755d tempest-ServerRescueNegativeTestJSON-159923319 None] Selected osci02.corp.quobyte.com/cinder-vol-afc0bd5b-2626-41a1-a5e8-e38ffbfd1bc5 as target Quobyte volume. {{(pid=82641) _find_share /opt/stack/cinder/cinder/volume/drivers/quobyte.py:668}}
Apr 13 17:06:31 devstack cinder-volume[82641]: INFO cinder.volume.drivers.remotefs [None req-b93f04b4-79ec-4779-a76e-cc680b70755d tempest-ServerRescueNegativeTestJSON-159923319 None] casted to osci02.corp.quobyte.com/cinder-vol-afc0bd5b-2626-41a1-a5e8-e38ffbfd1bc5
Apr 13 17:06:31 devstack cinder-volume[82641]: DEBUG oslo_concurrency.processutils [None req-b93f04b4-79ec-4779-a76e-cc680b70755d tempest-ServerRescueNegativeTestJSON-159923319 None] Running cmd (subprocess): sudo cinder-rootwrap /etc/cinder/rootwrap.conf qemu-img create -f qcow2 -o preallocation=metadata /opt/stack/data/cinder/mnt/0cc89948abc32b9231943aa303f32905/volume-b8bd5dfd-747a-4f22-a859-61a802afa326 1073741824 {{(pid=82641) execute /opt/stack/data/venv/lib/python3.10/site-packages/oslo_concurrency/processutils.py:440}}
Apr 13 17:06:31 devstack sudo[84934]: quobyte : PWD=/ ; USER=root ; COMMAND=/opt/stack/data/venv/bin/cinder-rootwrap /etc/cinder/rootwrap.conf qemu-img create -f qcow2 -o preallocation=metadata /opt/stack/data/cinder/mnt/0cc89948abc32b9231943aa303f32905/volume-b8bd5dfd-747a-4f22-a859-61a802afa326 1073741824
Apr 13 17:06:31 devstack sudo[84934]: pam_unix(sudo:session): session opened for user root(uid=0) by (uid=1000)
Apr 13 17:06:31 devstack cinder-volume[82641]: INFO cinder.volume.manager [None req-455ba2ae-c8bc-4eb4-af89-85837261b577 tempest-GroupSnapshotsTest-1324007362 None] group_snapshot 36f6ca39-8f92-446b-837b-149339ae9982: created successfully
Apr 13 17:06:31 devstack cinder-volume[82641]: INFO cinder.volume.manager [None req-bc1c53a7-c710-4050-9036-75e0a7bec1ef tempest-GroupSnapshotsTest-1324007362 None] group_snapshot 36f6ca39-8f92-446b-837b-149339ae9982: deleting
Apr 13 17:06:31 devstack cinder-volume[82641]: DEBUG cinder.volume.manager [None req-bc1c53a7-c710-4050-9036-75e0a7bec1ef tempest-GroupSnapshotsTest-1324007362 None] group_snapshot 36f6ca39-8f92-446b-837b-149339ae9982: deleting {{(pid=82641) delete_group_snapshot /opt/stack/cinder/cinder/volume/manager.py:4350}}
Apr 13 17:06:31 devstack cinder-volume[82641]: DEBUG cinder.coordination [None req-bc1c53a7-c710-4050-9036-75e0a7bec1ef tempest-GroupSnapshotsTest-1324007362 None] Acquiring lock "cinder-quobyte-efab8381-c55b-4f4a-b5b4-bd852a76d23f" by "delete_snapshot" {{(pid=82641) __acquire /opt/stack/cinder/cinder/coordination.py:138}}
Apr 13 17:06:31 devstack cinder-volume[82641]: DEBUG cinder.coordination [None req-bc1c53a7-c710-4050-9036-75e0a7bec1ef tempest-GroupSnapshotsTest-1324007362 None] Lock "cinder-quobyte-efab8381-c55b-4f4a-b5b4-bd852a76d23f" acquired by "delete_snapshot" :: waited 0.029s {{(pid=82641) __acquire /opt/stack/cinder/cinder/coordination.py:141}}
Apr 13 17:06:31 devstack cinder-volume[82641]: DEBUG cinder.coordination [None req-bc1c53a7-c710-4050-9036-75e0a7bec1ef tempest-GroupSnapshotsTest-1324007362 None] Acquiring lock "cinder-quobyte-7e944344-0c3f-4105-bd45-cd909f974d2f" by "_delete_snapshot" {{(pid=82641) __acquire /opt/stack/cinder/cinder/coordination.py:138}}
Apr 13 17:06:31 devstack cinder-volume[82641]: DEBUG cinder.coordination [None req-bc1c53a7-c710-4050-9036-75e0a7bec1ef tempest-GroupSnapshotsTest-1324007362 None] Lock "cinder-quobyte-7e944344-0c3f-4105-bd45-cd909f974d2f" acquired by "_delete_snapshot" :: waited 0.016s {{(pid=82641) __acquire /opt/stack/cinder/cinder/coordination.py:141}}
Apr 13 17:06:31 devstack cinder-volume[82641]: DEBUG cinder.volume.drivers.remotefs [None req-bc1c53a7-c710-4050-9036-75e0a7bec1ef tempest-GroupSnapshotsTest-1324007362 None] Deleting offline snapshot 7e944344-0c3f-4105-bd45-cd909f974d2f of volume efab8381-c55b-4f4a-b5b4-bd852a76d23f {{(pid=82641) _delete_snapshot /opt/stack/cinder/cinder/volume/drivers/remotefs.py:1288}}
Apr 13 17:06:32 devstack cinder-volume[82641]: DEBUG cinder.volume.drivers.remotefs [None req-bc1c53a7-c710-4050-9036-75e0a7bec1ef tempest-GroupSnapshotsTest-1324007362 None] snapshot_file for this snap is: volume-efab8381-c55b-4f4a-b5b4-bd852a76d23f.7e944344-0c3f-4105-bd45-cd909f974d2f {{(pid=82641) _delete_snapshot /opt/stack/cinder/cinder/volume/drivers/remotefs.py:1317}}
Apr 13 17:06:32 devstack cinder-volume[82641]: DEBUG oslo.privsep.daemon [-] privsep: reply[7a061408-9abc-4dd6-84e8-3d11af57aa40]: (4, 'qcow2') {{(pid=83513) _call_back /opt/stack/data/venv/lib/python3.10/site-packages/oslo_privsep/daemon.py:573}}
Apr 13 17:06:32 devstack cinder-volume[82641]: DEBUG oslo_concurrency.processutils [None req-bc1c53a7-c710-4050-9036-75e0a7bec1ef tempest-GroupSnapshotsTest-1324007362 None] Running cmd (subprocess): /opt/stack/data/venv/bin/python3.10 -m oslo_concurrency.prlimit --as=1073741824 --cpu=60 -- sudo cinder-rootwrap /etc/cinder/rootwrap.conf env LC_ALL=C qemu-img info -f qcow2 --output=json --force-share /opt/stack/data/cinder/mnt/0cc89948abc32b9231943aa303f32905/volume-efab8381-c55b-4f4a-b5b4-bd852a76d23f.7e944344-0c3f-4105-bd45-cd909f974d2f {{(pid=82641) execute /opt/stack/data/venv/lib/python3.10/site-packages/oslo_concurrency/processutils.py:440}}
Apr 13 17:06:32 devstack sudo[84938]: quobyte : PWD=/ ; USER=root ; COMMAND=/opt/stack/data/venv/bin/cinder-rootwrap /etc/cinder/rootwrap.conf env LC_ALL=C qemu-img info -f qcow2 --output=json --force-share /opt/stack/data/cinder/mnt/0cc89948abc32b9231943aa303f32905/volume-efab8381-c55b-4f4a-b5b4-bd852a76d23f.7e944344-0c3f-4105-bd45-cd909f974d2f
Apr 13 17:06:32 devstack sudo[84938]: pam_unix(sudo:session): session opened for user root(uid=0) by (uid=1000)
Apr 13 17:06:32 devstack sudo[84934]: pam_unix(sudo:session): session closed for user root
Apr 13 17:06:32 devstack cinder-volume[82641]: DEBUG oslo_concurrency.processutils [None req-b93f04b4-79ec-4779-a76e-cc680b70755d tempest-ServerRescueNegativeTestJSON-159923319 None] CMD "sudo cinder-rootwrap /etc/cinder/rootwrap.conf qemu-img create -f qcow2 -o preallocation=metadata /opt/stack/data/cinder/mnt/0cc89948abc32b9231943aa303f32905/volume-b8bd5dfd-747a-4f22-a859-61a802afa326 1073741824" returned: 0 in 1.401s {{(pid=82641) execute /opt/stack/data/venv/lib/python3.10/site-packages/oslo_concurrency/processutils.py:468}}
Apr 13 17:06:32 devstack cinder-volume[82641]: DEBUG oslo_concurrency.processutils [None req-b93f04b4-79ec-4779-a76e-cc680b70755d tempest-ServerRescueNegativeTestJSON-159923319 None] Running cmd (subprocess): sudo cinder-rootwrap /etc/cinder/rootwrap.conf chmod ugo+rw /opt/stack/data/cinder/mnt/0cc89948abc32b9231943aa303f32905/volume-b8bd5dfd-747a-4f22-a859-61a802afa326 {{(pid=82641) execute /opt/stack/data/venv/lib/python3.10/site-packages/oslo_concurrency/processutils.py:440}}
Apr 13 17:06:32 devstack sudo[84944]: quobyte : PWD=/ ; USER=root ; COMMAND=/opt/stack/data/venv/bin/cinder-rootwrap /etc/cinder/rootwrap.conf chmod ugo+rw /opt/stack/data/cinder/mnt/0cc89948abc32b9231943aa303f32905/volume-b8bd5dfd-747a-4f22-a859-61a802afa326
Apr 13 17:06:32 devstack sudo[84944]: pam_unix(sudo:session): session opened for user root(uid=0) by (uid=1000)
Apr 13 17:06:32 devstack sudo[84938]: pam_unix(sudo:session): session closed for user root
Apr 13 17:06:32 devstack cinder-volume[82641]: DEBUG oslo_concurrency.processutils [None req-bc1c53a7-c710-4050-9036-75e0a7bec1ef tempest-GroupSnapshotsTest-1324007362 None] CMD "/opt/stack/data/venv/bin/python3.10 -m oslo_concurrency.prlimit --as=1073741824 --cpu=60 -- sudo cinder-rootwrap /etc/cinder/rootwrap.conf env LC_ALL=C qemu-img info -f qcow2 --output=json --force-share /opt/stack/data/cinder/mnt/0cc89948abc32b9231943aa303f32905/volume-efab8381-c55b-4f4a-b5b4-bd852a76d23f.7e944344-0c3f-4105-bd45-cd909f974d2f" returned: 0 in 0.620s {{(pid=82641) execute /opt/stack/data/venv/lib/python3.10/site-packages/oslo_concurrency/processutils.py:468}}
Apr 13 17:06:32 devstack cinder-volume[82641]: DEBUG cinder.volume.drivers.remotefs [None req-bc1c53a7-c710-4050-9036-75e0a7bec1ef tempest-GroupSnapshotsTest-1324007362 None] Fetching qemu-img info with special backing_file_template: (/opt/stack/data/cinder/mnt/[0-9a-f]+/)?(volume-efab8381-c55b-4f4a-b5b4-bd852a76d23f(.(tmp-snap-)?[0-9a-f-]+)?|volume_from_snapshot_cache/(tmp-snap-)?[0-9a-f-]+(.(child-|parent-)[0-9a-f-]+)?)$ {{(pid=82641) _qemu_img_info_base /opt/stack/cinder/cinder/volume/drivers/remotefs.py:896}}
Apr 13 17:06:32 devstack cinder-volume[82641]: DEBUG oslo.privsep.daemon [-] privsep: reply[bc75278e-e438-407e-8183-0de43dd133d1]: (4, 'qcow2') {{(pid=83513) _call_back /opt/stack/data/venv/lib/python3.10/site-packages/oslo_privsep/daemon.py:573}}
Apr 13 17:06:32 devstack cinder-volume[82641]: DEBUG oslo_concurrency.processutils [None req-bc1c53a7-c710-4050-9036-75e0a7bec1ef tempest-GroupSnapshotsTest-1324007362 None] Running cmd (subprocess): /opt/stack/data/venv/bin/python3.10 -m oslo_concurrency.prlimit --as=1073741824 --cpu=60 -- sudo cinder-rootwrap /etc/cinder/rootwrap.conf env LC_ALL=C qemu-img info -f qcow2 --output=json --force-share /opt/stack/data/cinder/mnt/0cc89948abc32b9231943aa303f32905/volume-efab8381-c55b-4f4a-b5b4-bd852a76d23f {{(pid=82641) execute /opt/stack/data/venv/lib/python3.10/site-packages/oslo_concurrency/processutils.py:440}}
Apr 13 17:06:32 devstack sudo[84946]: quobyte : PWD=/ ; USER=root ; COMMAND=/opt/stack/data/venv/bin/cinder-rootwrap /etc/cinder/rootwrap.conf env LC_ALL=C qemu-img info -f qcow2 --output=json --force-share /opt/stack/data/cinder/mnt/0cc89948abc32b9231943aa303f32905/volume-efab8381-c55b-4f4a-b5b4-bd852a76d23f
Apr 13 17:06:32 devstack sudo[84946]: pam_unix(sudo:session): session opened for user root(uid=0) by (uid=1000)
Apr 13 17:06:33 devstack sudo[84944]: pam_unix(sudo:session): session closed for user root
Apr 13 17:06:33 devstack cinder-volume[82641]: DEBUG oslo_concurrency.processutils [None req-b93f04b4-79ec-4779-a76e-cc680b70755d tempest-ServerRescueNegativeTestJSON-159923319 None] CMD "sudo cinder-rootwrap /etc/cinder/rootwrap.conf chmod ugo+rw /opt/stack/data/cinder/mnt/0cc89948abc32b9231943aa303f32905/volume-b8bd5dfd-747a-4f22-a859-61a802afa326" returned: 0 in 0.822s {{(pid=82641) execute /opt/stack/data/venv/lib/python3.10/site-packages/oslo_concurrency/processutils.py:468}}
Apr 13 17:06:33 devstack cinder-volume[82641]: DEBUG cinder.volume.drivers.quobyte [None req-b93f04b4-79ec-4779-a76e-cc680b70755d tempest-ServerRescueNegativeTestJSON-159923319 None] <== create_volume: return (2266ms) {'provider_location': 'osci02.corp.quobyte.com/cinder-vol-afc0bd5b-2626-41a1-a5e8-e38ffbfd1bc5'} {{(pid=82641) trace_logging_wrapper /opt/stack/cinder/cinder/volume/volume_utils.py:1523}}
Apr 13 17:06:33 devstack cinder-volume[82641]: DEBUG oslo_concurrency.lockutils [None req-b93f04b4-79ec-4779-a76e-cc680b70755d tempest-ServerRescueNegativeTestJSON-159923319 None] Lock "quobyte" "released" by "cinder.volume.drivers.quobyte.QuobyteDriver.create_volume" :: held 2.270s {{(pid=82641) inner /opt/stack/data/venv/lib/python3.10/site-packages/oslo_concurrency/lockutils.py:538}}
Apr 13 17:06:33 devstack cinder-volume[82641]: DEBUG oslo_concurrency.lockutils [req-96d350a8-cdff-4aa8-ad3c-847cbb6207f2 req-44ff7e16-5dbf-4aea-a222-5957109e0ad3 tempest-ServerBootFromVolumeStableRescueTest-505035589 None] Lock "quobyte" acquired by "cinder.volume.drivers.quobyte.QuobyteDriver.create_volume" :: waited 7.822s {{(pid=82641) inner /opt/stack/data/venv/lib/python3.10/site-packages/oslo_concurrency/lockutils.py:519}}
Apr 13 17:06:33 devstack cinder-volume[82641]: DEBUG cinder.volume.drivers.quobyte [req-96d350a8-cdff-4aa8-ad3c-847cbb6207f2 req-44ff7e16-5dbf-4aea-a222-5957109e0ad3 tempest-ServerBootFromVolumeStableRescueTest-505035589 None] ==> create_volume: call "{'self': , 'volume': Volume(_name_id=None,admin_metadata=,attach_status='detached',availability_zone='nova',bootable=False,cluster=,cluster_name=None,consistencygroup=,consistencygroup_id=None,created_at=2026-04-13T15:06:25Z,deleted=False,deleted_at=None,display_description='',display_name='5d1bea51-f582-4eb7-89ba-ba6450c375a2-blank-vol',ec2_id=None,encryption_key_id=None,glance_metadata=,group=,group_id=None,host='devstack@QuobyteHD#QuobyteHD',id=9820fd84-ae51-419b-a552-9cef76e865a1,launched_at=None,metadata={},migration_status=None,multiattach=False,previous_status=None,project_id='da47858d1fcc447790d7d8581673a9b1',provider_auth=None,provider_geometry=None,provider_id=None,provider_location=None,replication_driver_data=None,replication_extended_status=None,replication_status=None,scheduled_at=2026-04-13T15:06:25Z,service_uuid=None,shared_targets=True,size=1,snapshot_id=None,snapshots=,source_volid=None,status='creating',terminated_at=None,updated_at=2026-04-13T15:06:25Z,use_quota=True,user_id='246c87d66d034b28b51d4d66a72f350f',volume_attachment=VolumeAttachmentList,volume_type=VolumeType(29bddace-ad35-4ede-a5ff-84e90bd81f00),volume_type_id=29bddace-ad35-4ede-a5ff-84e90bd81f00)}" {{(pid=82641) trace_logging_wrapper /opt/stack/cinder/cinder/volume/volume_utils.py:1498}}
Apr 13 17:06:33 devstack cinder-volume[82641]: DEBUG cinder.volume.drivers.remotefs [req-96d350a8-cdff-4aa8-ad3c-847cbb6207f2 req-44ff7e16-5dbf-4aea-a222-5957109e0ad3 tempest-ServerBootFromVolumeStableRescueTest-505035589 None] Creating volume 9820fd84-ae51-419b-a552-9cef76e865a1 {{(pid=82641) create_volume /opt/stack/cinder/cinder/volume/drivers/remotefs.py:292}}
Apr 13 17:06:33 devstack cinder-volume[82641]: DEBUG oslo_concurrency.lockutils [req-96d350a8-cdff-4aa8-ad3c-847cbb6207f2 req-44ff7e16-5dbf-4aea-a222-5957109e0ad3 tempest-ServerBootFromVolumeStableRescueTest-505035589 None] Acquiring lock "quobyte_ensure" by "cinder.volume.drivers.quobyte.QuobyteDriver._ensure_shares_mounted" {{(pid=82641) inner /opt/stack/data/venv/lib/python3.10/site-packages/oslo_concurrency/lockutils.py:506}}
