Jun 03 12:55:29 devstack cinder-volume[86712]: DEBUG cinder.coordination [None req-e1b95998-9d5e-4a6e-95b1-f95551fa7c32 tempest-ServerActionsTestOtherA-498527198 None] Acquiring lock "cinder-3675bc30-231c-40c5-b040-0d5ee6739873-delete_volume" by "delete_volume" {{(pid=86712) __acquire /opt/stack/cinder/cinder/coordination.py:138}}
Jun 03 12:55:29 devstack cinder-volume[86712]: DEBUG cinder.coordination [None req-e1b95998-9d5e-4a6e-95b1-f95551fa7c32 tempest-ServerActionsTestOtherA-498527198 None] Lock "cinder-3675bc30-231c-40c5-b040-0d5ee6739873-delete_volume" acquired by "delete_volume" :: waited 0.044s {{(pid=86712) __acquire /opt/stack/cinder/cinder/coordination.py:141}}
Jun 03 12:55:30 devstack cinder-volume[86712]: DEBUG cinder.coordination [None req-e1b95998-9d5e-4a6e-95b1-f95551fa7c32 tempest-ServerActionsTestOtherA-498527198 None] Acquiring lock "cinder-quobyte-3675bc30-231c-40c5-b040-0d5ee6739873" by "delete_volume" {{(pid=86712) __acquire /opt/stack/cinder/cinder/coordination.py:138}}
Jun 03 12:55:30 devstack cinder-volume[86712]: DEBUG cinder.coordination [None req-e1b95998-9d5e-4a6e-95b1-f95551fa7c32 tempest-ServerActionsTestOtherA-498527198 None] Lock "cinder-quobyte-3675bc30-231c-40c5-b040-0d5ee6739873" acquired by "delete_volume" :: waited 0.043s {{(pid=86712) __acquire /opt/stack/cinder/cinder/coordination.py:141}}
Jun 03 12:55:30 devstack cinder-volume[86712]: DEBUG oslo.privsep.daemon [-] privsep: reply[21dc55f5-f5ed-465f-8707-db61feeeee0f]: (4, 'qcow2') {{(pid=87538) _call_back /opt/stack/data/venv/lib/python3.12/site-packages/oslo_privsep/daemon.py:573}}
Jun 03 12:55:30 devstack cinder-volume[86712]: DEBUG oslo_concurrency.processutils [None req-e1b95998-9d5e-4a6e-95b1-f95551fa7c32 tempest-ServerActionsTestOtherA-498527198 None] Running cmd (subprocess): /opt/stack/data/venv/bin/python3.12 -m oslo_concurrency.prlimit --as=1073741824 --cpu=60 -- sudo cinder-rootwrap /etc/cinder/rootwrap.conf env LC_ALL=C qemu-img info -f qcow2 --output=json --force-share /opt/stack/data/cinder/mnt/195830a4e0d44d8724c09ce8872f126f/volume-3675bc30-231c-40c5-b040-0d5ee6739873 {{(pid=86712) execute /opt/stack/data/venv/lib/python3.12/site-packages/oslo_concurrency/processutils.py:440}}
Jun 03 12:55:30 devstack sudo[90900]: quobyte : PWD=/ ; USER=root ; COMMAND=/opt/stack/data/venv/bin/cinder-rootwrap /etc/cinder/rootwrap.conf env LC_ALL=C qemu-img info -f qcow2 --output=json --force-share /opt/stack/data/cinder/mnt/195830a4e0d44d8724c09ce8872f126f/volume-3675bc30-231c-40c5-b040-0d5ee6739873
Jun 03 12:55:30 devstack sudo[90900]: pam_unix(sudo:session): session opened for user root(uid=0) by (uid=1000)
Jun 03 12:55:31 devstack sudo[90896]: pam_unix(sudo:session): session closed for user root
Jun 03 12:55:31 devstack cinder-volume[86712]: DEBUG oslo_concurrency.processutils [None req-51588057-1579-4fc3-bc24-b99fbd52e491 tempest-SnapshotsActionsTest-815808794 None] CMD "sudo cinder-rootwrap /etc/cinder/rootwrap.conf qemu-img create -f qcow2 -o backing_file=/opt/stack/data/cinder/mnt/195830a4e0d44d8724c09ce8872f126f/volume-2384570b-5074-4cf9-9fb8-2329a4daa350,backing_fmt=qcow2 /opt/stack/data/cinder/mnt/195830a4e0d44d8724c09ce8872f126f/volume-2384570b-5074-4cf9-9fb8-2329a4daa350.5f027de6-49f1-4a4d-bb13-bc22ac696bdc 1G" returned: 0 in 1.561s {{(pid=86712) execute /opt/stack/data/venv/lib/python3.12/site-packages/oslo_concurrency/processutils.py:468}}
Jun 03 12:55:31 devstack cinder-volume[86712]: DEBUG oslo_concurrency.processutils [None req-51588057-1579-4fc3-bc24-b99fbd52e491 tempest-SnapshotsActionsTest-815808794 None] Running cmd (subprocess): sudo cinder-rootwrap /etc/cinder/rootwrap.conf qemu-img rebase -u -b volume-2384570b-5074-4cf9-9fb8-2329a4daa350 -F qcow2 /opt/stack/data/cinder/mnt/195830a4e0d44d8724c09ce8872f126f/volume-2384570b-5074-4cf9-9fb8-2329a4daa350.5f027de6-49f1-4a4d-bb13-bc22ac696bdc {{(pid=86712) execute /opt/stack/data/venv/lib/python3.12/site-packages/oslo_concurrency/processutils.py:440}}
Jun 03 12:55:31 devstack sudo[90910]: quobyte : PWD=/ ; USER=root ; COMMAND=/opt/stack/data/venv/bin/cinder-rootwrap /etc/cinder/rootwrap.conf qemu-img rebase -u -b volume-2384570b-5074-4cf9-9fb8-2329a4daa350 -F qcow2 /opt/stack/data/cinder/mnt/195830a4e0d44d8724c09ce8872f126f/volume-2384570b-5074-4cf9-9fb8-2329a4daa350.5f027de6-49f1-4a4d-bb13-bc22ac696bdc
Jun 03 12:55:31 devstack sudo[90910]: pam_unix(sudo:session): session opened for user root(uid=0) by (uid=1000)
Jun 03 12:55:31 devstack sudo[90900]: pam_unix(sudo:session): session closed for user root
Jun 03 12:55:31 devstack cinder-volume[86712]: DEBUG oslo_concurrency.processutils [None req-e1b95998-9d5e-4a6e-95b1-f95551fa7c32 tempest-ServerActionsTestOtherA-498527198 None] CMD "/opt/stack/data/venv/bin/python3.12 -m oslo_concurrency.prlimit --as=1073741824 --cpu=60 -- sudo cinder-rootwrap /etc/cinder/rootwrap.conf env LC_ALL=C qemu-img info -f qcow2 --output=json --force-share /opt/stack/data/cinder/mnt/195830a4e0d44d8724c09ce8872f126f/volume-3675bc30-231c-40c5-b040-0d5ee6739873" returned: 0 in 1.193s {{(pid=86712) execute /opt/stack/data/venv/lib/python3.12/site-packages/oslo_concurrency/processutils.py:468}}
Jun 03 12:55:31 devstack cinder-volume[86712]: DEBUG oslo_concurrency.processutils [None req-e1b95998-9d5e-4a6e-95b1-f95551fa7c32 tempest-ServerActionsTestOtherA-498527198 None] Running cmd (subprocess): sudo cinder-rootwrap /etc/cinder/rootwrap.conf rm -f /opt/stack/data/cinder/mnt/195830a4e0d44d8724c09ce8872f126f/volume-3675bc30-231c-40c5-b040-0d5ee6739873 {{(pid=86712) execute /opt/stack/data/venv/lib/python3.12/site-packages/oslo_concurrency/processutils.py:440}}
Jun 03 12:55:31 devstack sudo[90913]: quobyte : PWD=/ ; USER=root ; COMMAND=/opt/stack/data/venv/bin/cinder-rootwrap /etc/cinder/rootwrap.conf rm -f /opt/stack/data/cinder/mnt/195830a4e0d44d8724c09ce8872f126f/volume-3675bc30-231c-40c5-b040-0d5ee6739873
Jun 03 12:55:31 devstack sudo[90913]: pam_unix(sudo:session): session opened for user root(uid=0) by (uid=1000)
Jun 03 12:55:32 devstack sudo[90913]: pam_unix(sudo:session): session closed for user root
Jun 03 12:55:32 devstack cinder-volume[86712]: DEBUG oslo_concurrency.processutils [None req-e1b95998-9d5e-4a6e-95b1-f95551fa7c32 tempest-ServerActionsTestOtherA-498527198 None] CMD "sudo cinder-rootwrap /etc/cinder/rootwrap.conf rm -f /opt/stack/data/cinder/mnt/195830a4e0d44d8724c09ce8872f126f/volume-3675bc30-231c-40c5-b040-0d5ee6739873" returned: 0 in 1.383s {{(pid=86712) execute /opt/stack/data/venv/lib/python3.12/site-packages/oslo_concurrency/processutils.py:468}}
Jun 03 12:55:32 devstack cinder-volume[86712]: DEBUG cinder.coordination [None req-e1b95998-9d5e-4a6e-95b1-f95551fa7c32 tempest-ServerActionsTestOtherA-498527198 None] Lock "cinder-quobyte-3675bc30-231c-40c5-b040-0d5ee6739873" released by "delete_volume" :: held 2.698s {{(pid=86712) __release /opt/stack/cinder/cinder/coordination.py:152}}
Jun 03 12:55:32 devstack cinder-volume[86712]: DEBUG cinder.quota [None req-e1b95998-9d5e-4a6e-95b1-f95551fa7c32 tempest-ServerActionsTestOtherA-498527198 None] Created reservations ['a1d0fdd4-2fe3-418d-a906-bfd38f1ad865', '418838fe-286c-4180-8c9f-ee2d910aa42f', '15dd634e-7005-40f2-aa63-a234699c0236', '612ffed2-dabf-4a9f-9368-d14a2e8a42fa'] {{(pid=86712) reserve /opt/stack/cinder/cinder/quota.py:752}}
Jun 03 12:55:33 devstack cinder-volume[86712]: DEBUG oslo_concurrency.lockutils [None req-e1b95998-9d5e-4a6e-95b1-f95551fa7c32 tempest-ServerActionsTestOtherA-498527198 None] Acquiring lock "quobyte_ensure" by "cinder.volume.drivers.quobyte.QuobyteDriver._ensure_shares_mounted" {{(pid=86712) inner /opt/stack/data/venv/lib/python3.12/site-packages/oslo_concurrency/lockutils.py:506}}
Jun 03 12:55:33 devstack cinder-volume[86712]: DEBUG oslo_concurrency.lockutils [None req-e1b95998-9d5e-4a6e-95b1-f95551fa7c32 tempest-ServerActionsTestOtherA-498527198 None] Lock "quobyte_ensure" acquired by "cinder.volume.drivers.quobyte.QuobyteDriver._ensure_shares_mounted" :: waited 0.001s {{(pid=86712) inner /opt/stack/data/venv/lib/python3.12/site-packages/oslo_concurrency/lockutils.py:519}}
Jun 03 12:55:33 devstack cinder-volume[86712]: DEBUG cinder.volume.drivers.quobyte [None req-e1b95998-9d5e-4a6e-95b1-f95551fa7c32 tempest-ServerActionsTestOtherA-498527198 None] Quobyte Volume URL set to: {'osci02.corp.quobyte.com/cinder-vol-f3289fc4-cd44-42b5-a857-6494999a88db': None} {{(pid=86712) _load_shares_config /opt/stack/cinder/cinder/volume/drivers/quobyte.py:617}}
Jun 03 12:55:33 devstack cinder-volume[86712]: DEBUG cinder.volume.drivers.quobyte [None req-e1b95998-9d5e-4a6e-95b1-f95551fa7c32 tempest-ServerActionsTestOtherA-498527198 None] Available shares ['osci02.corp.quobyte.com/cinder-vol-f3289fc4-cd44-42b5-a857-6494999a88db'] {{(pid=86712) _ensure_shares_mounted /opt/stack/cinder/cinder/volume/drivers/quobyte.py:647}}
Jun 03 12:55:33 devstack cinder-volume[86712]: DEBUG oslo_concurrency.lockutils [None req-e1b95998-9d5e-4a6e-95b1-f95551fa7c32 tempest-ServerActionsTestOtherA-498527198 None] Lock "quobyte_ensure" "released" by "cinder.volume.drivers.quobyte.QuobyteDriver._ensure_shares_mounted" :: held 0.011s {{(pid=86712) inner /opt/stack/data/venv/lib/python3.12/site-packages/oslo_concurrency/lockutils.py:538}}
Jun 03 12:55:33 devstack cinder-volume[86712]: DEBUG oslo_concurrency.processutils [None req-e1b95998-9d5e-4a6e-95b1-f95551fa7c32 tempest-ServerActionsTestOtherA-498527198 None] Running cmd (subprocess): sudo cinder-rootwrap /etc/cinder/rootwrap.conf df --portability --block-size 1 /opt/stack/data/cinder/mnt/195830a4e0d44d8724c09ce8872f126f {{(pid=86712) execute /opt/stack/data/venv/lib/python3.12/site-packages/oslo_concurrency/processutils.py:440}}
Jun 03 12:55:33 devstack sudo[90925]: quobyte : PWD=/ ; USER=root ; COMMAND=/opt/stack/data/venv/bin/cinder-rootwrap /etc/cinder/rootwrap.conf df --portability --block-size 1 /opt/stack/data/cinder/mnt/195830a4e0d44d8724c09ce8872f126f
Jun 03 12:55:33 devstack sudo[90925]: pam_unix(sudo:session): session opened for user root(uid=0) by (uid=1000)
Jun 03 12:55:33 devstack sudo[90910]: pam_unix(sudo:session): session closed for user root
Jun 03 12:55:33 devstack cinder-volume[86712]: DEBUG oslo_concurrency.processutils [None req-51588057-1579-4fc3-bc24-b99fbd52e491 tempest-SnapshotsActionsTest-815808794 None] CMD "sudo cinder-rootwrap /etc/cinder/rootwrap.conf qemu-img rebase -u -b volume-2384570b-5074-4cf9-9fb8-2329a4daa350 -F qcow2 /opt/stack/data/cinder/mnt/195830a4e0d44d8724c09ce8872f126f/volume-2384570b-5074-4cf9-9fb8-2329a4daa350.5f027de6-49f1-4a4d-bb13-bc22ac696bdc" returned: 0 in 2.320s {{(pid=86712) execute /opt/stack/data/venv/lib/python3.12/site-packages/oslo_concurrency/processutils.py:468}}
Jun 03 12:55:33 devstack cinder-volume[86712]: WARNING cinder.volume.drivers.remotefs [None req-51588057-1579-4fc3-bc24-b99fbd52e491 tempest-SnapshotsActionsTest-815808794 None] /opt/stack/data/cinder/mnt/195830a4e0d44d8724c09ce8872f126f/volume-2384570b-5074-4cf9-9fb8-2329a4daa350.5f027de6-49f1-4a4d-bb13-bc22ac696bdc is being set with open permissions: ugo+rw
Jun 03 12:55:33 devstack cinder-volume[86712]: DEBUG oslo_concurrency.processutils [None req-51588057-1579-4fc3-bc24-b99fbd52e491 tempest-SnapshotsActionsTest-815808794 None] Running cmd (subprocess): sudo cinder-rootwrap /etc/cinder/rootwrap.conf chmod ugo+rw /opt/stack/data/cinder/mnt/195830a4e0d44d8724c09ce8872f126f/volume-2384570b-5074-4cf9-9fb8-2329a4daa350.5f027de6-49f1-4a4d-bb13-bc22ac696bdc {{(pid=86712) execute /opt/stack/data/venv/lib/python3.12/site-packages/oslo_concurrency/processutils.py:440}}
Jun 03 12:55:33 devstack sudo[90934]: quobyte : PWD=/ ; USER=root ; COMMAND=/opt/stack/data/venv/bin/cinder-rootwrap /etc/cinder/rootwrap.conf chmod ugo+rw /opt/stack/data/cinder/mnt/195830a4e0d44d8724c09ce8872f126f/volume-2384570b-5074-4cf9-9fb8-2329a4daa350.5f027de6-49f1-4a4d-bb13-bc22ac696bdc
Jun 03 12:55:33 devstack sudo[90934]: pam_unix(sudo:session): session opened for user root(uid=0) by (uid=1000)
Jun 03 12:55:34 devstack sudo[90925]: pam_unix(sudo:session): session closed for user root
Jun 03 12:55:34 devstack cinder-volume[86712]: DEBUG oslo_concurrency.processutils [None req-e1b95998-9d5e-4a6e-95b1-f95551fa7c32 tempest-ServerActionsTestOtherA-498527198 None] CMD "sudo cinder-rootwrap /etc/cinder/rootwrap.conf df --portability --block-size 1 /opt/stack/data/cinder/mnt/195830a4e0d44d8724c09ce8872f126f" returned: 0 in 1.677s {{(pid=86712) execute /opt/stack/data/venv/lib/python3.12/site-packages/oslo_concurrency/processutils.py:468}}
Jun 03 12:55:34 devstack cinder-volume[86712]: DEBUG cinder.manager [None req-e1b95998-9d5e-4a6e-95b1-f95551fa7c32 tempest-ServerActionsTestOtherA-498527198 None] Notifying Schedulers of capabilities ... {{(pid=86712) _publish_service_capabilities /opt/stack/cinder/cinder/manager.py:202}}
Jun 03 12:55:34 devstack cinder-volume[86712]: INFO cinder.volume.manager [None req-e1b95998-9d5e-4a6e-95b1-f95551fa7c32 tempest-ServerActionsTestOtherA-498527198 None] Deleted volume successfully.
Jun 03 12:55:34 devstack cinder-volume[86712]: DEBUG cinder.coordination [None req-e1b95998-9d5e-4a6e-95b1-f95551fa7c32 tempest-ServerActionsTestOtherA-498527198 None] Lock "cinder-3675bc30-231c-40c5-b040-0d5ee6739873-delete_volume" released by "delete_volume" :: held 4.977s {{(pid=86712) __release /opt/stack/cinder/cinder/coordination.py:152}}
Jun 03 12:55:35 devstack sudo[90934]: pam_unix(sudo:session): session closed for user root
Jun 03 12:55:35 devstack cinder-volume[86712]: DEBUG oslo_concurrency.processutils [None req-51588057-1579-4fc3-bc24-b99fbd52e491 tempest-SnapshotsActionsTest-815808794 None] CMD "sudo cinder-rootwrap /etc/cinder/rootwrap.conf chmod ugo+rw /opt/stack/data/cinder/mnt/195830a4e0d44d8724c09ce8872f126f/volume-2384570b-5074-4cf9-9fb8-2329a4daa350.5f027de6-49f1-4a4d-bb13-bc22ac696bdc" returned: 0 in 2.330s {{(pid=86712) execute /opt/stack/data/venv/lib/python3.12/site-packages/oslo_concurrency/processutils.py:468}}
Jun 03 12:55:35 devstack cinder-volume[86712]: DEBUG oslo_concurrency.processutils [None req-51588057-1579-4fc3-bc24-b99fbd52e491 tempest-SnapshotsActionsTest-815808794 None] Running cmd (subprocess): sudo cinder-rootwrap /etc/cinder/rootwrap.conf truncate -s0 /opt/stack/data/cinder/mnt/195830a4e0d44d8724c09ce8872f126f/volume-2384570b-5074-4cf9-9fb8-2329a4daa350.info {{(pid=86712) execute /opt/stack/data/venv/lib/python3.12/site-packages/oslo_concurrency/processutils.py:440}}
Jun 03 12:55:36 devstack sudo[90980]: quobyte : PWD=/ ; USER=root ; COMMAND=/opt/stack/data/venv/bin/cinder-rootwrap /etc/cinder/rootwrap.conf truncate -s0 /opt/stack/data/cinder/mnt/195830a4e0d44d8724c09ce8872f126f/volume-2384570b-5074-4cf9-9fb8-2329a4daa350.info
Jun 03 12:55:36 devstack sudo[90980]: pam_unix(sudo:session): session opened for user root(uid=0) by (uid=1000)
Jun 03 12:55:37 devstack sudo[90980]: pam_unix(sudo:session): session closed for user root
Jun 03 12:55:37 devstack cinder-volume[86712]: DEBUG oslo_concurrency.processutils [None req-51588057-1579-4fc3-bc24-b99fbd52e491 tempest-SnapshotsActionsTest-815808794 None] CMD "sudo cinder-rootwrap /etc/cinder/rootwrap.conf truncate -s0 /opt/stack/data/cinder/mnt/195830a4e0d44d8724c09ce8872f126f/volume-2384570b-5074-4cf9-9fb8-2329a4daa350.info" returned: 0 in 1.501s {{(pid=86712) execute /opt/stack/data/venv/lib/python3.12/site-packages/oslo_concurrency/processutils.py:468}}
Jun 03 12:55:37 devstack cinder-volume[86712]: WARNING cinder.volume.drivers.remotefs [None req-51588057-1579-4fc3-bc24-b99fbd52e491 tempest-SnapshotsActionsTest-815808794 None] /opt/stack/data/cinder/mnt/195830a4e0d44d8724c09ce8872f126f/volume-2384570b-5074-4cf9-9fb8-2329a4daa350.info is being set with open permissions: ugo+rw
Jun 03 12:55:37 devstack cinder-volume[86712]: DEBUG oslo_concurrency.processutils [None req-51588057-1579-4fc3-bc24-b99fbd52e491 tempest-SnapshotsActionsTest-815808794 None] Running cmd (subprocess): sudo cinder-rootwrap /etc/cinder/rootwrap.conf chmod ugo+rw /opt/stack/data/cinder/mnt/195830a4e0d44d8724c09ce8872f126f/volume-2384570b-5074-4cf9-9fb8-2329a4daa350.info {{(pid=86712) execute /opt/stack/data/venv/lib/python3.12/site-packages/oslo_concurrency/processutils.py:440}}
Jun 03 12:55:37 devstack sudo[90986]: quobyte : PWD=/ ; USER=root ; COMMAND=/opt/stack/data/venv/bin/cinder-rootwrap /etc/cinder/rootwrap.conf chmod ugo+rw /opt/stack/data/cinder/mnt/195830a4e0d44d8724c09ce8872f126f/volume-2384570b-5074-4cf9-9fb8-2329a4daa350.info
Jun 03 12:55:37 devstack sudo[90986]: pam_unix(sudo:session): session opened for user root(uid=0) by (uid=1000)
Jun 03 12:55:38 devstack sudo[90986]: pam_unix(sudo:session): session closed for user root
Jun 03 12:55:38 devstack cinder-volume[86712]: DEBUG oslo_concurrency.processutils [None req-51588057-1579-4fc3-bc24-b99fbd52e491 tempest-SnapshotsActionsTest-815808794 None] CMD "sudo cinder-rootwrap /etc/cinder/rootwrap.conf chmod ugo+rw /opt/stack/data/cinder/mnt/195830a4e0d44d8724c09ce8872f126f/volume-2384570b-5074-4cf9-9fb8-2329a4daa350.info" returned: 0 in 1.411s {{(pid=86712) execute /opt/stack/data/venv/lib/python3.12/site-packages/oslo_concurrency/processutils.py:468}}
Jun 03 12:55:38 devstack cinder-volume[86712]: DEBUG oslo_concurrency.lockutils [None req-51588057-1579-4fc3-bc24-b99fbd52e491 tempest-SnapshotsActionsTest-815808794 None] Lock "quobyte" "released" by "cinder.volume.drivers.quobyte.QuobyteDriver.create_snapshot" :: held 10.479s {{(pid=86712) inner /opt/stack/data/venv/lib/python3.12/site-packages/oslo_concurrency/lockutils.py:538}}
Jun 03 12:55:38 devstack cinder-volume[86712]: INFO cinder.volume.manager [None req-51588057-1579-4fc3-bc24-b99fbd52e491 tempest-SnapshotsActionsTest-815808794 None] Create snapshot completed successfully
Jun 03 12:55:40 devstack cinder-volume[86712]: DEBUG oslo_concurrency.lockutils [None req-eccda1d9-4d52-4416-9c7e-fbebc1c2b8d0 tempest-SnapshotsActionsTest-815808794 None] Acquiring lock "quobyte" by "cinder.volume.drivers.quobyte.QuobyteDriver.create_snapshot" {{(pid=86712) inner /opt/stack/data/venv/lib/python3.12/site-packages/oslo_concurrency/lockutils.py:506}}
Jun 03 12:55:40 devstack cinder-volume[86712]: DEBUG oslo_concurrency.lockutils [None req-eccda1d9-4d52-4416-9c7e-fbebc1c2b8d0 tempest-SnapshotsActionsTest-815808794 None] Lock "quobyte" acquired by "cinder.volume.drivers.quobyte.QuobyteDriver.create_snapshot" :: waited 0.001s {{(pid=86712) inner /opt/stack/data/venv/lib/python3.12/site-packages/oslo_concurrency/lockutils.py:519}}
Jun 03 12:55:40 devstack cinder-volume[86712]: DEBUG cinder.volume.drivers.remotefs [None req-eccda1d9-4d52-4416-9c7e-fbebc1c2b8d0 tempest-SnapshotsActionsTest-815808794 None] Creating offline snapshot 31d47a43-37c0-46f6-b350-c141788579dc of volume 2384570b-5074-4cf9-9fb8-2329a4daa350 {{(pid=86712) _create_snapshot /opt/stack/cinder/cinder/volume/drivers/remotefs.py:1815}}
Jun 03 12:55:40 devstack cinder-volume[86712]: DEBUG oslo.privsep.daemon [-] privsep: reply[b32a7a75-7a1c-4878-a39c-7406fba20772]: (4, 'qcow2') {{(pid=87538) _call_back /opt/stack/data/venv/lib/python3.12/site-packages/oslo_privsep/daemon.py:573}}
Jun 03 12:55:40 devstack cinder-volume[86712]: DEBUG oslo_concurrency.processutils [None req-eccda1d9-4d52-4416-9c7e-fbebc1c2b8d0 tempest-SnapshotsActionsTest-815808794 None] Running cmd (subprocess): /opt/stack/data/venv/bin/python3.12 -m oslo_concurrency.prlimit --as=1073741824 --cpu=60 -- sudo cinder-rootwrap /etc/cinder/rootwrap.conf env LC_ALL=C qemu-img info -f qcow2 --output=json --force-share /opt/stack/data/cinder/mnt/195830a4e0d44d8724c09ce8872f126f/volume-2384570b-5074-4cf9-9fb8-2329a4daa350.5f027de6-49f1-4a4d-bb13-bc22ac696bdc {{(pid=86712) execute /opt/stack/data/venv/lib/python3.12/site-packages/oslo_concurrency/processutils.py:440}}
Jun 03 12:55:40 devstack sudo[90993]: quobyte : PWD=/ ; USER=root ; COMMAND=/opt/stack/data/venv/bin/cinder-rootwrap /etc/cinder/rootwrap.conf env LC_ALL=C qemu-img info -f qcow2 --output=json --force-share /opt/stack/data/cinder/mnt/195830a4e0d44d8724c09ce8872f126f/volume-2384570b-5074-4cf9-9fb8-2329a4daa350.5f027de6-49f1-4a4d-bb13-bc22ac696bdc
Jun 03 12:55:40 devstack sudo[90993]: pam_unix(sudo:session): session opened for user root(uid=0) by (uid=1000)
Jun 03 12:55:41 devstack sudo[90993]: pam_unix(sudo:session): session closed for user root
Jun 03 12:55:41 devstack cinder-volume[86712]: DEBUG oslo_concurrency.processutils [None req-eccda1d9-4d52-4416-9c7e-fbebc1c2b8d0 tempest-SnapshotsActionsTest-815808794 None] CMD "/opt/stack/data/venv/bin/python3.12 -m oslo_concurrency.prlimit --as=1073741824 --cpu=60 -- sudo cinder-rootwrap /etc/cinder/rootwrap.conf env LC_ALL=C qemu-img info -f qcow2 --output=json --force-share /opt/stack/data/cinder/mnt/195830a4e0d44d8724c09ce8872f126f/volume-2384570b-5074-4cf9-9fb8-2329a4daa350.5f027de6-49f1-4a4d-bb13-bc22ac696bdc" returned: 0 in 1.256s {{(pid=86712) execute /opt/stack/data/venv/lib/python3.12/site-packages/oslo_concurrency/processutils.py:468}}
Jun 03 12:55:41 devstack cinder-volume[86712]: DEBUG cinder.volume.drivers.remotefs [None req-eccda1d9-4d52-4416-9c7e-fbebc1c2b8d0 tempest-SnapshotsActionsTest-815808794 None] Fetching qemu-img info with special backing_file_template: (/opt/stack/data/cinder/mnt/[0-9a-f]+/)?(volume-2384570b-5074-4cf9-9fb8-2329a4daa350(.(tmp-snap-)?[0-9a-f-]+)?|volume_from_snapshot_cache/(tmp-snap-)?[0-9a-f-]+(.(child-|parent-)[0-9a-f-]+)?)$ {{(pid=86712) _qemu_img_info_base /opt/stack/cinder/cinder/volume/drivers/remotefs.py:896}}
Jun 03 12:55:41 devstack cinder-volume[86712]: DEBUG oslo_concurrency.processutils [None req-eccda1d9-4d52-4416-9c7e-fbebc1c2b8d0 tempest-SnapshotsActionsTest-815808794 None] Running cmd (subprocess): sudo cinder-rootwrap /etc/cinder/rootwrap.conf qemu-img create -f qcow2 -o backing_file=/opt/stack/data/cinder/mnt/195830a4e0d44d8724c09ce8872f126f/volume-2384570b-5074-4cf9-9fb8-2329a4daa350.5f027de6-49f1-4a4d-bb13-bc22ac696bdc,backing_fmt=qcow2 /opt/stack/data/cinder/mnt/195830a4e0d44d8724c09ce8872f126f/volume-2384570b-5074-4cf9-9fb8-2329a4daa350.31d47a43-37c0-46f6-b350-c141788579dc 1G {{(pid=86712) execute /opt/stack/data/venv/lib/python3.12/site-packages/oslo_concurrency/processutils.py:440}}
Jun 03 12:55:41 devstack sudo[91002]: quobyte : PWD=/ ; USER=root ; COMMAND=/opt/stack/data/venv/bin/cinder-rootwrap /etc/cinder/rootwrap.conf qemu-img create -f qcow2 -o backing_file=/opt/stack/data/cinder/mnt/195830a4e0d44d8724c09ce8872f126f/volume-2384570b-5074-4cf9-9fb8-2329a4daa350.5f027de6-49f1-4a4d-bb13-bc22ac696bdc,backing_fmt=qcow2 /opt/stack/data/cinder/mnt/195830a4e0d44d8724c09ce8872f126f/volume-2384570b-5074-4cf9-9fb8-2329a4daa350.31d47a43-37c0-46f6-b350-c141788579dc 1G
Jun 03 12:55:41 devstack sudo[91002]: pam_unix(sudo:session): session opened for user root(uid=0) by (uid=1000)
Jun 03 12:55:43 devstack sudo[91002]: pam_unix(sudo:session): session closed for user root
Jun 03 12:55:43 devstack cinder-volume[86712]: DEBUG oslo_concurrency.processutils [None req-eccda1d9-4d52-4416-9c7e-fbebc1c2b8d0 tempest-SnapshotsActionsTest-815808794 None] CMD "sudo cinder-rootwrap /etc/cinder/rootwrap.conf qemu-img create -f qcow2 -o backing_file=/opt/stack/data/cinder/mnt/195830a4e0d44d8724c09ce8872f126f/volume-2384570b-5074-4cf9-9fb8-2329a4daa350.5f027de6-49f1-4a4d-bb13-bc22ac696bdc,backing_fmt=qcow2 /opt/stack/data/cinder/mnt/195830a4e0d44d8724c09ce8872f126f/volume-2384570b-5074-4cf9-9fb8-2329a4daa350.31d47a43-37c0-46f6-b350-c141788579dc 1G" returned: 0 in 1.760s {{(pid=86712) execute /opt/stack/data/venv/lib/python3.12/site-packages/oslo_concurrency/processutils.py:468}}
Jun 03 12:55:43 devstack cinder-volume[86712]: DEBUG oslo_concurrency.processutils [None req-eccda1d9-4d52-4416-9c7e-fbebc1c2b8d0 tempest-SnapshotsActionsTest-815808794 None] Running cmd (subprocess): sudo cinder-rootwrap /etc/cinder/rootwrap.conf qemu-img rebase -u -b volume-2384570b-5074-4cf9-9fb8-2329a4daa350.5f027de6-49f1-4a4d-bb13-bc22ac696bdc -F qcow2 /opt/stack/data/cinder/mnt/195830a4e0d44d8724c09ce8872f126f/volume-2384570b-5074-4cf9-9fb8-2329a4daa350.31d47a43-37c0-46f6-b350-c141788579dc {{(pid=86712) execute /opt/stack/data/venv/lib/python3.12/site-packages/oslo_concurrency/processutils.py:440}}
Jun 03 12:55:43 devstack sudo[91146]: quobyte : PWD=/ ; USER=root ; COMMAND=/opt/stack/data/venv/bin/cinder-rootwrap /etc/cinder/rootwrap.conf qemu-img rebase -u -b volume-2384570b-5074-4cf9-9fb8-2329a4daa350.5f027de6-49f1-4a4d-bb13-bc22ac696bdc -F qcow2 /opt/stack/data/cinder/mnt/195830a4e0d44d8724c09ce8872f126f/volume-2384570b-5074-4cf9-9fb8-2329a4daa350.31d47a43-37c0-46f6-b350-c141788579dc
Jun 03 12:55:43 devstack sudo[91146]: pam_unix(sudo:session): session opened for user root(uid=0) by (uid=1000)
Jun 03 12:55:44 devstack sudo[91146]: pam_unix(sudo:session): session closed for user root
Jun 03 12:55:44 devstack cinder-volume[86712]: DEBUG oslo_concurrency.processutils [None req-eccda1d9-4d52-4416-9c7e-fbebc1c2b8d0 tempest-SnapshotsActionsTest-815808794 None] CMD "sudo cinder-rootwrap /etc/cinder/rootwrap.conf qemu-img rebase -u -b volume-2384570b-5074-4cf9-9fb8-2329a4daa350.5f027de6-49f1-4a4d-bb13-bc22ac696bdc -F qcow2 /opt/stack/data/cinder/mnt/195830a4e0d44d8724c09ce8872f126f/volume-2384570b-5074-4cf9-9fb8-2329a4daa350.31d47a43-37c0-46f6-b350-c141788579dc" returned: 0 in 1.275s {{(pid=86712) execute /opt/stack/data/venv/lib/python3.12/site-packages/oslo_concurrency/processutils.py:468}}
Jun 03 12:55:44 devstack cinder-volume[86712]: WARNING cinder.volume.drivers.remotefs [None req-eccda1d9-4d52-4416-9c7e-fbebc1c2b8d0 tempest-SnapshotsActionsTest-815808794 None] /opt/stack/data/cinder/mnt/195830a4e0d44d8724c09ce8872f126f/volume-2384570b-5074-4cf9-9fb8-2329a4daa350.31d47a43-37c0-46f6-b350-c141788579dc is being set with open permissions: ugo+rw
Jun 03 12:55:44 devstack cinder-volume[86712]: DEBUG oslo_concurrency.processutils [None req-eccda1d9-4d52-4416-9c7e-fbebc1c2b8d0 tempest-SnapshotsActionsTest-815808794 None] Running cmd (subprocess): sudo cinder-rootwrap /etc/cinder/rootwrap.conf chmod ugo+rw /opt/stack/data/cinder/mnt/195830a4e0d44d8724c09ce8872f126f/volume-2384570b-5074-4cf9-9fb8-2329a4daa350.31d47a43-37c0-46f6-b350-c141788579dc {{(pid=86712) execute /opt/stack/data/venv/lib/python3.12/site-packages/oslo_concurrency/processutils.py:440}}
Jun 03 12:55:45 devstack sudo[91180]: quobyte : PWD=/ ; USER=root ; COMMAND=/opt/stack/data/venv/bin/cinder-rootwrap /etc/cinder/rootwrap.conf chmod ugo+rw /opt/stack/data/cinder/mnt/195830a4e0d44d8724c09ce8872f126f/volume-2384570b-5074-4cf9-9fb8-2329a4daa350.31d47a43-37c0-46f6-b350-c141788579dc
Jun 03 12:55:45 devstack sudo[91180]: pam_unix(sudo:session): session opened for user root(uid=0) by (uid=1000)
Jun 03 12:55:45 devstack sudo[91180]: pam_unix(sudo:session): session closed for user root
Jun 03 12:55:45 devstack cinder-volume[86712]: DEBUG oslo_concurrency.processutils [None req-eccda1d9-4d52-4416-9c7e-fbebc1c2b8d0 tempest-SnapshotsActionsTest-815808794 None] CMD "sudo cinder-rootwrap /etc/cinder/rootwrap.conf chmod ugo+rw /opt/stack/data/cinder/mnt/195830a4e0d44d8724c09ce8872f126f/volume-2384570b-5074-4cf9-9fb8-2329a4daa350.31d47a43-37c0-46f6-b350-c141788579dc" returned: 0 in 0.986s {{(pid=86712) execute /opt/stack/data/venv/lib/python3.12/site-packages/oslo_concurrency/processutils.py:468}}
Jun 03 12:55:46 devstack cinder-volume[86712]: DEBUG oslo_concurrency.lockutils [None req-eccda1d9-4d52-4416-9c7e-fbebc1c2b8d0 tempest-SnapshotsActionsTest-815808794 None] Lock "quobyte" "released" by "cinder.volume.drivers.quobyte.QuobyteDriver.create_snapshot" :: held 5.423s {{(pid=86712) inner /opt/stack/data/venv/lib/python3.12/site-packages/oslo_concurrency/lockutils.py:538}}
Jun 03 12:55:46 devstack cinder-volume[86712]: INFO cinder.volume.manager [None req-eccda1d9-4d52-4416-9c7e-fbebc1c2b8d0 tempest-SnapshotsActionsTest-815808794 None] Create snapshot completed successfully
Jun 03 12:55:47 devstack cinder-volume[86712]: DEBUG cinder.coordination [None req-eed0fb10-bd6e-4d5d-85eb-bdd17b309349 tempest-SnapshotsActionsTest-524950840 None] Acquiring lock "cinder-31d47a43-37c0-46f6-b350-c141788579dc-delete_snapshot" by "delete_snapshot" {{(pid=86712) __acquire /opt/stack/cinder/cinder/coordination.py:138}}
Jun 03 12:55:47 devstack cinder-volume[86712]: DEBUG cinder.coordination [None req-eed0fb10-bd6e-4d5d-85eb-bdd17b309349 tempest-SnapshotsActionsTest-524950840 None] Lock "cinder-31d47a43-37c0-46f6-b350-c141788579dc-delete_snapshot" acquired by "delete_snapshot" :: waited 0.031s {{(pid=86712) __acquire /opt/stack/cinder/cinder/coordination.py:141}}
Jun 03 12:55:47 devstack cinder-volume[86712]: DEBUG cinder.coordination [None req-eed0fb10-bd6e-4d5d-85eb-bdd17b309349 tempest-SnapshotsActionsTest-524950840 None] Acquiring lock "cinder-quobyte-2384570b-5074-4cf9-9fb8-2329a4daa350" by "delete_snapshot" {{(pid=86712) __acquire /opt/stack/cinder/cinder/coordination.py:138}}
Jun 03 12:55:47 devstack cinder-volume[86712]: DEBUG cinder.coordination [None req-eed0fb10-bd6e-4d5d-85eb-bdd17b309349 tempest-SnapshotsActionsTest-524950840 None] Lock "cinder-quobyte-2384570b-5074-4cf9-9fb8-2329a4daa350" acquired by "delete_snapshot" :: waited 0.016s {{(pid=86712) __acquire /opt/stack/cinder/cinder/coordination.py:141}}
Jun 03 12:55:47 devstack cinder-volume[86712]: DEBUG cinder.coordination [None req-eed0fb10-bd6e-4d5d-85eb-bdd17b309349 tempest-SnapshotsActionsTest-524950840 None] Acquiring lock "cinder-quobyte-31d47a43-37c0-46f6-b350-c141788579dc" by "_delete_snapshot" {{(pid=86712) __acquire /opt/stack/cinder/cinder/coordination.py:138}}
Jun 03 12:55:47 devstack cinder-volume[86712]: DEBUG cinder.coordination [None req-eed0fb10-bd6e-4d5d-85eb-bdd17b309349 tempest-SnapshotsActionsTest-524950840 None] Lock "cinder-quobyte-31d47a43-37c0-46f6-b350-c141788579dc" acquired by "_delete_snapshot" :: waited 0.022s {{(pid=86712) __acquire /opt/stack/cinder/cinder/coordination.py:141}}
Jun 03 12:55:47 devstack cinder-volume[86712]: DEBUG cinder.volume.drivers.remotefs [None req-eed0fb10-bd6e-4d5d-85eb-bdd17b309349 tempest-SnapshotsActionsTest-524950840 None] Deleting offline snapshot 31d47a43-37c0-46f6-b350-c141788579dc of volume 2384570b-5074-4cf9-9fb8-2329a4daa350 {{(pid=86712) _delete_snapshot /opt/stack/cinder/cinder/volume/drivers/remotefs.py:1288}}
Jun 03 12:55:47 devstack cinder-volume[86712]: DEBUG cinder.volume.drivers.remotefs [None req-eed0fb10-bd6e-4d5d-85eb-bdd17b309349 tempest-SnapshotsActionsTest-524950840 None] snapshot_file for this snap is: volume-2384570b-5074-4cf9-9fb8-2329a4daa350.31d47a43-37c0-46f6-b350-c141788579dc {{(pid=86712) _delete_snapshot /opt/stack/cinder/cinder/volume/drivers/remotefs.py:1317}}
Jun 03 12:55:47 devstack cinder-volume[86712]: DEBUG oslo.privsep.daemon [-] privsep: reply[8962f941-0160-4737-a56c-51f4c8b1b398]: (4, 'qcow2') {{(pid=87538) _call_back /opt/stack/data/venv/lib/python3.12/site-packages/oslo_privsep/daemon.py:573}}
Jun 03 12:55:47 devstack cinder-volume[86712]: DEBUG oslo_concurrency.processutils [None req-eed0fb10-bd6e-4d5d-85eb-bdd17b309349 tempest-SnapshotsActionsTest-524950840 None] Running cmd (subprocess): /opt/stack/data/venv/bin/python3.12 -m oslo_concurrency.prlimit --as=1073741824 --cpu=60 -- sudo cinder-rootwrap /etc/cinder/rootwrap.conf env LC_ALL=C qemu-img info -f qcow2 --output=json --force-share /opt/stack/data/cinder/mnt/195830a4e0d44d8724c09ce8872f126f/volume-2384570b-5074-4cf9-9fb8-2329a4daa350.31d47a43-37c0-46f6-b350-c141788579dc {{(pid=86712) execute /opt/stack/data/venv/lib/python3.12/site-packages/oslo_concurrency/processutils.py:440}}
Jun 03 12:55:47 devstack sudo[91184]: quobyte : PWD=/ ; USER=root ; COMMAND=/opt/stack/data/venv/bin/cinder-rootwrap /etc/cinder/rootwrap.conf env LC_ALL=C qemu-img info -f qcow2 --output=json --force-share /opt/stack/data/cinder/mnt/195830a4e0d44d8724c09ce8872f126f/volume-2384570b-5074-4cf9-9fb8-2329a4daa350.31d47a43-37c0-46f6-b350-c141788579dc
Jun 03 12:55:47 devstack sudo[91184]: pam_unix(sudo:session): session opened for user root(uid=0) by (uid=1000)
Jun 03 12:55:48 devstack sudo[91184]: pam_unix(sudo:session): session closed for user root
Jun 03 12:55:48 devstack cinder-volume[86712]: DEBUG oslo_concurrency.processutils [None req-eed0fb10-bd6e-4d5d-85eb-bdd17b309349 tempest-SnapshotsActionsTest-524950840 None] CMD "/opt/stack/data/venv/bin/python3.12 -m oslo_concurrency.prlimit --as=1073741824 --cpu=60 -- sudo cinder-rootwrap /etc/cinder/rootwrap.conf env LC_ALL=C qemu-img info -f qcow2 --output=json --force-share /opt/stack/data/cinder/mnt/195830a4e0d44d8724c09ce8872f126f/volume-2384570b-5074-4cf9-9fb8-2329a4daa350.31d47a43-37c0-46f6-b350-c141788579dc" returned: 0 in 1.293s {{(pid=86712) execute /opt/stack/data/venv/lib/python3.12/site-packages/oslo_concurrency/processutils.py:468}}
Jun 03 12:55:48 devstack cinder-volume[86712]: DEBUG cinder.volume.drivers.remotefs [None req-eed0fb10-bd6e-4d5d-85eb-bdd17b309349 tempest-SnapshotsActionsTest-524950840 None] Fetching qemu-img info with special backing_file_template: (/opt/stack/data/cinder/mnt/[0-9a-f]+/)?(volume-2384570b-5074-4cf9-9fb8-2329a4daa350(.(tmp-snap-)?[0-9a-f-]+)?|volume_from_snapshot_cache/(tmp-snap-)?[0-9a-f-]+(.(child-|parent-)[0-9a-f-]+)?)$ {{(pid=86712) _qemu_img_info_base /opt/stack/cinder/cinder/volume/drivers/remotefs.py:896}}
Jun 03 12:55:48 devstack cinder-volume[86712]: DEBUG oslo.privsep.daemon [-] privsep: reply[9c4e0ecc-358d-4c16-b3ae-86b3b0daf062]: (4, 'qcow2') {{(pid=87538) _call_back /opt/stack/data/venv/lib/python3.12/site-packages/oslo_privsep/daemon.py:573}}
Jun 03 12:55:48 devstack cinder-volume[86712]: DEBUG oslo_concurrency.processutils [None req-eed0fb10-bd6e-4d5d-85eb-bdd17b309349 tempest-SnapshotsActionsTest-524950840 None] Running cmd (subprocess): /opt/stack/data/venv/bin/python3.12 -m oslo_concurrency.prlimit --as=1073741824 --cpu=60 -- sudo cinder-rootwrap /etc/cinder/rootwrap.conf env LC_ALL=C qemu-img info -f qcow2 --output=json --force-share /opt/stack/data/cinder/mnt/195830a4e0d44d8724c09ce8872f126f/volume-2384570b-5074-4cf9-9fb8-2329a4daa350.5f027de6-49f1-4a4d-bb13-bc22ac696bdc {{(pid=86712) execute /opt/stack/data/venv/lib/python3.12/site-packages/oslo_concurrency/processutils.py:440}}
Jun 03 12:55:48 devstack sudo[91230]: quobyte : PWD=/ ; USER=root ; COMMAND=/opt/stack/data/venv/bin/cinder-rootwrap /etc/cinder/rootwrap.conf env LC_ALL=C qemu-img info -f qcow2 --output=json --force-share /opt/stack/data/cinder/mnt/195830a4e0d44d8724c09ce8872f126f/volume-2384570b-5074-4cf9-9fb8-2329a4daa350.5f027de6-49f1-4a4d-bb13-bc22ac696bdc
Jun 03 12:55:48 devstack sudo[91230]: pam_unix(sudo:session): session opened for user root(uid=0) by (uid=1000)
Jun 03 12:55:49 devstack cinder-volume[86712]: DEBUG oslo_service.periodic_task [None req-9a89406e-3ae6-49fd-babc-a8ffbac52b4d None None] Running periodic task VolumeManager.publish_service_capabilities {{(pid=86712) run_periodic_tasks /opt/stack/data/venv/lib/python3.12/site-packages/oslo_service/periodic_task.py:210}}
Jun 03 12:55:49 devstack cinder-volume[86712]: DEBUG oslo_concurrency.lockutils [None req-9a89406e-3ae6-49fd-babc-a8ffbac52b4d None None] Acquiring lock "quobyte_ensure" by "cinder.volume.drivers.quobyte.QuobyteDriver._ensure_shares_mounted" {{(pid=86712) inner /opt/stack/data/venv/lib/python3.12/site-packages/oslo_concurrency/lockutils.py:506}}
Jun 03 12:55:49 devstack cinder-volume[86712]: DEBUG oslo_concurrency.lockutils [None req-9a89406e-3ae6-49fd-babc-a8ffbac52b4d None None] Lock "quobyte_ensure" acquired by "cinder.volume.drivers.quobyte.QuobyteDriver._ensure_shares_mounted" :: waited 0.001s {{(pid=86712) inner /opt/stack/data/venv/lib/python3.12/site-packages/oslo_concurrency/lockutils.py:519}}
Jun 03 12:55:49 devstack cinder-volume[86712]: DEBUG cinder.volume.drivers.quobyte [None req-9a89406e-3ae6-49fd-babc-a8ffbac52b4d None None] Quobyte Volume URL set to: {'osci02.corp.quobyte.com/cinder-vol-f3289fc4-cd44-42b5-a857-6494999a88db': None} {{(pid=86712) _load_shares_config /opt/stack/cinder/cinder/volume/drivers/quobyte.py:617}}
Jun 03 12:55:49 devstack cinder-volume[86712]: DEBUG cinder.volume.drivers.quobyte [None req-9a89406e-3ae6-49fd-babc-a8ffbac52b4d None None] Available shares ['osci02.corp.quobyte.com/cinder-vol-f3289fc4-cd44-42b5-a857-6494999a88db'] {{(pid=86712) _ensure_shares_mounted /opt/stack/cinder/cinder/volume/drivers/quobyte.py:647}}
Jun 03 12:55:49 devstack cinder-volume[86712]: DEBUG oslo_concurrency.lockutils [None req-9a89406e-3ae6-49fd-babc-a8ffbac52b4d None None] Lock "quobyte_ensure" "released" by "cinder.volume.drivers.quobyte.QuobyteDriver._ensure_shares_mounted" :: held 0.019s {{(pid=86712) inner /opt/stack/data/venv/lib/python3.12/site-packages/oslo_concurrency/lockutils.py:538}}
Jun 03 12:55:49 devstack cinder-volume[86712]: DEBUG oslo_concurrency.processutils [None req-9a89406e-3ae6-49fd-babc-a8ffbac52b4d None None] Running cmd (subprocess): sudo cinder-rootwrap /etc/cinder/rootwrap.conf df --portability --block-size 1 /opt/stack/data/cinder/mnt/195830a4e0d44d8724c09ce8872f126f {{(pid=86712) execute /opt/stack/data/venv/lib/python3.12/site-packages/oslo_concurrency/processutils.py:440}}
Jun 03 12:55:49 devstack sudo[91234]: quobyte : PWD=/ ; USER=root ; COMMAND=/opt/stack/data/venv/bin/cinder-rootwrap /etc/cinder/rootwrap.conf df --portability --block-size 1 /opt/stack/data/cinder/mnt/195830a4e0d44d8724c09ce8872f126f
Jun 03 12:55:49 devstack sudo[91234]: pam_unix(sudo:session): session opened for user root(uid=0) by (uid=1000)
Jun 03 12:55:50 devstack sudo[91234]: pam_unix(sudo:session): session closed for user root
Jun 03 12:55:50 devstack cinder-volume[86712]: DEBUG oslo_concurrency.processutils [None req-9a89406e-3ae6-49fd-babc-a8ffbac52b4d None None] CMD "sudo cinder-rootwrap /etc/cinder/rootwrap.conf df --portability --block-size 1 /opt/stack/data/cinder/mnt/195830a4e0d44d8724c09ce8872f126f" returned: 0 in 0.863s {{(pid=86712) execute /opt/stack/data/venv/lib/python3.12/site-packages/oslo_concurrency/processutils.py:468}}
Jun 03 12:55:50 devstack cinder-volume[86712]: DEBUG cinder.manager [None req-9a89406e-3ae6-49fd-babc-a8ffbac52b4d None None] Notifying Schedulers of capabilities ... {{(pid=86712) _publish_service_capabilities /opt/stack/cinder/cinder/manager.py:202}}
Jun 03 12:55:50 devstack sudo[91230]: pam_unix(sudo:session): session closed for user root
Jun 03 12:55:50 devstack cinder-volume[86712]: DEBUG oslo_concurrency.processutils [None req-eed0fb10-bd6e-4d5d-85eb-bdd17b309349 tempest-SnapshotsActionsTest-524950840 None] CMD "/opt/stack/data/venv/bin/python3.12 -m oslo_concurrency.prlimit --as=1073741824 --cpu=60 -- sudo cinder-rootwrap /etc/cinder/rootwrap.conf env LC_ALL=C qemu-img info -f qcow2 --output=json --force-share /opt/stack/data/cinder/mnt/195830a4e0d44d8724c09ce8872f126f/volume-2384570b-5074-4cf9-9fb8-2329a4daa350.5f027de6-49f1-4a4d-bb13-bc22ac696bdc" returned: 0 in 1.925s {{(pid=86712) execute /opt/stack/data/venv/lib/python3.12/site-packages/oslo_concurrency/processutils.py:468}}
Jun 03 12:55:50 devstack cinder-volume[86712]: DEBUG cinder.volume.drivers.remotefs [None req-eed0fb10-bd6e-4d5d-85eb-bdd17b309349 tempest-SnapshotsActionsTest-524950840 None] Fetching qemu-img info with special backing_file_template: (/opt/stack/data/cinder/mnt/[0-9a-f]+/)?(volume-2384570b-5074-4cf9-9fb8-2329a4daa350(.(tmp-snap-)?[0-9a-f-]+)?|volume_from_snapshot_cache/(tmp-snap-)?[0-9a-f-]+(.(child-|parent-)[0-9a-f-]+)?)$ {{(pid=86712) _qemu_img_info_base /opt/stack/cinder/cinder/volume/drivers/remotefs.py:896}}
Jun 03 12:55:50 devstack cinder-volume[86712]: DEBUG oslo_concurrency.processutils [None req-eed0fb10-bd6e-4d5d-85eb-bdd17b309349 tempest-SnapshotsActionsTest-524950840 None] Running cmd (subprocess): sudo cinder-rootwrap /etc/cinder/rootwrap.conf qemu-img commit -d /opt/stack/data/cinder/mnt/195830a4e0d44d8724c09ce8872f126f/volume-2384570b-5074-4cf9-9fb8-2329a4daa350.31d47a43-37c0-46f6-b350-c141788579dc {{(pid=86712) execute /opt/stack/data/venv/lib/python3.12/site-packages/oslo_concurrency/processutils.py:440}}
Jun 03 12:55:50 devstack sudo[91242]: quobyte : PWD=/ ; USER=root ; COMMAND=/opt/stack/data/venv/bin/cinder-rootwrap /etc/cinder/rootwrap.conf qemu-img commit -d /opt/stack/data/cinder/mnt/195830a4e0d44d8724c09ce8872f126f/volume-2384570b-5074-4cf9-9fb8-2329a4daa350.31d47a43-37c0-46f6-b350-c141788579dc
Jun 03 12:55:50 devstack sudo[91242]: pam_unix(sudo:session): session opened for user root(uid=0) by (uid=1000)
Jun 03 12:55:52 devstack sudo[91242]: pam_unix(sudo:session): session closed for user root
Jun 03 12:55:52 devstack cinder-volume[86712]: DEBUG oslo_concurrency.processutils [None req-eed0fb10-bd6e-4d5d-85eb-bdd17b309349 tempest-SnapshotsActionsTest-524950840 None] CMD "sudo cinder-rootwrap /etc/cinder/rootwrap.conf qemu-img commit -d /opt/stack/data/cinder/mnt/195830a4e0d44d8724c09ce8872f126f/volume-2384570b-5074-4cf9-9fb8-2329a4daa350.31d47a43-37c0-46f6-b350-c141788579dc" returned: 0 in 1.613s {{(pid=86712) execute /opt/stack/data/venv/lib/python3.12/site-packages/oslo_concurrency/processutils.py:468}}
Jun 03 12:55:52 devstack cinder-volume[86712]: DEBUG oslo_concurrency.processutils [None req-eed0fb10-bd6e-4d5d-85eb-bdd17b309349 tempest-SnapshotsActionsTest-524950840 None] Running cmd (subprocess): sudo cinder-rootwrap /etc/cinder/rootwrap.conf rm -f /opt/stack/data/cinder/mnt/195830a4e0d44d8724c09ce8872f126f/volume-2384570b-5074-4cf9-9fb8-2329a4daa350.31d47a43-37c0-46f6-b350-c141788579dc {{(pid=86712) execute /opt/stack/data/venv/lib/python3.12/site-packages/oslo_concurrency/processutils.py:440}}
Jun 03 12:55:52 devstack sudo[91249]: quobyte : PWD=/ ; USER=root ; COMMAND=/opt/stack/data/venv/bin/cinder-rootwrap /etc/cinder/rootwrap.conf rm -f /opt/stack/data/cinder/mnt/195830a4e0d44d8724c09ce8872f126f/volume-2384570b-5074-4cf9-9fb8-2329a4daa350.31d47a43-37c0-46f6-b350-c141788579dc
Jun 03 12:55:52 devstack sudo[91249]: pam_unix(sudo:session): session opened for user root(uid=0) by (uid=1000)
Jun 03 12:55:53 devstack sudo[91249]: pam_unix(sudo:session): session closed for user root
Jun 03 12:55:53 devstack cinder-volume[86712]: DEBUG oslo_concurrency.processutils [None req-eed0fb10-bd6e-4d5d-85eb-bdd17b309349 tempest-SnapshotsActionsTest-524950840 None] CMD "sudo cinder-rootwrap /etc/cinder/rootwrap.conf rm -f /opt/stack/data/cinder/mnt/195830a4e0d44d8724c09ce8872f126f/volume-2384570b-5074-4cf9-9fb8-2329a4daa350.31d47a43-37c0-46f6-b350-c141788579dc" returned: 0 in 1.334s {{(pid=86712) execute /opt/stack/data/venv/lib/python3.12/site-packages/oslo_concurrency/processutils.py:468}}
Jun 03 12:55:53 devstack cinder-volume[86712]: DEBUG cinder.coordination [None req-eed0fb10-bd6e-4d5d-85eb-bdd17b309349 tempest-SnapshotsActionsTest-524950840 None] Lock "cinder-quobyte-31d47a43-37c0-46f6-b350-c141788579dc" released by "_delete_snapshot" :: held 6.400s {{(pid=86712) __release /opt/stack/cinder/cinder/coordination.py:152}}
Jun 03 12:55:53 devstack cinder-volume[86712]: DEBUG cinder.coordination [None req-eed0fb10-bd6e-4d5d-85eb-bdd17b309349 tempest-SnapshotsActionsTest-524950840 None] Lock "cinder-quobyte-2384570b-5074-4cf9-9fb8-2329a4daa350" released by "delete_snapshot" :: held 6.447s {{(pid=86712) __release /opt/stack/cinder/cinder/coordination.py:152}}
Jun 03 12:55:53 devstack cinder-volume[86712]: WARNING cinder.quota [None req-eed0fb10-bd6e-4d5d-85eb-bdd17b309349 tempest-SnapshotsActionsTest-524950840 None] Deprecated: Default quota for resource: snapshots_QuobyteHD is set by the default quota flag: quota_snapshots_QuobyteHD, it is now deprecated. Please use the default quota class for default quota.
Jun 03 12:55:53 devstack cinder-volume[86712]: DEBUG cinder.quota [None req-eed0fb10-bd6e-4d5d-85eb-bdd17b309349 tempest-SnapshotsActionsTest-524950840 None] Created reservations ['8cdaae4a-27eb-494d-8539-0d209dccf2ea', '48a9adc7-66a0-4146-9c92-3fecad85da8a', '257013b7-472f-4a24-8855-9c4cb05c03cc', 'd6368be2-2904-4864-a7c7-dd13fd3b2db7'] {{(pid=86712) reserve /opt/stack/cinder/cinder/quota.py:752}}
Jun 03 12:55:54 devstack cinder-volume[86712]: INFO cinder.volume.manager [None req-eed0fb10-bd6e-4d5d-85eb-bdd17b309349 tempest-SnapshotsActionsTest-524950840 None] Delete snapshot completed successfully.
Jun 03 12:55:54 devstack cinder-volume[86712]: DEBUG cinder.coordination [None req-eed0fb10-bd6e-4d5d-85eb-bdd17b309349 tempest-SnapshotsActionsTest-524950840 None] Lock "cinder-31d47a43-37c0-46f6-b350-c141788579dc-delete_snapshot" released by "delete_snapshot" :: held 6.779s {{(pid=86712) __release /opt/stack/cinder/cinder/coordination.py:152}}
Jun 03 12:55:54 devstack cinder-volume[86712]: DEBUG cinder.volume.flows.manager.create_volume [None req-874a48fb-6565-45d8-a9de-f05ba60568d1 tempest-ServerRescueNegativeTestJSON-1705683906 None] Volume reschedule parameters: True retry: {'num_attempts': 1, 'backends': ['devstack@QuobyteHD#QuobyteHD'], 'hosts': ['devstack@QuobyteHD#QuobyteHD']} {{(pid=86712) get_flow /opt/stack/cinder/cinder/volume/flows/manager/create_volume.py:1388}}
Jun 03 12:55:54 devstack cinder-volume[86712]: DEBUG cinder.volume.manager [None req-874a48fb-6565-45d8-a9de-f05ba60568d1 tempest-ServerRescueNegativeTestJSON-1705683906 None] Flow 'volume_create_manager' (f30bcc93-b96f-466c-b048-a419d630cc1b) transitioned into state 'RUNNING' from state 'PENDING' {{(pid=86712) _flow_receiver /opt/stack/data/venv/lib/python3.12/site-packages/taskflow/listeners/logging.py:145}}
Jun 03 12:55:54 devstack cinder-volume[86712]: DEBUG cinder.volume.manager [None req-874a48fb-6565-45d8-a9de-f05ba60568d1 tempest-ServerRescueNegativeTestJSON-1705683906 None] Task 'cinder.volume.flows.manager.create_volume.ExtractVolumeRefTask;volume:create' (f4c66fae-a629-4c21-b284-957c74ec2fa1) transitioned into state 'RUNNING' from state 'PENDING' {{(pid=86712) _task_receiver /opt/stack/data/venv/lib/python3.12/site-packages/taskflow/listeners/logging.py:194}}
Jun 03 12:55:54 devstack cinder-volume[86712]: DEBUG cinder.volume.manager [None req-874a48fb-6565-45d8-a9de-f05ba60568d1 tempest-ServerRescueNegativeTestJSON-1705683906 None] Task 'cinder.volume.flows.manager.create_volume.ExtractVolumeRefTask;volume:create' (f4c66fae-a629-4c21-b284-957c74ec2fa1) transitioned into state 'SUCCESS' from state 'RUNNING' with result 'Volume(_name_id=None,admin_metadata=,attach_status='detached',availability_zone='nova',bootable=False,cluster=,cluster_name=None,consistencygroup=,consistencygroup_id=None,created_at=2026-06-03T10:55:54Z,deleted=False,deleted_at=None,display_description=None,display_name='tempest-ServerRescueNegativeTestJSON-volume-139301788',ec2_id=None,encryption_key_id=None,glance_metadata=,group=,group_id=None,host='devstack@QuobyteHD#QuobyteHD',id=fc51afe6-a983-4198-b300-4c5ffbaeda5e,launched_at=None,metadata={},migration_status=None,multiattach=False,previous_status=None,project_id='be0d6ca33d1344b79f2a734befd29eb2',provider_auth=None,provider_geometry=None,provider_id=None,provider_location=None,replication_driver_data=None,replication_extended_status=None,replication_status=None,scheduled_at=2026-06-03T10:55:54Z,service_uuid=None,shared_targets=True,size=1,snapshot_id=None,snapshots=,source_volid=None,status='creating',terminated_at=None,updated_at=2026-06-03T10:55:54Z,use_quota=True,user_id='472665f164a642e48e69bf69fc660a6c',volume_attachment=VolumeAttachmentList,volume_type=VolumeType(20654ef0-51c8-472a-b7c8-e7963122bb14),volume_type_id=20654ef0-51c8-472a-b7c8-e7963122bb14)' {{(pid=86712) _task_receiver /opt/stack/data/venv/lib/python3.12/site-packages/taskflow/listeners/logging.py:182}}
Jun 03 12:55:54 devstack cinder-volume[86712]: DEBUG cinder.volume.manager [None req-874a48fb-6565-45d8-a9de-f05ba60568d1 tempest-ServerRescueNegativeTestJSON-1705683906 None] Task 'cinder.volume.flows.manager.create_volume.OnFailureRescheduleTask;volume:create' (7cc4015d-fd3a-499a-9a9b-e99472df517a) transitioned into state 'RUNNING' from state 'PENDING' {{(pid=86712) _task_receiver /opt/stack/data/venv/lib/python3.12/site-packages/taskflow/listeners/logging.py:194}}
Jun 03 12:55:54 devstack cinder-volume[86712]: DEBUG cinder.volume.manager [None req-874a48fb-6565-45d8-a9de-f05ba60568d1 tempest-ServerRescueNegativeTestJSON-1705683906 None] Task 'cinder.volume.flows.manager.create_volume.OnFailureRescheduleTask;volume:create' (7cc4015d-fd3a-499a-9a9b-e99472df517a) transitioned into state 'SUCCESS' from state 'RUNNING' with result 'None' {{(pid=86712) _task_receiver /opt/stack/data/venv/lib/python3.12/site-packages/taskflow/listeners/logging.py:182}}
Jun 03 12:55:54 devstack cinder-volume[86712]: DEBUG cinder.volume.manager [None req-874a48fb-6565-45d8-a9de-f05ba60568d1 tempest-ServerRescueNegativeTestJSON-1705683906 None] Task 'cinder.volume.flows.manager.create_volume.ExtractVolumeSpecTask;volume:create' (d10fa2f8-7038-44e5-8e13-0cae74d6b9db) transitioned into state 'RUNNING' from state 'PENDING' {{(pid=86712) _task_receiver /opt/stack/data/venv/lib/python3.12/site-packages/taskflow/listeners/logging.py:194}}
Jun 03 12:55:54 devstack cinder-volume[86712]: DEBUG cinder.volume.manager [None req-874a48fb-6565-45d8-a9de-f05ba60568d1 tempest-ServerRescueNegativeTestJSON-1705683906 None] Task 'cinder.volume.flows.manager.create_volume.ExtractVolumeSpecTask;volume:create' (d10fa2f8-7038-44e5-8e13-0cae74d6b9db) transitioned into state 'SUCCESS' from state 'RUNNING' with result '{'status': 'creating', 'type': 'raw', 'volume_id': 'fc51afe6-a983-4198-b300-4c5ffbaeda5e', 'volume_name': 'volume-fc51afe6-a983-4198-b300-4c5ffbaeda5e', 'volume_size': 1}' {{(pid=86712) _task_receiver /opt/stack/data/venv/lib/python3.12/site-packages/taskflow/listeners/logging.py:182}}
