Apr 15 00:17:31 devstack cinder-volume[83219]: DEBUG cinder.volume.manager [None req-d9cb5ea8-9ff1-454d-8d78-db59d818c23c tempest-VolumesActionsTest-250678551 None] Uploaded volume to glance image-id: fbfda0ff-0dbe-4935-a496-12e972c101f1. {{(pid=83219) copy_volume_to_image /opt/stack/cinder/cinder/volume/manager.py:1781}}
Apr 15 00:17:31 devstack cinder-volume[83219]: DEBUG oslo_concurrency.lockutils [None req-ec744c04-7a61-4a8f-bfa1-34f5b731cdea tempest-ServerRescueNegativeTestJSON-841149131 None] Lock "quobyte" acquired by "cinder.volume.drivers.quobyte.QuobyteDriver.create_volume" :: waited 12.354s {{(pid=83219) inner /opt/stack/data/venv/lib/python3.10/site-packages/oslo_concurrency/lockutils.py:519}}
Apr 15 00:17:31 devstack cinder-volume[83219]: DEBUG cinder.volume.drivers.quobyte [None req-ec744c04-7a61-4a8f-bfa1-34f5b731cdea tempest-ServerRescueNegativeTestJSON-841149131 None] ==> create_volume: call "{'self': , 'volume': Volume(_name_id=None,admin_metadata=,attach_status='detached',availability_zone='nova',bootable=False,cluster=,cluster_name=None,consistencygroup=,consistencygroup_id=None,created_at=2026-04-14T22:17:18Z,deleted=False,deleted_at=None,display_description=None,display_name='tempest-ServerRescueNegativeTestJSON-volume-1333438198',ec2_id=None,encryption_key_id=None,glance_metadata=,group=,group_id=None,host='devstack@QuobyteHD#QuobyteHD',id=477e5625-64ca-43c5-8b08-166a11fc2e28,launched_at=None,metadata={},migration_status=None,multiattach=False,previous_status=None,project_id='211fa0f634a14df4bc8840aff732cc0b',provider_auth=None,provider_geometry=None,provider_id=None,provider_location=None,replication_driver_data=None,replication_extended_status=None,replication_status=None,scheduled_at=2026-04-14T22:17:18Z,service_uuid=None,shared_targets=True,size=1,snapshot_id=None,snapshots=,source_volid=None,status='creating',terminated_at=None,updated_at=2026-04-14T22:17:18Z,use_quota=True,user_id='554fa3e1b6694d47a3be2230b34c29b5',volume_attachment=VolumeAttachmentList,volume_type=VolumeType(db10a1ad-6dae-4f3b-84c5-e49e26272e08),volume_type_id=db10a1ad-6dae-4f3b-84c5-e49e26272e08)}" {{(pid=83219) trace_logging_wrapper /opt/stack/cinder/cinder/volume/volume_utils.py:1498}}
Apr 15 00:17:31 devstack cinder-volume[83219]: DEBUG cinder.volume.drivers.remotefs [None req-ec744c04-7a61-4a8f-bfa1-34f5b731cdea tempest-ServerRescueNegativeTestJSON-841149131 None] Creating volume 477e5625-64ca-43c5-8b08-166a11fc2e28 {{(pid=83219) create_volume /opt/stack/cinder/cinder/volume/drivers/remotefs.py:292}}
Apr 15 00:17:31 devstack cinder-volume[83219]: DEBUG oslo_concurrency.lockutils [None req-ec744c04-7a61-4a8f-bfa1-34f5b731cdea tempest-ServerRescueNegativeTestJSON-841149131 None] Acquiring lock "quobyte_ensure" by "cinder.volume.drivers.quobyte.QuobyteDriver._ensure_shares_mounted" {{(pid=83219) inner /opt/stack/data/venv/lib/python3.10/site-packages/oslo_concurrency/lockutils.py:506}}
Apr 15 00:17:31 devstack cinder-volume[83219]: DEBUG oslo_concurrency.lockutils [None req-ec744c04-7a61-4a8f-bfa1-34f5b731cdea tempest-ServerRescueNegativeTestJSON-841149131 None] Lock "quobyte_ensure" acquired by "cinder.volume.drivers.quobyte.QuobyteDriver._ensure_shares_mounted" :: waited 0.000s {{(pid=83219) inner /opt/stack/data/venv/lib/python3.10/site-packages/oslo_concurrency/lockutils.py:519}}
Apr 15 00:17:31 devstack cinder-volume[83219]: DEBUG cinder.volume.drivers.quobyte [None req-ec744c04-7a61-4a8f-bfa1-34f5b731cdea tempest-ServerRescueNegativeTestJSON-841149131 None] Quobyte Volume URL set to: {'osci02.corp.quobyte.com/cinder-vol-7ed2d2dc-6102-44b5-9d4f-0641a1610e29': None} {{(pid=83219) _load_shares_config /opt/stack/cinder/cinder/volume/drivers/quobyte.py:617}}
Apr 15 00:17:31 devstack cinder-volume[83219]: DEBUG cinder.volume.drivers.quobyte [None req-ec744c04-7a61-4a8f-bfa1-34f5b731cdea tempest-ServerRescueNegativeTestJSON-841149131 None] Available shares ['osci02.corp.quobyte.com/cinder-vol-7ed2d2dc-6102-44b5-9d4f-0641a1610e29'] {{(pid=83219) _ensure_shares_mounted /opt/stack/cinder/cinder/volume/drivers/quobyte.py:647}}
Apr 15 00:17:31 devstack cinder-volume[83219]: DEBUG oslo_concurrency.lockutils [None req-ec744c04-7a61-4a8f-bfa1-34f5b731cdea tempest-ServerRescueNegativeTestJSON-841149131 None] Lock "quobyte_ensure" "released" by "cinder.volume.drivers.quobyte.QuobyteDriver._ensure_shares_mounted" :: held 0.007s {{(pid=83219) inner /opt/stack/data/venv/lib/python3.10/site-packages/oslo_concurrency/lockutils.py:538}}
Apr 15 00:17:31 devstack cinder-volume[83219]: DEBUG cinder.volume.drivers.quobyte [None req-ec744c04-7a61-4a8f-bfa1-34f5b731cdea tempest-ServerRescueNegativeTestJSON-841149131 None] Selected osci02.corp.quobyte.com/cinder-vol-7ed2d2dc-6102-44b5-9d4f-0641a1610e29 as target Quobyte volume. {{(pid=83219) _find_share /opt/stack/cinder/cinder/volume/drivers/quobyte.py:668}}
Apr 15 00:17:31 devstack cinder-volume[83219]: INFO cinder.volume.drivers.remotefs [None req-ec744c04-7a61-4a8f-bfa1-34f5b731cdea tempest-ServerRescueNegativeTestJSON-841149131 None] casted to osci02.corp.quobyte.com/cinder-vol-7ed2d2dc-6102-44b5-9d4f-0641a1610e29
Apr 15 00:17:31 devstack cinder-volume[83219]: DEBUG oslo_concurrency.processutils [None req-ec744c04-7a61-4a8f-bfa1-34f5b731cdea tempest-ServerRescueNegativeTestJSON-841149131 None] Running cmd (subprocess): sudo cinder-rootwrap /etc/cinder/rootwrap.conf qemu-img create -f qcow2 -o preallocation=metadata /opt/stack/data/cinder/mnt/e5707122fe2b342b245775a984708259/volume-477e5625-64ca-43c5-8b08-166a11fc2e28 1073741824 {{(pid=83219) execute /opt/stack/data/venv/lib/python3.10/site-packages/oslo_concurrency/processutils.py:440}}
Apr 15 00:17:31 devstack sudo[87107]: quobyte : PWD=/ ; USER=root ; COMMAND=/opt/stack/data/venv/bin/cinder-rootwrap /etc/cinder/rootwrap.conf qemu-img create -f qcow2 -o preallocation=metadata /opt/stack/data/cinder/mnt/e5707122fe2b342b245775a984708259/volume-477e5625-64ca-43c5-8b08-166a11fc2e28 1073741824
Apr 15 00:17:31 devstack sudo[87107]: pam_unix(sudo:session): session opened for user root(uid=0) by (uid=1000)
Apr 15 00:17:31 devstack cinder-volume[83219]: INFO cinder.volume.manager [None req-d9cb5ea8-9ff1-454d-8d78-db59d818c23c tempest-VolumesActionsTest-250678551 None] Copy volume to image completed successfully.
Apr 15 00:17:31 devstack cinder-volume[83219]: DEBUG dbcounter [-] [83219] Writing DB stats cinder:SELECT=28,cinder:INSERT=7,cinder:UPDATE=34,cinder:DELETE=2 {{(pid=83219) stat_writer /opt/stack/data/venv/lib/python3.10/site-packages/dbcounter.py:115}}
Apr 15 00:17:31 devstack cinder-volume[83219]: DEBUG oslo_concurrency.lockutils [None req-dd312479-d1bd-43d7-8abd-4b5048c15658 tempest-VolumesActionsTest-250678551 None] Acquiring lock "quobyte" by "cinder.volume.drivers.quobyte.QuobyteDriver.copy_volume_to_image" {{(pid=83219) inner /opt/stack/data/venv/lib/python3.10/site-packages/oslo_concurrency/lockutils.py:506}}
Apr 15 00:17:31 devstack sudo[87107]: pam_unix(sudo:session): session closed for user root
Apr 15 00:17:31 devstack cinder-volume[83219]: DEBUG oslo_concurrency.processutils [None req-ec744c04-7a61-4a8f-bfa1-34f5b731cdea tempest-ServerRescueNegativeTestJSON-841149131 None] CMD "sudo cinder-rootwrap /etc/cinder/rootwrap.conf qemu-img create -f qcow2 -o preallocation=metadata /opt/stack/data/cinder/mnt/e5707122fe2b342b245775a984708259/volume-477e5625-64ca-43c5-8b08-166a11fc2e28 1073741824" returned: 0 in 0.783s {{(pid=83219) execute /opt/stack/data/venv/lib/python3.10/site-packages/oslo_concurrency/processutils.py:468}}
Apr 15 00:17:31 devstack cinder-volume[83219]: DEBUG oslo_concurrency.processutils [None req-ec744c04-7a61-4a8f-bfa1-34f5b731cdea tempest-ServerRescueNegativeTestJSON-841149131 None] Running cmd (subprocess): sudo cinder-rootwrap /etc/cinder/rootwrap.conf chmod ugo+rw /opt/stack/data/cinder/mnt/e5707122fe2b342b245775a984708259/volume-477e5625-64ca-43c5-8b08-166a11fc2e28 {{(pid=83219) execute /opt/stack/data/venv/lib/python3.10/site-packages/oslo_concurrency/processutils.py:440}}
Apr 15 00:17:31 devstack sudo[87118]: quobyte : PWD=/ ; USER=root ; COMMAND=/opt/stack/data/venv/bin/cinder-rootwrap /etc/cinder/rootwrap.conf chmod ugo+rw /opt/stack/data/cinder/mnt/e5707122fe2b342b245775a984708259/volume-477e5625-64ca-43c5-8b08-166a11fc2e28
Apr 15 00:17:31 devstack sudo[87118]: pam_unix(sudo:session): session opened for user root(uid=0) by (uid=1000)
Apr 15 00:17:32 devstack sudo[87118]: pam_unix(sudo:session): session closed for user root
Apr 15 00:17:32 devstack cinder-volume[83219]: DEBUG oslo_concurrency.processutils [None req-ec744c04-7a61-4a8f-bfa1-34f5b731cdea tempest-ServerRescueNegativeTestJSON-841149131 None] CMD "sudo cinder-rootwrap /etc/cinder/rootwrap.conf chmod ugo+rw /opt/stack/data/cinder/mnt/e5707122fe2b342b245775a984708259/volume-477e5625-64ca-43c5-8b08-166a11fc2e28" returned: 0 in 0.430s {{(pid=83219) execute /opt/stack/data/venv/lib/python3.10/site-packages/oslo_concurrency/processutils.py:468}}
Apr 15 00:17:32 devstack cinder-volume[83219]: DEBUG cinder.volume.drivers.quobyte [None req-ec744c04-7a61-4a8f-bfa1-34f5b731cdea tempest-ServerRescueNegativeTestJSON-841149131 None] <== create_volume: return (1249ms) {'provider_location': 'osci02.corp.quobyte.com/cinder-vol-7ed2d2dc-6102-44b5-9d4f-0641a1610e29'} {{(pid=83219) trace_logging_wrapper /opt/stack/cinder/cinder/volume/volume_utils.py:1523}}
Apr 15 00:17:32 devstack cinder-volume[83219]: DEBUG oslo_concurrency.lockutils [None req-ec744c04-7a61-4a8f-bfa1-34f5b731cdea tempest-ServerRescueNegativeTestJSON-841149131 None] Lock "quobyte" "released" by "cinder.volume.drivers.quobyte.QuobyteDriver.create_volume" :: held 1.252s {{(pid=83219) inner /opt/stack/data/venv/lib/python3.10/site-packages/oslo_concurrency/lockutils.py:538}}
Apr 15 00:17:32 devstack cinder-volume[83219]: DEBUG oslo_concurrency.lockutils [None req-52873c58-37d1-4c3c-825e-6ff8ba90194a tempest-GroupSnapshotsTest-1038558844 None] Lock "quobyte" acquired by "cinder.volume.drivers.quobyte.QuobyteDriver.create_volume" :: waited 10.483s {{(pid=83219) inner /opt/stack/data/venv/lib/python3.10/site-packages/oslo_concurrency/lockutils.py:519}}
Apr 15 00:17:32 devstack cinder-volume[83219]: DEBUG cinder.volume.drivers.quobyte [None req-52873c58-37d1-4c3c-825e-6ff8ba90194a tempest-GroupSnapshotsTest-1038558844 None] ==> create_volume: call "{'self': , 'volume': Volume(_name_id=None,admin_metadata=,attach_status='detached',availability_zone='nova',bootable=False,cluster=,cluster_name=None,consistencygroup=,consistencygroup_id=a13526b7-8eba-470a-9911-9c298d8ecafd,created_at=2026-04-14T22:17:21Z,deleted=False,deleted_at=None,display_description=None,display_name='tempest-volume-657629872',ec2_id=None,encryption_key_id=None,glance_metadata=,group=,group_id=a13526b7-8eba-470a-9911-9c298d8ecafd,host='devstack@QuobyteHD#QuobyteHD',id=f50cf6ca-b755-4377-b665-f01487b1851c,launched_at=None,metadata={},migration_status=None,multiattach=False,previous_status=None,project_id='c4d21ca5f4fc4c97a16017bc4980fa50',provider_auth=None,provider_geometry=None,provider_id=None,provider_location=None,replication_driver_data=None,replication_extended_status=None,replication_status=None,scheduled_at=2026-04-14T22:17:22Z,service_uuid=None,shared_targets=True,size=1,snapshot_id=None,snapshots=,source_volid=None,status='creating',terminated_at=None,updated_at=2026-04-14T22:17:22Z,use_quota=True,user_id='a657042c4654476baba720b3f458f5ff',volume_attachment=VolumeAttachmentList,volume_type=VolumeType(23a997de-a4c1-4b39-9f2a-1c2022dc6a7f),volume_type_id=23a997de-a4c1-4b39-9f2a-1c2022dc6a7f)}" {{(pid=83219) trace_logging_wrapper /opt/stack/cinder/cinder/volume/volume_utils.py:1498}}
Apr 15 00:17:32 devstack cinder-volume[83219]: DEBUG cinder.volume.drivers.remotefs [None req-52873c58-37d1-4c3c-825e-6ff8ba90194a tempest-GroupSnapshotsTest-1038558844 None] Creating volume f50cf6ca-b755-4377-b665-f01487b1851c {{(pid=83219) create_volume /opt/stack/cinder/cinder/volume/drivers/remotefs.py:292}}
Apr 15 00:17:32 devstack cinder-volume[83219]: DEBUG oslo_concurrency.lockutils [None req-52873c58-37d1-4c3c-825e-6ff8ba90194a tempest-GroupSnapshotsTest-1038558844 None] Acquiring lock "quobyte_ensure" by "cinder.volume.drivers.quobyte.QuobyteDriver._ensure_shares_mounted" {{(pid=83219) inner /opt/stack/data/venv/lib/python3.10/site-packages/oslo_concurrency/lockutils.py:506}}
Apr 15 00:17:32 devstack cinder-volume[83219]: DEBUG oslo_concurrency.lockutils [None req-52873c58-37d1-4c3c-825e-6ff8ba90194a tempest-GroupSnapshotsTest-1038558844 None] Lock "quobyte_ensure" acquired by "cinder.volume.drivers.quobyte.QuobyteDriver._ensure_shares_mounted" :: waited 0.000s {{(pid=83219) inner /opt/stack/data/venv/lib/python3.10/site-packages/oslo_concurrency/lockutils.py:519}}
Apr 15 00:17:32 devstack cinder-volume[83219]: DEBUG cinder.volume.drivers.quobyte [None req-52873c58-37d1-4c3c-825e-6ff8ba90194a tempest-GroupSnapshotsTest-1038558844 None] Quobyte Volume URL set to: {'osci02.corp.quobyte.com/cinder-vol-7ed2d2dc-6102-44b5-9d4f-0641a1610e29': None} {{(pid=83219) _load_shares_config /opt/stack/cinder/cinder/volume/drivers/quobyte.py:617}}
Apr 15 00:17:32 devstack cinder-volume[83219]: DEBUG cinder.volume.drivers.quobyte [None req-52873c58-37d1-4c3c-825e-6ff8ba90194a tempest-GroupSnapshotsTest-1038558844 None] Available shares ['osci02.corp.quobyte.com/cinder-vol-7ed2d2dc-6102-44b5-9d4f-0641a1610e29'] {{(pid=83219) _ensure_shares_mounted /opt/stack/cinder/cinder/volume/drivers/quobyte.py:647}}
Apr 15 00:17:32 devstack cinder-volume[83219]: DEBUG oslo_concurrency.lockutils [None req-52873c58-37d1-4c3c-825e-6ff8ba90194a tempest-GroupSnapshotsTest-1038558844 None] Lock "quobyte_ensure" "released" by "cinder.volume.drivers.quobyte.QuobyteDriver._ensure_shares_mounted" :: held 0.003s {{(pid=83219) inner /opt/stack/data/venv/lib/python3.10/site-packages/oslo_concurrency/lockutils.py:538}}
Apr 15 00:17:32 devstack cinder-volume[83219]: DEBUG cinder.volume.drivers.quobyte [None req-52873c58-37d1-4c3c-825e-6ff8ba90194a tempest-GroupSnapshotsTest-1038558844 None] Selected osci02.corp.quobyte.com/cinder-vol-7ed2d2dc-6102-44b5-9d4f-0641a1610e29 as target Quobyte volume. {{(pid=83219) _find_share /opt/stack/cinder/cinder/volume/drivers/quobyte.py:668}}
Apr 15 00:17:32 devstack cinder-volume[83219]: INFO cinder.volume.drivers.remotefs [None req-52873c58-37d1-4c3c-825e-6ff8ba90194a tempest-GroupSnapshotsTest-1038558844 None] casted to osci02.corp.quobyte.com/cinder-vol-7ed2d2dc-6102-44b5-9d4f-0641a1610e29
Apr 15 00:17:32 devstack cinder-volume[83219]: DEBUG oslo_concurrency.processutils [None req-52873c58-37d1-4c3c-825e-6ff8ba90194a tempest-GroupSnapshotsTest-1038558844 None] Running cmd (subprocess): sudo cinder-rootwrap /etc/cinder/rootwrap.conf qemu-img create -f qcow2 -o preallocation=metadata /opt/stack/data/cinder/mnt/e5707122fe2b342b245775a984708259/volume-f50cf6ca-b755-4377-b665-f01487b1851c 1073741824 {{(pid=83219) execute /opt/stack/data/venv/lib/python3.10/site-packages/oslo_concurrency/processutils.py:440}}
Apr 15 00:17:32 devstack cinder-volume[83219]: DEBUG cinder.volume.manager [None req-ec744c04-7a61-4a8f-bfa1-34f5b731cdea tempest-ServerRescueNegativeTestJSON-841149131 None] Task 'cinder.volume.flows.manager.create_volume.CreateVolumeFromSpecTask;volume:create' (a63eb10d-2fcf-428a-8fe4-49bd85ede81c) transitioned into state 'SUCCESS' from state 'RUNNING' with result '{'status': 'creating', 'volume_name': 'volume-477e5625-64ca-43c5-8b08-166a11fc2e28', 'volume_size': 1}' {{(pid=83219) _task_receiver /opt/stack/data/venv/lib/python3.10/site-packages/taskflow/listeners/logging.py:182}}
Apr 15 00:17:32 devstack cinder-volume[83219]: DEBUG cinder.volume.manager [None req-ec744c04-7a61-4a8f-bfa1-34f5b731cdea tempest-ServerRescueNegativeTestJSON-841149131 None] Task 'cinder.volume.flows.manager.create_volume.CreateVolumeOnFinishTask;volume:create, create.end' (f5de8b0b-3d2d-40ea-a5ce-93f89015cabc) transitioned into state 'RUNNING' from state 'PENDING' {{(pid=83219) _task_receiver /opt/stack/data/venv/lib/python3.10/site-packages/taskflow/listeners/logging.py:194}}
Apr 15 00:17:32 devstack sudo[87121]: quobyte : PWD=/ ; USER=root ; COMMAND=/opt/stack/data/venv/bin/cinder-rootwrap /etc/cinder/rootwrap.conf qemu-img create -f qcow2 -o preallocation=metadata /opt/stack/data/cinder/mnt/e5707122fe2b342b245775a984708259/volume-f50cf6ca-b755-4377-b665-f01487b1851c 1073741824
Apr 15 00:17:32 devstack sudo[87121]: pam_unix(sudo:session): session opened for user root(uid=0) by (uid=1000)
Apr 15 00:17:32 devstack cinder-volume[83219]: INFO cinder.volume.flows.manager.create_volume [None req-ec744c04-7a61-4a8f-bfa1-34f5b731cdea tempest-ServerRescueNegativeTestJSON-841149131 None] Volume volume-477e5625-64ca-43c5-8b08-166a11fc2e28 (477e5625-64ca-43c5-8b08-166a11fc2e28): created successfully
Apr 15 00:17:32 devstack cinder-volume[83219]: DEBUG cinder.volume.manager [None req-ec744c04-7a61-4a8f-bfa1-34f5b731cdea tempest-ServerRescueNegativeTestJSON-841149131 None] Task 'cinder.volume.flows.manager.create_volume.CreateVolumeOnFinishTask;volume:create, create.end' (f5de8b0b-3d2d-40ea-a5ce-93f89015cabc) transitioned into state 'SUCCESS' from state 'RUNNING' with result 'None' {{(pid=83219) _task_receiver /opt/stack/data/venv/lib/python3.10/site-packages/taskflow/listeners/logging.py:182}}
Apr 15 00:17:32 devstack cinder-volume[83219]: DEBUG cinder.volume.manager [None req-ec744c04-7a61-4a8f-bfa1-34f5b731cdea tempest-ServerRescueNegativeTestJSON-841149131 None] Flow 'volume_create_manager' (1b16610c-84d3-43b4-b151-757cad5fe9b8) transitioned into state 'SUCCESS' from state 'RUNNING' {{(pid=83219) _flow_receiver /opt/stack/data/venv/lib/python3.10/site-packages/taskflow/listeners/logging.py:145}}
Apr 15 00:17:32 devstack cinder-volume[83219]: INFO cinder.volume.manager [None req-ec744c04-7a61-4a8f-bfa1-34f5b731cdea tempest-ServerRescueNegativeTestJSON-841149131 None] Created volume successfully.
Apr 15 00:17:33 devstack sudo[87121]: pam_unix(sudo:session): session closed for user root
Apr 15 00:17:33 devstack cinder-volume[83219]: DEBUG oslo_concurrency.processutils [None req-52873c58-37d1-4c3c-825e-6ff8ba90194a tempest-GroupSnapshotsTest-1038558844 None] CMD "sudo cinder-rootwrap /etc/cinder/rootwrap.conf qemu-img create -f qcow2 -o preallocation=metadata /opt/stack/data/cinder/mnt/e5707122fe2b342b245775a984708259/volume-f50cf6ca-b755-4377-b665-f01487b1851c 1073741824" returned: 0 in 0.780s {{(pid=83219) execute /opt/stack/data/venv/lib/python3.10/site-packages/oslo_concurrency/processutils.py:468}}
Apr 15 00:17:33 devstack cinder-volume[83219]: DEBUG oslo_concurrency.processutils [None req-52873c58-37d1-4c3c-825e-6ff8ba90194a tempest-GroupSnapshotsTest-1038558844 None] Running cmd (subprocess): sudo cinder-rootwrap /etc/cinder/rootwrap.conf chmod ugo+rw /opt/stack/data/cinder/mnt/e5707122fe2b342b245775a984708259/volume-f50cf6ca-b755-4377-b665-f01487b1851c {{(pid=83219) execute /opt/stack/data/venv/lib/python3.10/site-packages/oslo_concurrency/processutils.py:440}}
Apr 15 00:17:33 devstack sudo[87127]: quobyte : PWD=/ ; USER=root ; COMMAND=/opt/stack/data/venv/bin/cinder-rootwrap /etc/cinder/rootwrap.conf chmod ugo+rw /opt/stack/data/cinder/mnt/e5707122fe2b342b245775a984708259/volume-f50cf6ca-b755-4377-b665-f01487b1851c
Apr 15 00:17:33 devstack sudo[87127]: pam_unix(sudo:session): session opened for user root(uid=0) by (uid=1000)
Apr 15 00:17:33 devstack sudo[87127]: pam_unix(sudo:session): session closed for user root
Apr 15 00:17:33 devstack cinder-volume[83219]: DEBUG oslo_concurrency.processutils [None req-52873c58-37d1-4c3c-825e-6ff8ba90194a tempest-GroupSnapshotsTest-1038558844 None] CMD "sudo cinder-rootwrap /etc/cinder/rootwrap.conf chmod ugo+rw /opt/stack/data/cinder/mnt/e5707122fe2b342b245775a984708259/volume-f50cf6ca-b755-4377-b665-f01487b1851c" returned: 0 in 0.447s {{(pid=83219) execute /opt/stack/data/venv/lib/python3.10/site-packages/oslo_concurrency/processutils.py:468}}
Apr 15 00:17:33 devstack cinder-volume[83219]: DEBUG cinder.volume.drivers.quobyte [None req-52873c58-37d1-4c3c-825e-6ff8ba90194a tempest-GroupSnapshotsTest-1038558844 None] <== create_volume: return (1261ms) {'provider_location': 'osci02.corp.quobyte.com/cinder-vol-7ed2d2dc-6102-44b5-9d4f-0641a1610e29'} {{(pid=83219) trace_logging_wrapper /opt/stack/cinder/cinder/volume/volume_utils.py:1523}}
Apr 15 00:17:33 devstack cinder-volume[83219]: DEBUG oslo_concurrency.lockutils [None req-52873c58-37d1-4c3c-825e-6ff8ba90194a tempest-GroupSnapshotsTest-1038558844 None] Lock "quobyte" "released" by "cinder.volume.drivers.quobyte.QuobyteDriver.create_volume" :: held 1.263s {{(pid=83219) inner /opt/stack/data/venv/lib/python3.10/site-packages/oslo_concurrency/lockutils.py:538}}
Apr 15 00:17:33 devstack cinder-volume[83219]: DEBUG oslo_concurrency.lockutils [None req-dd312479-d1bd-43d7-8abd-4b5048c15658 tempest-VolumesActionsTest-250678551 None] Lock "quobyte" acquired by "cinder.volume.drivers.quobyte.QuobyteDriver.copy_volume_to_image" :: waited 1.779s {{(pid=83219) inner /opt/stack/data/venv/lib/python3.10/site-packages/oslo_concurrency/lockutils.py:519}}
Apr 15 00:17:33 devstack cinder-volume[83219]: DEBUG cinder.volume.manager [None req-52873c58-37d1-4c3c-825e-6ff8ba90194a tempest-GroupSnapshotsTest-1038558844 None] Task 'cinder.volume.flows.manager.create_volume.CreateVolumeFromSpecTask;volume:create' (e73410a5-3d01-4e64-91da-88c864cbb05c) transitioned into state 'SUCCESS' from state 'RUNNING' with result '{'status': 'creating', 'volume_name': 'volume-f50cf6ca-b755-4377-b665-f01487b1851c', 'volume_size': 1}' {{(pid=83219) _task_receiver /opt/stack/data/venv/lib/python3.10/site-packages/taskflow/listeners/logging.py:182}}
Apr 15 00:17:33 devstack cinder-volume[83219]: DEBUG cinder.volume.manager [None req-52873c58-37d1-4c3c-825e-6ff8ba90194a tempest-GroupSnapshotsTest-1038558844 None] Task 'cinder.volume.flows.manager.create_volume.CreateVolumeOnFinishTask;volume:create, create.end' (a3838f98-73f5-4ff3-bb13-cea895fda9bc) transitioned into state 'RUNNING' from state 'PENDING' {{(pid=83219) _task_receiver /opt/stack/data/venv/lib/python3.10/site-packages/taskflow/listeners/logging.py:194}}
Apr 15 00:17:33 devstack cinder-volume[83219]: DEBUG oslo.privsep.daemon [-] privsep: reply[9167a062-9290-4216-ae33-f12eb2fc2760]: (4, 'qcow2') {{(pid=84116) _call_back /opt/stack/data/venv/lib/python3.10/site-packages/oslo_privsep/daemon.py:573}}
Apr 15 00:17:33 devstack cinder-volume[83219]: DEBUG oslo_concurrency.processutils [None req-dd312479-d1bd-43d7-8abd-4b5048c15658 tempest-VolumesActionsTest-250678551 None] Running cmd (subprocess): /opt/stack/data/venv/bin/python3.10 -m oslo_concurrency.prlimit --as=1073741824 --cpu=60 -- sudo cinder-rootwrap /etc/cinder/rootwrap.conf env LC_ALL=C qemu-img info -f qcow2 --output=json --force-share /opt/stack/data/cinder/mnt/e5707122fe2b342b245775a984708259/volume-c3b31a2f-6c1f-427f-b9b2-a55d6a236fe9 {{(pid=83219) execute /opt/stack/data/venv/lib/python3.10/site-packages/oslo_concurrency/processutils.py:440}}
Apr 15 00:17:33 devstack cinder-volume[83219]: INFO cinder.volume.flows.manager.create_volume [None req-52873c58-37d1-4c3c-825e-6ff8ba90194a tempest-GroupSnapshotsTest-1038558844 None] Volume volume-f50cf6ca-b755-4377-b665-f01487b1851c (f50cf6ca-b755-4377-b665-f01487b1851c): created successfully
Apr 15 00:17:33 devstack cinder-volume[83219]: DEBUG cinder.volume.manager [None req-52873c58-37d1-4c3c-825e-6ff8ba90194a tempest-GroupSnapshotsTest-1038558844 None] Task 'cinder.volume.flows.manager.create_volume.CreateVolumeOnFinishTask;volume:create, create.end' (a3838f98-73f5-4ff3-bb13-cea895fda9bc) transitioned into state 'SUCCESS' from state 'RUNNING' with result 'None' {{(pid=83219) _task_receiver /opt/stack/data/venv/lib/python3.10/site-packages/taskflow/listeners/logging.py:182}}
Apr 15 00:17:33 devstack cinder-volume[83219]: DEBUG cinder.volume.manager [None req-52873c58-37d1-4c3c-825e-6ff8ba90194a tempest-GroupSnapshotsTest-1038558844 None] Flow 'volume_create_manager' (35669a7a-f7a3-49d8-ab63-9b523534e67c) transitioned into state 'SUCCESS' from state 'RUNNING' {{(pid=83219) _flow_receiver /opt/stack/data/venv/lib/python3.10/site-packages/taskflow/listeners/logging.py:145}}
Apr 15 00:17:33 devstack cinder-volume[83219]: INFO cinder.volume.manager [None req-52873c58-37d1-4c3c-825e-6ff8ba90194a tempest-GroupSnapshotsTest-1038558844 None] Created volume successfully.
Apr 15 00:17:33 devstack sudo[87130]: quobyte : PWD=/ ; USER=root ; COMMAND=/opt/stack/data/venv/bin/cinder-rootwrap /etc/cinder/rootwrap.conf env LC_ALL=C qemu-img info -f qcow2 --output=json --force-share /opt/stack/data/cinder/mnt/e5707122fe2b342b245775a984708259/volume-c3b31a2f-6c1f-427f-b9b2-a55d6a236fe9
Apr 15 00:17:33 devstack sudo[87130]: pam_unix(sudo:session): session opened for user root(uid=0) by (uid=1000)
Apr 15 00:17:34 devstack sudo[87130]: pam_unix(sudo:session): session closed for user root
Apr 15 00:17:34 devstack cinder-volume[83219]: DEBUG oslo_concurrency.processutils [None req-dd312479-d1bd-43d7-8abd-4b5048c15658 tempest-VolumesActionsTest-250678551 None] CMD "/opt/stack/data/venv/bin/python3.10 -m oslo_concurrency.prlimit --as=1073741824 --cpu=60 -- sudo cinder-rootwrap /etc/cinder/rootwrap.conf env LC_ALL=C qemu-img info -f qcow2 --output=json --force-share /opt/stack/data/cinder/mnt/e5707122fe2b342b245775a984708259/volume-c3b31a2f-6c1f-427f-b9b2-a55d6a236fe9" returned: 0 in 0.681s {{(pid=83219) execute /opt/stack/data/venv/lib/python3.10/site-packages/oslo_concurrency/processutils.py:468}}
Apr 15 00:17:34 devstack cinder-volume[83219]: DEBUG oslo.privsep.daemon [-] privsep: reply[62b488a7-d017-40ee-acd7-5aafd0115dfe]: (4, 'qcow2') {{(pid=84116) _call_back /opt/stack/data/venv/lib/python3.10/site-packages/oslo_privsep/daemon.py:573}}
Apr 15 00:17:34 devstack cinder-volume[83219]: DEBUG oslo_concurrency.processutils [None req-dd312479-d1bd-43d7-8abd-4b5048c15658 tempest-VolumesActionsTest-250678551 None] Running cmd (subprocess): /opt/stack/data/venv/bin/python3.10 -m oslo_concurrency.prlimit --as=1073741824 --cpu=60 -- sudo cinder-rootwrap /etc/cinder/rootwrap.conf env LC_ALL=C qemu-img info -f qcow2 --output=json /opt/stack/data/cinder/mnt/e5707122fe2b342b245775a984708259/volume-c3b31a2f-6c1f-427f-b9b2-a55d6a236fe9 {{(pid=83219) execute /opt/stack/data/venv/lib/python3.10/site-packages/oslo_concurrency/processutils.py:440}}
Apr 15 00:17:34 devstack cinder-volume[83219]: INFO cinder.volume.manager [None req-a51a61be-bc56-4dd1-8928-7b04f82d7305 tempest-GroupSnapshotsTest-1038558844 None] GroupSnapshot 1c767dc2-a133-4356-86d8-02cc0aab93f9: creating.
Apr 15 00:17:34 devstack sudo[87135]: quobyte : PWD=/ ; USER=root ; COMMAND=/opt/stack/data/venv/bin/cinder-rootwrap /etc/cinder/rootwrap.conf env LC_ALL=C qemu-img info -f qcow2 --output=json /opt/stack/data/cinder/mnt/e5707122fe2b342b245775a984708259/volume-c3b31a2f-6c1f-427f-b9b2-a55d6a236fe9
Apr 15 00:17:34 devstack sudo[87135]: pam_unix(sudo:session): session opened for user root(uid=0) by (uid=1000)
Apr 15 00:17:34 devstack cinder-volume[83219]: DEBUG cinder.volume.manager [None req-a51a61be-bc56-4dd1-8928-7b04f82d7305 tempest-GroupSnapshotsTest-1038558844 None] Group snapshot 1c767dc2-a133-4356-86d8-02cc0aab93f9: creating. {{(pid=83219) create_group_snapshot /opt/stack/cinder/cinder/volume/manager.py:4175}}
Apr 15 00:17:34 devstack cinder-volume[83219]: DEBUG oslo_concurrency.lockutils [None req-a51a61be-bc56-4dd1-8928-7b04f82d7305 tempest-GroupSnapshotsTest-1038558844 None] Acquiring lock "quobyte" by "cinder.volume.drivers.quobyte.QuobyteDriver.create_snapshot" {{(pid=83219) inner /opt/stack/data/venv/lib/python3.10/site-packages/oslo_concurrency/lockutils.py:506}}
Apr 15 00:17:34 devstack sudo[87135]: pam_unix(sudo:session): session closed for user root
Apr 15 00:17:34 devstack cinder-volume[83219]: DEBUG oslo_concurrency.processutils [None req-dd312479-d1bd-43d7-8abd-4b5048c15658 tempest-VolumesActionsTest-250678551 None] CMD "/opt/stack/data/venv/bin/python3.10 -m oslo_concurrency.prlimit --as=1073741824 --cpu=60 -- sudo cinder-rootwrap /etc/cinder/rootwrap.conf env LC_ALL=C qemu-img info -f qcow2 --output=json /opt/stack/data/cinder/mnt/e5707122fe2b342b245775a984708259/volume-c3b31a2f-6c1f-427f-b9b2-a55d6a236fe9" returned: 0 in 0.578s {{(pid=83219) execute /opt/stack/data/venv/lib/python3.10/site-packages/oslo_concurrency/processutils.py:468}}
Apr 15 00:17:34 devstack cinder-volume[83219]: DEBUG oslo_concurrency.processutils [None req-dd312479-d1bd-43d7-8abd-4b5048c15658 tempest-VolumesActionsTest-250678551 None] Running cmd (subprocess): sudo cinder-rootwrap /etc/cinder/rootwrap.conf qemu-img convert -O raw /opt/stack/data/cinder/mnt/e5707122fe2b342b245775a984708259/volume-c3b31a2f-6c1f-427f-b9b2-a55d6a236fe9 /opt/stack/data/cinder/conversion/c3b31a2f-6c1f-427f-b9b2-a55d6a236fe9.temp_image.18fea233-8ae7-4254-99c5-2ebbf3aa2add0_8wx0x_.img {{(pid=83219) execute /opt/stack/data/venv/lib/python3.10/site-packages/oslo_concurrency/processutils.py:440}}
Apr 15 00:17:34 devstack sudo[87140]: quobyte : PWD=/ ; USER=root ; COMMAND=/opt/stack/data/venv/bin/cinder-rootwrap /etc/cinder/rootwrap.conf qemu-img convert -O raw /opt/stack/data/cinder/mnt/e5707122fe2b342b245775a984708259/volume-c3b31a2f-6c1f-427f-b9b2-a55d6a236fe9 /opt/stack/data/cinder/conversion/c3b31a2f-6c1f-427f-b9b2-a55d6a236fe9.temp_image.18fea233-8ae7-4254-99c5-2ebbf3aa2add0_8wx0x_.img
Apr 15 00:17:34 devstack sudo[87140]: pam_unix(sudo:session): session opened for user root(uid=0) by (uid=1000)
Apr 15 00:17:37 devstack sudo[87140]: pam_unix(sudo:session): session closed for user root
Apr 15 00:17:37 devstack cinder-volume[83219]: DEBUG oslo_concurrency.processutils [None req-dd312479-d1bd-43d7-8abd-4b5048c15658 tempest-VolumesActionsTest-250678551 None] CMD "sudo cinder-rootwrap /etc/cinder/rootwrap.conf qemu-img convert -O raw /opt/stack/data/cinder/mnt/e5707122fe2b342b245775a984708259/volume-c3b31a2f-6c1f-427f-b9b2-a55d6a236fe9 /opt/stack/data/cinder/conversion/c3b31a2f-6c1f-427f-b9b2-a55d6a236fe9.temp_image.18fea233-8ae7-4254-99c5-2ebbf3aa2add0_8wx0x_.img" returned: 0 in 2.977s {{(pid=83219) execute /opt/stack/data/venv/lib/python3.10/site-packages/oslo_concurrency/processutils.py:468}}
Apr 15 00:17:37 devstack cinder-volume[83219]: DEBUG oslo.privsep.daemon [-] privsep: reply[2a486768-2ff0-47d3-8ede-360e6badf88b]: (4, 'qcow2') {{(pid=84116) _call_back /opt/stack/data/venv/lib/python3.10/site-packages/oslo_privsep/daemon.py:573}}
Apr 15 00:17:37 devstack cinder-volume[83219]: DEBUG oslo_concurrency.processutils [None req-dd312479-d1bd-43d7-8abd-4b5048c15658 tempest-VolumesActionsTest-250678551 None] Running cmd (subprocess): /opt/stack/data/venv/bin/python3.10 -m oslo_concurrency.prlimit --as=1073741824 --cpu=60 -- sudo cinder-rootwrap /etc/cinder/rootwrap.conf env LC_ALL=C qemu-img info -f qcow2 --output=json /opt/stack/data/cinder/mnt/e5707122fe2b342b245775a984708259/volume-c3b31a2f-6c1f-427f-b9b2-a55d6a236fe9 {{(pid=83219) execute /opt/stack/data/venv/lib/python3.10/site-packages/oslo_concurrency/processutils.py:440}}
Apr 15 00:17:37 devstack sudo[87183]: quobyte : PWD=/ ; USER=root ; COMMAND=/opt/stack/data/venv/bin/cinder-rootwrap /etc/cinder/rootwrap.conf env LC_ALL=C qemu-img info -f qcow2 --output=json /opt/stack/data/cinder/mnt/e5707122fe2b342b245775a984708259/volume-c3b31a2f-6c1f-427f-b9b2-a55d6a236fe9
Apr 15 00:17:37 devstack sudo[87183]: pam_unix(sudo:session): session opened for user root(uid=0) by (uid=1000)
Apr 15 00:17:38 devstack sudo[87183]: pam_unix(sudo:session): session closed for user root
Apr 15 00:17:38 devstack cinder-volume[83219]: DEBUG oslo_concurrency.processutils [None req-dd312479-d1bd-43d7-8abd-4b5048c15658 tempest-VolumesActionsTest-250678551 None] CMD "/opt/stack/data/venv/bin/python3.10 -m oslo_concurrency.prlimit --as=1073741824 --cpu=60 -- sudo cinder-rootwrap /etc/cinder/rootwrap.conf env LC_ALL=C qemu-img info -f qcow2 --output=json /opt/stack/data/cinder/mnt/e5707122fe2b342b245775a984708259/volume-c3b31a2f-6c1f-427f-b9b2-a55d6a236fe9" returned: 0 in 0.758s {{(pid=83219) execute /opt/stack/data/venv/lib/python3.10/site-packages/oslo_concurrency/processutils.py:468}}
Apr 15 00:17:38 devstack cinder-volume[83219]: DEBUG cinder.image.image_utils [None req-dd312479-d1bd-43d7-8abd-4b5048c15658 tempest-VolumesActionsTest-250678551 None] Image conversion details: src /opt/stack/data/cinder/mnt/e5707122fe2b342b245775a984708259/volume-c3b31a2f-6c1f-427f-b9b2-a55d6a236fe9, size 1024.00 MB, duration 2.98 sec, destination /opt/stack/data/cinder/conversion/c3b31a2f-6c1f-427f-b9b2-a55d6a236fe9.temp_image.18fea233-8ae7-4254-99c5-2ebbf3aa2add0_8wx0x_.img {{(pid=83219) _convert_image /opt/stack/cinder/cinder/image/image_utils.py:533}}
Apr 15 00:17:38 devstack cinder-volume[83219]: INFO cinder.image.image_utils [None req-dd312479-d1bd-43d7-8abd-4b5048c15658 tempest-VolumesActionsTest-250678551 None] Converted 1024.00 MB image at 343.85 MB/s
Apr 15 00:17:38 devstack cinder-volume[83219]: DEBUG cinder.image.image_utils [None req-dd312479-d1bd-43d7-8abd-4b5048c15658 tempest-VolumesActionsTest-250678551 None] 18fea233-8ae7-4254-99c5-2ebbf3aa2add was raw, converting to qcow2 {{(pid=83219) upload_volume /opt/stack/cinder/cinder/image/image_utils.py:1176}}
Apr 15 00:17:38 devstack cinder-volume[83219]: DEBUG oslo.privsep.daemon [-] privsep: reply[a8d39b17-78d0-4816-ab39-9d03407be0ad]: (4, 'raw') {{(pid=84116) _call_back /opt/stack/data/venv/lib/python3.10/site-packages/oslo_privsep/daemon.py:573}}
Apr 15 00:17:38 devstack cinder-volume[83219]: DEBUG oslo_concurrency.processutils [None req-dd312479-d1bd-43d7-8abd-4b5048c15658 tempest-VolumesActionsTest-250678551 None] Running cmd (subprocess): /opt/stack/data/venv/bin/python3.10 -m oslo_concurrency.prlimit --as=1073741824 --cpu=60 -- sudo cinder-rootwrap /etc/cinder/rootwrap.conf env LC_ALL=C qemu-img info -f raw --output=json /opt/stack/data/cinder/conversion/c3b31a2f-6c1f-427f-b9b2-a55d6a236fe9.temp_image.18fea233-8ae7-4254-99c5-2ebbf3aa2add0_8wx0x_.img {{(pid=83219) execute /opt/stack/data/venv/lib/python3.10/site-packages/oslo_concurrency/processutils.py:440}}
Apr 15 00:17:38 devstack sudo[87192]: quobyte : PWD=/ ; USER=root ; COMMAND=/opt/stack/data/venv/bin/cinder-rootwrap /etc/cinder/rootwrap.conf env LC_ALL=C qemu-img info -f raw --output=json /opt/stack/data/cinder/conversion/c3b31a2f-6c1f-427f-b9b2-a55d6a236fe9.temp_image.18fea233-8ae7-4254-99c5-2ebbf3aa2add0_8wx0x_.img
Apr 15 00:17:38 devstack sudo[87192]: pam_unix(sudo:session): session opened for user root(uid=0) by (uid=1000)
Apr 15 00:17:39 devstack sudo[87192]: pam_unix(sudo:session): session closed for user root
Apr 15 00:17:39 devstack cinder-volume[83219]: DEBUG oslo_concurrency.processutils [None req-dd312479-d1bd-43d7-8abd-4b5048c15658 tempest-VolumesActionsTest-250678551 None] CMD "/opt/stack/data/venv/bin/python3.10 -m oslo_concurrency.prlimit --as=1073741824 --cpu=60 -- sudo cinder-rootwrap /etc/cinder/rootwrap.conf env LC_ALL=C qemu-img info -f raw --output=json /opt/stack/data/cinder/conversion/c3b31a2f-6c1f-427f-b9b2-a55d6a236fe9.temp_image.18fea233-8ae7-4254-99c5-2ebbf3aa2add0_8wx0x_.img" returned: 0 in 0.541s {{(pid=83219) execute /opt/stack/data/venv/lib/python3.10/site-packages/oslo_concurrency/processutils.py:468}}
Apr 15 00:17:39 devstack cinder-volume[83219]: DEBUG oslo_concurrency.processutils [None req-dd312479-d1bd-43d7-8abd-4b5048c15658 tempest-VolumesActionsTest-250678551 None] Running cmd (subprocess): /opt/stack/data/venv/bin/python3.10 -m oslo_concurrency.prlimit --as=1073741824 --cpu=60 -- sudo cinder-rootwrap /etc/cinder/rootwrap.conf env LC_ALL=C qemu-img info -f luks --output=json /opt/stack/data/cinder/conversion/c3b31a2f-6c1f-427f-b9b2-a55d6a236fe9.temp_image.18fea233-8ae7-4254-99c5-2ebbf3aa2add0_8wx0x_.img {{(pid=83219) execute /opt/stack/data/venv/lib/python3.10/site-packages/oslo_concurrency/processutils.py:440}}
Apr 15 00:17:39 devstack sudo[87203]: quobyte : PWD=/ ; USER=root ; COMMAND=/opt/stack/data/venv/bin/cinder-rootwrap /etc/cinder/rootwrap.conf env LC_ALL=C qemu-img info -f luks --output=json /opt/stack/data/cinder/conversion/c3b31a2f-6c1f-427f-b9b2-a55d6a236fe9.temp_image.18fea233-8ae7-4254-99c5-2ebbf3aa2add0_8wx0x_.img
Apr 15 00:17:39 devstack sudo[87203]: pam_unix(sudo:session): session opened for user root(uid=0) by (uid=1000)
Apr 15 00:17:39 devstack sudo[87203]: pam_unix(sudo:session): session closed for user root
Apr 15 00:17:39 devstack cinder-volume[83219]: DEBUG oslo_concurrency.processutils [None req-dd312479-d1bd-43d7-8abd-4b5048c15658 tempest-VolumesActionsTest-250678551 None] CMD "/opt/stack/data/venv/bin/python3.10 -m oslo_concurrency.prlimit --as=1073741824 --cpu=60 -- sudo cinder-rootwrap /etc/cinder/rootwrap.conf env LC_ALL=C qemu-img info -f luks --output=json /opt/stack/data/cinder/conversion/c3b31a2f-6c1f-427f-b9b2-a55d6a236fe9.temp_image.18fea233-8ae7-4254-99c5-2ebbf3aa2add0_8wx0x_.img" returned: 1 in 0.525s {{(pid=83219) execute /opt/stack/data/venv/lib/python3.10/site-packages/oslo_concurrency/processutils.py:468}}
Apr 15 00:17:39 devstack cinder-volume[83219]: DEBUG oslo_concurrency.processutils [None req-dd312479-d1bd-43d7-8abd-4b5048c15658 tempest-VolumesActionsTest-250678551 None] '/opt/stack/data/venv/bin/python3.10 -m oslo_concurrency.prlimit --as=1073741824 --cpu=60 -- sudo cinder-rootwrap /etc/cinder/rootwrap.conf env LC_ALL=C qemu-img info -f luks --output=json /opt/stack/data/cinder/conversion/c3b31a2f-6c1f-427f-b9b2-a55d6a236fe9.temp_image.18fea233-8ae7-4254-99c5-2ebbf3aa2add0_8wx0x_.img' failed. Not Retrying. {{(pid=83219) execute /opt/stack/data/venv/lib/python3.10/site-packages/oslo_concurrency/processutils.py:543}}
Apr 15 00:17:39 devstack cinder-volume[83219]: DEBUG oslo_concurrency.processutils [None req-dd312479-d1bd-43d7-8abd-4b5048c15658 tempest-VolumesActionsTest-250678551 None] Running cmd (subprocess): sudo cinder-rootwrap /etc/cinder/rootwrap.conf qemu-img convert -O qcow2 -c /opt/stack/data/cinder/conversion/c3b31a2f-6c1f-427f-b9b2-a55d6a236fe9.temp_image.18fea233-8ae7-4254-99c5-2ebbf3aa2add0_8wx0x_.img /opt/stack/data/cinder/conversion/vol_upload_f6xkba27 {{(pid=83219) execute /opt/stack/data/venv/lib/python3.10/site-packages/oslo_concurrency/processutils.py:440}}
Apr 15 00:17:39 devstack sudo[87208]: quobyte : PWD=/ ; USER=root ; COMMAND=/opt/stack/data/venv/bin/cinder-rootwrap /etc/cinder/rootwrap.conf qemu-img convert -O qcow2 -c /opt/stack/data/cinder/conversion/c3b31a2f-6c1f-427f-b9b2-a55d6a236fe9.temp_image.18fea233-8ae7-4254-99c5-2ebbf3aa2add0_8wx0x_.img /opt/stack/data/cinder/conversion/vol_upload_f6xkba27
Apr 15 00:17:39 devstack sudo[87208]: pam_unix(sudo:session): session opened for user root(uid=0) by (uid=1000)
Apr 15 00:17:40 devstack sudo[87208]: pam_unix(sudo:session): session closed for user root
Apr 15 00:17:40 devstack cinder-volume[83219]: DEBUG oslo_concurrency.processutils [None req-dd312479-d1bd-43d7-8abd-4b5048c15658 tempest-VolumesActionsTest-250678551 None] CMD "sudo cinder-rootwrap /etc/cinder/rootwrap.conf qemu-img convert -O qcow2 -c /opt/stack/data/cinder/conversion/c3b31a2f-6c1f-427f-b9b2-a55d6a236fe9.temp_image.18fea233-8ae7-4254-99c5-2ebbf3aa2add0_8wx0x_.img /opt/stack/data/cinder/conversion/vol_upload_f6xkba27" returned: 0 in 0.592s {{(pid=83219) execute /opt/stack/data/venv/lib/python3.10/site-packages/oslo_concurrency/processutils.py:468}}
Apr 15 00:17:40 devstack cinder-volume[83219]: DEBUG cinder.image.image_utils [None req-dd312479-d1bd-43d7-8abd-4b5048c15658 tempest-VolumesActionsTest-250678551 None] Image conversion details: src /opt/stack/data/cinder/conversion/c3b31a2f-6c1f-427f-b9b2-a55d6a236fe9.temp_image.18fea233-8ae7-4254-99c5-2ebbf3aa2add0_8wx0x_.img, size 1024.00 MB, duration 1.00 sec, destination /opt/stack/data/cinder/conversion/vol_upload_f6xkba27 {{(pid=83219) _convert_image /opt/stack/cinder/cinder/image/image_utils.py:533}}
Apr 15 00:17:40 devstack cinder-volume[83219]: INFO cinder.image.image_utils [None req-dd312479-d1bd-43d7-8abd-4b5048c15658 tempest-VolumesActionsTest-250678551 None] Converted 1024.00 MB image at 1024.00 MB/s
Apr 15 00:17:40 devstack cinder-volume[83219]: DEBUG oslo.privsep.daemon [-] privsep: reply[67b57cfe-da58-49ff-a55a-450b78266552]: (4, 'qcow2') {{(pid=84116) _call_back /opt/stack/data/venv/lib/python3.10/site-packages/oslo_privsep/daemon.py:573}}
Apr 15 00:17:40 devstack cinder-volume[83219]: DEBUG oslo_concurrency.processutils [None req-dd312479-d1bd-43d7-8abd-4b5048c15658 tempest-VolumesActionsTest-250678551 None] Running cmd (subprocess): /opt/stack/data/venv/bin/python3.10 -m oslo_concurrency.prlimit --as=1073741824 --cpu=60 -- sudo cinder-rootwrap /etc/cinder/rootwrap.conf env LC_ALL=C qemu-img info -f qcow2 --output=json /opt/stack/data/cinder/conversion/vol_upload_f6xkba27 {{(pid=83219) execute /opt/stack/data/venv/lib/python3.10/site-packages/oslo_concurrency/processutils.py:440}}
Apr 15 00:17:40 devstack cinder-volume[83219]: DEBUG cinder.coordination [None req-aad05f5a-5c5f-4efc-9917-ecede26a8051 tempest-VolumesNegativeTest-1387398379 None] Acquiring lock "cinder-369cceb1-72f3-45ba-807a-bf628223dd6f-delete_volume" by "delete_volume" {{(pid=83219) __acquire /opt/stack/cinder/cinder/coordination.py:138}}
Apr 15 00:17:40 devstack cinder-volume[83219]: DEBUG cinder.coordination [None req-aad05f5a-5c5f-4efc-9917-ecede26a8051 tempest-VolumesNegativeTest-1387398379 None] Lock "cinder-369cceb1-72f3-45ba-807a-bf628223dd6f-delete_volume" acquired by "delete_volume" :: waited 0.011s {{(pid=83219) __acquire /opt/stack/cinder/cinder/coordination.py:141}}
Apr 15 00:17:40 devstack sudo[87230]: quobyte : PWD=/ ; USER=root ; COMMAND=/opt/stack/data/venv/bin/cinder-rootwrap /etc/cinder/rootwrap.conf env LC_ALL=C qemu-img info -f qcow2 --output=json /opt/stack/data/cinder/conversion/vol_upload_f6xkba27
Apr 15 00:17:40 devstack sudo[87230]: pam_unix(sudo:session): session opened for user root(uid=0) by (uid=1000)
Apr 15 00:17:40 devstack cinder-volume[83219]: DEBUG cinder.coordination [None req-aad05f5a-5c5f-4efc-9917-ecede26a8051 tempest-VolumesNegativeTest-1387398379 None] Acquiring lock "cinder-quobyte-369cceb1-72f3-45ba-807a-bf628223dd6f" by "delete_volume" {{(pid=83219) __acquire /opt/stack/cinder/cinder/coordination.py:138}}
Apr 15 00:17:40 devstack cinder-volume[83219]: DEBUG cinder.coordination [None req-aad05f5a-5c5f-4efc-9917-ecede26a8051 tempest-VolumesNegativeTest-1387398379 None] Lock "cinder-quobyte-369cceb1-72f3-45ba-807a-bf628223dd6f" acquired by "delete_volume" :: waited 0.010s {{(pid=83219) __acquire /opt/stack/cinder/cinder/coordination.py:141}}
Apr 15 00:17:40 devstack cinder-volume[83219]: DEBUG oslo.privsep.daemon [-] privsep: reply[5c372ed2-2e2b-4464-9578-5ff38ae776cb]: (4, 'qcow2') {{(pid=84116) _call_back /opt/stack/data/venv/lib/python3.10/site-packages/oslo_privsep/daemon.py:573}}
Apr 15 00:17:40 devstack cinder-volume[83219]: DEBUG oslo_concurrency.processutils [None req-aad05f5a-5c5f-4efc-9917-ecede26a8051 tempest-VolumesNegativeTest-1387398379 None] Running cmd (subprocess): /opt/stack/data/venv/bin/python3.10 -m oslo_concurrency.prlimit --as=1073741824 --cpu=60 -- sudo cinder-rootwrap /etc/cinder/rootwrap.conf env LC_ALL=C qemu-img info -f qcow2 --output=json --force-share /opt/stack/data/cinder/mnt/e5707122fe2b342b245775a984708259/volume-369cceb1-72f3-45ba-807a-bf628223dd6f {{(pid=83219) execute /opt/stack/data/venv/lib/python3.10/site-packages/oslo_concurrency/processutils.py:440}}
Apr 15 00:17:40 devstack sudo[87232]: quobyte : PWD=/ ; USER=root ; COMMAND=/opt/stack/data/venv/bin/cinder-rootwrap /etc/cinder/rootwrap.conf env LC_ALL=C qemu-img info -f qcow2 --output=json --force-share /opt/stack/data/cinder/mnt/e5707122fe2b342b245775a984708259/volume-369cceb1-72f3-45ba-807a-bf628223dd6f
Apr 15 00:17:40 devstack sudo[87232]: pam_unix(sudo:session): session opened for user root(uid=0) by (uid=1000)
Apr 15 00:17:40 devstack sudo[87230]: pam_unix(sudo:session): session closed for user root
Apr 15 00:17:40 devstack cinder-volume[83219]: DEBUG oslo_concurrency.processutils [None req-dd312479-d1bd-43d7-8abd-4b5048c15658 tempest-VolumesActionsTest-250678551 None] CMD "/opt/stack/data/venv/bin/python3.10 -m oslo_concurrency.prlimit --as=1073741824 --cpu=60 -- sudo cinder-rootwrap /etc/cinder/rootwrap.conf env LC_ALL=C qemu-img info -f qcow2 --output=json /opt/stack/data/cinder/conversion/vol_upload_f6xkba27" returned: 0 in 0.509s {{(pid=83219) execute /opt/stack/data/venv/lib/python3.10/site-packages/oslo_concurrency/processutils.py:468}}
Apr 15 00:17:41 devstack sudo[87232]: pam_unix(sudo:session): session closed for user root
Apr 15 00:17:41 devstack cinder-volume[83219]: DEBUG oslo_concurrency.processutils [None req-aad05f5a-5c5f-4efc-9917-ecede26a8051 tempest-VolumesNegativeTest-1387398379 None] CMD "/opt/stack/data/venv/bin/python3.10 -m oslo_concurrency.prlimit --as=1073741824 --cpu=60 -- sudo cinder-rootwrap /etc/cinder/rootwrap.conf env LC_ALL=C qemu-img info -f qcow2 --output=json --force-share /opt/stack/data/cinder/mnt/e5707122fe2b342b245775a984708259/volume-369cceb1-72f3-45ba-807a-bf628223dd6f" returned: 0 in 0.547s {{(pid=83219) execute /opt/stack/data/venv/lib/python3.10/site-packages/oslo_concurrency/processutils.py:468}}
Apr 15 00:17:41 devstack cinder-volume[83219]: DEBUG oslo_concurrency.processutils [None req-aad05f5a-5c5f-4efc-9917-ecede26a8051 tempest-VolumesNegativeTest-1387398379 None] Running cmd (subprocess): sudo cinder-rootwrap /etc/cinder/rootwrap.conf rm -f /opt/stack/data/cinder/mnt/e5707122fe2b342b245775a984708259/volume-369cceb1-72f3-45ba-807a-bf628223dd6f {{(pid=83219) execute /opt/stack/data/venv/lib/python3.10/site-packages/oslo_concurrency/processutils.py:440}}
Apr 15 00:17:41 devstack sudo[87274]: quobyte : PWD=/ ; USER=root ; COMMAND=/opt/stack/data/venv/bin/cinder-rootwrap /etc/cinder/rootwrap.conf rm -f /opt/stack/data/cinder/mnt/e5707122fe2b342b245775a984708259/volume-369cceb1-72f3-45ba-807a-bf628223dd6f
Apr 15 00:17:41 devstack sudo[87274]: pam_unix(sudo:session): session opened for user root(uid=0) by (uid=1000)
Apr 15 00:17:41 devstack sudo[87274]: pam_unix(sudo:session): session closed for user root
Apr 15 00:17:41 devstack cinder-volume[83219]: DEBUG oslo_concurrency.processutils [None req-aad05f5a-5c5f-4efc-9917-ecede26a8051 tempest-VolumesNegativeTest-1387398379 None] CMD "sudo cinder-rootwrap /etc/cinder/rootwrap.conf rm -f /opt/stack/data/cinder/mnt/e5707122fe2b342b245775a984708259/volume-369cceb1-72f3-45ba-807a-bf628223dd6f" returned: 0 in 0.493s {{(pid=83219) execute /opt/stack/data/venv/lib/python3.10/site-packages/oslo_concurrency/processutils.py:468}}
Apr 15 00:17:41 devstack cinder-volume[83219]: DEBUG cinder.coordination [None req-aad05f5a-5c5f-4efc-9917-ecede26a8051 tempest-VolumesNegativeTest-1387398379 None] Lock "cinder-quobyte-369cceb1-72f3-45ba-807a-bf628223dd6f" released by "delete_volume" :: held 1.068s {{(pid=83219) __release /opt/stack/cinder/cinder/coordination.py:152}}
Apr 15 00:17:41 devstack cinder-volume[83219]: DEBUG cinder.quota [None req-aad05f5a-5c5f-4efc-9917-ecede26a8051 tempest-VolumesNegativeTest-1387398379 None] Created reservations ['32674f33-13c0-4c78-bbc4-e24b77d27819', '070d0ec7-8ecd-4001-927a-4e9ac576b987', 'ec4bd058-e116-45d0-899a-96c1dd05a9fe', '537845ea-26fa-4e5e-8ce3-b3cc727bc2f1'] {{(pid=83219) reserve /opt/stack/cinder/cinder/quota.py:752}}
Apr 15 00:17:41 devstack cinder-volume[83219]: DEBUG oslo_concurrency.lockutils [None req-aad05f5a-5c5f-4efc-9917-ecede26a8051 tempest-VolumesNegativeTest-1387398379 None] Acquiring lock "quobyte_ensure" by "cinder.volume.drivers.quobyte.QuobyteDriver._ensure_shares_mounted" {{(pid=83219) inner /opt/stack/data/venv/lib/python3.10/site-packages/oslo_concurrency/lockutils.py:506}}
Apr 15 00:17:41 devstack cinder-volume[83219]: DEBUG oslo_concurrency.lockutils [None req-aad05f5a-5c5f-4efc-9917-ecede26a8051 tempest-VolumesNegativeTest-1387398379 None] Lock "quobyte_ensure" acquired by "cinder.volume.drivers.quobyte.QuobyteDriver._ensure_shares_mounted" :: waited 0.001s {{(pid=83219) inner /opt/stack/data/venv/lib/python3.10/site-packages/oslo_concurrency/lockutils.py:519}}
Apr 15 00:17:41 devstack cinder-volume[83219]: DEBUG cinder.volume.drivers.quobyte [None req-aad05f5a-5c5f-4efc-9917-ecede26a8051 tempest-VolumesNegativeTest-1387398379 None] Quobyte Volume URL set to: {'osci02.corp.quobyte.com/cinder-vol-7ed2d2dc-6102-44b5-9d4f-0641a1610e29': None} {{(pid=83219) _load_shares_config /opt/stack/cinder/cinder/volume/drivers/quobyte.py:617}}
Apr 15 00:17:41 devstack cinder-volume[83219]: DEBUG cinder.volume.drivers.quobyte [None req-aad05f5a-5c5f-4efc-9917-ecede26a8051 tempest-VolumesNegativeTest-1387398379 None] Available shares ['osci02.corp.quobyte.com/cinder-vol-7ed2d2dc-6102-44b5-9d4f-0641a1610e29'] {{(pid=83219) _ensure_shares_mounted /opt/stack/cinder/cinder/volume/drivers/quobyte.py:647}}
Apr 15 00:17:41 devstack cinder-volume[83219]: DEBUG oslo_concurrency.lockutils [None req-aad05f5a-5c5f-4efc-9917-ecede26a8051 tempest-VolumesNegativeTest-1387398379 None] Lock "quobyte_ensure" "released" by "cinder.volume.drivers.quobyte.QuobyteDriver._ensure_shares_mounted" :: held 0.007s {{(pid=83219) inner /opt/stack/data/venv/lib/python3.10/site-packages/oslo_concurrency/lockutils.py:538}}
Apr 15 00:17:41 devstack cinder-volume[83219]: DEBUG oslo_concurrency.processutils [None req-aad05f5a-5c5f-4efc-9917-ecede26a8051 tempest-VolumesNegativeTest-1387398379 None] Running cmd (subprocess): sudo cinder-rootwrap /etc/cinder/rootwrap.conf df --portability --block-size 1 /opt/stack/data/cinder/mnt/e5707122fe2b342b245775a984708259 {{(pid=83219) execute /opt/stack/data/venv/lib/python3.10/site-packages/oslo_concurrency/processutils.py:440}}
