Jul 01 04:04:22 devstack sudo[93907]: quobyte : PWD=/ ; USER=root ; COMMAND=/opt/stack/data/venv/bin/cinder-rootwrap /etc/cinder/rootwrap.conf chmod ugo+rw /opt/stack/data/cinder/mnt/7b7edad6b7344d4eea72a606394dacbc/volume-a03590c6-bacb-4001-a9c5-afe82fe319b0.ceccf6e6-b9fb-44e8-a0ac-d8b924faf069
Jul 01 04:04:22 devstack sudo[93907]: pam_unix(sudo:session): session opened for user root(uid=0) by (uid=1000)
Jul 01 04:04:23 devstack sudo[93907]: pam_unix(sudo:session): session closed for user root
Jul 01 04:04:23 devstack cinder-volume[86177]: DEBUG oslo_concurrency.processutils [None req-530cd95d-a81d-413f-9750-f16a9a236d53 tempest-VolumesGetTest-541378110 None] CMD "sudo cinder-rootwrap /etc/cinder/rootwrap.conf chmod ugo+rw /opt/stack/data/cinder/mnt/7b7edad6b7344d4eea72a606394dacbc/volume-a03590c6-bacb-4001-a9c5-afe82fe319b0.ceccf6e6-b9fb-44e8-a0ac-d8b924faf069" returned: 0 in 0.804s {{(pid=86177) execute /opt/stack/data/venv/lib/python3.12/site-packages/oslo_concurrency/processutils.py:468}}
Jul 01 04:04:23 devstack cinder-volume[86177]: DEBUG oslo_concurrency.processutils [None req-530cd95d-a81d-413f-9750-f16a9a236d53 tempest-VolumesGetTest-541378110 None] Running cmd (subprocess): sudo cinder-rootwrap /etc/cinder/rootwrap.conf truncate -s0 /opt/stack/data/cinder/mnt/7b7edad6b7344d4eea72a606394dacbc/volume-a03590c6-bacb-4001-a9c5-afe82fe319b0.info {{(pid=86177) execute /opt/stack/data/venv/lib/python3.12/site-packages/oslo_concurrency/processutils.py:440}}
Jul 01 04:04:23 devstack sudo[93910]: quobyte : PWD=/ ; USER=root ; COMMAND=/opt/stack/data/venv/bin/cinder-rootwrap /etc/cinder/rootwrap.conf truncate -s0 /opt/stack/data/cinder/mnt/7b7edad6b7344d4eea72a606394dacbc/volume-a03590c6-bacb-4001-a9c5-afe82fe319b0.info
Jul 01 04:04:23 devstack sudo[93910]: pam_unix(sudo:session): session opened for user root(uid=0) by (uid=1000)
Jul 01 04:04:23 devstack cinder-volume[86177]: DEBUG cinder.quota [None req-23c5b113-1ea4-4cee-be56-f69ba06b288c tempest-GroupsV320Test-1067126896 None] Created reservations ['ad142716-670d-4a2f-8a71-dd7e91194e63'] {{(pid=86177) reserve /opt/stack/cinder/cinder/quota.py:752}}
Jul 01 04:04:23 devstack cinder-volume[86177]: DEBUG oslo_concurrency.lockutils [None req-23c5b113-1ea4-4cee-be56-f69ba06b288c tempest-GroupsV320Test-1067126896 None] Acquiring lock "quobyte_ensure" by "cinder.volume.drivers.quobyte.QuobyteDriver._ensure_shares_mounted" {{(pid=86177) inner /opt/stack/data/venv/lib/python3.12/site-packages/oslo_concurrency/lockutils.py:511}}
Jul 01 04:04:23 devstack cinder-volume[86177]: DEBUG oslo_concurrency.lockutils [None req-23c5b113-1ea4-4cee-be56-f69ba06b288c tempest-GroupsV320Test-1067126896 None] Lock "quobyte_ensure" acquired by "cinder.volume.drivers.quobyte.QuobyteDriver._ensure_shares_mounted" :: waited 0.001s {{(pid=86177) inner /opt/stack/data/venv/lib/python3.12/site-packages/oslo_concurrency/lockutils.py:524}}
Jul 01 04:04:23 devstack cinder-volume[86177]: DEBUG cinder.volume.drivers.quobyte [None req-23c5b113-1ea4-4cee-be56-f69ba06b288c tempest-GroupsV320Test-1067126896 None] Quobyte Volume URL set to: {'osci02.corp.quobyte.com/cinder-vol-adcbadac-e9df-4d9c-b6e6-f6db7ba35661': None} {{(pid=86177) _load_shares_config /opt/stack/cinder/cinder/volume/drivers/quobyte.py:617}}
Jul 01 04:04:23 devstack cinder-volume[86177]: DEBUG cinder.volume.drivers.quobyte [None req-23c5b113-1ea4-4cee-be56-f69ba06b288c tempest-GroupsV320Test-1067126896 None] Available shares ['osci02.corp.quobyte.com/cinder-vol-adcbadac-e9df-4d9c-b6e6-f6db7ba35661'] {{(pid=86177) _ensure_shares_mounted /opt/stack/cinder/cinder/volume/drivers/quobyte.py:647}}
Jul 01 04:04:23 devstack cinder-volume[86177]: DEBUG oslo_concurrency.lockutils [None req-23c5b113-1ea4-4cee-be56-f69ba06b288c tempest-GroupsV320Test-1067126896 None] Lock "quobyte_ensure" "released" by "cinder.volume.drivers.quobyte.QuobyteDriver._ensure_shares_mounted" :: held 0.010s {{(pid=86177) inner /opt/stack/data/venv/lib/python3.12/site-packages/oslo_concurrency/lockutils.py:543}}
Jul 01 04:04:23 devstack cinder-volume[86177]: DEBUG oslo_concurrency.processutils [None req-23c5b113-1ea4-4cee-be56-f69ba06b288c tempest-GroupsV320Test-1067126896 None] Running cmd (subprocess): sudo cinder-rootwrap /etc/cinder/rootwrap.conf df --portability --block-size 1 /opt/stack/data/cinder/mnt/7b7edad6b7344d4eea72a606394dacbc {{(pid=86177) execute /opt/stack/data/venv/lib/python3.12/site-packages/oslo_concurrency/processutils.py:440}}
Jul 01 04:04:23 devstack sudo[93912]: quobyte : PWD=/ ; USER=root ; COMMAND=/opt/stack/data/venv/bin/cinder-rootwrap /etc/cinder/rootwrap.conf df --portability --block-size 1 /opt/stack/data/cinder/mnt/7b7edad6b7344d4eea72a606394dacbc
Jul 01 04:04:23 devstack sudo[93912]: pam_unix(sudo:session): session opened for user root(uid=0) by (uid=1000)
Jul 01 04:04:24 devstack sudo[93910]: pam_unix(sudo:session): session closed for user root
Jul 01 04:04:24 devstack cinder-volume[86177]: DEBUG oslo_concurrency.processutils [None req-530cd95d-a81d-413f-9750-f16a9a236d53 tempest-VolumesGetTest-541378110 None] CMD "sudo cinder-rootwrap /etc/cinder/rootwrap.conf truncate -s0 /opt/stack/data/cinder/mnt/7b7edad6b7344d4eea72a606394dacbc/volume-a03590c6-bacb-4001-a9c5-afe82fe319b0.info" returned: 0 in 0.835s {{(pid=86177) execute /opt/stack/data/venv/lib/python3.12/site-packages/oslo_concurrency/processutils.py:468}}
Jul 01 04:04:24 devstack cinder-volume[86177]: WARNING cinder.volume.drivers.remotefs [None req-530cd95d-a81d-413f-9750-f16a9a236d53 tempest-VolumesGetTest-541378110 None] /opt/stack/data/cinder/mnt/7b7edad6b7344d4eea72a606394dacbc/volume-a03590c6-bacb-4001-a9c5-afe82fe319b0.info is being set with open permissions: ugo+rw
Jul 01 04:04:24 devstack cinder-volume[86177]: DEBUG oslo_concurrency.processutils [None req-530cd95d-a81d-413f-9750-f16a9a236d53 tempest-VolumesGetTest-541378110 None] Running cmd (subprocess): sudo cinder-rootwrap /etc/cinder/rootwrap.conf chmod ugo+rw /opt/stack/data/cinder/mnt/7b7edad6b7344d4eea72a606394dacbc/volume-a03590c6-bacb-4001-a9c5-afe82fe319b0.info {{(pid=86177) execute /opt/stack/data/venv/lib/python3.12/site-packages/oslo_concurrency/processutils.py:440}}
Jul 01 04:04:24 devstack cinder-volume[86177]: DEBUG oslo_service.periodic_task [None req-51943924-3857-456f-982a-3121be420567 None None] Running periodic task VolumeManager.publish_service_capabilities {{(pid=86177) run_periodic_tasks /opt/stack/data/venv/lib/python3.12/site-packages/oslo_service/periodic_task.py:225}}
Jul 01 04:04:24 devstack cinder-volume[86177]: DEBUG oslo_concurrency.lockutils [None req-51943924-3857-456f-982a-3121be420567 None None] Acquiring lock "quobyte_ensure" by "cinder.volume.drivers.quobyte.QuobyteDriver._ensure_shares_mounted" {{(pid=86177) inner /opt/stack/data/venv/lib/python3.12/site-packages/oslo_concurrency/lockutils.py:511}}
Jul 01 04:04:24 devstack cinder-volume[86177]: DEBUG oslo_concurrency.lockutils [None req-51943924-3857-456f-982a-3121be420567 None None] Lock "quobyte_ensure" acquired by "cinder.volume.drivers.quobyte.QuobyteDriver._ensure_shares_mounted" :: waited 0.001s {{(pid=86177) inner /opt/stack/data/venv/lib/python3.12/site-packages/oslo_concurrency/lockutils.py:524}}
Jul 01 04:04:24 devstack cinder-volume[86177]: DEBUG cinder.volume.drivers.quobyte [None req-51943924-3857-456f-982a-3121be420567 None None] Quobyte Volume URL set to: {'osci02.corp.quobyte.com/cinder-vol-adcbadac-e9df-4d9c-b6e6-f6db7ba35661': None} {{(pid=86177) _load_shares_config /opt/stack/cinder/cinder/volume/drivers/quobyte.py:617}}
Jul 01 04:04:24 devstack sudo[93915]: quobyte : PWD=/ ; USER=root ; COMMAND=/opt/stack/data/venv/bin/cinder-rootwrap /etc/cinder/rootwrap.conf chmod ugo+rw /opt/stack/data/cinder/mnt/7b7edad6b7344d4eea72a606394dacbc/volume-a03590c6-bacb-4001-a9c5-afe82fe319b0.info
Jul 01 04:04:24 devstack sudo[93915]: pam_unix(sudo:session): session opened for user root(uid=0) by (uid=1000)
Jul 01 04:04:24 devstack cinder-volume[86177]: DEBUG cinder.volume.drivers.quobyte [None req-51943924-3857-456f-982a-3121be420567 None None] Available shares ['osci02.corp.quobyte.com/cinder-vol-adcbadac-e9df-4d9c-b6e6-f6db7ba35661'] {{(pid=86177) _ensure_shares_mounted /opt/stack/cinder/cinder/volume/drivers/quobyte.py:647}}
Jul 01 04:04:24 devstack cinder-volume[86177]: DEBUG oslo_concurrency.lockutils [None req-51943924-3857-456f-982a-3121be420567 None None] Lock "quobyte_ensure" "released" by "cinder.volume.drivers.quobyte.QuobyteDriver._ensure_shares_mounted" :: held 0.020s {{(pid=86177) inner /opt/stack/data/venv/lib/python3.12/site-packages/oslo_concurrency/lockutils.py:543}}
Jul 01 04:04:24 devstack cinder-volume[86177]: DEBUG oslo_concurrency.processutils [None req-51943924-3857-456f-982a-3121be420567 None None] Running cmd (subprocess): sudo cinder-rootwrap /etc/cinder/rootwrap.conf df --portability --block-size 1 /opt/stack/data/cinder/mnt/7b7edad6b7344d4eea72a606394dacbc {{(pid=86177) execute /opt/stack/data/venv/lib/python3.12/site-packages/oslo_concurrency/processutils.py:440}}
Jul 01 04:04:24 devstack sudo[93917]: quobyte : PWD=/ ; USER=root ; COMMAND=/opt/stack/data/venv/bin/cinder-rootwrap /etc/cinder/rootwrap.conf df --portability --block-size 1 /opt/stack/data/cinder/mnt/7b7edad6b7344d4eea72a606394dacbc
Jul 01 04:04:24 devstack sudo[93917]: pam_unix(sudo:session): session opened for user root(uid=0) by (uid=1000)
Jul 01 04:04:25 devstack sudo[93912]: pam_unix(sudo:session): session closed for user root
Jul 01 04:04:25 devstack cinder-volume[86177]: DEBUG oslo_concurrency.processutils [None req-23c5b113-1ea4-4cee-be56-f69ba06b288c tempest-GroupsV320Test-1067126896 None] CMD "sudo cinder-rootwrap /etc/cinder/rootwrap.conf df --portability --block-size 1 /opt/stack/data/cinder/mnt/7b7edad6b7344d4eea72a606394dacbc" returned: 0 in 1.234s {{(pid=86177) execute /opt/stack/data/venv/lib/python3.12/site-packages/oslo_concurrency/processutils.py:468}}
Jul 01 04:04:25 devstack cinder-volume[86177]: DEBUG cinder.manager [None req-23c5b113-1ea4-4cee-be56-f69ba06b288c tempest-GroupsV320Test-1067126896 None] Notifying Schedulers of capabilities ... {{(pid=86177) _publish_service_capabilities /opt/stack/cinder/cinder/manager.py:219}}
Jul 01 04:04:25 devstack cinder-volume[86177]: INFO cinder.volume.manager [None req-23c5b113-1ea4-4cee-be56-f69ba06b288c tempest-GroupsV320Test-1067126896 None] Delete group completed successfully.
Jul 01 04:04:25 devstack sudo[93915]: pam_unix(sudo:session): session closed for user root
Jul 01 04:04:25 devstack cinder-volume[86177]: DEBUG oslo_concurrency.processutils [None req-530cd95d-a81d-413f-9750-f16a9a236d53 tempest-VolumesGetTest-541378110 None] CMD "sudo cinder-rootwrap /etc/cinder/rootwrap.conf chmod ugo+rw /opt/stack/data/cinder/mnt/7b7edad6b7344d4eea72a606394dacbc/volume-a03590c6-bacb-4001-a9c5-afe82fe319b0.info" returned: 0 in 1.105s {{(pid=86177) execute /opt/stack/data/venv/lib/python3.12/site-packages/oslo_concurrency/processutils.py:468}}
Jul 01 04:04:25 devstack cinder-volume[86177]: DEBUG cinder.coordination [None req-530cd95d-a81d-413f-9750-f16a9a236d53 tempest-VolumesGetTest-541378110 None] Acquiring lock "cinder-quobyte-22ee42c2-d873-4e7f-8e43-a88aae1b2943" by "_copy_volume_from_snapshot" {{(pid=86177) __acquire /opt/stack/cinder/cinder/coordination.py:138}}
Jul 01 04:04:25 devstack cinder-volume[86177]: DEBUG cinder.coordination [None req-530cd95d-a81d-413f-9750-f16a9a236d53 tempest-VolumesGetTest-541378110 None] Lock "cinder-quobyte-22ee42c2-d873-4e7f-8e43-a88aae1b2943" acquired by "_copy_volume_from_snapshot" :: waited 0.025s {{(pid=86177) __acquire /opt/stack/cinder/cinder/coordination.py:141}}
Jul 01 04:04:25 devstack cinder-volume[86177]: DEBUG cinder.volume.drivers.quobyte [None req-530cd95d-a81d-413f-9750-f16a9a236d53 tempest-VolumesGetTest-541378110 None] snapshot: ceccf6e6-b9fb-44e8-a0ac-d8b924faf069, volume: 22ee42c2-d873-4e7f-8e43-a88aae1b2943, {{(pid=86177) _copy_volume_from_snapshot /opt/stack/cinder/cinder/volume/drivers/quobyte.py:401}}
Jul 01 04:04:25 devstack sudo[93917]: pam_unix(sudo:session): session closed for user root
Jul 01 04:04:25 devstack cinder-volume[86177]: DEBUG oslo_concurrency.lockutils [None req-530cd95d-a81d-413f-9750-f16a9a236d53 tempest-VolumesGetTest-541378110 None] Acquiring lock "quobyte_ensure" by "cinder.volume.drivers.quobyte.QuobyteDriver._ensure_shares_mounted" {{(pid=86177) inner /opt/stack/data/venv/lib/python3.12/site-packages/oslo_concurrency/lockutils.py:511}}
Jul 01 04:04:25 devstack cinder-volume[86177]: DEBUG oslo_concurrency.lockutils [None req-530cd95d-a81d-413f-9750-f16a9a236d53 tempest-VolumesGetTest-541378110 None] Lock "quobyte_ensure" acquired by "cinder.volume.drivers.quobyte.QuobyteDriver._ensure_shares_mounted" :: waited 0.004s {{(pid=86177) inner /opt/stack/data/venv/lib/python3.12/site-packages/oslo_concurrency/lockutils.py:524}}
Jul 01 04:04:25 devstack cinder-volume[86177]: DEBUG cinder.volume.drivers.quobyte [None req-530cd95d-a81d-413f-9750-f16a9a236d53 tempest-VolumesGetTest-541378110 None] Quobyte Volume URL set to: {'osci02.corp.quobyte.com/cinder-vol-adcbadac-e9df-4d9c-b6e6-f6db7ba35661': None} {{(pid=86177) _load_shares_config /opt/stack/cinder/cinder/volume/drivers/quobyte.py:617}}
Jul 01 04:04:25 devstack cinder-volume[86177]: DEBUG cinder.volume.drivers.quobyte [None req-530cd95d-a81d-413f-9750-f16a9a236d53 tempest-VolumesGetTest-541378110 None] Available shares ['osci02.corp.quobyte.com/cinder-vol-adcbadac-e9df-4d9c-b6e6-f6db7ba35661'] {{(pid=86177) _ensure_shares_mounted /opt/stack/cinder/cinder/volume/drivers/quobyte.py:647}}
Jul 01 04:04:25 devstack cinder-volume[86177]: DEBUG oslo_concurrency.lockutils [None req-530cd95d-a81d-413f-9750-f16a9a236d53 tempest-VolumesGetTest-541378110 None] Lock "quobyte_ensure" "released" by "cinder.volume.drivers.quobyte.QuobyteDriver._ensure_shares_mounted" :: held 0.014s {{(pid=86177) inner /opt/stack/data/venv/lib/python3.12/site-packages/oslo_concurrency/lockutils.py:543}}
Jul 01 04:04:25 devstack cinder-volume[86177]: DEBUG oslo_concurrency.processutils [None req-51943924-3857-456f-982a-3121be420567 None None] CMD "sudo cinder-rootwrap /etc/cinder/rootwrap.conf df --portability --block-size 1 /opt/stack/data/cinder/mnt/7b7edad6b7344d4eea72a606394dacbc" returned: 0 in 1.177s {{(pid=86177) execute /opt/stack/data/venv/lib/python3.12/site-packages/oslo_concurrency/processutils.py:468}}
Jul 01 04:04:25 devstack cinder-volume[86177]: DEBUG cinder.manager [None req-51943924-3857-456f-982a-3121be420567 None None] Notifying Schedulers of capabilities ... {{(pid=86177) _publish_service_capabilities /opt/stack/cinder/cinder/manager.py:219}}
Jul 01 04:04:25 devstack cinder-volume[86177]: DEBUG oslo_service.periodic_task [None req-51943924-3857-456f-982a-3121be420567 None None] Running periodic task VolumeManager._thread_info {{(pid=86177) run_periodic_tasks /opt/stack/data/venv/lib/python3.12/site-packages/oslo_service/periodic_task.py:225}}
Jul 01 04:04:25 devstack cinder-volume[86177]: DEBUG cinder.volume.manager [None req-51943924-3857-456f-982a-3121be420567 None None] thread count: 28 {{(pid=86177) _thread_info /opt/stack/cinder/cinder/volume/manager.py:5472}}
Jul 01 04:04:25 devstack cinder-volume[86177]: DEBUG cinder.volume.manager [None req-51943924-3857-456f-982a-3121be420567 None None] thread info: [<_MainThread(MainThread, started 131727883804800)>, , , , , , , , , , , , , , , , , , , , , , , , , , , ] {{(pid=86177) _thread_info /opt/stack/cinder/cinder/volume/manager.py:5473}}
Jul 01 04:04:25 devstack cinder-volume[86177]: DEBUG oslo.privsep.daemon [-] privsep: reply[4d7b4fe4-47e7-46b9-8713-8c2dda13cc60]: (4, 'qcow2') {{(pid=87433) _call_back /opt/stack/data/venv/lib/python3.12/site-packages/oslo_privsep/daemon.py:580}}
Jul 01 04:04:25 devstack cinder-volume[86177]: DEBUG oslo_concurrency.processutils [None req-530cd95d-a81d-413f-9750-f16a9a236d53 tempest-VolumesGetTest-541378110 None] Running cmd (subprocess): /opt/stack/data/venv/bin/python3.12 -m oslo_concurrency.prlimit --as=1073741824 --cpu=60 -- sudo cinder-rootwrap /etc/cinder/rootwrap.conf env LC_ALL=C qemu-img info -f qcow2 --output=json --force-share /opt/stack/data/cinder/mnt/7b7edad6b7344d4eea72a606394dacbc/volume-a03590c6-bacb-4001-a9c5-afe82fe319b0.ceccf6e6-b9fb-44e8-a0ac-d8b924faf069 {{(pid=86177) execute /opt/stack/data/venv/lib/python3.12/site-packages/oslo_concurrency/processutils.py:440}}
Jul 01 04:04:25 devstack sudo[93924]: quobyte : PWD=/ ; USER=root ; COMMAND=/opt/stack/data/venv/bin/cinder-rootwrap /etc/cinder/rootwrap.conf env LC_ALL=C qemu-img info -f qcow2 --output=json --force-share /opt/stack/data/cinder/mnt/7b7edad6b7344d4eea72a606394dacbc/volume-a03590c6-bacb-4001-a9c5-afe82fe319b0.ceccf6e6-b9fb-44e8-a0ac-d8b924faf069
Jul 01 04:04:25 devstack sudo[93924]: pam_unix(sudo:session): session opened for user root(uid=0) by (uid=1000)
Jul 01 04:04:26 devstack sudo[93924]: pam_unix(sudo:session): session closed for user root
Jul 01 04:04:26 devstack cinder-volume[86177]: DEBUG oslo_concurrency.processutils [None req-530cd95d-a81d-413f-9750-f16a9a236d53 tempest-VolumesGetTest-541378110 None] CMD "/opt/stack/data/venv/bin/python3.12 -m oslo_concurrency.prlimit --as=1073741824 --cpu=60 -- sudo cinder-rootwrap /etc/cinder/rootwrap.conf env LC_ALL=C qemu-img info -f qcow2 --output=json --force-share /opt/stack/data/cinder/mnt/7b7edad6b7344d4eea72a606394dacbc/volume-a03590c6-bacb-4001-a9c5-afe82fe319b0.ceccf6e6-b9fb-44e8-a0ac-d8b924faf069" returned: 0 in 0.999s {{(pid=86177) execute /opt/stack/data/venv/lib/python3.12/site-packages/oslo_concurrency/processutils.py:468}}
Jul 01 04:04:26 devstack cinder-volume[86177]: DEBUG cinder.volume.drivers.remotefs [None req-530cd95d-a81d-413f-9750-f16a9a236d53 tempest-VolumesGetTest-541378110 None] Fetching qemu-img info with special backing_file_template: (/opt/stack/data/cinder/mnt/[0-9a-f]+/)?(volume-a03590c6-bacb-4001-a9c5-afe82fe319b0(.(tmp-snap-)?[0-9a-f-]+)?|volume_from_snapshot_cache/(tmp-snap-)?[0-9a-f-]+(.(child-|parent-)[0-9a-f-]+)?)$ {{(pid=86177) _qemu_img_info_base /opt/stack/cinder/cinder/volume/drivers/remotefs.py:896}}
Jul 01 04:04:26 devstack cinder-volume[86177]: DEBUG cinder.volume.drivers.quobyte [None req-530cd95d-a81d-413f-9750-f16a9a236d53 tempest-VolumesGetTest-541378110 None] will copy from snapshot at /opt/stack/data/cinder/mnt/7b7edad6b7344d4eea72a606394dacbc/volume-a03590c6-bacb-4001-a9c5-afe82fe319b0 {{(pid=86177) _copy_volume_from_snapshot /opt/stack/cinder/cinder/volume/drivers/quobyte.py:420}}
Jul 01 04:04:26 devstack cinder-volume[86177]: DEBUG cinder.volume.drivers.quobyte [None req-530cd95d-a81d-413f-9750-f16a9a236d53 tempest-VolumesGetTest-541378110 None] Creating direct copy from snapshot {{(pid=86177) _copy_volume_from_snapshot /opt/stack/cinder/cinder/volume/drivers/quobyte.py:428}}
Jul 01 04:04:26 devstack cinder-volume[86177]: DEBUG oslo.privsep.daemon [-] privsep: reply[8c29dedf-0194-46a1-83b8-ac4057e0ecc4]: (4, 'qcow2') {{(pid=87433) _call_back /opt/stack/data/venv/lib/python3.12/site-packages/oslo_privsep/daemon.py:580}}
Jul 01 04:04:26 devstack cinder-volume[86177]: DEBUG oslo_concurrency.processutils [None req-530cd95d-a81d-413f-9750-f16a9a236d53 tempest-VolumesGetTest-541378110 None] Running cmd (subprocess): /opt/stack/data/venv/bin/python3.12 -m oslo_concurrency.prlimit --as=1073741824 --cpu=60 -- sudo cinder-rootwrap /etc/cinder/rootwrap.conf env LC_ALL=C qemu-img info -f qcow2 --output=json /opt/stack/data/cinder/mnt/7b7edad6b7344d4eea72a606394dacbc/volume-a03590c6-bacb-4001-a9c5-afe82fe319b0 {{(pid=86177) execute /opt/stack/data/venv/lib/python3.12/site-packages/oslo_concurrency/processutils.py:440}}
Jul 01 04:04:26 devstack sudo[93931]: quobyte : PWD=/ ; USER=root ; COMMAND=/opt/stack/data/venv/bin/cinder-rootwrap /etc/cinder/rootwrap.conf env LC_ALL=C qemu-img info -f qcow2 --output=json /opt/stack/data/cinder/mnt/7b7edad6b7344d4eea72a606394dacbc/volume-a03590c6-bacb-4001-a9c5-afe82fe319b0
Jul 01 04:04:26 devstack sudo[93931]: pam_unix(sudo:session): session opened for user root(uid=0) by (uid=1000)
Jul 01 04:04:27 devstack cinder-volume[86177]: DEBUG oslo_concurrency.processutils [None req-530cd95d-a81d-413f-9750-f16a9a236d53 tempest-VolumesGetTest-541378110 None] CMD "/opt/stack/data/venv/bin/python3.12 -m oslo_concurrency.prlimit --as=1073741824 --cpu=60 -- sudo cinder-rootwrap /etc/cinder/rootwrap.conf env LC_ALL=C qemu-img info -f qcow2 --output=json /opt/stack/data/cinder/mnt/7b7edad6b7344d4eea72a606394dacbc/volume-a03590c6-bacb-4001-a9c5-afe82fe319b0" returned: 0 in 0.955s {{(pid=86177) execute /opt/stack/data/venv/lib/python3.12/site-packages/oslo_concurrency/processutils.py:468}}
Jul 01 04:04:27 devstack sudo[93931]: pam_unix(sudo:session): session closed for user root
Jul 01 04:04:27 devstack cinder-volume[86177]: DEBUG cinder.utils [None req-530cd95d-a81d-413f-9750-f16a9a236d53 tempest-VolumesGetTest-541378110 None] Path /opt/stack/data/cinder/mnt/7b7edad6b7344d4eea72a606394dacbc/volume-22ee42c2-d873-4e7f-8e43-a88aae1b2943 not found in is_blk_device check {{(pid=86177) is_blk_device /opt/stack/cinder/cinder/utils.py:615}}
Jul 01 04:04:27 devstack cinder-volume[86177]: DEBUG oslo_concurrency.processutils [None req-530cd95d-a81d-413f-9750-f16a9a236d53 tempest-VolumesGetTest-541378110 None] Running cmd (subprocess): sudo cinder-rootwrap /etc/cinder/rootwrap.conf qemu-img convert -O qcow2 /opt/stack/data/cinder/mnt/7b7edad6b7344d4eea72a606394dacbc/volume-a03590c6-bacb-4001-a9c5-afe82fe319b0 /opt/stack/data/cinder/mnt/7b7edad6b7344d4eea72a606394dacbc/volume-22ee42c2-d873-4e7f-8e43-a88aae1b2943 {{(pid=86177) execute /opt/stack/data/venv/lib/python3.12/site-packages/oslo_concurrency/processutils.py:440}}
Jul 01 04:04:27 devstack sudo[93936]: quobyte : PWD=/ ; USER=root ; COMMAND=/opt/stack/data/venv/bin/cinder-rootwrap /etc/cinder/rootwrap.conf qemu-img convert -O qcow2 /opt/stack/data/cinder/mnt/7b7edad6b7344d4eea72a606394dacbc/volume-a03590c6-bacb-4001-a9c5-afe82fe319b0 /opt/stack/data/cinder/mnt/7b7edad6b7344d4eea72a606394dacbc/volume-22ee42c2-d873-4e7f-8e43-a88aae1b2943
Jul 01 04:04:27 devstack sudo[93936]: pam_unix(sudo:session): session opened for user root(uid=0) by (uid=1000)
Jul 01 04:04:33 devstack cinder-volume[86177]: DEBUG dbcounter [-] [86177] Writing DB stats cinder:SELECT=31,cinder:UPDATE=50,cinder:INSERT=10,cinder:DELETE=2 {{(pid=86177) stat_writer /opt/stack/data/venv/lib/python3.12/site-packages/dbcounter.py:115}}
Jul 01 04:04:33 devstack cinder-volume[86177]: DEBUG dbcounter [-] [86177] Writing DB stats cinder:UPDATE=39,cinder:SELECT=48,cinder:INSERT=11,cinder:DELETE=1 {{(pid=86177) stat_writer /opt/stack/data/venv/lib/python3.12/site-packages/dbcounter.py:115}}
Jul 01 04:04:34 devstack sudo[93936]: pam_unix(sudo:session): session closed for user root
Jul 01 04:04:34 devstack cinder-volume[86177]: DEBUG oslo_concurrency.processutils [None req-530cd95d-a81d-413f-9750-f16a9a236d53 tempest-VolumesGetTest-541378110 None] CMD "sudo cinder-rootwrap /etc/cinder/rootwrap.conf qemu-img convert -O qcow2 /opt/stack/data/cinder/mnt/7b7edad6b7344d4eea72a606394dacbc/volume-a03590c6-bacb-4001-a9c5-afe82fe319b0 /opt/stack/data/cinder/mnt/7b7edad6b7344d4eea72a606394dacbc/volume-22ee42c2-d873-4e7f-8e43-a88aae1b2943" returned: 0 in 6.709s {{(pid=86177) execute /opt/stack/data/venv/lib/python3.12/site-packages/oslo_concurrency/processutils.py:468}}
Jul 01 04:04:34 devstack cinder-volume[86177]: DEBUG oslo.privsep.daemon [-] privsep: reply[60456f7b-5e5b-4eb5-81cd-0e8da918bf19]: (4, 'qcow2') {{(pid=87433) _call_back /opt/stack/data/venv/lib/python3.12/site-packages/oslo_privsep/daemon.py:580}}
Jul 01 04:04:34 devstack cinder-volume[86177]: DEBUG oslo_concurrency.processutils [None req-530cd95d-a81d-413f-9750-f16a9a236d53 tempest-VolumesGetTest-541378110 None] Running cmd (subprocess): /opt/stack/data/venv/bin/python3.12 -m oslo_concurrency.prlimit --as=1073741824 --cpu=60 -- sudo cinder-rootwrap /etc/cinder/rootwrap.conf env LC_ALL=C qemu-img info -f qcow2 --output=json /opt/stack/data/cinder/mnt/7b7edad6b7344d4eea72a606394dacbc/volume-a03590c6-bacb-4001-a9c5-afe82fe319b0 {{(pid=86177) execute /opt/stack/data/venv/lib/python3.12/site-packages/oslo_concurrency/processutils.py:440}}
Jul 01 04:04:34 devstack sudo[93995]: quobyte : PWD=/ ; USER=root ; COMMAND=/opt/stack/data/venv/bin/cinder-rootwrap /etc/cinder/rootwrap.conf env LC_ALL=C qemu-img info -f qcow2 --output=json /opt/stack/data/cinder/mnt/7b7edad6b7344d4eea72a606394dacbc/volume-a03590c6-bacb-4001-a9c5-afe82fe319b0
Jul 01 04:04:34 devstack sudo[93995]: pam_unix(sudo:session): session opened for user root(uid=0) by (uid=1000)
Jul 01 04:04:35 devstack sudo[93995]: pam_unix(sudo:session): session closed for user root
Jul 01 04:04:35 devstack cinder-volume[86177]: DEBUG oslo_concurrency.processutils [None req-530cd95d-a81d-413f-9750-f16a9a236d53 tempest-VolumesGetTest-541378110 None] CMD "/opt/stack/data/venv/bin/python3.12 -m oslo_concurrency.prlimit --as=1073741824 --cpu=60 -- sudo cinder-rootwrap /etc/cinder/rootwrap.conf env LC_ALL=C qemu-img info -f qcow2 --output=json /opt/stack/data/cinder/mnt/7b7edad6b7344d4eea72a606394dacbc/volume-a03590c6-bacb-4001-a9c5-afe82fe319b0" returned: 0 in 1.021s {{(pid=86177) execute /opt/stack/data/venv/lib/python3.12/site-packages/oslo_concurrency/processutils.py:468}}
Jul 01 04:04:35 devstack cinder-volume[86177]: DEBUG cinder.image.image_utils [None req-530cd95d-a81d-413f-9750-f16a9a236d53 tempest-VolumesGetTest-541378110 None] Image conversion details: src /opt/stack/data/cinder/mnt/7b7edad6b7344d4eea72a606394dacbc/volume-a03590c6-bacb-4001-a9c5-afe82fe319b0, size 1024.00 MB, duration 6.71 sec, destination /opt/stack/data/cinder/mnt/7b7edad6b7344d4eea72a606394dacbc/volume-22ee42c2-d873-4e7f-8e43-a88aae1b2943 {{(pid=86177) _convert_image /opt/stack/cinder/cinder/image/image_utils.py:536}}
Jul 01 04:04:35 devstack cinder-volume[86177]: INFO cinder.image.image_utils [None req-530cd95d-a81d-413f-9750-f16a9a236d53 tempest-VolumesGetTest-541378110 None] Converted 1024.00 MB image at 152.60 MB/s
Jul 01 04:04:35 devstack cinder-volume[86177]: WARNING cinder.volume.drivers.remotefs [None req-530cd95d-a81d-413f-9750-f16a9a236d53 tempest-VolumesGetTest-541378110 None] /opt/stack/data/cinder/mnt/7b7edad6b7344d4eea72a606394dacbc/volume-22ee42c2-d873-4e7f-8e43-a88aae1b2943 is being set with open permissions: ugo+rw
Jul 01 04:04:35 devstack cinder-volume[86177]: DEBUG oslo_concurrency.processutils [None req-530cd95d-a81d-413f-9750-f16a9a236d53 tempest-VolumesGetTest-541378110 None] Running cmd (subprocess): sudo cinder-rootwrap /etc/cinder/rootwrap.conf chmod ugo+rw /opt/stack/data/cinder/mnt/7b7edad6b7344d4eea72a606394dacbc/volume-22ee42c2-d873-4e7f-8e43-a88aae1b2943 {{(pid=86177) execute /opt/stack/data/venv/lib/python3.12/site-packages/oslo_concurrency/processutils.py:440}}
Jul 01 04:04:35 devstack sudo[94000]: quobyte : PWD=/ ; USER=root ; COMMAND=/opt/stack/data/venv/bin/cinder-rootwrap /etc/cinder/rootwrap.conf chmod ugo+rw /opt/stack/data/cinder/mnt/7b7edad6b7344d4eea72a606394dacbc/volume-22ee42c2-d873-4e7f-8e43-a88aae1b2943
Jul 01 04:04:35 devstack sudo[94000]: pam_unix(sudo:session): session opened for user root(uid=0) by (uid=1000)
Jul 01 04:04:36 devstack sudo[94000]: pam_unix(sudo:session): session closed for user root
Jul 01 04:04:36 devstack cinder-volume[86177]: DEBUG oslo_concurrency.processutils [None req-530cd95d-a81d-413f-9750-f16a9a236d53 tempest-VolumesGetTest-541378110 None] CMD "sudo cinder-rootwrap /etc/cinder/rootwrap.conf chmod ugo+rw /opt/stack/data/cinder/mnt/7b7edad6b7344d4eea72a606394dacbc/volume-22ee42c2-d873-4e7f-8e43-a88aae1b2943" returned: 0 in 0.662s {{(pid=86177) execute /opt/stack/data/venv/lib/python3.12/site-packages/oslo_concurrency/processutils.py:468}}
Jul 01 04:04:36 devstack cinder-volume[86177]: DEBUG cinder.coordination [None req-530cd95d-a81d-413f-9750-f16a9a236d53 tempest-VolumesGetTest-541378110 None] Lock "cinder-quobyte-22ee42c2-d873-4e7f-8e43-a88aae1b2943" released by "_copy_volume_from_snapshot" :: held 10.489s {{(pid=86177) __release /opt/stack/cinder/cinder/coordination.py:152}}
Jul 01 04:04:36 devstack cinder-volume[86177]: DEBUG cinder.coordination [None req-530cd95d-a81d-413f-9750-f16a9a236d53 tempest-VolumesGetTest-541378110 None] Acquiring lock "cinder-quobyte-ceccf6e6-b9fb-44e8-a0ac-d8b924faf069" by "_delete_snapshot" {{(pid=86177) __acquire /opt/stack/cinder/cinder/coordination.py:138}}
Jul 01 04:04:36 devstack cinder-volume[86177]: DEBUG cinder.coordination [None req-530cd95d-a81d-413f-9750-f16a9a236d53 tempest-VolumesGetTest-541378110 None] Lock "cinder-quobyte-ceccf6e6-b9fb-44e8-a0ac-d8b924faf069" acquired by "_delete_snapshot" :: waited 0.019s {{(pid=86177) __acquire /opt/stack/cinder/cinder/coordination.py:141}}
Jul 01 04:04:36 devstack cinder-volume[86177]: DEBUG cinder.volume.drivers.remotefs [None req-530cd95d-a81d-413f-9750-f16a9a236d53 tempest-VolumesGetTest-541378110 None] Deleting offline snapshot ceccf6e6-b9fb-44e8-a0ac-d8b924faf069 of volume a03590c6-bacb-4001-a9c5-afe82fe319b0 {{(pid=86177) _delete_snapshot /opt/stack/cinder/cinder/volume/drivers/remotefs.py:1288}}
Jul 01 04:04:36 devstack cinder-volume[86177]: DEBUG cinder.volume.drivers.remotefs [None req-530cd95d-a81d-413f-9750-f16a9a236d53 tempest-VolumesGetTest-541378110 None] snapshot_file for this snap is: volume-a03590c6-bacb-4001-a9c5-afe82fe319b0.ceccf6e6-b9fb-44e8-a0ac-d8b924faf069 {{(pid=86177) _delete_snapshot /opt/stack/cinder/cinder/volume/drivers/remotefs.py:1317}}
Jul 01 04:04:36 devstack cinder-volume[86177]: DEBUG oslo.privsep.daemon [-] privsep: reply[85cda944-cf5c-4890-abff-217879be67a1]: (4, 'qcow2') {{(pid=87433) _call_back /opt/stack/data/venv/lib/python3.12/site-packages/oslo_privsep/daemon.py:580}}
Jul 01 04:04:36 devstack cinder-volume[86177]: DEBUG oslo_concurrency.processutils [None req-530cd95d-a81d-413f-9750-f16a9a236d53 tempest-VolumesGetTest-541378110 None] Running cmd (subprocess): /opt/stack/data/venv/bin/python3.12 -m oslo_concurrency.prlimit --as=1073741824 --cpu=60 -- sudo cinder-rootwrap /etc/cinder/rootwrap.conf env LC_ALL=C qemu-img info -f qcow2 --output=json --force-share /opt/stack/data/cinder/mnt/7b7edad6b7344d4eea72a606394dacbc/volume-a03590c6-bacb-4001-a9c5-afe82fe319b0.ceccf6e6-b9fb-44e8-a0ac-d8b924faf069 {{(pid=86177) execute /opt/stack/data/venv/lib/python3.12/site-packages/oslo_concurrency/processutils.py:440}}
Jul 01 04:04:36 devstack sudo[94003]: quobyte : PWD=/ ; USER=root ; COMMAND=/opt/stack/data/venv/bin/cinder-rootwrap /etc/cinder/rootwrap.conf env LC_ALL=C qemu-img info -f qcow2 --output=json --force-share /opt/stack/data/cinder/mnt/7b7edad6b7344d4eea72a606394dacbc/volume-a03590c6-bacb-4001-a9c5-afe82fe319b0.ceccf6e6-b9fb-44e8-a0ac-d8b924faf069
Jul 01 04:04:36 devstack sudo[94003]: pam_unix(sudo:session): session opened for user root(uid=0) by (uid=1000)
Jul 01 04:04:37 devstack sudo[94003]: pam_unix(sudo:session): session closed for user root
Jul 01 04:04:37 devstack cinder-volume[86177]: DEBUG oslo_concurrency.processutils [None req-530cd95d-a81d-413f-9750-f16a9a236d53 tempest-VolumesGetTest-541378110 None] CMD "/opt/stack/data/venv/bin/python3.12 -m oslo_concurrency.prlimit --as=1073741824 --cpu=60 -- sudo cinder-rootwrap /etc/cinder/rootwrap.conf env LC_ALL=C qemu-img info -f qcow2 --output=json --force-share /opt/stack/data/cinder/mnt/7b7edad6b7344d4eea72a606394dacbc/volume-a03590c6-bacb-4001-a9c5-afe82fe319b0.ceccf6e6-b9fb-44e8-a0ac-d8b924faf069" returned: 0 in 0.800s {{(pid=86177) execute /opt/stack/data/venv/lib/python3.12/site-packages/oslo_concurrency/processutils.py:468}}
Jul 01 04:04:37 devstack cinder-volume[86177]: DEBUG cinder.volume.drivers.remotefs [None req-530cd95d-a81d-413f-9750-f16a9a236d53 tempest-VolumesGetTest-541378110 None] Fetching qemu-img info with special backing_file_template: (/opt/stack/data/cinder/mnt/[0-9a-f]+/)?(volume-a03590c6-bacb-4001-a9c5-afe82fe319b0(.(tmp-snap-)?[0-9a-f-]+)?|volume_from_snapshot_cache/(tmp-snap-)?[0-9a-f-]+(.(child-|parent-)[0-9a-f-]+)?)$ {{(pid=86177) _qemu_img_info_base /opt/stack/cinder/cinder/volume/drivers/remotefs.py:896}}
Jul 01 04:04:37 devstack cinder-volume[86177]: DEBUG oslo.privsep.daemon [-] privsep: reply[c8c448bd-451d-4a35-8a89-d34d499e502a]: (4, 'qcow2') {{(pid=87433) _call_back /opt/stack/data/venv/lib/python3.12/site-packages/oslo_privsep/daemon.py:580}}
Jul 01 04:04:37 devstack cinder-volume[86177]: DEBUG oslo_concurrency.processutils [None req-530cd95d-a81d-413f-9750-f16a9a236d53 tempest-VolumesGetTest-541378110 None] Running cmd (subprocess): /opt/stack/data/venv/bin/python3.12 -m oslo_concurrency.prlimit --as=1073741824 --cpu=60 -- sudo cinder-rootwrap /etc/cinder/rootwrap.conf env LC_ALL=C qemu-img info -f qcow2 --output=json --force-share /opt/stack/data/cinder/mnt/7b7edad6b7344d4eea72a606394dacbc/volume-a03590c6-bacb-4001-a9c5-afe82fe319b0 {{(pid=86177) execute /opt/stack/data/venv/lib/python3.12/site-packages/oslo_concurrency/processutils.py:440}}
Jul 01 04:04:37 devstack sudo[94008]: quobyte : PWD=/ ; USER=root ; COMMAND=/opt/stack/data/venv/bin/cinder-rootwrap /etc/cinder/rootwrap.conf env LC_ALL=C qemu-img info -f qcow2 --output=json --force-share /opt/stack/data/cinder/mnt/7b7edad6b7344d4eea72a606394dacbc/volume-a03590c6-bacb-4001-a9c5-afe82fe319b0
Jul 01 04:04:37 devstack sudo[94008]: pam_unix(sudo:session): session opened for user root(uid=0) by (uid=1000)
Jul 01 04:04:37 devstack sudo[94008]: pam_unix(sudo:session): session closed for user root
Jul 01 04:04:37 devstack cinder-volume[86177]: DEBUG oslo_concurrency.processutils [None req-530cd95d-a81d-413f-9750-f16a9a236d53 tempest-VolumesGetTest-541378110 None] CMD "/opt/stack/data/venv/bin/python3.12 -m oslo_concurrency.prlimit --as=1073741824 --cpu=60 -- sudo cinder-rootwrap /etc/cinder/rootwrap.conf env LC_ALL=C qemu-img info -f qcow2 --output=json --force-share /opt/stack/data/cinder/mnt/7b7edad6b7344d4eea72a606394dacbc/volume-a03590c6-bacb-4001-a9c5-afe82fe319b0" returned: 0 in 0.805s {{(pid=86177) execute /opt/stack/data/venv/lib/python3.12/site-packages/oslo_concurrency/processutils.py:468}}
Jul 01 04:04:37 devstack cinder-volume[86177]: DEBUG oslo_concurrency.processutils [None req-530cd95d-a81d-413f-9750-f16a9a236d53 tempest-VolumesGetTest-541378110 None] Running cmd (subprocess): sudo cinder-rootwrap /etc/cinder/rootwrap.conf qemu-img commit -d /opt/stack/data/cinder/mnt/7b7edad6b7344d4eea72a606394dacbc/volume-a03590c6-bacb-4001-a9c5-afe82fe319b0.ceccf6e6-b9fb-44e8-a0ac-d8b924faf069 {{(pid=86177) execute /opt/stack/data/venv/lib/python3.12/site-packages/oslo_concurrency/processutils.py:440}}
Jul 01 04:04:37 devstack sudo[94013]: quobyte : PWD=/ ; USER=root ; COMMAND=/opt/stack/data/venv/bin/cinder-rootwrap /etc/cinder/rootwrap.conf qemu-img commit -d /opt/stack/data/cinder/mnt/7b7edad6b7344d4eea72a606394dacbc/volume-a03590c6-bacb-4001-a9c5-afe82fe319b0.ceccf6e6-b9fb-44e8-a0ac-d8b924faf069
Jul 01 04:04:37 devstack sudo[94013]: pam_unix(sudo:session): session opened for user root(uid=0) by (uid=1000)
Jul 01 04:04:38 devstack sudo[94013]: pam_unix(sudo:session): session closed for user root
Jul 01 04:04:38 devstack cinder-volume[86177]: DEBUG oslo_concurrency.processutils [None req-530cd95d-a81d-413f-9750-f16a9a236d53 tempest-VolumesGetTest-541378110 None] CMD "sudo cinder-rootwrap /etc/cinder/rootwrap.conf qemu-img commit -d /opt/stack/data/cinder/mnt/7b7edad6b7344d4eea72a606394dacbc/volume-a03590c6-bacb-4001-a9c5-afe82fe319b0.ceccf6e6-b9fb-44e8-a0ac-d8b924faf069" returned: 0 in 0.808s {{(pid=86177) execute /opt/stack/data/venv/lib/python3.12/site-packages/oslo_concurrency/processutils.py:468}}
Jul 01 04:04:38 devstack cinder-volume[86177]: DEBUG oslo_concurrency.processutils [None req-530cd95d-a81d-413f-9750-f16a9a236d53 tempest-VolumesGetTest-541378110 None] Running cmd (subprocess): sudo cinder-rootwrap /etc/cinder/rootwrap.conf rm -f /opt/stack/data/cinder/mnt/7b7edad6b7344d4eea72a606394dacbc/volume-a03590c6-bacb-4001-a9c5-afe82fe319b0.ceccf6e6-b9fb-44e8-a0ac-d8b924faf069 {{(pid=86177) execute /opt/stack/data/venv/lib/python3.12/site-packages/oslo_concurrency/processutils.py:440}}
Jul 01 04:04:38 devstack sudo[94019]: quobyte : PWD=/ ; USER=root ; COMMAND=/opt/stack/data/venv/bin/cinder-rootwrap /etc/cinder/rootwrap.conf rm -f /opt/stack/data/cinder/mnt/7b7edad6b7344d4eea72a606394dacbc/volume-a03590c6-bacb-4001-a9c5-afe82fe319b0.ceccf6e6-b9fb-44e8-a0ac-d8b924faf069
Jul 01 04:04:38 devstack sudo[94019]: pam_unix(sudo:session): session opened for user root(uid=0) by (uid=1000)
Jul 01 04:04:39 devstack sudo[94019]: pam_unix(sudo:session): session closed for user root
Jul 01 04:04:39 devstack cinder-volume[86177]: DEBUG oslo_concurrency.processutils [None req-530cd95d-a81d-413f-9750-f16a9a236d53 tempest-VolumesGetTest-541378110 None] CMD "sudo cinder-rootwrap /etc/cinder/rootwrap.conf rm -f /opt/stack/data/cinder/mnt/7b7edad6b7344d4eea72a606394dacbc/volume-a03590c6-bacb-4001-a9c5-afe82fe319b0.ceccf6e6-b9fb-44e8-a0ac-d8b924faf069" returned: 0 in 0.699s {{(pid=86177) execute /opt/stack/data/venv/lib/python3.12/site-packages/oslo_concurrency/processutils.py:468}}
Jul 01 04:04:39 devstack cinder-volume[86177]: DEBUG cinder.coordination [None req-530cd95d-a81d-413f-9750-f16a9a236d53 tempest-VolumesGetTest-541378110 None] Lock "cinder-quobyte-ceccf6e6-b9fb-44e8-a0ac-d8b924faf069" released by "_delete_snapshot" :: held 3.219s {{(pid=86177) __release /opt/stack/cinder/cinder/coordination.py:152}}
Jul 01 04:04:39 devstack cinder-volume[86177]: DEBUG oslo_concurrency.lockutils [None req-530cd95d-a81d-413f-9750-f16a9a236d53 tempest-VolumesGetTest-541378110 None] Lock "quobyte" "released" by "cinder.volume.drivers.quobyte.QuobyteDriver.create_cloned_volume" :: held 19.810s {{(pid=86177) inner /opt/stack/data/venv/lib/python3.12/site-packages/oslo_concurrency/lockutils.py:543}}
Jul 01 04:04:39 devstack cinder-volume[86177]: DEBUG oslo_concurrency.lockutils [None req-106d926d-f7a6-4a3c-8d56-967a307c4aea tempest-GroupSnapshotsTest-1531675490 None] Lock "quobyte" acquired by "cinder.volume.drivers.quobyte.QuobyteDriver.create_volume" :: waited 19.642s {{(pid=86177) inner /opt/stack/data/venv/lib/python3.12/site-packages/oslo_concurrency/lockutils.py:524}}
Jul 01 04:04:39 devstack cinder-volume[86177]: DEBUG cinder.volume.drivers.quobyte [None req-106d926d-f7a6-4a3c-8d56-967a307c4aea tempest-GroupSnapshotsTest-1531675490 None] ==> create_volume: call "{'self': , 'volume': Volume(_name_id=None,admin_metadata=,attach_status='detached',availability_zone='nova',bootable=False,cluster=,cluster_name=None,consistencygroup=,consistencygroup_id=17a35f24-96e4-4625-804b-11d5328f55f5,created_at=2026-07-01T02:04:19Z,deleted=False,deleted_at=None,display_description=None,display_name='tempest-volume-2033480083',ec2_id=None,encryption_key_id=None,glance_metadata=,group=,group_id=17a35f24-96e4-4625-804b-11d5328f55f5,host='devstack@QuobyteHD#QuobyteHD',id=cd28831c-ad90-47f1-8c24-dcf54251ea9c,launched_at=None,metadata={},migration_status=None,multiattach=False,previous_status=None,project_id='40b52083cce14b15924c6b9689c0e2c0',provider_auth=None,provider_geometry=None,provider_id=None,provider_location=None,replication_driver_data=None,replication_extended_status=None,replication_status=None,scheduled_at=2026-07-01T02:04:20Z,service_uuid=None,shared_targets=True,size=1,snapshot_id=None,snapshots=,source_volid=None,status='creating',terminated_at=None,updated_at=2026-07-01T02:04:20Z,use_quota=True,user_id='bbc93f964c82418cb0b09de5583e4248',volume_attachment=VolumeAttachmentList,volume_type=VolumeType(c91d010f-1abd-4c89-b85f-248c7be2e2bf),volume_type_id=c91d010f-1abd-4c89-b85f-248c7be2e2bf)}" {{(pid=86177) trace_logging_wrapper /opt/stack/cinder/cinder/volume/volume_utils.py:1497}}
Jul 01 04:04:39 devstack cinder-volume[86177]: DEBUG cinder.volume.drivers.remotefs [None req-106d926d-f7a6-4a3c-8d56-967a307c4aea tempest-GroupSnapshotsTest-1531675490 None] Creating volume cd28831c-ad90-47f1-8c24-dcf54251ea9c {{(pid=86177) create_volume /opt/stack/cinder/cinder/volume/drivers/remotefs.py:292}}
Jul 01 04:04:39 devstack cinder-volume[86177]: DEBUG oslo_concurrency.lockutils [None req-106d926d-f7a6-4a3c-8d56-967a307c4aea tempest-GroupSnapshotsTest-1531675490 None] Acquiring lock "quobyte_ensure" by "cinder.volume.drivers.quobyte.QuobyteDriver._ensure_shares_mounted" {{(pid=86177) inner /opt/stack/data/venv/lib/python3.12/site-packages/oslo_concurrency/lockutils.py:511}}
Jul 01 04:04:39 devstack cinder-volume[86177]: DEBUG oslo_concurrency.lockutils [None req-106d926d-f7a6-4a3c-8d56-967a307c4aea tempest-GroupSnapshotsTest-1531675490 None] Lock "quobyte_ensure" acquired by "cinder.volume.drivers.quobyte.QuobyteDriver._ensure_shares_mounted" :: waited 0.001s {{(pid=86177) inner /opt/stack/data/venv/lib/python3.12/site-packages/oslo_concurrency/lockutils.py:524}}
Jul 01 04:04:39 devstack cinder-volume[86177]: DEBUG cinder.volume.drivers.quobyte [None req-106d926d-f7a6-4a3c-8d56-967a307c4aea tempest-GroupSnapshotsTest-1531675490 None] Quobyte Volume URL set to: {'osci02.corp.quobyte.com/cinder-vol-adcbadac-e9df-4d9c-b6e6-f6db7ba35661': None} {{(pid=86177) _load_shares_config /opt/stack/cinder/cinder/volume/drivers/quobyte.py:617}}
Jul 01 04:04:39 devstack cinder-volume[86177]: DEBUG cinder.volume.drivers.quobyte [None req-106d926d-f7a6-4a3c-8d56-967a307c4aea tempest-GroupSnapshotsTest-1531675490 None] Available shares ['osci02.corp.quobyte.com/cinder-vol-adcbadac-e9df-4d9c-b6e6-f6db7ba35661'] {{(pid=86177) _ensure_shares_mounted /opt/stack/cinder/cinder/volume/drivers/quobyte.py:647}}
Jul 01 04:04:39 devstack cinder-volume[86177]: DEBUG oslo_concurrency.lockutils [None req-106d926d-f7a6-4a3c-8d56-967a307c4aea tempest-GroupSnapshotsTest-1531675490 None] Lock "quobyte_ensure" "released" by "cinder.volume.drivers.quobyte.QuobyteDriver._ensure_shares_mounted" :: held 0.010s {{(pid=86177) inner /opt/stack/data/venv/lib/python3.12/site-packages/oslo_concurrency/lockutils.py:543}}
Jul 01 04:04:39 devstack cinder-volume[86177]: DEBUG cinder.volume.drivers.quobyte [None req-106d926d-f7a6-4a3c-8d56-967a307c4aea tempest-GroupSnapshotsTest-1531675490 None] Selected osci02.corp.quobyte.com/cinder-vol-adcbadac-e9df-4d9c-b6e6-f6db7ba35661 as target Quobyte volume. {{(pid=86177) _find_share /opt/stack/cinder/cinder/volume/drivers/quobyte.py:668}}
Jul 01 04:04:39 devstack cinder-volume[86177]: INFO cinder.volume.drivers.remotefs [None req-106d926d-f7a6-4a3c-8d56-967a307c4aea tempest-GroupSnapshotsTest-1531675490 None] casted to osci02.corp.quobyte.com/cinder-vol-adcbadac-e9df-4d9c-b6e6-f6db7ba35661
Jul 01 04:04:39 devstack cinder-volume[86177]: DEBUG oslo_concurrency.processutils [None req-106d926d-f7a6-4a3c-8d56-967a307c4aea tempest-GroupSnapshotsTest-1531675490 None] Running cmd (subprocess): sudo cinder-rootwrap /etc/cinder/rootwrap.conf qemu-img create -f qcow2 -o preallocation=metadata /opt/stack/data/cinder/mnt/7b7edad6b7344d4eea72a606394dacbc/volume-cd28831c-ad90-47f1-8c24-dcf54251ea9c 1073741824 {{(pid=86177) execute /opt/stack/data/venv/lib/python3.12/site-packages/oslo_concurrency/processutils.py:440}}
Jul 01 04:04:39 devstack sudo[94022]: quobyte : PWD=/ ; USER=root ; COMMAND=/opt/stack/data/venv/bin/cinder-rootwrap /etc/cinder/rootwrap.conf qemu-img create -f qcow2 -o preallocation=metadata /opt/stack/data/cinder/mnt/7b7edad6b7344d4eea72a606394dacbc/volume-cd28831c-ad90-47f1-8c24-dcf54251ea9c 1073741824
Jul 01 04:04:39 devstack sudo[94022]: pam_unix(sudo:session): session opened for user root(uid=0) by (uid=1000)
Jul 01 04:04:39 devstack cinder-volume[86177]: DEBUG cinder.volume.manager [None req-530cd95d-a81d-413f-9750-f16a9a236d53 tempest-VolumesGetTest-541378110 None] Task 'cinder.volume.flows.manager.create_volume.CreateVolumeFromSpecTask;volume:create' (6d28c9de-0b3f-45d0-8ecd-48452cc979a2) transitioned into state 'SUCCESS' from state 'RUNNING' with result '{'status': 'creating', 'volume_name': 'volume-22ee42c2-d873-4e7f-8e43-a88aae1b2943', 'volume_size': 1, 'source_volid': 'a03590c6-bacb-4001-a9c5-afe82fe319b0', 'source_volstatus': 'available'}' {{(pid=86177) _task_receiver /opt/stack/data/venv/lib/python3.12/site-packages/taskflow/listeners/logging.py:218}}
Jul 01 04:04:39 devstack cinder-volume[86177]: DEBUG cinder.volume.manager [None req-530cd95d-a81d-413f-9750-f16a9a236d53 tempest-VolumesGetTest-541378110 None] Task 'cinder.volume.flows.manager.create_volume.CreateVolumeOnFinishTask;volume:create, create.end' (ae1c7e6f-98d0-4657-be8a-395f91ade07e) transitioned into state 'RUNNING' from state 'PENDING' {{(pid=86177) _task_receiver /opt/stack/data/venv/lib/python3.12/site-packages/taskflow/listeners/logging.py:242}}
Jul 01 04:04:39 devstack cinder-volume[86177]: INFO cinder.volume.flows.manager.create_volume [None req-530cd95d-a81d-413f-9750-f16a9a236d53 tempest-VolumesGetTest-541378110 None] Volume volume-22ee42c2-d873-4e7f-8e43-a88aae1b2943 (22ee42c2-d873-4e7f-8e43-a88aae1b2943): created successfully
Jul 01 04:04:39 devstack cinder-volume[86177]: DEBUG cinder.volume.manager [None req-530cd95d-a81d-413f-9750-f16a9a236d53 tempest-VolumesGetTest-541378110 None] Task 'cinder.volume.flows.manager.create_volume.CreateVolumeOnFinishTask;volume:create, create.end' (ae1c7e6f-98d0-4657-be8a-395f91ade07e) transitioned into state 'SUCCESS' from state 'RUNNING' with result 'None' {{(pid=86177) _task_receiver /opt/stack/data/venv/lib/python3.12/site-packages/taskflow/listeners/logging.py:218}}
Jul 01 04:04:39 devstack cinder-volume[86177]: DEBUG cinder.volume.manager [None req-530cd95d-a81d-413f-9750-f16a9a236d53 tempest-VolumesGetTest-541378110 None] Flow 'volume_create_manager' (22c89d9b-8c52-4366-bb6e-162b636f12cf) transitioned into state 'SUCCESS' from state 'RUNNING' {{(pid=86177) _flow_receiver /opt/stack/data/venv/lib/python3.12/site-packages/taskflow/listeners/logging.py:160}}
Jul 01 04:04:39 devstack cinder-volume[86177]: INFO cinder.volume.manager [None req-530cd95d-a81d-413f-9750-f16a9a236d53 tempest-VolumesGetTest-541378110 None] Created volume successfully.
Jul 01 04:04:40 devstack sudo[94022]: pam_unix(sudo:session): session closed for user root
Jul 01 04:04:40 devstack cinder-volume[86177]: DEBUG oslo_concurrency.processutils [None req-106d926d-f7a6-4a3c-8d56-967a307c4aea tempest-GroupSnapshotsTest-1531675490 None] CMD "sudo cinder-rootwrap /etc/cinder/rootwrap.conf qemu-img create -f qcow2 -o preallocation=metadata /opt/stack/data/cinder/mnt/7b7edad6b7344d4eea72a606394dacbc/volume-cd28831c-ad90-47f1-8c24-dcf54251ea9c 1073741824" returned: 0 in 0.962s {{(pid=86177) execute /opt/stack/data/venv/lib/python3.12/site-packages/oslo_concurrency/processutils.py:468}}
Jul 01 04:04:40 devstack cinder-volume[86177]: DEBUG oslo_concurrency.processutils [None req-106d926d-f7a6-4a3c-8d56-967a307c4aea tempest-GroupSnapshotsTest-1531675490 None] Running cmd (subprocess): sudo cinder-rootwrap /etc/cinder/rootwrap.conf chmod ugo+rw /opt/stack/data/cinder/mnt/7b7edad6b7344d4eea72a606394dacbc/volume-cd28831c-ad90-47f1-8c24-dcf54251ea9c {{(pid=86177) execute /opt/stack/data/venv/lib/python3.12/site-packages/oslo_concurrency/processutils.py:440}}
Jul 01 04:04:40 devstack sudo[94028]: quobyte : PWD=/ ; USER=root ; COMMAND=/opt/stack/data/venv/bin/cinder-rootwrap /etc/cinder/rootwrap.conf chmod ugo+rw /opt/stack/data/cinder/mnt/7b7edad6b7344d4eea72a606394dacbc/volume-cd28831c-ad90-47f1-8c24-dcf54251ea9c
Jul 01 04:04:40 devstack sudo[94028]: pam_unix(sudo:session): session opened for user root(uid=0) by (uid=1000)
Jul 01 04:04:41 devstack sudo[94028]: pam_unix(sudo:session): session closed for user root
Jul 01 04:04:41 devstack cinder-volume[86177]: DEBUG oslo_concurrency.processutils [None req-106d926d-f7a6-4a3c-8d56-967a307c4aea tempest-GroupSnapshotsTest-1531675490 None] CMD "sudo cinder-rootwrap /etc/cinder/rootwrap.conf chmod ugo+rw /opt/stack/data/cinder/mnt/7b7edad6b7344d4eea72a606394dacbc/volume-cd28831c-ad90-47f1-8c24-dcf54251ea9c" returned: 0 in 0.728s {{(pid=86177) execute /opt/stack/data/venv/lib/python3.12/site-packages/oslo_concurrency/processutils.py:468}}
Jul 01 04:04:41 devstack cinder-volume[86177]: DEBUG cinder.volume.drivers.quobyte [None req-106d926d-f7a6-4a3c-8d56-967a307c4aea tempest-GroupSnapshotsTest-1531675490 None] <== create_volume: return (1737ms) {'provider_location': 'osci02.corp.quobyte.com/cinder-vol-adcbadac-e9df-4d9c-b6e6-f6db7ba35661'} {{(pid=86177) trace_logging_wrapper /opt/stack/cinder/cinder/volume/volume_utils.py:1522}}
Jul 01 04:04:41 devstack cinder-volume[86177]: DEBUG oslo_concurrency.lockutils [None req-106d926d-f7a6-4a3c-8d56-967a307c4aea tempest-GroupSnapshotsTest-1531675490 None] Lock "quobyte" "released" by "cinder.volume.drivers.quobyte.QuobyteDriver.create_volume" :: held 1.741s {{(pid=86177) inner /opt/stack/data/venv/lib/python3.12/site-packages/oslo_concurrency/lockutils.py:543}}
Jul 01 04:04:41 devstack cinder-volume[86177]: DEBUG cinder.volume.manager [None req-106d926d-f7a6-4a3c-8d56-967a307c4aea tempest-GroupSnapshotsTest-1531675490 None] Task 'cinder.volume.flows.manager.create_volume.CreateVolumeFromSpecTask;volume:create' (81c4bee5-0208-42e0-a55b-995752d29ec9) transitioned into state 'SUCCESS' from state 'RUNNING' with result '{'status': 'creating', 'volume_name': 'volume-cd28831c-ad90-47f1-8c24-dcf54251ea9c', 'volume_size': 1}' {{(pid=86177) _task_receiver /opt/stack/data/venv/lib/python3.12/site-packages/taskflow/listeners/logging.py:218}}
