Jan 09 08:02:40 devstack devstack@g-api.service[74562]: DEBUG glance.common.config [None req-0f8b1306-3112-4e7d-8c16-8ec647239a41 None None] barbican_service_user.keyfile = None {{(pid=74562) log_opt_values /opt/stack/data/venv/lib/python3.10/site-packages/oslo_config/cfg.py:2824}}
Jan 09 08:02:40 devstack devstack@g-api.service[74561]: DEBUG glance.api.middleware.version_negotiation [None req-62014d73-05a9-48ad-89eb-158afad2b666 None None] Determining version of request: GET / Accept: */* {{(pid=74561) process_request /opt/stack/glance/glance/api/middleware/version_negotiation.py:44}}
Jan 09 08:02:40 devstack devstack@g-api.service[74562]: DEBUG glance.common.config [None req-0f8b1306-3112-4e7d-8c16-8ec647239a41 None None] barbican_service_user.split_loggers = False {{(pid=74562) log_opt_values /opt/stack/data/venv/lib/python3.10/site-packages/oslo_config/cfg.py:2824}}
Jan 09 08:02:40 devstack devstack@g-api.service[74562]: DEBUG glance.common.config [None req-0f8b1306-3112-4e7d-8c16-8ec647239a41 None None] barbican_service_user.timeout = None {{(pid=74562) log_opt_values /opt/stack/data/venv/lib/python3.10/site-packages/oslo_config/cfg.py:2824}}
Jan 09 08:02:40 devstack devstack@g-api.service[74562]: DEBUG glance.common.config [None req-0f8b1306-3112-4e7d-8c16-8ec647239a41 None None] database.asyncio_connection = **** {{(pid=74562) log_opt_values /opt/stack/data/venv/lib/python3.10/site-packages/oslo_config/cfg.py:2824}}
Jan 09 08:02:40 devstack devstack@g-api.service[74562]: DEBUG glance.common.config [None req-0f8b1306-3112-4e7d-8c16-8ec647239a41 None None] database.asyncio_slave_connection = **** {{(pid=74562) log_opt_values /opt/stack/data/venv/lib/python3.10/site-packages/oslo_config/cfg.py:2824}}
Jan 09 08:02:40 devstack devstack@g-api.service[74561]: DEBUG glance.api.middleware.version_negotiation [None req-62014d73-05a9-48ad-89eb-158afad2b666 None None] Using url versioning {{(pid=74561) process_request /opt/stack/glance/glance/api/middleware/version_negotiation.py:57}}
Jan 09 08:02:40 devstack devstack@g-api.service[74562]: DEBUG glance.common.config [None req-0f8b1306-3112-4e7d-8c16-8ec647239a41 None None] database.backend = sqlalchemy {{(pid=74562) log_opt_values /opt/stack/data/venv/lib/python3.10/site-packages/oslo_config/cfg.py:2824}}
Jan 09 08:02:40 devstack devstack@g-api.service[74562]: DEBUG glance.common.config [None req-0f8b1306-3112-4e7d-8c16-8ec647239a41 None None] database.connection = **** {{(pid=74562) log_opt_values /opt/stack/data/venv/lib/python3.10/site-packages/oslo_config/cfg.py:2824}}
Jan 09 08:02:40 devstack devstack@g-api.service[74561]: DEBUG glance.api.middleware.version_negotiation [None req-62014d73-05a9-48ad-89eb-158afad2b666 None None] Unknown version. Returning version choices. {{(pid=74561) process_request /opt/stack/glance/glance/api/middleware/version_negotiation.py:64}}
Jan 09 08:02:40 devstack devstack@g-api.service[74562]: DEBUG glance.common.config [None req-0f8b1306-3112-4e7d-8c16-8ec647239a41 None None] database.connection_debug = 0 {{(pid=74562) log_opt_values /opt/stack/data/venv/lib/python3.10/site-packages/oslo_config/cfg.py:2824}}
Jan 09 08:02:40 devstack devstack@g-api.service[74562]: DEBUG glance.common.config [None req-0f8b1306-3112-4e7d-8c16-8ec647239a41 None None] database.connection_parameters = {{(pid=74562) log_opt_values /opt/stack/data/venv/lib/python3.10/site-packages/oslo_config/cfg.py:2824}}
Jan 09 08:02:40 devstack devstack@g-api.service[74562]: DEBUG glance.common.config [None req-0f8b1306-3112-4e7d-8c16-8ec647239a41 None None] database.connection_recycle_time = 3600 {{(pid=74562) log_opt_values /opt/stack/data/venv/lib/python3.10/site-packages/oslo_config/cfg.py:2824}}
Jan 09 08:02:40 devstack devstack@g-api.service[74562]: DEBUG glance.common.config [None req-0f8b1306-3112-4e7d-8c16-8ec647239a41 None None] database.connection_trace = False {{(pid=74562) log_opt_values /opt/stack/data/venv/lib/python3.10/site-packages/oslo_config/cfg.py:2824}}
Jan 09 08:02:40 devstack devstack@g-api.service[74562]: DEBUG glance.common.config [None req-0f8b1306-3112-4e7d-8c16-8ec647239a41 None None] database.db_inc_retry_interval = True {{(pid=74562) log_opt_values /opt/stack/data/venv/lib/python3.10/site-packages/oslo_config/cfg.py:2824}}
Jan 09 08:02:40 devstack devstack@g-api.service[74562]: DEBUG glance.common.config [None req-0f8b1306-3112-4e7d-8c16-8ec647239a41 None None] database.db_max_retries = 20 {{(pid=74562) log_opt_values /opt/stack/data/venv/lib/python3.10/site-packages/oslo_config/cfg.py:2824}}
Jan 09 08:02:40 devstack devstack@g-api.service[74562]: DEBUG glance.common.config [None req-0f8b1306-3112-4e7d-8c16-8ec647239a41 None None] database.db_max_retry_interval = 10 {{(pid=74562) log_opt_values /opt/stack/data/venv/lib/python3.10/site-packages/oslo_config/cfg.py:2824}}
Jan 09 08:02:40 devstack devstack@g-api.service[74562]: DEBUG glance.common.config [None req-0f8b1306-3112-4e7d-8c16-8ec647239a41 None None] database.db_retry_interval = 1 {{(pid=74562) log_opt_values /opt/stack/data/venv/lib/python3.10/site-packages/oslo_config/cfg.py:2824}}
Jan 09 08:02:40 devstack devstack@g-api.service[74562]: DEBUG glance.common.config [None req-0f8b1306-3112-4e7d-8c16-8ec647239a41 None None] database.max_overflow = 50 {{(pid=74562) log_opt_values /opt/stack/data/venv/lib/python3.10/site-packages/oslo_config/cfg.py:2824}}
Jan 09 08:02:40 devstack devstack@g-api.service[74562]: DEBUG glance.common.config [None req-0f8b1306-3112-4e7d-8c16-8ec647239a41 None None] database.max_pool_size = 5 {{(pid=74562) log_opt_values /opt/stack/data/venv/lib/python3.10/site-packages/oslo_config/cfg.py:2824}}
Jan 09 08:02:40 devstack devstack@g-api.service[74561]: [pid: 74561|app: 0|req: 1/1] 127.0.0.1 () {32 vars in 399 bytes} [Fri Jan 9 08:02:40 2026] GET / => generated 1446 bytes in 4 msecs (HTTP/1.1 300) 3 headers in 106 bytes (1 switches on core 0)
Jan 09 08:02:40 devstack devstack@g-api.service[74562]: DEBUG glance.common.config [None req-0f8b1306-3112-4e7d-8c16-8ec647239a41 None None] database.max_retries = 10 {{(pid=74562) log_opt_values /opt/stack/data/venv/lib/python3.10/site-packages/oslo_config/cfg.py:2824}}
Jan 09 08:02:40 devstack devstack@g-api.service[74562]: DEBUG glance.common.config [None req-0f8b1306-3112-4e7d-8c16-8ec647239a41 None None] database.mysql_sql_mode = TRADITIONAL {{(pid=74562) log_opt_values /opt/stack/data/venv/lib/python3.10/site-packages/oslo_config/cfg.py:2824}}
Jan 09 08:02:40 devstack devstack@g-api.service[74562]: DEBUG glance.common.config [None req-0f8b1306-3112-4e7d-8c16-8ec647239a41 None None] database.mysql_wsrep_sync_wait = None {{(pid=74562) log_opt_values /opt/stack/data/venv/lib/python3.10/site-packages/oslo_config/cfg.py:2824}}
Jan 09 08:02:40 devstack devstack@g-api.service[74562]: DEBUG glance.common.config [None req-0f8b1306-3112-4e7d-8c16-8ec647239a41 None None] database.pool_timeout = None {{(pid=74562) log_opt_values /opt/stack/data/venv/lib/python3.10/site-packages/oslo_config/cfg.py:2824}}
Jan 09 08:02:40 devstack devstack@g-api.service[74562]: DEBUG glance.common.config [None req-0f8b1306-3112-4e7d-8c16-8ec647239a41 None None] database.retry_interval = 10 {{(pid=74562) log_opt_values /opt/stack/data/venv/lib/python3.10/site-packages/oslo_config/cfg.py:2824}}
Jan 09 08:02:40 devstack devstack@g-api.service[74562]: DEBUG glance.common.config [None req-0f8b1306-3112-4e7d-8c16-8ec647239a41 None None] database.slave_connection = **** {{(pid=74562) log_opt_values /opt/stack/data/venv/lib/python3.10/site-packages/oslo_config/cfg.py:2824}}
Jan 09 08:02:40 devstack devstack@g-api.service[74562]: DEBUG glance.common.config [None req-0f8b1306-3112-4e7d-8c16-8ec647239a41 None None] database.sqlite_synchronous = True {{(pid=74562) log_opt_values /opt/stack/data/venv/lib/python3.10/site-packages/oslo_config/cfg.py:2824}}
Jan 09 08:02:40 devstack devstack@g-api.service[74562]: DEBUG glance.common.config [None req-0f8b1306-3112-4e7d-8c16-8ec647239a41 None None] database.use_db_reconnect = False {{(pid=74562) log_opt_values /opt/stack/data/venv/lib/python3.10/site-packages/oslo_config/cfg.py:2824}}
Jan 09 08:02:40 devstack devstack@g-api.service[74562]: DEBUG glance.common.config [None req-0f8b1306-3112-4e7d-8c16-8ec647239a41 None None] healthcheck.allowed_source_ranges = [] {{(pid=74562) log_opt_values /opt/stack/data/venv/lib/python3.10/site-packages/oslo_config/cfg.py:2824}}
Jan 09 08:02:40 devstack devstack@g-api.service[74562]: DEBUG glance.common.config [None req-0f8b1306-3112-4e7d-8c16-8ec647239a41 None None] healthcheck.backends = ['disable_by_file'] {{(pid=74562) log_opt_values /opt/stack/data/venv/lib/python3.10/site-packages/oslo_config/cfg.py:2824}}
Jan 09 08:02:40 devstack devstack@g-api.service[74562]: DEBUG glance.common.config [None req-0f8b1306-3112-4e7d-8c16-8ec647239a41 None None] healthcheck.detailed = False {{(pid=74562) log_opt_values /opt/stack/data/venv/lib/python3.10/site-packages/oslo_config/cfg.py:2824}}
Jan 09 08:02:40 devstack devstack@g-api.service[74562]: DEBUG glance.common.config [None req-0f8b1306-3112-4e7d-8c16-8ec647239a41 None None] healthcheck.disable_by_file_path = None {{(pid=74562) log_opt_values /opt/stack/data/venv/lib/python3.10/site-packages/oslo_config/cfg.py:2824}}
Jan 09 08:02:40 devstack devstack@g-api.service[74562]: DEBUG glance.common.config [None req-0f8b1306-3112-4e7d-8c16-8ec647239a41 None None] healthcheck.ignore_proxied_requests = False {{(pid=74562) log_opt_values /opt/stack/data/venv/lib/python3.10/site-packages/oslo_config/cfg.py:2824}}
Jan 09 08:02:40 devstack devstack@g-api.service[74562]: DEBUG glance.common.config [None req-0f8b1306-3112-4e7d-8c16-8ec647239a41 None None] ******************************************************************************** {{(pid=74562) log_opt_values /opt/stack/data/venv/lib/python3.10/site-packages/oslo_config/cfg.py:2828}}
Jan 09 08:02:40 devstack devstack@g-api.service[74562]: WSGI app 0 (mountpoint='') ready in 3 seconds on interpreter 0x55ac57b3d6a0 pid: 74562 (default app)
Jan 09 08:02:43 devstack devstack@g-api.service[74561]: DEBUG glance.api.middleware.version_negotiation [None req-62014d73-05a9-48ad-89eb-158afad2b666 None None] Determining version of request: GET / Accept: application/json {{(pid=74561) process_request /opt/stack/glance/glance/api/middleware/version_negotiation.py:44}}
Jan 09 08:02:43 devstack devstack@g-api.service[74561]: DEBUG glance.api.middleware.version_negotiation [None req-62014d73-05a9-48ad-89eb-158afad2b666 None None] Using url versioning {{(pid=74561) process_request /opt/stack/glance/glance/api/middleware/version_negotiation.py:57}}
Jan 09 08:02:43 devstack devstack@g-api.service[74561]: DEBUG glance.api.middleware.version_negotiation [None req-62014d73-05a9-48ad-89eb-158afad2b666 None None] Unknown version. Returning version choices. {{(pid=74561) process_request /opt/stack/glance/glance/api/middleware/version_negotiation.py:64}}
Jan 09 08:02:43 devstack devstack@g-api.service[74561]: [pid: 74561|app: 0|req: 2/2] 127.0.0.1 () {34 vars in 516 bytes} [Fri Jan 9 08:02:43 2026] GET / => generated 1446 bytes in 2 msecs (HTTP/1.1 300) 3 headers in 106 bytes (1 switches on core 0)
Jan 09 08:02:43 devstack devstack@g-api.service[74562]: DEBUG glance.api.middleware.version_negotiation [None req-0f8b1306-3112-4e7d-8c16-8ec647239a41 None None] Determining version of request: POST /v2/images Accept: */* {{(pid=74562) process_request /opt/stack/glance/glance/api/middleware/version_negotiation.py:44}}
Jan 09 08:02:43 devstack devstack@g-api.service[74562]: DEBUG glance.api.middleware.version_negotiation [None req-0f8b1306-3112-4e7d-8c16-8ec647239a41 None None] Using url versioning {{(pid=74562) process_request /opt/stack/glance/glance/api/middleware/version_negotiation.py:57}}
Jan 09 08:02:43 devstack devstack@g-api.service[74562]: DEBUG glance.api.middleware.version_negotiation [None req-0f8b1306-3112-4e7d-8c16-8ec647239a41 None None] Matched version: v2 {{(pid=74562) process_request /opt/stack/glance/glance/api/middleware/version_negotiation.py:69}}
Jan 09 08:02:43 devstack devstack@g-api.service[74562]: DEBUG glance.api.middleware.version_negotiation [None req-0f8b1306-3112-4e7d-8c16-8ec647239a41 None None] new path /v2/images {{(pid=74562) process_request /opt/stack/glance/glance/api/middleware/version_negotiation.py:70}}
Jan 09 08:02:44 devstack devstack@g-api.service[74562]: [pid: 74562|app: 0|req: 1/3] 127.0.0.1 () {40 vars in 779 bytes} [Fri Jan 9 08:02:43 2026] POST /v2/images => generated 807 bytes in 915 msecs (HTTP/1.1 201) 6 headers in 314 bytes (1 switches on core 0)
Jan 09 08:02:44 devstack devstack@g-api.service[74561]: DEBUG glance.api.middleware.version_negotiation [None req-62014d73-05a9-48ad-89eb-158afad2b666 None None] Determining version of request: PUT /v2/images/ee7c9fd5-8e00-46d2-a223-39c76cc48360/file Accept: {{(pid=74561) process_request /opt/stack/glance/glance/api/middleware/version_negotiation.py:44}}
Jan 09 08:02:44 devstack devstack@g-api.service[74561]: DEBUG glance.api.middleware.version_negotiation [None req-62014d73-05a9-48ad-89eb-158afad2b666 None None] Using url versioning {{(pid=74561) process_request /opt/stack/glance/glance/api/middleware/version_negotiation.py:57}}
Jan 09 08:02:44 devstack devstack@g-api.service[74561]: DEBUG glance.api.middleware.version_negotiation [None req-62014d73-05a9-48ad-89eb-158afad2b666 None None] Matched version: v2 {{(pid=74561) process_request /opt/stack/glance/glance/api/middleware/version_negotiation.py:69}}
Jan 09 08:02:44 devstack devstack@g-api.service[74561]: DEBUG glance.api.middleware.version_negotiation [None req-62014d73-05a9-48ad-89eb-158afad2b666 None None] new path /v2/images/ee7c9fd5-8e00-46d2-a223-39c76cc48360/file {{(pid=74561) process_request /opt/stack/glance/glance/api/middleware/version_negotiation.py:70}}
Jan 09 08:02:44 devstack devstack@g-api.service[74561]: INFO glance.api.v2.image_data [None req-9be2d7c2-340a-42c2-8b04-873ad35836be admin admin] Unable to create trust: no such option collect_timing in group [keystone_authtoken] Use the existing user token.
Jan 09 08:02:45 devstack devstack@g-api.service[74561]: DEBUG glance.location [None req-9be2d7c2-340a-42c2-8b04-873ad35836be admin admin] Enabling in-flight format inspection for qcow2 {{(pid=74561) set_data /opt/stack/glance/glance/location.py:616}}
Jan 09 08:02:45 devstack devstack@g-api.service[74561]: DEBUG oslo_utils.imageutils.format_inspector [None req-9be2d7c2-340a-42c2-8b04-873ad35836be admin admin] Format inspector for vmdk does not match, excluding from consideration (Signature KDMV not found: b'QFI\xfb') {{(pid=74561) _process_chunk /opt/stack/data/venv/lib/python3.10/site-packages/oslo_utils/imageutils/format_inspector.py:1537}}
Jan 09 08:02:45 devstack devstack@g-api.service[74561]: DEBUG oslo_utils.imageutils.format_inspector [None req-9be2d7c2-340a-42c2-8b04-873ad35836be admin admin] Format inspector for vhdx does not match, excluding from consideration (Region signature not found at 30000) {{(pid=74561) _process_chunk /opt/stack/data/venv/lib/python3.10/site-packages/oslo_utils/imageutils/format_inspector.py:1537}}
Jan 09 08:02:45 devstack devstack@g-api.service[74561]: DEBUG glance_store._drivers.filesystem [None req-9be2d7c2-340a-42c2-8b04-873ad35836be admin admin] Wrote 21692416 bytes to /opt/stack/data/glance/images/ee7c9fd5-8e00-46d2-a223-39c76cc48360 with checksum 87617e24a5e30cb3b87fda8c0764838f and multihash 9a9bce0083a00939ec17c11febbfc767aa211aaa54f51e75c5a8b271a9b5637c77205a518b7a2007cb391d23cceb01e0e4e8d64832317151bc85b734b92a7be0 {{(pid=74561) add /opt/stack/data/venv/lib/python3.10/site-packages/glance_store/_drivers/filesystem.py:794}}
Jan 09 08:02:45 devstack devstack@g-api.service[74561]: INFO glance.location [None req-9be2d7c2-340a-42c2-8b04-873ad35836be admin admin] Image format matched and virtual size computed: 117440512
Jan 09 08:02:45 devstack devstack@g-api.service[74561]: DEBUG glance_store.backend [None req-9be2d7c2-340a-42c2-8b04-873ad35836be admin admin] Skipping store.set_acls... not implemented. {{(pid=74561) set_acls /opt/stack/data/venv/lib/python3.10/site-packages/glance_store/backend.py:507}}
Jan 09 08:02:45 devstack devstack@g-api.service[74561]: [pid: 74561|app: 0|req: 3/4] 127.0.0.1 () {40 vars in 872 bytes} [Fri Jan 9 08:02:44 2026] PUT /v2/images/ee7c9fd5-8e00-46d2-a223-39c76cc48360/file => generated 0 bytes in 1351 msecs (HTTP/1.1 204) 4 headers in 171 bytes (1 switches on core 0)
Jan 09 08:02:45 devstack devstack@g-api.service[74562]: DEBUG glance.api.middleware.version_negotiation [None req-67a7a3c6-8331-4eb0-b032-83e4fd5de3ec admin admin] Determining version of request: GET /v2/images/ee7c9fd5-8e00-46d2-a223-39c76cc48360 Accept: */* {{(pid=74562) process_request /opt/stack/glance/glance/api/middleware/version_negotiation.py:44}}
Jan 09 08:02:45 devstack devstack@g-api.service[74562]: DEBUG glance.api.middleware.version_negotiation [None req-67a7a3c6-8331-4eb0-b032-83e4fd5de3ec admin admin] Using url versioning {{(pid=74562) process_request /opt/stack/glance/glance/api/middleware/version_negotiation.py:57}}
Jan 09 08:02:45 devstack devstack@g-api.service[74562]: DEBUG glance.api.middleware.version_negotiation [None req-67a7a3c6-8331-4eb0-b032-83e4fd5de3ec admin admin] Matched version: v2 {{(pid=74562) process_request /opt/stack/glance/glance/api/middleware/version_negotiation.py:69}}
Jan 09 08:02:45 devstack devstack@g-api.service[74562]: DEBUG glance.api.middleware.version_negotiation [None req-67a7a3c6-8331-4eb0-b032-83e4fd5de3ec admin admin] new path /v2/images/ee7c9fd5-8e00-46d2-a223-39c76cc48360 {{(pid=74562) process_request /opt/stack/glance/glance/api/middleware/version_negotiation.py:70}}
Jan 09 08:02:45 devstack devstack@g-api.service[74562]: [pid: 74562|app: 0|req: 2/5] 127.0.0.1 () {36 vars in 799 bytes} [Fri Jan 9 08:02:45 2026] GET /v2/images/ee7c9fd5-8e00-46d2-a223-39c76cc48360 => generated 976 bytes in 23 msecs (HTTP/1.1 200) 4 headers in 157 bytes (1 switches on core 0)
Jan 09 08:02:55 devstack devstack@g-api.service[74561]: DEBUG dbcounter [-] [74561] Writing DB stats glance:INSERT=5,glance:SELECT=16,glance:UPDATE=2 {{(pid=74561) stat_writer /opt/stack/data/venv/lib/python3.10/site-packages/dbcounter.py:115}}
Jan 09 08:02:55 devstack devstack@g-api.service[74562]: DEBUG dbcounter [-] [74562] Writing DB stats glance:INSERT=9,glance:SELECT=6 {{(pid=74562) stat_writer /opt/stack/data/venv/lib/python3.10/site-packages/dbcounter.py:115}}
Jan 09 08:03:23 devstack devstack@g-api.service[74561]: DEBUG glance.api.middleware.version_negotiation [None req-9be2d7c2-340a-42c2-8b04-873ad35836be admin admin] Determining version of request: GET / Accept: application/json {{(pid=74561) process_request /opt/stack/glance/glance/api/middleware/version_negotiation.py:44}}
Jan 09 08:03:23 devstack devstack@g-api.service[74561]: DEBUG glance.api.middleware.version_negotiation [None req-9be2d7c2-340a-42c2-8b04-873ad35836be admin admin] Using url versioning {{(pid=74561) process_request /opt/stack/glance/glance/api/middleware/version_negotiation.py:57}}
Jan 09 08:03:23 devstack devstack@g-api.service[74561]: DEBUG glance.api.middleware.version_negotiation [None req-9be2d7c2-340a-42c2-8b04-873ad35836be admin admin] Unknown version. Returning version choices. {{(pid=74561) process_request /opt/stack/glance/glance/api/middleware/version_negotiation.py:64}}
Jan 09 08:03:23 devstack devstack@g-api.service[74561]: [pid: 74561|app: 0|req: 4/6] 127.0.0.1 () {34 vars in 513 bytes} [Fri Jan 9 08:03:23 2026] GET / => generated 1446 bytes in 3 msecs (HTTP/1.1 300) 3 headers in 106 bytes (1 switches on core 0)
Jan 09 08:03:23 devstack devstack@g-api.service[74562]: DEBUG glance.api.middleware.version_negotiation [None req-308f5cf2-ad2a-48d9-88b2-b04811216e99 admin admin] Determining version of request: GET /v2/images Accept: application/json {{(pid=74562) process_request /opt/stack/glance/glance/api/middleware/version_negotiation.py:44}}
Jan 09 08:03:23 devstack devstack@g-api.service[74562]: DEBUG glance.api.middleware.version_negotiation [None req-308f5cf2-ad2a-48d9-88b2-b04811216e99 admin admin] Using url versioning {{(pid=74562) process_request /opt/stack/glance/glance/api/middleware/version_negotiation.py:57}}
Jan 09 08:03:23 devstack devstack@g-api.service[74562]: DEBUG glance.api.middleware.version_negotiation [None req-308f5cf2-ad2a-48d9-88b2-b04811216e99 admin admin] Matched version: v2 {{(pid=74562) process_request /opt/stack/glance/glance/api/middleware/version_negotiation.py:69}}
Jan 09 08:03:23 devstack devstack@g-api.service[74562]: DEBUG glance.api.middleware.version_negotiation [None req-308f5cf2-ad2a-48d9-88b2-b04811216e99 admin admin] new path /v2/images {{(pid=74562) process_request /opt/stack/glance/glance/api/middleware/version_negotiation.py:70}}
Jan 09 08:03:23 devstack devstack@g-api.service[74562]: [pid: 74562|app: 0|req: 3/7] 127.0.0.1 () {36 vars in 735 bytes} [Fri Jan 9 08:03:23 2026] GET /v2/images => generated 1045 bytes in 65 msecs (HTTP/1.1 200) 4 headers in 158 bytes (1 switches on core 0)
Jan 09 08:03:29 devstack devstack@g-api.service[74561]: DEBUG glance.api.middleware.version_negotiation [None req-9be2d7c2-340a-42c2-8b04-873ad35836be admin admin] Determining version of request: GET / Accept: application/json {{(pid=74561) process_request /opt/stack/glance/glance/api/middleware/version_negotiation.py:44}}
Jan 09 08:03:29 devstack devstack@g-api.service[74561]: DEBUG glance.api.middleware.version_negotiation [None req-9be2d7c2-340a-42c2-8b04-873ad35836be admin admin] Using url versioning {{(pid=74561) process_request /opt/stack/glance/glance/api/middleware/version_negotiation.py:57}}
Jan 09 08:03:29 devstack devstack@g-api.service[74561]: DEBUG glance.api.middleware.version_negotiation [None req-9be2d7c2-340a-42c2-8b04-873ad35836be admin admin] Unknown version. Returning version choices. {{(pid=74561) process_request /opt/stack/glance/glance/api/middleware/version_negotiation.py:64}}
Jan 09 08:03:29 devstack devstack@g-api.service[74561]: [pid: 74561|app: 0|req: 5/8] 127.0.0.1 () {34 vars in 513 bytes} [Fri Jan 9 08:03:29 2026] GET / => generated 1446 bytes in 4 msecs (HTTP/1.1 300) 3 headers in 106 bytes (1 switches on core 0)
Jan 09 08:03:29 devstack devstack@g-api.service[74562]: DEBUG glance.api.middleware.version_negotiation [None req-f949d50d-be92-4a27-b10d-0d04acea43e4 admin admin] Determining version of request: GET /v2/images/ee7c9fd5-8e00-46d2-a223-39c76cc48360 Accept: */* {{(pid=74562) process_request /opt/stack/glance/glance/api/middleware/version_negotiation.py:44}}
Jan 09 08:03:29 devstack devstack@g-api.service[74562]: DEBUG glance.api.middleware.version_negotiation [None req-f949d50d-be92-4a27-b10d-0d04acea43e4 admin admin] Using url versioning {{(pid=74562) process_request /opt/stack/glance/glance/api/middleware/version_negotiation.py:57}}
Jan 09 08:03:29 devstack devstack@g-api.service[74562]: DEBUG glance.api.middleware.version_negotiation [None req-f949d50d-be92-4a27-b10d-0d04acea43e4 admin admin] Matched version: v2 {{(pid=74562) process_request /opt/stack/glance/glance/api/middleware/version_negotiation.py:69}}
Jan 09 08:03:29 devstack devstack@g-api.service[74562]: DEBUG glance.api.middleware.version_negotiation [None req-f949d50d-be92-4a27-b10d-0d04acea43e4 admin admin] new path /v2/images/ee7c9fd5-8e00-46d2-a223-39c76cc48360 {{(pid=74562) process_request /opt/stack/glance/glance/api/middleware/version_negotiation.py:70}}
Jan 09 08:03:29 devstack devstack@g-api.service[74562]: [pid: 74562|app: 0|req: 4/9] 127.0.0.1 () {36 vars in 796 bytes} [Fri Jan 9 08:03:29 2026] GET /v2/images/ee7c9fd5-8e00-46d2-a223-39c76cc48360 => generated 976 bytes in 45 msecs (HTTP/1.1 200) 4 headers in 157 bytes (1 switches on core 0)
Jan 09 08:03:33 devstack devstack@g-api.service[74561]: DEBUG glance.api.middleware.version_negotiation [None req-9be2d7c2-340a-42c2-8b04-873ad35836be admin admin] Determining version of request: GET / Accept: application/json {{(pid=74561) process_request /opt/stack/glance/glance/api/middleware/version_negotiation.py:44}}
Jan 09 08:03:33 devstack devstack@g-api.service[74561]: DEBUG glance.api.middleware.version_negotiation [None req-9be2d7c2-340a-42c2-8b04-873ad35836be admin admin] Using url versioning {{(pid=74561) process_request /opt/stack/glance/glance/api/middleware/version_negotiation.py:57}}
Jan 09 08:03:33 devstack devstack@g-api.service[74561]: DEBUG glance.api.middleware.version_negotiation [None req-9be2d7c2-340a-42c2-8b04-873ad35836be admin admin] Unknown version. Returning version choices. {{(pid=74561) process_request /opt/stack/glance/glance/api/middleware/version_negotiation.py:64}}
Jan 09 08:03:33 devstack devstack@g-api.service[74561]: [pid: 74561|app: 0|req: 6/10] 127.0.0.1 () {34 vars in 513 bytes} [Fri Jan 9 08:03:33 2026] GET / => generated 1446 bytes in 2 msecs (HTTP/1.1 300) 3 headers in 106 bytes (1 switches on core 0)
Jan 09 08:03:33 devstack devstack@g-api.service[74562]: DEBUG glance.api.middleware.version_negotiation [None req-746c259b-fba3-4f02-b420-5b46d3f966b4 admin admin] Determining version of request: GET /v2/images/ee7c9fd5-8e00-46d2-a223-39c76cc48360 Accept: */* {{(pid=74562) process_request /opt/stack/glance/glance/api/middleware/version_negotiation.py:44}}
Jan 09 08:03:33 devstack devstack@g-api.service[74562]: DEBUG glance.api.middleware.version_negotiation [None req-746c259b-fba3-4f02-b420-5b46d3f966b4 admin admin] Using url versioning {{(pid=74562) process_request /opt/stack/glance/glance/api/middleware/version_negotiation.py:57}}
Jan 09 08:03:33 devstack devstack@g-api.service[74562]: DEBUG glance.api.middleware.version_negotiation [None req-746c259b-fba3-4f02-b420-5b46d3f966b4 admin admin] Matched version: v2 {{(pid=74562) process_request /opt/stack/glance/glance/api/middleware/version_negotiation.py:69}}
Jan 09 08:03:33 devstack devstack@g-api.service[74562]: DEBUG glance.api.middleware.version_negotiation [None req-746c259b-fba3-4f02-b420-5b46d3f966b4 admin admin] new path /v2/images/ee7c9fd5-8e00-46d2-a223-39c76cc48360 {{(pid=74562) process_request /opt/stack/glance/glance/api/middleware/version_negotiation.py:70}}
Jan 09 08:03:33 devstack devstack@g-api.service[74562]: [pid: 74562|app: 0|req: 5/11] 127.0.0.1 () {36 vars in 796 bytes} [Fri Jan 9 08:03:33 2026] GET /v2/images/ee7c9fd5-8e00-46d2-a223-39c76cc48360 => generated 976 bytes in 52 msecs (HTTP/1.1 200) 4 headers in 157 bytes (1 switches on core 0)
Jan 09 08:03:43 devstack devstack@g-api.service[74562]: DEBUG dbcounter [-] [74562] Writing DB stats glance:SELECT=5 {{(pid=74562) stat_writer /opt/stack/data/venv/lib/python3.10/site-packages/dbcounter.py:115}}
Jan 09 08:04:54 devstack devstack@g-api.service[74561]: DEBUG glance.api.middleware.version_negotiation [None req-9be2d7c2-340a-42c2-8b04-873ad35836be admin admin] Determining version of request: GET / Accept: application/json {{(pid=74561) process_request /opt/stack/glance/glance/api/middleware/version_negotiation.py:44}}
Jan 09 08:04:54 devstack devstack@g-api.service[74561]: DEBUG glance.api.middleware.version_negotiation [None req-9be2d7c2-340a-42c2-8b04-873ad35836be admin admin] Using url versioning {{(pid=74561) process_request /opt/stack/glance/glance/api/middleware/version_negotiation.py:57}}
Jan 09 08:04:54 devstack devstack@g-api.service[74561]: DEBUG glance.api.middleware.version_negotiation [None req-9be2d7c2-340a-42c2-8b04-873ad35836be admin admin] Unknown version. Returning version choices. {{(pid=74561) process_request /opt/stack/glance/glance/api/middleware/version_negotiation.py:64}}
Jan 09 08:04:54 devstack devstack@g-api.service[74561]: [pid: 74561|app: 0|req: 7/12] 127.0.0.1 () {36 vars in 484 bytes} [Fri Jan 9 08:04:54 2026] GET / => generated 1446 bytes in 3 msecs (HTTP/1.1 300) 3 headers in 106 bytes (1 switches on core 0)
Jan 09 08:05:48 devstack devstack@g-api.service[74562]: DEBUG glance.api.middleware.version_negotiation [None req-c6d8d511-4fd5-4f8c-95d2-919990870cf8 admin admin] Determining version of request: GET / Accept: application/json {{(pid=74562) process_request /opt/stack/glance/glance/api/middleware/version_negotiation.py:44}}
Jan 09 08:05:48 devstack devstack@g-api.service[74562]: DEBUG glance.api.middleware.version_negotiation [None req-c6d8d511-4fd5-4f8c-95d2-919990870cf8 admin admin] Using url versioning {{(pid=74562) process_request /opt/stack/glance/glance/api/middleware/version_negotiation.py:57}}
Jan 09 08:05:48 devstack devstack@g-api.service[74562]: DEBUG glance.api.middleware.version_negotiation [None req-c6d8d511-4fd5-4f8c-95d2-919990870cf8 admin admin] Unknown version. Returning version choices. {{(pid=74562) process_request /opt/stack/glance/glance/api/middleware/version_negotiation.py:64}}
Jan 09 08:05:48 devstack devstack@g-api.service[74562]: [pid: 74562|app: 0|req: 6/13] 127.0.0.1 () {34 vars in 500 bytes} [Fri Jan 9 08:05:48 2026] GET / => generated 1446 bytes in 3 msecs (HTTP/1.1 300) 3 headers in 106 bytes (1 switches on core 0)
Jan 09 08:05:48 devstack devstack@g-api.service[74561]: DEBUG glance.api.middleware.version_negotiation [None req-9be2d7c2-340a-42c2-8b04-873ad35836be admin admin] Determining version of request: GET /v2/images/ee7c9fd5-8e00-46d2-a223-39c76cc48360 Accept: */* {{(pid=74561) process_request /opt/stack/glance/glance/api/middleware/version_negotiation.py:44}}
Jan 09 08:05:48 devstack devstack@g-api.service[74561]: DEBUG glance.api.middleware.version_negotiation [None req-9be2d7c2-340a-42c2-8b04-873ad35836be admin admin] Using url versioning {{(pid=74561) process_request /opt/stack/glance/glance/api/middleware/version_negotiation.py:57}}
Jan 09 08:05:48 devstack devstack@g-api.service[74561]: DEBUG glance.api.middleware.version_negotiation [None req-9be2d7c2-340a-42c2-8b04-873ad35836be admin admin] Matched version: v2 {{(pid=74561) process_request /opt/stack/glance/glance/api/middleware/version_negotiation.py:69}}
Jan 09 08:05:48 devstack devstack@g-api.service[74561]: DEBUG glance.api.middleware.version_negotiation [None req-9be2d7c2-340a-42c2-8b04-873ad35836be admin admin] new path /v2/images/ee7c9fd5-8e00-46d2-a223-39c76cc48360 {{(pid=74561) process_request /opt/stack/glance/glance/api/middleware/version_negotiation.py:70}}
Jan 09 08:05:48 devstack devstack@g-api.service[74561]: WARNING keystonemiddleware.auth_token [None req-9be2d7c2-340a-42c2-8b04-873ad35836be admin admin] A valid token was submitted as a service token, but it was not a valid service token. This is incorrect but backwards compatible behaviour. This will be removed in future releases.
Jan 09 08:05:48 devstack devstack@g-api.service[74561]: [pid: 74561|app: 0|req: 8/14] 127.0.0.1 () {42 vars in 1055 bytes} [Fri Jan 9 08:05:48 2026] GET /v2/images/ee7c9fd5-8e00-46d2-a223-39c76cc48360 => generated 976 bytes in 317 msecs (HTTP/1.1 200) 4 headers in 157 bytes (1 switches on core 0)
Jan 09 08:05:48 devstack devstack@g-api.service[74562]: DEBUG glance.api.middleware.version_negotiation [None req-c6d8d511-4fd5-4f8c-95d2-919990870cf8 admin admin] Determining version of request: GET /v2/schemas/image Accept: */* {{(pid=74562) process_request /opt/stack/glance/glance/api/middleware/version_negotiation.py:44}}
Jan 09 08:05:48 devstack devstack@g-api.service[74562]: DEBUG glance.api.middleware.version_negotiation [None req-c6d8d511-4fd5-4f8c-95d2-919990870cf8 admin admin] Using url versioning {{(pid=74562) process_request /opt/stack/glance/glance/api/middleware/version_negotiation.py:57}}
Jan 09 08:05:48 devstack devstack@g-api.service[74562]: DEBUG glance.api.middleware.version_negotiation [None req-c6d8d511-4fd5-4f8c-95d2-919990870cf8 admin admin] Matched version: v2 {{(pid=74562) process_request /opt/stack/glance/glance/api/middleware/version_negotiation.py:69}}
Jan 09 08:05:48 devstack devstack@g-api.service[74562]: DEBUG glance.api.middleware.version_negotiation [None req-c6d8d511-4fd5-4f8c-95d2-919990870cf8 admin admin] new path /v2/schemas/image {{(pid=74562) process_request /opt/stack/glance/glance/api/middleware/version_negotiation.py:70}}
Jan 09 08:05:48 devstack devstack@g-api.service[74562]: WARNING keystonemiddleware.auth_token [None req-c6d8d511-4fd5-4f8c-95d2-919990870cf8 admin admin] A valid token was submitted as a service token, but it was not a valid service token. This is incorrect but backwards compatible behaviour. This will be removed in future releases.
Jan 09 08:05:48 devstack devstack@g-api.service[74562]: [pid: 74562|app: 0|req: 7/15] 127.0.0.1 () {42 vars in 995 bytes} [Fri Jan 9 08:05:48 2026] GET /v2/schemas/image => generated 6083 bytes in 9 msecs (HTTP/1.1 200) 4 headers in 158 bytes (1 switches on core 0)
Jan 09 08:05:58 devstack devstack@g-api.service[74561]: DEBUG dbcounter [-] [74561] Writing DB stats glance:SELECT=2 {{(pid=74561) stat_writer /opt/stack/data/venv/lib/python3.10/site-packages/dbcounter.py:115}}
Jan 09 08:06:01 devstack devstack@g-api.service[74561]: DEBUG glance.api.middleware.version_negotiation [None req-40bf526c-5f02-4dd9-8573-966fb2c29ab1 tempest-DeleteServersTestJSON-1958058919 tempest-DeleteServersTestJSON-1958058919-project-member] Determining version of request: GET /v2/images/ee7c9fd5-8e00-46d2-a223-39c76cc48360 Accept: application/json {{(pid=74561) process_request /opt/stack/glance/glance/api/middleware/version_negotiation.py:44}}
Jan 09 08:06:01 devstack devstack@g-api.service[74561]: DEBUG glance.api.middleware.version_negotiation [None req-40bf526c-5f02-4dd9-8573-966fb2c29ab1 tempest-DeleteServersTestJSON-1958058919 tempest-DeleteServersTestJSON-1958058919-project-member] Using url versioning {{(pid=74561) process_request /opt/stack/glance/glance/api/middleware/version_negotiation.py:57}}
Jan 09 08:06:01 devstack devstack@g-api.service[74561]: DEBUG glance.api.middleware.version_negotiation [None req-40bf526c-5f02-4dd9-8573-966fb2c29ab1 tempest-DeleteServersTestJSON-1958058919 tempest-DeleteServersTestJSON-1958058919-project-member] Matched version: v2 {{(pid=74561) process_request /opt/stack/glance/glance/api/middleware/version_negotiation.py:69}}
Jan 09 08:06:01 devstack devstack@g-api.service[74561]: DEBUG glance.api.middleware.version_negotiation [None req-40bf526c-5f02-4dd9-8573-966fb2c29ab1 tempest-DeleteServersTestJSON-1958058919 tempest-DeleteServersTestJSON-1958058919-project-member] new path /v2/images/ee7c9fd5-8e00-46d2-a223-39c76cc48360 {{(pid=74561) process_request /opt/stack/glance/glance/api/middleware/version_negotiation.py:70}}
Jan 09 08:06:01 devstack devstack@g-api.service[74561]: [pid: 74561|app: 0|req: 9/16] 127.0.0.1 () {38 vars in 780 bytes} [Fri Jan 9 08:06:01 2026] GET /v2/images/ee7c9fd5-8e00-46d2-a223-39c76cc48360 => generated 976 bytes in 100 msecs (HTTP/1.1 200) 4 headers in 157 bytes (1 switches on core 0)
Jan 09 08:06:01 devstack devstack@g-api.service[74562]: DEBUG glance.api.middleware.version_negotiation [None req-40bf526c-5f02-4dd9-8573-966fb2c29ab1 tempest-DeleteServersTestJSON-1958058919 tempest-DeleteServersTestJSON-1958058919-project-member] Determining version of request: GET /v2/images/ee7c9fd5-8e00-46d2-a223-39c76cc48360/file Accept: application/json {{(pid=74562) process_request /opt/stack/glance/glance/api/middleware/version_negotiation.py:44}}
Jan 09 08:06:01 devstack devstack@g-api.service[74562]: DEBUG glance.api.middleware.version_negotiation [None req-40bf526c-5f02-4dd9-8573-966fb2c29ab1 tempest-DeleteServersTestJSON-1958058919 tempest-DeleteServersTestJSON-1958058919-project-member] Using url versioning {{(pid=74562) process_request /opt/stack/glance/glance/api/middleware/version_negotiation.py:57}}
Jan 09 08:06:01 devstack devstack@g-api.service[74562]: DEBUG glance.api.middleware.version_negotiation [None req-40bf526c-5f02-4dd9-8573-966fb2c29ab1 tempest-DeleteServersTestJSON-1958058919 tempest-DeleteServersTestJSON-1958058919-project-member] Matched version: v2 {{(pid=74562) process_request /opt/stack/glance/glance/api/middleware/version_negotiation.py:69}}
Jan 09 08:06:01 devstack devstack@g-api.service[74562]: DEBUG glance.api.middleware.version_negotiation [None req-40bf526c-5f02-4dd9-8573-966fb2c29ab1 tempest-DeleteServersTestJSON-1958058919 tempest-DeleteServersTestJSON-1958058919-project-member] new path /v2/images/ee7c9fd5-8e00-46d2-a223-39c76cc48360/file {{(pid=74562) process_request /opt/stack/glance/glance/api/middleware/version_negotiation.py:70}}
Jan 09 08:06:01 devstack devstack@g-api.service[74562]: DEBUG glance_store._drivers.filesystem [None req-c96ad324-0419-4079-a939-b4240f757b7f tempest-AttachSCSIVolumeTestJSON-1976659910 tempest-AttachSCSIVolumeTestJSON-1976659910-project-admin] Found image at /opt/stack/data/glance/images/ee7c9fd5-8e00-46d2-a223-39c76cc48360. Returning in ChunkedFile. {{(pid=74562) get /opt/stack/data/venv/lib/python3.10/site-packages/glance_store/_drivers/filesystem.py:618}}
Jan 09 08:06:01 devstack devstack@g-api.service[74562]: DEBUG glance.image_cache [None req-c96ad324-0419-4079-a939-b4240f757b7f tempest-AttachSCSIVolumeTestJSON-1976659910 tempest-AttachSCSIVolumeTestJSON-1976659910-project-admin] Tee'ing image 'ee7c9fd5-8e00-46d2-a223-39c76cc48360' into cache {{(pid=74562) get_caching_iter /opt/stack/glance/glance/image_cache/__init__.py:350}}
Jan 09 08:06:01 devstack devstack@g-api.service[74561]: DEBUG glance.api.middleware.version_negotiation [None req-e0534877-44be-4e84-ab72-3b76abc78154 tempest-AttachSCSIVolumeTestJSON-1976659910 tempest-AttachSCSIVolumeTestJSON-1976659910-project-admin] Determining version of request: POST /v2/images Accept: application/json {{(pid=74561) process_request /opt/stack/glance/glance/api/middleware/version_negotiation.py:44}}
Jan 09 08:06:01 devstack devstack@g-api.service[74561]: DEBUG glance.api.middleware.version_negotiation [None req-e0534877-44be-4e84-ab72-3b76abc78154 tempest-AttachSCSIVolumeTestJSON-1976659910 tempest-AttachSCSIVolumeTestJSON-1976659910-project-admin] Using url versioning {{(pid=74561) process_request /opt/stack/glance/glance/api/middleware/version_negotiation.py:57}}
Jan 09 08:06:01 devstack devstack@g-api.service[74561]: DEBUG glance.api.middleware.version_negotiation [None req-e0534877-44be-4e84-ab72-3b76abc78154 tempest-AttachSCSIVolumeTestJSON-1976659910 tempest-AttachSCSIVolumeTestJSON-1976659910-project-admin] Matched version: v2 {{(pid=74561) process_request /opt/stack/glance/glance/api/middleware/version_negotiation.py:69}}
Jan 09 08:06:01 devstack devstack@g-api.service[74561]: DEBUG glance.api.middleware.version_negotiation [None req-e0534877-44be-4e84-ab72-3b76abc78154 tempest-AttachSCSIVolumeTestJSON-1976659910 tempest-AttachSCSIVolumeTestJSON-1976659910-project-admin] new path /v2/images {{(pid=74561) process_request /opt/stack/glance/glance/api/middleware/version_negotiation.py:70}}
Jan 09 08:06:01 devstack devstack@g-api.service[74561]: [pid: 74561|app: 0|req: 10/17] 127.0.0.1 () {40 vars in 728 bytes} [Fri Jan 9 08:06:01 2026] POST /v2/images => generated 690 bytes in 541 msecs (HTTP/1.1 201) 6 headers in 314 bytes (1 switches on core 0)
Jan 09 08:06:01 devstack devstack@g-api.service[74561]: DEBUG glance.api.middleware.version_negotiation [None req-2b5b2241-a182-4eee-97d0-d20f9676d863 tempest-AttachSCSIVolumeTestJSON-1976659910 tempest-AttachSCSIVolumeTestJSON-1976659910-project-admin] Determining version of request: PUT /v2/images/acfbc579-8f98-45cd-8083-3b6b3cf6097b/file Accept: {{(pid=74561) process_request /opt/stack/glance/glance/api/middleware/version_negotiation.py:44}}
Jan 09 08:06:01 devstack devstack@g-api.service[74561]: DEBUG glance.api.middleware.version_negotiation [None req-2b5b2241-a182-4eee-97d0-d20f9676d863 tempest-AttachSCSIVolumeTestJSON-1976659910 tempest-AttachSCSIVolumeTestJSON-1976659910-project-admin] Using url versioning {{(pid=74561) process_request /opt/stack/glance/glance/api/middleware/version_negotiation.py:57}}
Jan 09 08:06:01 devstack devstack@g-api.service[74561]: DEBUG glance.api.middleware.version_negotiation [None req-2b5b2241-a182-4eee-97d0-d20f9676d863 tempest-AttachSCSIVolumeTestJSON-1976659910 tempest-AttachSCSIVolumeTestJSON-1976659910-project-admin] Matched version: v2 {{(pid=74561) process_request /opt/stack/glance/glance/api/middleware/version_negotiation.py:69}}
Jan 09 08:06:01 devstack devstack@g-api.service[74561]: DEBUG glance.api.middleware.version_negotiation [None req-2b5b2241-a182-4eee-97d0-d20f9676d863 tempest-AttachSCSIVolumeTestJSON-1976659910 tempest-AttachSCSIVolumeTestJSON-1976659910-project-admin] new path /v2/images/acfbc579-8f98-45cd-8083-3b6b3cf6097b/file {{(pid=74561) process_request /opt/stack/glance/glance/api/middleware/version_negotiation.py:70}}
Jan 09 08:06:02 devstack devstack@g-api.service[74562]: DEBUG glance.image_cache.drivers.centralized_db [None req-c96ad324-0419-4079-a939-b4240f757b7f tempest-AttachSCSIVolumeTestJSON-1976659910 tempest-AttachSCSIVolumeTestJSON-1976659910-project-admin] Fetch finished, moving '/opt/stack/data/glance/cache/incomplete/ee7c9fd5-8e00-46d2-a223-39c76cc48360' to '/opt/stack/data/glance/cache/ee7c9fd5-8e00-46d2-a223-39c76cc48360' {{(pid=74562) commit /opt/stack/glance/glance/image_cache/drivers/centralized_db.py:235}}
Jan 09 08:06:02 devstack devstack@g-api.service[74562]: DEBUG glance.image_cache.drivers.centralized_db [None req-c96ad324-0419-4079-a939-b4240f757b7f tempest-AttachSCSIVolumeTestJSON-1976659910 tempest-AttachSCSIVolumeTestJSON-1976659910-project-admin] Image cached successfully. {{(pid=74562) commit /opt/stack/glance/glance/image_cache/drivers/centralized_db.py:250}}
Jan 09 08:06:02 devstack devstack@g-api.service[74562]: [pid: 74562|app: 0|req: 8/18] 127.0.0.1 () {38 vars in 790 bytes} [Fri Jan 9 08:06:01 2026] GET /v2/images/ee7c9fd5-8e00-46d2-a223-39c76cc48360/file => generated 21692416 bytes in 689 msecs (HTTP/1.1 200) 4 headers in 191 bytes (335 switches on core 0)
Jan 09 08:06:02 devstack devstack@g-api.service[74561]: INFO glance.api.v2.image_data [None req-f8afefdb-661c-47d5-a768-b179d764a3cc tempest-AttachSCSIVolumeTestJSON-1976659910 tempest-AttachSCSIVolumeTestJSON-1976659910-project-admin] Unable to create trust: no such option collect_timing in group [keystone_authtoken] Use the existing user token.
Jan 09 08:06:03 devstack devstack@g-api.service[74561]: DEBUG glance.location [None req-f8afefdb-661c-47d5-a768-b179d764a3cc tempest-AttachSCSIVolumeTestJSON-1976659910 tempest-AttachSCSIVolumeTestJSON-1976659910-project-admin] Enabling in-flight format inspection for qcow2 {{(pid=74561) set_data /opt/stack/glance/glance/location.py:616}}
Jan 09 08:06:03 devstack devstack@g-api.service[74561]: DEBUG oslo_utils.imageutils.format_inspector [None req-f8afefdb-661c-47d5-a768-b179d764a3cc tempest-AttachSCSIVolumeTestJSON-1976659910 tempest-AttachSCSIVolumeTestJSON-1976659910-project-admin] Format inspector for vmdk does not match, excluding from consideration (Signature KDMV not found: b'QFI\xfb') {{(pid=74561) _process_chunk /opt/stack/data/venv/lib/python3.10/site-packages/oslo_utils/imageutils/format_inspector.py:1537}}
Jan 09 08:06:03 devstack devstack@g-api.service[74561]: DEBUG oslo_utils.imageutils.format_inspector [None req-f8afefdb-661c-47d5-a768-b179d764a3cc tempest-AttachSCSIVolumeTestJSON-1976659910 tempest-AttachSCSIVolumeTestJSON-1976659910-project-admin] Format inspector for vhdx does not match, excluding from consideration (Region signature not found at 30000) {{(pid=74561) _process_chunk /opt/stack/data/venv/lib/python3.10/site-packages/oslo_utils/imageutils/format_inspector.py:1537}}
Jan 09 08:06:03 devstack devstack@g-api.service[74561]: DEBUG glance_store._drivers.filesystem [None req-f8afefdb-661c-47d5-a768-b179d764a3cc tempest-AttachSCSIVolumeTestJSON-1976659910 tempest-AttachSCSIVolumeTestJSON-1976659910-project-admin] Wrote 21692416 bytes to /opt/stack/data/glance/images/acfbc579-8f98-45cd-8083-3b6b3cf6097b with checksum 87617e24a5e30cb3b87fda8c0764838f and multihash 9a9bce0083a00939ec17c11febbfc767aa211aaa54f51e75c5a8b271a9b5637c77205a518b7a2007cb391d23cceb01e0e4e8d64832317151bc85b734b92a7be0 {{(pid=74561) add /opt/stack/data/venv/lib/python3.10/site-packages/glance_store/_drivers/filesystem.py:794}}
Jan 09 08:06:03 devstack devstack@g-api.service[74561]: INFO glance.location [None req-f8afefdb-661c-47d5-a768-b179d764a3cc tempest-AttachSCSIVolumeTestJSON-1976659910 tempest-AttachSCSIVolumeTestJSON-1976659910-project-admin] Image format matched and virtual size computed: 117440512
Jan 09 08:06:03 devstack devstack@g-api.service[74561]: DEBUG glance_store.backend [None req-f8afefdb-661c-47d5-a768-b179d764a3cc tempest-AttachSCSIVolumeTestJSON-1976659910 tempest-AttachSCSIVolumeTestJSON-1976659910-project-admin] Skipping store.set_acls... not implemented. {{(pid=74561) set_acls /opt/stack/data/venv/lib/python3.10/site-packages/glance_store/backend.py:507}}
Jan 09 08:06:03 devstack devstack@g-api.service[74561]: [pid: 74561|app: 0|req: 11/19] 127.0.0.1 () {38 vars in 800 bytes} [Fri Jan 9 08:06:01 2026] PUT /v2/images/acfbc579-8f98-45cd-8083-3b6b3cf6097b/file => generated 0 bytes in 1347 msecs (HTTP/1.1 204) 4 headers in 171 bytes (1 switches on core 0)
Jan 09 08:06:06 devstack devstack@g-api.service[74562]: DEBUG glance.api.middleware.version_negotiation [None req-c96ad324-0419-4079-a939-b4240f757b7f tempest-AttachSCSIVolumeTestJSON-1976659910 tempest-AttachSCSIVolumeTestJSON-1976659910-project-admin] Determining version of request: GET /v2/images/ee7c9fd5-8e00-46d2-a223-39c76cc48360 Accept: */* {{(pid=74562) process_request /opt/stack/glance/glance/api/middleware/version_negotiation.py:44}}
Jan 09 08:06:06 devstack devstack@g-api.service[74562]: DEBUG glance.api.middleware.version_negotiation [None req-c96ad324-0419-4079-a939-b4240f757b7f tempest-AttachSCSIVolumeTestJSON-1976659910 tempest-AttachSCSIVolumeTestJSON-1976659910-project-admin] Using url versioning {{(pid=74562) process_request /opt/stack/glance/glance/api/middleware/version_negotiation.py:57}}
Jan 09 08:06:06 devstack devstack@g-api.service[74562]: DEBUG glance.api.middleware.version_negotiation [None req-c96ad324-0419-4079-a939-b4240f757b7f tempest-AttachSCSIVolumeTestJSON-1976659910 tempest-AttachSCSIVolumeTestJSON-1976659910-project-admin] Matched version: v2 {{(pid=74562) process_request /opt/stack/glance/glance/api/middleware/version_negotiation.py:69}}
Jan 09 08:06:06 devstack devstack@g-api.service[74562]: DEBUG glance.api.middleware.version_negotiation [None req-c96ad324-0419-4079-a939-b4240f757b7f tempest-AttachSCSIVolumeTestJSON-1976659910 tempest-AttachSCSIVolumeTestJSON-1976659910-project-admin] new path /v2/images/ee7c9fd5-8e00-46d2-a223-39c76cc48360 {{(pid=74562) process_request /opt/stack/glance/glance/api/middleware/version_negotiation.py:70}}
Jan 09 08:06:06 devstack devstack@g-api.service[74562]: [pid: 74562|app: 0|req: 9/20] 127.0.0.1 () {42 vars in 1055 bytes} [Fri Jan 9 08:06:06 2026] GET /v2/images/ee7c9fd5-8e00-46d2-a223-39c76cc48360 => generated 976 bytes in 25 msecs (HTTP/1.1 200) 4 headers in 157 bytes (1 switches on core 0)
Jan 09 08:06:06 devstack devstack@g-api.service[74561]: DEBUG glance.api.middleware.version_negotiation [None req-f8afefdb-661c-47d5-a768-b179d764a3cc tempest-AttachSCSIVolumeTestJSON-1976659910 tempest-AttachSCSIVolumeTestJSON-1976659910-project-admin] Determining version of request: GET /v2/images/ee7c9fd5-8e00-46d2-a223-39c76cc48360/file Accept: */* {{(pid=74561) process_request /opt/stack/glance/glance/api/middleware/version_negotiation.py:44}}
Jan 09 08:06:06 devstack devstack@g-api.service[74561]: DEBUG glance.api.middleware.version_negotiation [None req-f8afefdb-661c-47d5-a768-b179d764a3cc tempest-AttachSCSIVolumeTestJSON-1976659910 tempest-AttachSCSIVolumeTestJSON-1976659910-project-admin] Using url versioning {{(pid=74561) process_request /opt/stack/glance/glance/api/middleware/version_negotiation.py:57}}
Jan 09 08:06:06 devstack devstack@g-api.service[74561]: DEBUG glance.api.middleware.version_negotiation [None req-f8afefdb-661c-47d5-a768-b179d764a3cc tempest-AttachSCSIVolumeTestJSON-1976659910 tempest-AttachSCSIVolumeTestJSON-1976659910-project-admin] Matched version: v2 {{(pid=74561) process_request /opt/stack/glance/glance/api/middleware/version_negotiation.py:69}}
Jan 09 08:06:06 devstack devstack@g-api.service[74561]: DEBUG glance.api.middleware.version_negotiation [None req-f8afefdb-661c-47d5-a768-b179d764a3cc tempest-AttachSCSIVolumeTestJSON-1976659910 tempest-AttachSCSIVolumeTestJSON-1976659910-project-admin] new path /v2/images/ee7c9fd5-8e00-46d2-a223-39c76cc48360/file {{(pid=74561) process_request /opt/stack/glance/glance/api/middleware/version_negotiation.py:70}}
Jan 09 08:06:06 devstack devstack@g-api.service[74561]: DEBUG glance.api.middleware.cache [None req-40bf526c-5f02-4dd9-8573-966fb2c29ab1 tempest-DeleteServersTestJSON-1958058919 tempest-DeleteServersTestJSON-1958058919-project-member] Cache hit for image 'ee7c9fd5-8e00-46d2-a223-39c76cc48360' {{(pid=74561) process_request /opt/stack/glance/glance/api/middleware/cache.py:160}}
Jan 09 08:06:06 devstack devstack@g-api.service[74561]: [pid: 74561|app: 0|req: 12/21] 127.0.0.1 () {42 vars in 1065 bytes} [Fri Jan 9 08:06:06 2026] GET /v2/images/ee7c9fd5-8e00-46d2-a223-39c76cc48360/file => generated 21692416 bytes in 71 msecs (HTTP/1.1 200) 5 headers in 217 bytes (332 switches on core 0)
Jan 09 08:06:06 devstack devstack@g-api.service[74562]: DEBUG glance.api.middleware.version_negotiation [None req-40bf526c-5f02-4dd9-8573-966fb2c29ab1 tempest-DeleteServersTestJSON-1958058919 tempest-DeleteServersTestJSON-1958058919-project-member] Determining version of request: GET /v2/images/ee7c9fd5-8e00-46d2-a223-39c76cc48360 Accept: */* {{(pid=74562) process_request /opt/stack/glance/glance/api/middleware/version_negotiation.py:44}}
