Jan 09 08:12:21 devstack cinder-volume[81913]: DEBUG oslo_concurrency.lockutils [None req-bf77977c-7238-43bd-9aa9-0b1e033fd689 tempest-GroupSnapshotsTest-938376751 None] Lock "quobyte_ensure" "released" by "cinder.volume.drivers.quobyte.QuobyteDriver._ensure_shares_mounted" :: held 0.003s {{(pid=81913) inner /opt/stack/data/venv/lib/python3.10/site-packages/oslo_concurrency/lockutils.py:424}}
Jan 09 08:12:21 devstack cinder-volume[81913]: DEBUG oslo.privsep.daemon [-] privsep: reply[3d133f66-7469-4528-8002-53027858d094]: (4, 'qcow2') {{(pid=82758) _call_back /opt/stack/data/venv/lib/python3.10/site-packages/oslo_privsep/daemon.py:515}}
Jan 09 08:12:21 devstack cinder-volume[81913]: DEBUG oslo_concurrency.processutils [None req-bf77977c-7238-43bd-9aa9-0b1e033fd689 tempest-GroupSnapshotsTest-938376751 None] Running cmd (subprocess): /opt/stack/data/venv/bin/python3.10 -m oslo_concurrency.prlimit --as=1073741824 --cpu=60 -- sudo cinder-rootwrap /etc/cinder/rootwrap.conf env LC_ALL=C qemu-img info -f qcow2 --output=json --force-share /opt/stack/data/cinder/mnt/cf1f3e8c8e4a68940d1ed1f2c59a0ad6/volume-e9ac22e5-7193-4489-9213-fd0fdbae2fba.502413ba-91f7-47d7-8308-bf09ded470de {{(pid=81913) execute /opt/stack/data/venv/lib/python3.10/site-packages/oslo_concurrency/processutils.py:349}}
Jan 09 08:12:21 devstack sudo[88350]: quobyte : PWD=/ ; USER=root ; COMMAND=/opt/stack/data/venv/bin/cinder-rootwrap /etc/cinder/rootwrap.conf env LC_ALL=C qemu-img info -f qcow2 --output=json --force-share /opt/stack/data/cinder/mnt/cf1f3e8c8e4a68940d1ed1f2c59a0ad6/volume-e9ac22e5-7193-4489-9213-fd0fdbae2fba.502413ba-91f7-47d7-8308-bf09ded470de
Jan 09 08:12:21 devstack sudo[88350]: pam_unix(sudo:session): session opened for user root(uid=0) by (uid=1000)
Jan 09 08:12:22 devstack sudo[88350]: pam_unix(sudo:session): session closed for user root
Jan 09 08:12:22 devstack cinder-volume[81913]: DEBUG oslo_concurrency.processutils [None req-bf77977c-7238-43bd-9aa9-0b1e033fd689 tempest-GroupSnapshotsTest-938376751 None] CMD "/opt/stack/data/venv/bin/python3.10 -m oslo_concurrency.prlimit --as=1073741824 --cpu=60 -- sudo cinder-rootwrap /etc/cinder/rootwrap.conf env LC_ALL=C qemu-img info -f qcow2 --output=json --force-share /opt/stack/data/cinder/mnt/cf1f3e8c8e4a68940d1ed1f2c59a0ad6/volume-e9ac22e5-7193-4489-9213-fd0fdbae2fba.502413ba-91f7-47d7-8308-bf09ded470de" returned: 0 in 0.684s {{(pid=81913) execute /opt/stack/data/venv/lib/python3.10/site-packages/oslo_concurrency/processutils.py:372}}
Jan 09 08:12:22 devstack cinder-volume[81913]: DEBUG cinder.volume.drivers.remotefs [None req-bf77977c-7238-43bd-9aa9-0b1e033fd689 tempest-GroupSnapshotsTest-938376751 None] Fetching qemu-img info with special backing_file_template: (/opt/stack/data/cinder/mnt/[0-9a-f]+/)?(volume-e9ac22e5-7193-4489-9213-fd0fdbae2fba(.(tmp-snap-)?[0-9a-f-]+)?|volume_from_snapshot_cache/(tmp-snap-)?[0-9a-f-]+(.(child-|parent-)[0-9a-f-]+)?)$ {{(pid=81913) _qemu_img_info_base /opt/stack/cinder/cinder/volume/drivers/remotefs.py:886}}
Jan 09 08:12:22 devstack cinder-volume[81913]: DEBUG cinder.volume.drivers.quobyte [None req-bf77977c-7238-43bd-9aa9-0b1e033fd689 tempest-GroupSnapshotsTest-938376751 None] will copy from snapshot at /opt/stack/data/cinder/mnt/cf1f3e8c8e4a68940d1ed1f2c59a0ad6/volume-e9ac22e5-7193-4489-9213-fd0fdbae2fba {{(pid=81913) _copy_volume_from_snapshot /opt/stack/cinder/cinder/volume/drivers/quobyte.py:414}}
Jan 09 08:12:22 devstack cinder-volume[81913]: DEBUG cinder.volume.drivers.quobyte [None req-bf77977c-7238-43bd-9aa9-0b1e033fd689 tempest-GroupSnapshotsTest-938376751 None] Creating direct copy from snapshot {{(pid=81913) _copy_volume_from_snapshot /opt/stack/cinder/cinder/volume/drivers/quobyte.py:422}}
Jan 09 08:12:22 devstack cinder-volume[81913]: DEBUG oslo.privsep.daemon [-] privsep: reply[9800212b-7998-4ce2-a3c1-1b4c9b5cb53d]: (4, 'qcow2') {{(pid=82758) _call_back /opt/stack/data/venv/lib/python3.10/site-packages/oslo_privsep/daemon.py:515}}
Jan 09 08:12:22 devstack cinder-volume[81913]: DEBUG oslo_concurrency.processutils [None req-bf77977c-7238-43bd-9aa9-0b1e033fd689 tempest-GroupSnapshotsTest-938376751 None] Running cmd (subprocess): /opt/stack/data/venv/bin/python3.10 -m oslo_concurrency.prlimit --as=1073741824 --cpu=60 -- sudo cinder-rootwrap /etc/cinder/rootwrap.conf env LC_ALL=C qemu-img info -f qcow2 --output=json /opt/stack/data/cinder/mnt/cf1f3e8c8e4a68940d1ed1f2c59a0ad6/volume-e9ac22e5-7193-4489-9213-fd0fdbae2fba {{(pid=81913) execute /opt/stack/data/venv/lib/python3.10/site-packages/oslo_concurrency/processutils.py:349}}
Jan 09 08:12:22 devstack sudo[88358]: quobyte : PWD=/ ; USER=root ; COMMAND=/opt/stack/data/venv/bin/cinder-rootwrap /etc/cinder/rootwrap.conf env LC_ALL=C qemu-img info -f qcow2 --output=json /opt/stack/data/cinder/mnt/cf1f3e8c8e4a68940d1ed1f2c59a0ad6/volume-e9ac22e5-7193-4489-9213-fd0fdbae2fba
Jan 09 08:12:22 devstack sudo[88358]: pam_unix(sudo:session): session opened for user root(uid=0) by (uid=1000)
Jan 09 08:12:23 devstack sudo[88358]: pam_unix(sudo:session): session closed for user root
Jan 09 08:12:23 devstack cinder-volume[81913]: DEBUG oslo_concurrency.processutils [None req-bf77977c-7238-43bd-9aa9-0b1e033fd689 tempest-GroupSnapshotsTest-938376751 None] CMD "/opt/stack/data/venv/bin/python3.10 -m oslo_concurrency.prlimit --as=1073741824 --cpu=60 -- sudo cinder-rootwrap /etc/cinder/rootwrap.conf env LC_ALL=C qemu-img info -f qcow2 --output=json /opt/stack/data/cinder/mnt/cf1f3e8c8e4a68940d1ed1f2c59a0ad6/volume-e9ac22e5-7193-4489-9213-fd0fdbae2fba" returned: 0 in 0.639s {{(pid=81913) execute /opt/stack/data/venv/lib/python3.10/site-packages/oslo_concurrency/processutils.py:372}}
Jan 09 08:12:23 devstack cinder-volume[81913]: DEBUG cinder.utils [None req-bf77977c-7238-43bd-9aa9-0b1e033fd689 tempest-GroupSnapshotsTest-938376751 None] Path /opt/stack/data/cinder/mnt/cf1f3e8c8e4a68940d1ed1f2c59a0ad6/volume-481fd55d-e561-4d04-8cf5-104ecb7a72d2 not found in is_blk_device check {{(pid=81913) is_blk_device /opt/stack/cinder/cinder/utils.py:591}}
Jan 09 08:12:23 devstack cinder-volume[81913]: DEBUG oslo_concurrency.processutils [None req-bf77977c-7238-43bd-9aa9-0b1e033fd689 tempest-GroupSnapshotsTest-938376751 None] Running cmd (subprocess): sudo cinder-rootwrap /etc/cinder/rootwrap.conf qemu-img convert -O qcow2 /opt/stack/data/cinder/mnt/cf1f3e8c8e4a68940d1ed1f2c59a0ad6/volume-e9ac22e5-7193-4489-9213-fd0fdbae2fba /opt/stack/data/cinder/mnt/cf1f3e8c8e4a68940d1ed1f2c59a0ad6/volume-481fd55d-e561-4d04-8cf5-104ecb7a72d2 {{(pid=81913) execute /opt/stack/data/venv/lib/python3.10/site-packages/oslo_concurrency/processutils.py:349}}
Jan 09 08:12:23 devstack sudo[88462]: quobyte : PWD=/ ; USER=root ; COMMAND=/opt/stack/data/venv/bin/cinder-rootwrap /etc/cinder/rootwrap.conf qemu-img convert -O qcow2 /opt/stack/data/cinder/mnt/cf1f3e8c8e4a68940d1ed1f2c59a0ad6/volume-e9ac22e5-7193-4489-9213-fd0fdbae2fba /opt/stack/data/cinder/mnt/cf1f3e8c8e4a68940d1ed1f2c59a0ad6/volume-481fd55d-e561-4d04-8cf5-104ecb7a72d2
Jan 09 08:12:23 devstack sudo[88462]: pam_unix(sudo:session): session opened for user root(uid=0) by (uid=1000)
Jan 09 08:12:25 devstack cinder-volume[81913]: DEBUG oslo_concurrency.lockutils [req-3b8a4bb1-3064-4553-80e4-742c2c31c2af req-05c013fc-78b9-46e6-bc31-1a058e2d4c05 tempest-ServerRescueNegativeTestJSON-1626868683 None] Acquiring lock "quobyte" by "cinder.volume.drivers.quobyte.QuobyteDriver.initialize_connection" {{(pid=81913) inner /opt/stack/data/venv/lib/python3.10/site-packages/oslo_concurrency/lockutils.py:405}}
Jan 09 08:12:26 devstack sudo[88462]: pam_unix(sudo:session): session closed for user root
Jan 09 08:12:26 devstack cinder-volume[81913]: DEBUG oslo_concurrency.processutils [None req-bf77977c-7238-43bd-9aa9-0b1e033fd689 tempest-GroupSnapshotsTest-938376751 None] CMD "sudo cinder-rootwrap /etc/cinder/rootwrap.conf qemu-img convert -O qcow2 /opt/stack/data/cinder/mnt/cf1f3e8c8e4a68940d1ed1f2c59a0ad6/volume-e9ac22e5-7193-4489-9213-fd0fdbae2fba /opt/stack/data/cinder/mnt/cf1f3e8c8e4a68940d1ed1f2c59a0ad6/volume-481fd55d-e561-4d04-8cf5-104ecb7a72d2" returned: 0 in 3.344s {{(pid=81913) execute /opt/stack/data/venv/lib/python3.10/site-packages/oslo_concurrency/processutils.py:372}}
Jan 09 08:12:26 devstack cinder-volume[81913]: DEBUG oslo.privsep.daemon [-] privsep: reply[0acf4eee-62ee-492c-9d5b-461d3494c704]: (4, 'qcow2') {{(pid=82758) _call_back /opt/stack/data/venv/lib/python3.10/site-packages/oslo_privsep/daemon.py:515}}
Jan 09 08:12:26 devstack cinder-volume[81913]: DEBUG oslo_concurrency.processutils [None req-bf77977c-7238-43bd-9aa9-0b1e033fd689 tempest-GroupSnapshotsTest-938376751 None] Running cmd (subprocess): /opt/stack/data/venv/bin/python3.10 -m oslo_concurrency.prlimit --as=1073741824 --cpu=60 -- sudo cinder-rootwrap /etc/cinder/rootwrap.conf env LC_ALL=C qemu-img info -f qcow2 --output=json /opt/stack/data/cinder/mnt/cf1f3e8c8e4a68940d1ed1f2c59a0ad6/volume-e9ac22e5-7193-4489-9213-fd0fdbae2fba {{(pid=81913) execute /opt/stack/data/venv/lib/python3.10/site-packages/oslo_concurrency/processutils.py:349}}
Jan 09 08:12:26 devstack sudo[88504]: quobyte : PWD=/ ; USER=root ; COMMAND=/opt/stack/data/venv/bin/cinder-rootwrap /etc/cinder/rootwrap.conf env LC_ALL=C qemu-img info -f qcow2 --output=json /opt/stack/data/cinder/mnt/cf1f3e8c8e4a68940d1ed1f2c59a0ad6/volume-e9ac22e5-7193-4489-9213-fd0fdbae2fba
Jan 09 08:12:26 devstack sudo[88504]: pam_unix(sudo:session): session opened for user root(uid=0) by (uid=1000)
Jan 09 08:12:27 devstack sudo[88504]: pam_unix(sudo:session): session closed for user root
Jan 09 08:12:27 devstack cinder-volume[81913]: DEBUG oslo_concurrency.processutils [None req-bf77977c-7238-43bd-9aa9-0b1e033fd689 tempest-GroupSnapshotsTest-938376751 None] CMD "/opt/stack/data/venv/bin/python3.10 -m oslo_concurrency.prlimit --as=1073741824 --cpu=60 -- sudo cinder-rootwrap /etc/cinder/rootwrap.conf env LC_ALL=C qemu-img info -f qcow2 --output=json /opt/stack/data/cinder/mnt/cf1f3e8c8e4a68940d1ed1f2c59a0ad6/volume-e9ac22e5-7193-4489-9213-fd0fdbae2fba" returned: 0 in 0.898s {{(pid=81913) execute /opt/stack/data/venv/lib/python3.10/site-packages/oslo_concurrency/processutils.py:372}}
Jan 09 08:12:27 devstack cinder-volume[81913]: DEBUG cinder.image.image_utils [None req-bf77977c-7238-43bd-9aa9-0b1e033fd689 tempest-GroupSnapshotsTest-938376751 None] Image conversion details: src /opt/stack/data/cinder/mnt/cf1f3e8c8e4a68940d1ed1f2c59a0ad6/volume-e9ac22e5-7193-4489-9213-fd0fdbae2fba, size 1024.00 MB, duration 3.35 sec, destination /opt/stack/data/cinder/mnt/cf1f3e8c8e4a68940d1ed1f2c59a0ad6/volume-481fd55d-e561-4d04-8cf5-104ecb7a72d2 {{(pid=81913) _convert_image /opt/stack/cinder/cinder/image/image_utils.py:501}}
Jan 09 08:12:27 devstack cinder-volume[81913]: INFO cinder.image.image_utils [None req-bf77977c-7238-43bd-9aa9-0b1e033fd689 tempest-GroupSnapshotsTest-938376751 None] Converted 1024.00 MB image at 306.12 MB/s
Jan 09 08:12:27 devstack cinder-volume[81913]: WARNING cinder.volume.drivers.remotefs [None req-bf77977c-7238-43bd-9aa9-0b1e033fd689 tempest-GroupSnapshotsTest-938376751 None] /opt/stack/data/cinder/mnt/cf1f3e8c8e4a68940d1ed1f2c59a0ad6/volume-481fd55d-e561-4d04-8cf5-104ecb7a72d2 is being set with open permissions: ugo+rw: NotImplementedError
Jan 09 08:12:27 devstack cinder-volume[81913]: DEBUG oslo_concurrency.processutils [None req-bf77977c-7238-43bd-9aa9-0b1e033fd689 tempest-GroupSnapshotsTest-938376751 None] Running cmd (subprocess): sudo cinder-rootwrap /etc/cinder/rootwrap.conf chmod ugo+rw /opt/stack/data/cinder/mnt/cf1f3e8c8e4a68940d1ed1f2c59a0ad6/volume-481fd55d-e561-4d04-8cf5-104ecb7a72d2 {{(pid=81913) execute /opt/stack/data/venv/lib/python3.10/site-packages/oslo_concurrency/processutils.py:349}}
Jan 09 08:12:27 devstack sudo[88518]: quobyte : PWD=/ ; USER=root ; COMMAND=/opt/stack/data/venv/bin/cinder-rootwrap /etc/cinder/rootwrap.conf chmod ugo+rw /opt/stack/data/cinder/mnt/cf1f3e8c8e4a68940d1ed1f2c59a0ad6/volume-481fd55d-e561-4d04-8cf5-104ecb7a72d2
Jan 09 08:12:27 devstack sudo[88518]: pam_unix(sudo:session): session opened for user root(uid=0) by (uid=1000)
Jan 09 08:12:28 devstack sudo[88518]: pam_unix(sudo:session): session closed for user root
Jan 09 08:12:28 devstack cinder-volume[81913]: DEBUG oslo_concurrency.processutils [None req-bf77977c-7238-43bd-9aa9-0b1e033fd689 tempest-GroupSnapshotsTest-938376751 None] CMD "sudo cinder-rootwrap /etc/cinder/rootwrap.conf chmod ugo+rw /opt/stack/data/cinder/mnt/cf1f3e8c8e4a68940d1ed1f2c59a0ad6/volume-481fd55d-e561-4d04-8cf5-104ecb7a72d2" returned: 0 in 1.161s {{(pid=81913) execute /opt/stack/data/venv/lib/python3.10/site-packages/oslo_concurrency/processutils.py:372}}
Jan 09 08:12:28 devstack cinder-volume[81913]: DEBUG cinder.coordination [None req-bf77977c-7238-43bd-9aa9-0b1e033fd689 tempest-GroupSnapshotsTest-938376751 None] Lock "cinder-quobyte-481fd55d-e561-4d04-8cf5-104ecb7a72d2" released by "_copy_volume_from_snapshot" :: held 6.802s {{(pid=81913) __release /opt/stack/cinder/cinder/coordination.py:157}}
Jan 09 08:12:28 devstack cinder-volume[81913]: DEBUG cinder.coordination [None req-bf77977c-7238-43bd-9aa9-0b1e033fd689 tempest-GroupSnapshotsTest-938376751 None] Lock "cinder-quobyte-502413ba-91f7-47d7-8308-bf09ded470de-481fd55d-e561-4d04-8cf5-104ecb7a72d2" released by "_create_volume_from_snapshot" :: held 6.821s {{(pid=81913) __release /opt/stack/cinder/cinder/coordination.py:157}}
Jan 09 08:12:28 devstack cinder-volume[81913]: DEBUG oslo_concurrency.lockutils [None req-bf77977c-7238-43bd-9aa9-0b1e033fd689 tempest-GroupSnapshotsTest-938376751 None] Lock "quobyte" "released" by "cinder.volume.drivers.quobyte.QuobyteDriver.create_volume_from_snapshot" :: held 6.831s {{(pid=81913) inner /opt/stack/data/venv/lib/python3.10/site-packages/oslo_concurrency/lockutils.py:424}}
Jan 09 08:12:28 devstack cinder-volume[81913]: DEBUG oslo_concurrency.lockutils [req-3b8a4bb1-3064-4553-80e4-742c2c31c2af req-05c013fc-78b9-46e6-bc31-1a058e2d4c05 tempest-ServerRescueNegativeTestJSON-1626868683 None] Lock "quobyte" acquired by "cinder.volume.drivers.quobyte.QuobyteDriver.initialize_connection" :: waited 2.683s {{(pid=81913) inner /opt/stack/data/venv/lib/python3.10/site-packages/oslo_concurrency/lockutils.py:410}}
Jan 09 08:12:28 devstack cinder-volume[81913]: DEBUG oslo.privsep.daemon [-] privsep: reply[1c099005-9142-442f-9009-d4263b88d3df]: (4, 'qcow2') {{(pid=82758) _call_back /opt/stack/data/venv/lib/python3.10/site-packages/oslo_privsep/daemon.py:515}}
Jan 09 08:12:28 devstack cinder-volume[81913]: DEBUG oslo_concurrency.processutils [req-3b8a4bb1-3064-4553-80e4-742c2c31c2af req-05c013fc-78b9-46e6-bc31-1a058e2d4c05 tempest-ServerRescueNegativeTestJSON-1626868683 None] Running cmd (subprocess): /opt/stack/data/venv/bin/python3.10 -m oslo_concurrency.prlimit --as=1073741824 --cpu=60 -- sudo cinder-rootwrap /etc/cinder/rootwrap.conf env LC_ALL=C qemu-img info -f qcow2 --output=json --force-share /opt/stack/data/cinder/mnt/cf1f3e8c8e4a68940d1ed1f2c59a0ad6/volume-c3f3f3ec-8ecc-4d7c-8120-7261fd7ffa2d {{(pid=81913) execute /opt/stack/data/venv/lib/python3.10/site-packages/oslo_concurrency/processutils.py:349}}
Jan 09 08:12:28 devstack cinder-volume[81913]: INFO cinder.volume.manager [None req-bf77977c-7238-43bd-9aa9-0b1e033fd689 tempest-GroupSnapshotsTest-938376751 None] Create group from source-snapshot-6278fafd-64fb-4182-9ef4-89a9d4339615 completed successfully.
Jan 09 08:12:29 devstack sudo[88717]: quobyte : PWD=/ ; USER=root ; COMMAND=/opt/stack/data/venv/bin/cinder-rootwrap /etc/cinder/rootwrap.conf env LC_ALL=C qemu-img info -f qcow2 --output=json --force-share /opt/stack/data/cinder/mnt/cf1f3e8c8e4a68940d1ed1f2c59a0ad6/volume-c3f3f3ec-8ecc-4d7c-8120-7261fd7ffa2d
Jan 09 08:12:29 devstack sudo[88717]: pam_unix(sudo:session): session opened for user root(uid=0) by (uid=1000)
Jan 09 08:12:30 devstack cinder-volume[81913]: WARNING cinder.volume.volume_utils [None req-7eab1232-2ba8-4bbf-b6cf-736b1c24968a tempest-GroupSnapshotsTest-938376751 None] Volume driver (QuobyteDriver 1.1.13) is currently unsupported and may be removed in the next release of OpenStack. Use at your own risk.
Jan 09 08:12:30 devstack cinder-volume[81913]: DEBUG cinder.coordination [None req-7eab1232-2ba8-4bbf-b6cf-736b1c24968a tempest-GroupSnapshotsTest-938376751 None] Acquiring lock "cinder-quobyte-481fd55d-e561-4d04-8cf5-104ecb7a72d2" by "delete_volume" {{(pid=81913) __acquire /opt/stack/cinder/cinder/coordination.py:143}}
Jan 09 08:12:30 devstack cinder-volume[81913]: DEBUG cinder.coordination [None req-7eab1232-2ba8-4bbf-b6cf-736b1c24968a tempest-GroupSnapshotsTest-938376751 None] Lock "cinder-quobyte-481fd55d-e561-4d04-8cf5-104ecb7a72d2" acquired by "delete_volume" :: waited 0.022s {{(pid=81913) __acquire /opt/stack/cinder/cinder/coordination.py:146}}
Jan 09 08:12:30 devstack cinder-volume[81913]: DEBUG oslo.privsep.daemon [-] privsep: reply[b4fb3a5f-10ca-4146-8756-f8723fd9d1c9]: (4, 'qcow2') {{(pid=82758) _call_back /opt/stack/data/venv/lib/python3.10/site-packages/oslo_privsep/daemon.py:515}}
Jan 09 08:12:30 devstack cinder-volume[81913]: DEBUG oslo_concurrency.processutils [None req-7eab1232-2ba8-4bbf-b6cf-736b1c24968a tempest-GroupSnapshotsTest-938376751 None] Running cmd (subprocess): /opt/stack/data/venv/bin/python3.10 -m oslo_concurrency.prlimit --as=1073741824 --cpu=60 -- sudo cinder-rootwrap /etc/cinder/rootwrap.conf env LC_ALL=C qemu-img info -f qcow2 --output=json --force-share /opt/stack/data/cinder/mnt/cf1f3e8c8e4a68940d1ed1f2c59a0ad6/volume-481fd55d-e561-4d04-8cf5-104ecb7a72d2 {{(pid=81913) execute /opt/stack/data/venv/lib/python3.10/site-packages/oslo_concurrency/processutils.py:349}}
Jan 09 08:12:30 devstack sudo[88717]: pam_unix(sudo:session): session closed for user root
Jan 09 08:12:30 devstack cinder-volume[81913]: DEBUG oslo_concurrency.processutils [req-3b8a4bb1-3064-4553-80e4-742c2c31c2af req-05c013fc-78b9-46e6-bc31-1a058e2d4c05 tempest-ServerRescueNegativeTestJSON-1626868683 None] CMD "/opt/stack/data/venv/bin/python3.10 -m oslo_concurrency.prlimit --as=1073741824 --cpu=60 -- sudo cinder-rootwrap /etc/cinder/rootwrap.conf env LC_ALL=C qemu-img info -f qcow2 --output=json --force-share /opt/stack/data/cinder/mnt/cf1f3e8c8e4a68940d1ed1f2c59a0ad6/volume-c3f3f3ec-8ecc-4d7c-8120-7261fd7ffa2d" returned: 0 in 2.109s {{(pid=81913) execute /opt/stack/data/venv/lib/python3.10/site-packages/oslo_concurrency/processutils.py:372}}
Jan 09 08:12:30 devstack cinder-volume[81913]: DEBUG oslo_concurrency.lockutils [req-3b8a4bb1-3064-4553-80e4-742c2c31c2af req-05c013fc-78b9-46e6-bc31-1a058e2d4c05 tempest-ServerRescueNegativeTestJSON-1626868683 None] Lock "quobyte" "released" by "cinder.volume.drivers.quobyte.QuobyteDriver.initialize_connection" :: held 2.237s {{(pid=81913) inner /opt/stack/data/venv/lib/python3.10/site-packages/oslo_concurrency/lockutils.py:424}}
Jan 09 08:12:30 devstack cinder-volume[81913]: DEBUG cinder.volume.manager [req-3b8a4bb1-3064-4553-80e4-742c2c31c2af req-05c013fc-78b9-46e6-bc31-1a058e2d4c05 tempest-ServerRescueNegativeTestJSON-1626868683 None] Connection info returned from driver {'export': 'osci02.corp.quobyte.com/cinder-vol-072012cb-d702-4d03-96fc-f8d7d16baaa4', 'name': 'volume-c3f3f3ec-8ecc-4d7c-8120-7261fd7ffa2d', 'options': None, 'format': 'qcow2', 'qos_specs': None, 'access_mode': 'rw', 'encrypted': False, 'cacheable': False, 'driver_volume_type': 'quobyte', 'mount_point_base': '/opt/stack/data/cinder/mnt', 'attachment_id': 'd8973d07-4b72-4332-a8aa-c1fec1476a3f', 'enforce_multipath': True} {{(pid=81913) _connection_create /opt/stack/cinder/cinder/volume/manager.py:4891}}
Jan 09 08:12:30 devstack cinder-volume[81913]: WARNING cinder.volume.volume_utils [req-3b8a4bb1-3064-4553-80e4-742c2c31c2af req-05c013fc-78b9-46e6-bc31-1a058e2d4c05 tempest-ServerRescueNegativeTestJSON-1626868683 None] Volume driver (QuobyteDriver 1.1.13) is currently unsupported and may be removed in the next release of OpenStack. Use at your own risk.
Jan 09 08:12:31 devstack sudo[88866]: quobyte : PWD=/ ; USER=root ; COMMAND=/opt/stack/data/venv/bin/cinder-rootwrap /etc/cinder/rootwrap.conf env LC_ALL=C qemu-img info -f qcow2 --output=json --force-share /opt/stack/data/cinder/mnt/cf1f3e8c8e4a68940d1ed1f2c59a0ad6/volume-481fd55d-e561-4d04-8cf5-104ecb7a72d2
Jan 09 08:12:31 devstack sudo[88866]: pam_unix(sudo:session): session opened for user root(uid=0) by (uid=1000)
Jan 09 08:12:31 devstack cinder-volume[81913]: INFO cinder.volume.manager [req-3b8a4bb1-3064-4553-80e4-742c2c31c2af req-05c013fc-78b9-46e6-bc31-1a058e2d4c05 tempest-ServerRescueNegativeTestJSON-1626868683 None] attachment_update completed successfully.
Jan 09 08:12:32 devstack sudo[88866]: pam_unix(sudo:session): session closed for user root
Jan 09 08:12:32 devstack cinder-volume[81913]: DEBUG oslo_concurrency.processutils [None req-7eab1232-2ba8-4bbf-b6cf-736b1c24968a tempest-GroupSnapshotsTest-938376751 None] CMD "/opt/stack/data/venv/bin/python3.10 -m oslo_concurrency.prlimit --as=1073741824 --cpu=60 -- sudo cinder-rootwrap /etc/cinder/rootwrap.conf env LC_ALL=C qemu-img info -f qcow2 --output=json --force-share /opt/stack/data/cinder/mnt/cf1f3e8c8e4a68940d1ed1f2c59a0ad6/volume-481fd55d-e561-4d04-8cf5-104ecb7a72d2" returned: 0 in 1.728s {{(pid=81913) execute /opt/stack/data/venv/lib/python3.10/site-packages/oslo_concurrency/processutils.py:372}}
Jan 09 08:12:32 devstack cinder-volume[81913]: DEBUG oslo_concurrency.processutils [None req-7eab1232-2ba8-4bbf-b6cf-736b1c24968a tempest-GroupSnapshotsTest-938376751 None] Running cmd (subprocess): sudo cinder-rootwrap /etc/cinder/rootwrap.conf rm -f /opt/stack/data/cinder/mnt/cf1f3e8c8e4a68940d1ed1f2c59a0ad6/volume-481fd55d-e561-4d04-8cf5-104ecb7a72d2 {{(pid=81913) execute /opt/stack/data/venv/lib/python3.10/site-packages/oslo_concurrency/processutils.py:349}}
Jan 09 08:12:32 devstack sudo[88932]: quobyte : PWD=/ ; USER=root ; COMMAND=/opt/stack/data/venv/bin/cinder-rootwrap /etc/cinder/rootwrap.conf rm -f /opt/stack/data/cinder/mnt/cf1f3e8c8e4a68940d1ed1f2c59a0ad6/volume-481fd55d-e561-4d04-8cf5-104ecb7a72d2
Jan 09 08:12:32 devstack sudo[88932]: pam_unix(sudo:session): session opened for user root(uid=0) by (uid=1000)
Jan 09 08:12:33 devstack sudo[88932]: pam_unix(sudo:session): session closed for user root
Jan 09 08:12:33 devstack cinder-volume[81913]: DEBUG oslo_concurrency.processutils [None req-7eab1232-2ba8-4bbf-b6cf-736b1c24968a tempest-GroupSnapshotsTest-938376751 None] CMD "sudo cinder-rootwrap /etc/cinder/rootwrap.conf rm -f /opt/stack/data/cinder/mnt/cf1f3e8c8e4a68940d1ed1f2c59a0ad6/volume-481fd55d-e561-4d04-8cf5-104ecb7a72d2" returned: 0 in 1.061s {{(pid=81913) execute /opt/stack/data/venv/lib/python3.10/site-packages/oslo_concurrency/processutils.py:372}}
Jan 09 08:12:33 devstack cinder-volume[81913]: DEBUG cinder.coordination [None req-7eab1232-2ba8-4bbf-b6cf-736b1c24968a tempest-GroupSnapshotsTest-938376751 None] Lock "cinder-quobyte-481fd55d-e561-4d04-8cf5-104ecb7a72d2" released by "delete_volume" :: held 2.851s {{(pid=81913) __release /opt/stack/cinder/cinder/coordination.py:157}}
Jan 09 08:12:33 devstack cinder-volume[81913]: DEBUG cinder.quota [None req-7eab1232-2ba8-4bbf-b6cf-736b1c24968a tempest-GroupSnapshotsTest-938376751 None] Created reservations ['92ec5ffa-7bf4-4e74-8213-96b762e9febc'] {{(pid=81913) reserve /opt/stack/cinder/cinder/quota.py:752}}
Jan 09 08:12:33 devstack cinder-volume[81913]: WARNING cinder.quota [None req-7eab1232-2ba8-4bbf-b6cf-736b1c24968a tempest-GroupSnapshotsTest-938376751 None] Deprecated: Default quota for resource: volumes_tempest-GroupSnapshotsTest-volume-type-1337863345 is set by the default quota flag: quota_volumes_tempest-GroupSnapshotsTest-volume-type-1337863345, it is now deprecated. Please use the default quota class for default quota.
Jan 09 08:12:33 devstack cinder-volume[81913]: WARNING cinder.quota [None req-7eab1232-2ba8-4bbf-b6cf-736b1c24968a tempest-GroupSnapshotsTest-938376751 None] Deprecated: Default quota for resource: gigabytes_tempest-GroupSnapshotsTest-volume-type-1337863345 is set by the default quota flag: quota_gigabytes_tempest-GroupSnapshotsTest-volume-type-1337863345, it is now deprecated. Please use the default quota class for default quota.
Jan 09 08:12:33 devstack cinder-volume[81913]: DEBUG cinder.quota [None req-7eab1232-2ba8-4bbf-b6cf-736b1c24968a tempest-GroupSnapshotsTest-938376751 None] Created reservations ['20b58837-db07-4847-bfec-bab50f1cb6a1', '459cfd05-0a2c-4fd6-a6d1-352ad33f0ef4', '917c65c6-50fe-40e4-8671-a1a0edbcaff2', '8303ddd7-7992-4815-b7a9-f326a510b899'] {{(pid=81913) reserve /opt/stack/cinder/cinder/quota.py:752}}
Jan 09 08:12:33 devstack cinder-volume[81913]: DEBUG oslo_concurrency.lockutils [None req-7eab1232-2ba8-4bbf-b6cf-736b1c24968a tempest-GroupSnapshotsTest-938376751 None] Acquiring lock "quobyte_ensure" by "cinder.volume.drivers.quobyte.QuobyteDriver._ensure_shares_mounted" {{(pid=81913) inner /opt/stack/data/venv/lib/python3.10/site-packages/oslo_concurrency/lockutils.py:405}}
Jan 09 08:12:33 devstack cinder-volume[81913]: DEBUG oslo_concurrency.lockutils [None req-7eab1232-2ba8-4bbf-b6cf-736b1c24968a tempest-GroupSnapshotsTest-938376751 None] Lock "quobyte_ensure" acquired by "cinder.volume.drivers.quobyte.QuobyteDriver._ensure_shares_mounted" :: waited 0.001s {{(pid=81913) inner /opt/stack/data/venv/lib/python3.10/site-packages/oslo_concurrency/lockutils.py:410}}
Jan 09 08:12:33 devstack cinder-volume[81913]: DEBUG cinder.volume.drivers.quobyte [None req-7eab1232-2ba8-4bbf-b6cf-736b1c24968a tempest-GroupSnapshotsTest-938376751 None] Quobyte Volume URL set to: {'osci02.corp.quobyte.com/cinder-vol-072012cb-d702-4d03-96fc-f8d7d16baaa4': None} {{(pid=81913) _load_shares_config /opt/stack/cinder/cinder/volume/drivers/quobyte.py:604}}
Jan 09 08:12:33 devstack cinder-volume[81913]: DEBUG cinder.volume.drivers.quobyte [None req-7eab1232-2ba8-4bbf-b6cf-736b1c24968a tempest-GroupSnapshotsTest-938376751 None] Available shares ['osci02.corp.quobyte.com/cinder-vol-072012cb-d702-4d03-96fc-f8d7d16baaa4'] {{(pid=81913) _ensure_shares_mounted /opt/stack/cinder/cinder/volume/drivers/quobyte.py:634}}
Jan 09 08:12:33 devstack cinder-volume[81913]: DEBUG oslo_concurrency.lockutils [None req-7eab1232-2ba8-4bbf-b6cf-736b1c24968a tempest-GroupSnapshotsTest-938376751 None] Lock "quobyte_ensure" "released" by "cinder.volume.drivers.quobyte.QuobyteDriver._ensure_shares_mounted" :: held 0.007s {{(pid=81913) inner /opt/stack/data/venv/lib/python3.10/site-packages/oslo_concurrency/lockutils.py:424}}
Jan 09 08:12:33 devstack cinder-volume[81913]: DEBUG oslo_concurrency.processutils [None req-7eab1232-2ba8-4bbf-b6cf-736b1c24968a tempest-GroupSnapshotsTest-938376751 None] Running cmd (subprocess): sudo cinder-rootwrap /etc/cinder/rootwrap.conf df --portability --block-size 1 /opt/stack/data/cinder/mnt/cf1f3e8c8e4a68940d1ed1f2c59a0ad6 {{(pid=81913) execute /opt/stack/data/venv/lib/python3.10/site-packages/oslo_concurrency/processutils.py:349}}
Jan 09 08:12:33 devstack sudo[88955]: quobyte : PWD=/ ; USER=root ; COMMAND=/opt/stack/data/venv/bin/cinder-rootwrap /etc/cinder/rootwrap.conf df --portability --block-size 1 /opt/stack/data/cinder/mnt/cf1f3e8c8e4a68940d1ed1f2c59a0ad6
Jan 09 08:12:33 devstack sudo[88955]: pam_unix(sudo:session): session opened for user root(uid=0) by (uid=1000)
Jan 09 08:12:34 devstack cinder-volume[81913]: INFO cinder.volume.manager [None req-57b16bd0-4eaa-4cf1-819a-a0d81c77f591 tempest-GroupSnapshotsTest-938376751 None] group_snapshot 6278fafd-64fb-4182-9ef4-89a9d4339615: deleting
Jan 09 08:12:34 devstack cinder-volume[81913]: WARNING cinder.volume.volume_utils [None req-57b16bd0-4eaa-4cf1-819a-a0d81c77f591 tempest-GroupSnapshotsTest-938376751 None] Volume driver (QuobyteDriver 1.1.13) is currently unsupported and may be removed in the next release of OpenStack. Use at your own risk.
Jan 09 08:12:34 devstack cinder-volume[81913]: DEBUG cinder.volume.manager [None req-57b16bd0-4eaa-4cf1-819a-a0d81c77f591 tempest-GroupSnapshotsTest-938376751 None] group_snapshot 6278fafd-64fb-4182-9ef4-89a9d4339615: deleting {{(pid=81913) delete_group_snapshot /opt/stack/cinder/cinder/volume/manager.py:4317}}
Jan 09 08:12:34 devstack cinder-volume[81913]: DEBUG cinder.coordination [None req-57b16bd0-4eaa-4cf1-819a-a0d81c77f591 tempest-GroupSnapshotsTest-938376751 None] Acquiring lock "cinder-quobyte-e9ac22e5-7193-4489-9213-fd0fdbae2fba" by "delete_snapshot" {{(pid=81913) __acquire /opt/stack/cinder/cinder/coordination.py:143}}
Jan 09 08:12:34 devstack cinder-volume[81913]: DEBUG cinder.coordination [None req-57b16bd0-4eaa-4cf1-819a-a0d81c77f591 tempest-GroupSnapshotsTest-938376751 None] Lock "cinder-quobyte-e9ac22e5-7193-4489-9213-fd0fdbae2fba" acquired by "delete_snapshot" :: waited 0.015s {{(pid=81913) __acquire /opt/stack/cinder/cinder/coordination.py:146}}
Jan 09 08:12:34 devstack cinder-volume[81913]: DEBUG cinder.coordination [None req-57b16bd0-4eaa-4cf1-819a-a0d81c77f591 tempest-GroupSnapshotsTest-938376751 None] Acquiring lock "cinder-quobyte-502413ba-91f7-47d7-8308-bf09ded470de" by "_delete_snapshot" {{(pid=81913) __acquire /opt/stack/cinder/cinder/coordination.py:143}}
Jan 09 08:12:34 devstack cinder-volume[81913]: DEBUG cinder.coordination [None req-57b16bd0-4eaa-4cf1-819a-a0d81c77f591 tempest-GroupSnapshotsTest-938376751 None] Lock "cinder-quobyte-502413ba-91f7-47d7-8308-bf09ded470de" acquired by "_delete_snapshot" :: waited 0.017s {{(pid=81913) __acquire /opt/stack/cinder/cinder/coordination.py:146}}
Jan 09 08:12:34 devstack cinder-volume[81913]: DEBUG cinder.volume.drivers.remotefs [None req-57b16bd0-4eaa-4cf1-819a-a0d81c77f591 tempest-GroupSnapshotsTest-938376751 None] Deleting offline snapshot 502413ba-91f7-47d7-8308-bf09ded470de of volume e9ac22e5-7193-4489-9213-fd0fdbae2fba {{(pid=81913) _delete_snapshot /opt/stack/cinder/cinder/volume/drivers/remotefs.py:1278}}
Jan 09 08:12:34 devstack sudo[88955]: pam_unix(sudo:session): session closed for user root
Jan 09 08:12:34 devstack cinder-volume[81913]: DEBUG cinder.volume.drivers.remotefs [None req-57b16bd0-4eaa-4cf1-819a-a0d81c77f591 tempest-GroupSnapshotsTest-938376751 None] snapshot_file for this snap is: volume-e9ac22e5-7193-4489-9213-fd0fdbae2fba.502413ba-91f7-47d7-8308-bf09ded470de {{(pid=81913) _delete_snapshot /opt/stack/cinder/cinder/volume/drivers/remotefs.py:1307}}
Jan 09 08:12:34 devstack cinder-volume[81913]: DEBUG oslo_concurrency.processutils [None req-7eab1232-2ba8-4bbf-b6cf-736b1c24968a tempest-GroupSnapshotsTest-938376751 None] CMD "sudo cinder-rootwrap /etc/cinder/rootwrap.conf df --portability --block-size 1 /opt/stack/data/cinder/mnt/cf1f3e8c8e4a68940d1ed1f2c59a0ad6" returned: 0 in 0.557s {{(pid=81913) execute /opt/stack/data/venv/lib/python3.10/site-packages/oslo_concurrency/processutils.py:372}}
Jan 09 08:12:34 devstack cinder-volume[81913]: DEBUG cinder.manager [None req-7eab1232-2ba8-4bbf-b6cf-736b1c24968a tempest-GroupSnapshotsTest-938376751 None] Notifying Schedulers of capabilities ... {{(pid=81913) _publish_service_capabilities /opt/stack/cinder/cinder/manager.py:202}}
Jan 09 08:12:34 devstack cinder-volume[81913]: DEBUG oslo.privsep.daemon [-] privsep: reply[6e33d23f-ca6c-4001-af79-9deea8ec18f7]: (4, 'qcow2') {{(pid=82758) _call_back /opt/stack/data/venv/lib/python3.10/site-packages/oslo_privsep/daemon.py:515}}
Jan 09 08:12:34 devstack cinder-volume[81913]: DEBUG oslo_concurrency.processutils [None req-57b16bd0-4eaa-4cf1-819a-a0d81c77f591 tempest-GroupSnapshotsTest-938376751 None] Running cmd (subprocess): /opt/stack/data/venv/bin/python3.10 -m oslo_concurrency.prlimit --as=1073741824 --cpu=60 -- sudo cinder-rootwrap /etc/cinder/rootwrap.conf env LC_ALL=C qemu-img info -f qcow2 --output=json --force-share /opt/stack/data/cinder/mnt/cf1f3e8c8e4a68940d1ed1f2c59a0ad6/volume-e9ac22e5-7193-4489-9213-fd0fdbae2fba.502413ba-91f7-47d7-8308-bf09ded470de {{(pid=81913) execute /opt/stack/data/venv/lib/python3.10/site-packages/oslo_concurrency/processutils.py:349}}
Jan 09 08:12:34 devstack cinder-volume[81913]: INFO cinder.volume.manager [None req-7eab1232-2ba8-4bbf-b6cf-736b1c24968a tempest-GroupSnapshotsTest-938376751 None] Delete group completed successfully.
Jan 09 08:12:34 devstack sudo[88967]: quobyte : PWD=/ ; USER=root ; COMMAND=/opt/stack/data/venv/bin/cinder-rootwrap /etc/cinder/rootwrap.conf env LC_ALL=C qemu-img info -f qcow2 --output=json --force-share /opt/stack/data/cinder/mnt/cf1f3e8c8e4a68940d1ed1f2c59a0ad6/volume-e9ac22e5-7193-4489-9213-fd0fdbae2fba.502413ba-91f7-47d7-8308-bf09ded470de
Jan 09 08:12:34 devstack sudo[88967]: pam_unix(sudo:session): session opened for user root(uid=0) by (uid=1000)
Jan 09 08:12:34 devstack sudo[88967]: pam_unix(sudo:session): session closed for user root
Jan 09 08:12:34 devstack cinder-volume[81913]: DEBUG oslo_concurrency.processutils [None req-57b16bd0-4eaa-4cf1-819a-a0d81c77f591 tempest-GroupSnapshotsTest-938376751 None] CMD "/opt/stack/data/venv/bin/python3.10 -m oslo_concurrency.prlimit --as=1073741824 --cpu=60 -- sudo cinder-rootwrap /etc/cinder/rootwrap.conf env LC_ALL=C qemu-img info -f qcow2 --output=json --force-share /opt/stack/data/cinder/mnt/cf1f3e8c8e4a68940d1ed1f2c59a0ad6/volume-e9ac22e5-7193-4489-9213-fd0fdbae2fba.502413ba-91f7-47d7-8308-bf09ded470de" returned: 0 in 0.741s {{(pid=81913) execute /opt/stack/data/venv/lib/python3.10/site-packages/oslo_concurrency/processutils.py:372}}
Jan 09 08:12:34 devstack cinder-volume[81913]: DEBUG cinder.volume.drivers.remotefs [None req-57b16bd0-4eaa-4cf1-819a-a0d81c77f591 tempest-GroupSnapshotsTest-938376751 None] Fetching qemu-img info with special backing_file_template: (/opt/stack/data/cinder/mnt/[0-9a-f]+/)?(volume-e9ac22e5-7193-4489-9213-fd0fdbae2fba(.(tmp-snap-)?[0-9a-f-]+)?|volume_from_snapshot_cache/(tmp-snap-)?[0-9a-f-]+(.(child-|parent-)[0-9a-f-]+)?)$ {{(pid=81913) _qemu_img_info_base /opt/stack/cinder/cinder/volume/drivers/remotefs.py:886}}
Jan 09 08:12:34 devstack cinder-volume[81913]: DEBUG oslo.privsep.daemon [-] privsep: reply[3f870d76-e398-4e97-88cc-8f4b7bd8df6e]: (4, 'qcow2') {{(pid=82758) _call_back /opt/stack/data/venv/lib/python3.10/site-packages/oslo_privsep/daemon.py:515}}
Jan 09 08:12:34 devstack cinder-volume[81913]: DEBUG oslo_concurrency.processutils [None req-57b16bd0-4eaa-4cf1-819a-a0d81c77f591 tempest-GroupSnapshotsTest-938376751 None] Running cmd (subprocess): /opt/stack/data/venv/bin/python3.10 -m oslo_concurrency.prlimit --as=1073741824 --cpu=60 -- sudo cinder-rootwrap /etc/cinder/rootwrap.conf env LC_ALL=C qemu-img info -f qcow2 --output=json --force-share /opt/stack/data/cinder/mnt/cf1f3e8c8e4a68940d1ed1f2c59a0ad6/volume-e9ac22e5-7193-4489-9213-fd0fdbae2fba {{(pid=81913) execute /opt/stack/data/venv/lib/python3.10/site-packages/oslo_concurrency/processutils.py:349}}
Jan 09 08:12:35 devstack sudo[88974]: quobyte : PWD=/ ; USER=root ; COMMAND=/opt/stack/data/venv/bin/cinder-rootwrap /etc/cinder/rootwrap.conf env LC_ALL=C qemu-img info -f qcow2 --output=json --force-share /opt/stack/data/cinder/mnt/cf1f3e8c8e4a68940d1ed1f2c59a0ad6/volume-e9ac22e5-7193-4489-9213-fd0fdbae2fba
Jan 09 08:12:35 devstack sudo[88974]: pam_unix(sudo:session): session opened for user root(uid=0) by (uid=1000)
Jan 09 08:12:35 devstack sudo[88974]: pam_unix(sudo:session): session closed for user root
Jan 09 08:12:35 devstack cinder-volume[81913]: DEBUG oslo_concurrency.processutils [None req-57b16bd0-4eaa-4cf1-819a-a0d81c77f591 tempest-GroupSnapshotsTest-938376751 None] CMD "/opt/stack/data/venv/bin/python3.10 -m oslo_concurrency.prlimit --as=1073741824 --cpu=60 -- sudo cinder-rootwrap /etc/cinder/rootwrap.conf env LC_ALL=C qemu-img info -f qcow2 --output=json --force-share /opt/stack/data/cinder/mnt/cf1f3e8c8e4a68940d1ed1f2c59a0ad6/volume-e9ac22e5-7193-4489-9213-fd0fdbae2fba" returned: 0 in 0.723s {{(pid=81913) execute /opt/stack/data/venv/lib/python3.10/site-packages/oslo_concurrency/processutils.py:372}}
Jan 09 08:12:35 devstack cinder-volume[81913]: DEBUG oslo_concurrency.processutils [None req-57b16bd0-4eaa-4cf1-819a-a0d81c77f591 tempest-GroupSnapshotsTest-938376751 None] Running cmd (subprocess): sudo cinder-rootwrap /etc/cinder/rootwrap.conf qemu-img commit -d /opt/stack/data/cinder/mnt/cf1f3e8c8e4a68940d1ed1f2c59a0ad6/volume-e9ac22e5-7193-4489-9213-fd0fdbae2fba.502413ba-91f7-47d7-8308-bf09ded470de {{(pid=81913) execute /opt/stack/data/venv/lib/python3.10/site-packages/oslo_concurrency/processutils.py:349}}
Jan 09 08:12:35 devstack sudo[88979]: quobyte : PWD=/ ; USER=root ; COMMAND=/opt/stack/data/venv/bin/cinder-rootwrap /etc/cinder/rootwrap.conf qemu-img commit -d /opt/stack/data/cinder/mnt/cf1f3e8c8e4a68940d1ed1f2c59a0ad6/volume-e9ac22e5-7193-4489-9213-fd0fdbae2fba.502413ba-91f7-47d7-8308-bf09ded470de
Jan 09 08:12:35 devstack sudo[88979]: pam_unix(sudo:session): session opened for user root(uid=0) by (uid=1000)
Jan 09 08:12:36 devstack sudo[88979]: pam_unix(sudo:session): session closed for user root
Jan 09 08:12:36 devstack cinder-volume[81913]: DEBUG oslo_concurrency.processutils [None req-57b16bd0-4eaa-4cf1-819a-a0d81c77f591 tempest-GroupSnapshotsTest-938376751 None] CMD "sudo cinder-rootwrap /etc/cinder/rootwrap.conf qemu-img commit -d /opt/stack/data/cinder/mnt/cf1f3e8c8e4a68940d1ed1f2c59a0ad6/volume-e9ac22e5-7193-4489-9213-fd0fdbae2fba.502413ba-91f7-47d7-8308-bf09ded470de" returned: 0 in 0.835s {{(pid=81913) execute /opt/stack/data/venv/lib/python3.10/site-packages/oslo_concurrency/processutils.py:372}}
Jan 09 08:12:36 devstack cinder-volume[81913]: DEBUG oslo_concurrency.processutils [None req-57b16bd0-4eaa-4cf1-819a-a0d81c77f591 tempest-GroupSnapshotsTest-938376751 None] Running cmd (subprocess): sudo cinder-rootwrap /etc/cinder/rootwrap.conf rm -f /opt/stack/data/cinder/mnt/cf1f3e8c8e4a68940d1ed1f2c59a0ad6/volume-e9ac22e5-7193-4489-9213-fd0fdbae2fba.502413ba-91f7-47d7-8308-bf09ded470de {{(pid=81913) execute /opt/stack/data/venv/lib/python3.10/site-packages/oslo_concurrency/processutils.py:349}}
Jan 09 08:12:36 devstack sudo[88984]: quobyte : PWD=/ ; USER=root ; COMMAND=/opt/stack/data/venv/bin/cinder-rootwrap /etc/cinder/rootwrap.conf rm -f /opt/stack/data/cinder/mnt/cf1f3e8c8e4a68940d1ed1f2c59a0ad6/volume-e9ac22e5-7193-4489-9213-fd0fdbae2fba.502413ba-91f7-47d7-8308-bf09ded470de
Jan 09 08:12:36 devstack sudo[88984]: pam_unix(sudo:session): session opened for user root(uid=0) by (uid=1000)
Jan 09 08:12:37 devstack sudo[88984]: pam_unix(sudo:session): session closed for user root
Jan 09 08:12:37 devstack cinder-volume[81913]: DEBUG oslo_concurrency.processutils [None req-57b16bd0-4eaa-4cf1-819a-a0d81c77f591 tempest-GroupSnapshotsTest-938376751 None] CMD "sudo cinder-rootwrap /etc/cinder/rootwrap.conf rm -f /opt/stack/data/cinder/mnt/cf1f3e8c8e4a68940d1ed1f2c59a0ad6/volume-e9ac22e5-7193-4489-9213-fd0fdbae2fba.502413ba-91f7-47d7-8308-bf09ded470de" returned: 0 in 0.693s {{(pid=81913) execute /opt/stack/data/venv/lib/python3.10/site-packages/oslo_concurrency/processutils.py:372}}
Jan 09 08:12:37 devstack cinder-volume[81913]: DEBUG cinder.coordination [None req-57b16bd0-4eaa-4cf1-819a-a0d81c77f591 tempest-GroupSnapshotsTest-938376751 None] Lock "cinder-quobyte-502413ba-91f7-47d7-8308-bf09ded470de" released by "_delete_snapshot" :: held 3.097s {{(pid=81913) __release /opt/stack/cinder/cinder/coordination.py:157}}
Jan 09 08:12:37 devstack cinder-volume[81913]: DEBUG cinder.coordination [None req-57b16bd0-4eaa-4cf1-819a-a0d81c77f591 tempest-GroupSnapshotsTest-938376751 None] Lock "cinder-quobyte-e9ac22e5-7193-4489-9213-fd0fdbae2fba" released by "delete_snapshot" :: held 3.121s {{(pid=81913) __release /opt/stack/cinder/cinder/coordination.py:157}}
Jan 09 08:12:37 devstack cinder-volume[81913]: WARNING cinder.quota [None req-57b16bd0-4eaa-4cf1-819a-a0d81c77f591 tempest-GroupSnapshotsTest-938376751 None] Deprecated: Default quota for resource: snapshots_tempest-GroupSnapshotsTest-volume-type-1337863345 is set by the default quota flag: quota_snapshots_tempest-GroupSnapshotsTest-volume-type-1337863345, it is now deprecated. Please use the default quota class for default quota.
Jan 09 08:12:37 devstack cinder-volume[81913]: DEBUG cinder.quota [None req-57b16bd0-4eaa-4cf1-819a-a0d81c77f591 tempest-GroupSnapshotsTest-938376751 None] Created reservations ['85f705b5-1550-4b8f-b62d-06316bc6db2e', 'baa9045c-0a52-4d4a-9a8d-c0b2607c0c44', 'dc56849b-7ac4-4e0a-afbe-be89c36894b5', 'fac94086-0ff9-4efd-8f41-f74cadbdf755'] {{(pid=81913) reserve /opt/stack/cinder/cinder/quota.py:752}}
Jan 09 08:12:37 devstack cinder-volume[81913]: INFO cinder.volume.manager [None req-57b16bd0-4eaa-4cf1-819a-a0d81c77f591 tempest-GroupSnapshotsTest-938376751 None] group_snapshot 6278fafd-64fb-4182-9ef4-89a9d4339615: deleted successfully
Jan 09 08:12:37 devstack cinder-volume[81913]: WARNING cinder.volume.volume_utils [None req-37e5feb7-52a1-490a-97c0-40cf0a596bc9 tempest-GroupSnapshotsTest-938376751 None] Volume driver (QuobyteDriver 1.1.13) is currently unsupported and may be removed in the next release of OpenStack. Use at your own risk.
Jan 09 08:12:37 devstack cinder-volume[81913]: DEBUG cinder.coordination [None req-37e5feb7-52a1-490a-97c0-40cf0a596bc9 tempest-GroupSnapshotsTest-938376751 None] Acquiring lock "cinder-quobyte-e9ac22e5-7193-4489-9213-fd0fdbae2fba" by "delete_volume" {{(pid=81913) __acquire /opt/stack/cinder/cinder/coordination.py:143}}
Jan 09 08:12:37 devstack cinder-volume[81913]: DEBUG cinder.coordination [None req-37e5feb7-52a1-490a-97c0-40cf0a596bc9 tempest-GroupSnapshotsTest-938376751 None] Lock "cinder-quobyte-e9ac22e5-7193-4489-9213-fd0fdbae2fba" acquired by "delete_volume" :: waited 0.011s {{(pid=81913) __acquire /opt/stack/cinder/cinder/coordination.py:146}}
Jan 09 08:12:37 devstack cinder-volume[81913]: DEBUG oslo.privsep.daemon [-] privsep: reply[eb147baa-9634-42df-9691-5c8729a4387c]: (4, 'qcow2') {{(pid=82758) _call_back /opt/stack/data/venv/lib/python3.10/site-packages/oslo_privsep/daemon.py:515}}
Jan 09 08:12:37 devstack cinder-volume[81913]: DEBUG oslo_concurrency.processutils [None req-37e5feb7-52a1-490a-97c0-40cf0a596bc9 tempest-GroupSnapshotsTest-938376751 None] Running cmd (subprocess): /opt/stack/data/venv/bin/python3.10 -m oslo_concurrency.prlimit --as=1073741824 --cpu=60 -- sudo cinder-rootwrap /etc/cinder/rootwrap.conf env LC_ALL=C qemu-img info -f qcow2 --output=json --force-share /opt/stack/data/cinder/mnt/cf1f3e8c8e4a68940d1ed1f2c59a0ad6/volume-e9ac22e5-7193-4489-9213-fd0fdbae2fba {{(pid=81913) execute /opt/stack/data/venv/lib/python3.10/site-packages/oslo_concurrency/processutils.py:349}}
Jan 09 08:12:38 devstack sudo[88988]: quobyte : PWD=/ ; USER=root ; COMMAND=/opt/stack/data/venv/bin/cinder-rootwrap /etc/cinder/rootwrap.conf env LC_ALL=C qemu-img info -f qcow2 --output=json --force-share /opt/stack/data/cinder/mnt/cf1f3e8c8e4a68940d1ed1f2c59a0ad6/volume-e9ac22e5-7193-4489-9213-fd0fdbae2fba
Jan 09 08:12:38 devstack sudo[88988]: pam_unix(sudo:session): session opened for user root(uid=0) by (uid=1000)
Jan 09 08:12:38 devstack sudo[88988]: pam_unix(sudo:session): session closed for user root
Jan 09 08:12:38 devstack cinder-volume[81913]: DEBUG oslo_concurrency.processutils [None req-37e5feb7-52a1-490a-97c0-40cf0a596bc9 tempest-GroupSnapshotsTest-938376751 None] CMD "/opt/stack/data/venv/bin/python3.10 -m oslo_concurrency.prlimit --as=1073741824 --cpu=60 -- sudo cinder-rootwrap /etc/cinder/rootwrap.conf env LC_ALL=C qemu-img info -f qcow2 --output=json --force-share /opt/stack/data/cinder/mnt/cf1f3e8c8e4a68940d1ed1f2c59a0ad6/volume-e9ac22e5-7193-4489-9213-fd0fdbae2fba" returned: 0 in 0.699s {{(pid=81913) execute /opt/stack/data/venv/lib/python3.10/site-packages/oslo_concurrency/processutils.py:372}}
Jan 09 08:12:38 devstack cinder-volume[81913]: DEBUG oslo_concurrency.processutils [None req-37e5feb7-52a1-490a-97c0-40cf0a596bc9 tempest-GroupSnapshotsTest-938376751 None] Running cmd (subprocess): sudo cinder-rootwrap /etc/cinder/rootwrap.conf rm -f /opt/stack/data/cinder/mnt/cf1f3e8c8e4a68940d1ed1f2c59a0ad6/volume-e9ac22e5-7193-4489-9213-fd0fdbae2fba {{(pid=81913) execute /opt/stack/data/venv/lib/python3.10/site-packages/oslo_concurrency/processutils.py:349}}
Jan 09 08:12:38 devstack sudo[88994]: quobyte : PWD=/ ; USER=root ; COMMAND=/opt/stack/data/venv/bin/cinder-rootwrap /etc/cinder/rootwrap.conf rm -f /opt/stack/data/cinder/mnt/cf1f3e8c8e4a68940d1ed1f2c59a0ad6/volume-e9ac22e5-7193-4489-9213-fd0fdbae2fba
Jan 09 08:12:38 devstack sudo[88994]: pam_unix(sudo:session): session opened for user root(uid=0) by (uid=1000)
Jan 09 08:12:39 devstack sudo[88994]: pam_unix(sudo:session): session closed for user root
Jan 09 08:12:39 devstack cinder-volume[81913]: DEBUG oslo_concurrency.processutils [None req-37e5feb7-52a1-490a-97c0-40cf0a596bc9 tempest-GroupSnapshotsTest-938376751 None] CMD "sudo cinder-rootwrap /etc/cinder/rootwrap.conf rm -f /opt/stack/data/cinder/mnt/cf1f3e8c8e4a68940d1ed1f2c59a0ad6/volume-e9ac22e5-7193-4489-9213-fd0fdbae2fba" returned: 0 in 0.519s {{(pid=81913) execute /opt/stack/data/venv/lib/python3.10/site-packages/oslo_concurrency/processutils.py:372}}
Jan 09 08:12:39 devstack cinder-volume[81913]: DEBUG cinder.coordination [None req-37e5feb7-52a1-490a-97c0-40cf0a596bc9 tempest-GroupSnapshotsTest-938376751 None] Lock "cinder-quobyte-e9ac22e5-7193-4489-9213-fd0fdbae2fba" released by "delete_volume" :: held 1.321s {{(pid=81913) __release /opt/stack/cinder/cinder/coordination.py:157}}
Jan 09 08:12:39 devstack cinder-volume[81913]: DEBUG cinder.quota [None req-37e5feb7-52a1-490a-97c0-40cf0a596bc9 tempest-GroupSnapshotsTest-938376751 None] Created reservations ['0d91edd4-e678-43d3-9e6f-b1df5e474454'] {{(pid=81913) reserve /opt/stack/cinder/cinder/quota.py:752}}
Jan 09 08:12:39 devstack cinder-volume[81913]: WARNING cinder.db.sqlalchemy.api [None req-37e5feb7-52a1-490a-97c0-40cf0a596bc9 tempest-GroupSnapshotsTest-938376751 None] Reservation would make usage less than 0 for the following resources, so on commit they will be limited to prevent going below 0: ['gigabytes', 'gigabytes_tempest-GroupSnapshotsTest-volume-type-1337863345']
Jan 09 08:12:39 devstack cinder-volume[81913]: DEBUG cinder.quota [None req-37e5feb7-52a1-490a-97c0-40cf0a596bc9 tempest-GroupSnapshotsTest-938376751 None] Created reservations ['f447e030-381a-42c8-a972-19e249b2cefc', '4e027474-46ff-4f80-9c30-ada223539a4e', 'f01e0a5e-e060-4a4d-baf5-0df1900b66d1', '1368c0f7-d3a8-4d69-88fb-736ef719e38d'] {{(pid=81913) reserve /opt/stack/cinder/cinder/quota.py:752}}
Jan 09 08:12:39 devstack cinder-volume[81913]: DEBUG oslo_concurrency.lockutils [None req-37e5feb7-52a1-490a-97c0-40cf0a596bc9 tempest-GroupSnapshotsTest-938376751 None] Acquiring lock "quobyte_ensure" by "cinder.volume.drivers.quobyte.QuobyteDriver._ensure_shares_mounted" {{(pid=81913) inner /opt/stack/data/venv/lib/python3.10/site-packages/oslo_concurrency/lockutils.py:405}}
Jan 09 08:12:39 devstack cinder-volume[81913]: DEBUG oslo_concurrency.lockutils [None req-37e5feb7-52a1-490a-97c0-40cf0a596bc9 tempest-GroupSnapshotsTest-938376751 None] Lock "quobyte_ensure" acquired by "cinder.volume.drivers.quobyte.QuobyteDriver._ensure_shares_mounted" :: waited 0.001s {{(pid=81913) inner /opt/stack/data/venv/lib/python3.10/site-packages/oslo_concurrency/lockutils.py:410}}
Jan 09 08:12:39 devstack cinder-volume[81913]: DEBUG cinder.volume.drivers.quobyte [None req-37e5feb7-52a1-490a-97c0-40cf0a596bc9 tempest-GroupSnapshotsTest-938376751 None] Quobyte Volume URL set to: {'osci02.corp.quobyte.com/cinder-vol-072012cb-d702-4d03-96fc-f8d7d16baaa4': None} {{(pid=81913) _load_shares_config /opt/stack/cinder/cinder/volume/drivers/quobyte.py:604}}
Jan 09 08:12:39 devstack cinder-volume[81913]: DEBUG cinder.volume.drivers.quobyte [None req-37e5feb7-52a1-490a-97c0-40cf0a596bc9 tempest-GroupSnapshotsTest-938376751 None] Available shares ['osci02.corp.quobyte.com/cinder-vol-072012cb-d702-4d03-96fc-f8d7d16baaa4'] {{(pid=81913) _ensure_shares_mounted /opt/stack/cinder/cinder/volume/drivers/quobyte.py:634}}
Jan 09 08:12:39 devstack cinder-volume[81913]: DEBUG oslo_concurrency.lockutils [None req-37e5feb7-52a1-490a-97c0-40cf0a596bc9 tempest-GroupSnapshotsTest-938376751 None] Lock "quobyte_ensure" "released" by "cinder.volume.drivers.quobyte.QuobyteDriver._ensure_shares_mounted" :: held 0.006s {{(pid=81913) inner /opt/stack/data/venv/lib/python3.10/site-packages/oslo_concurrency/lockutils.py:424}}
Jan 09 08:12:39 devstack cinder-volume[81913]: DEBUG oslo_concurrency.processutils [None req-37e5feb7-52a1-490a-97c0-40cf0a596bc9 tempest-GroupSnapshotsTest-938376751 None] Running cmd (subprocess): sudo cinder-rootwrap /etc/cinder/rootwrap.conf df --portability --block-size 1 /opt/stack/data/cinder/mnt/cf1f3e8c8e4a68940d1ed1f2c59a0ad6 {{(pid=81913) execute /opt/stack/data/venv/lib/python3.10/site-packages/oslo_concurrency/processutils.py:349}}
Jan 09 08:12:39 devstack sudo[89009]: quobyte : PWD=/ ; USER=root ; COMMAND=/opt/stack/data/venv/bin/cinder-rootwrap /etc/cinder/rootwrap.conf df --portability --block-size 1 /opt/stack/data/cinder/mnt/cf1f3e8c8e4a68940d1ed1f2c59a0ad6
Jan 09 08:12:39 devstack sudo[89009]: pam_unix(sudo:session): session opened for user root(uid=0) by (uid=1000)
Jan 09 08:12:40 devstack sudo[89009]: pam_unix(sudo:session): session closed for user root
Jan 09 08:12:40 devstack cinder-volume[81913]: DEBUG oslo_concurrency.processutils [None req-37e5feb7-52a1-490a-97c0-40cf0a596bc9 tempest-GroupSnapshotsTest-938376751 None] CMD "sudo cinder-rootwrap /etc/cinder/rootwrap.conf df --portability --block-size 1 /opt/stack/data/cinder/mnt/cf1f3e8c8e4a68940d1ed1f2c59a0ad6" returned: 0 in 0.829s {{(pid=81913) execute /opt/stack/data/venv/lib/python3.10/site-packages/oslo_concurrency/processutils.py:372}}
