Jan 09 08:12:51 devstack cinder-volume[81913]: DEBUG oslo_concurrency.processutils [req-28c8eee5-9868-43fc-ba3e-ed699c8e1480 req-4a814b52-c148-44b7-be64-80831880901c tempest-ServerActionsV293TestJSON-1606931067 None] CMD "sudo cinder-rootwrap /etc/cinder/rootwrap.conf rm -f /opt/stack/data/cinder/mnt/cf1f3e8c8e4a68940d1ed1f2c59a0ad6/volume-0a573c9f-7384-4f53-87e4-e60f99e6ff23" returned: 0 in 0.632s {{(pid=81913) execute /opt/stack/data/venv/lib/python3.10/site-packages/oslo_concurrency/processutils.py:372}}
Jan 09 08:12:51 devstack cinder-volume[81913]: DEBUG cinder.coordination [req-28c8eee5-9868-43fc-ba3e-ed699c8e1480 req-4a814b52-c148-44b7-be64-80831880901c tempest-ServerActionsV293TestJSON-1606931067 None] Lock "cinder-quobyte-0a573c9f-7384-4f53-87e4-e60f99e6ff23" released by "delete_volume" :: held 2.311s {{(pid=81913) __release /opt/stack/cinder/cinder/coordination.py:157}}
Jan 09 08:12:51 devstack cinder-volume[81913]: DEBUG oslo_concurrency.lockutils [None req-d4884fb1-2f55-4478-8835-c4e8617f6bf3 tempest-GroupSnapshotsTest-938376751 None] Acquiring lock "quobyte" by "cinder.volume.drivers.quobyte.QuobyteDriver.create_snapshot" {{(pid=81913) inner /opt/stack/data/venv/lib/python3.10/site-packages/oslo_concurrency/lockutils.py:405}}
Jan 09 08:12:51 devstack cinder-volume[81913]: DEBUG oslo_concurrency.lockutils [None req-d4884fb1-2f55-4478-8835-c4e8617f6bf3 tempest-GroupSnapshotsTest-938376751 None] Lock "quobyte" acquired by "cinder.volume.drivers.quobyte.QuobyteDriver.create_snapshot" :: waited 0.001s {{(pid=81913) inner /opt/stack/data/venv/lib/python3.10/site-packages/oslo_concurrency/lockutils.py:410}}
Jan 09 08:12:51 devstack cinder-volume[81913]: DEBUG cinder.volume.drivers.remotefs [None req-d4884fb1-2f55-4478-8835-c4e8617f6bf3 tempest-GroupSnapshotsTest-938376751 None] Creating offline snapshot 8d07c71a-2adf-438e-8acf-9bcba351661d of volume 583f3adb-1c42-42fd-bdc6-58bccf9b902e {{(pid=81913) _create_snapshot /opt/stack/cinder/cinder/volume/drivers/remotefs.py:1694}}
Jan 09 08:12:51 devstack cinder-volume[81913]: DEBUG oslo.privsep.daemon [-] privsep: reply[e06471ba-9a32-4d48-b693-61de4c09b2c2]: (4, 'qcow2') {{(pid=82758) _call_back /opt/stack/data/venv/lib/python3.10/site-packages/oslo_privsep/daemon.py:515}}
Jan 09 08:12:51 devstack cinder-volume[81913]: DEBUG oslo_concurrency.processutils [None req-d4884fb1-2f55-4478-8835-c4e8617f6bf3 tempest-GroupSnapshotsTest-938376751 None] Running cmd (subprocess): /opt/stack/data/venv/bin/python3.10 -m oslo_concurrency.prlimit --as=1073741824 --cpu=60 -- sudo cinder-rootwrap /etc/cinder/rootwrap.conf env LC_ALL=C qemu-img info -f qcow2 --output=json --force-share /opt/stack/data/cinder/mnt/cf1f3e8c8e4a68940d1ed1f2c59a0ad6/volume-583f3adb-1c42-42fd-bdc6-58bccf9b902e {{(pid=81913) execute /opt/stack/data/venv/lib/python3.10/site-packages/oslo_concurrency/processutils.py:349}}
Jan 09 08:12:52 devstack cinder-volume[81913]: DEBUG cinder.quota [req-28c8eee5-9868-43fc-ba3e-ed699c8e1480 req-4a814b52-c148-44b7-be64-80831880901c tempest-ServerActionsV293TestJSON-1606931067 None] Created reservations ['c2fb6721-93ac-4a18-93fc-ed3d45c711f0', '57090bc5-9b59-4a11-baa6-39fa60500e9f', 'fadccce6-d90b-4558-b847-5679d0092dfa', 'e79c4c7a-1d86-4109-86c7-24cf8af8e60b'] {{(pid=81913) reserve /opt/stack/cinder/cinder/quota.py:752}}
Jan 09 08:12:52 devstack sudo[89222]: quobyte : PWD=/ ; USER=root ; COMMAND=/opt/stack/data/venv/bin/cinder-rootwrap /etc/cinder/rootwrap.conf env LC_ALL=C qemu-img info -f qcow2 --output=json --force-share /opt/stack/data/cinder/mnt/cf1f3e8c8e4a68940d1ed1f2c59a0ad6/volume-583f3adb-1c42-42fd-bdc6-58bccf9b902e
Jan 09 08:12:52 devstack sudo[89222]: pam_unix(sudo:session): session opened for user root(uid=0) by (uid=1000)
Jan 09 08:12:52 devstack cinder-volume[81913]: DEBUG oslo_concurrency.lockutils [req-28c8eee5-9868-43fc-ba3e-ed699c8e1480 req-4a814b52-c148-44b7-be64-80831880901c tempest-ServerActionsV293TestJSON-1606931067 None] Acquiring lock "quobyte_ensure" by "cinder.volume.drivers.quobyte.QuobyteDriver._ensure_shares_mounted" {{(pid=81913) inner /opt/stack/data/venv/lib/python3.10/site-packages/oslo_concurrency/lockutils.py:405}}
Jan 09 08:12:52 devstack cinder-volume[81913]: DEBUG oslo_concurrency.lockutils [req-28c8eee5-9868-43fc-ba3e-ed699c8e1480 req-4a814b52-c148-44b7-be64-80831880901c tempest-ServerActionsV293TestJSON-1606931067 None] Lock "quobyte_ensure" acquired by "cinder.volume.drivers.quobyte.QuobyteDriver._ensure_shares_mounted" :: waited 0.002s {{(pid=81913) inner /opt/stack/data/venv/lib/python3.10/site-packages/oslo_concurrency/lockutils.py:410}}
Jan 09 08:12:52 devstack cinder-volume[81913]: DEBUG cinder.volume.drivers.quobyte [req-28c8eee5-9868-43fc-ba3e-ed699c8e1480 req-4a814b52-c148-44b7-be64-80831880901c tempest-ServerActionsV293TestJSON-1606931067 None] Quobyte Volume URL set to: {'osci02.corp.quobyte.com/cinder-vol-072012cb-d702-4d03-96fc-f8d7d16baaa4': None} {{(pid=81913) _load_shares_config /opt/stack/cinder/cinder/volume/drivers/quobyte.py:604}}
Jan 09 08:12:52 devstack cinder-volume[81913]: DEBUG cinder.volume.drivers.quobyte [req-28c8eee5-9868-43fc-ba3e-ed699c8e1480 req-4a814b52-c148-44b7-be64-80831880901c tempest-ServerActionsV293TestJSON-1606931067 None] Available shares ['osci02.corp.quobyte.com/cinder-vol-072012cb-d702-4d03-96fc-f8d7d16baaa4'] {{(pid=81913) _ensure_shares_mounted /opt/stack/cinder/cinder/volume/drivers/quobyte.py:634}}
Jan 09 08:12:52 devstack cinder-volume[81913]: DEBUG oslo_concurrency.lockutils [req-28c8eee5-9868-43fc-ba3e-ed699c8e1480 req-4a814b52-c148-44b7-be64-80831880901c tempest-ServerActionsV293TestJSON-1606931067 None] Lock "quobyte_ensure" "released" by "cinder.volume.drivers.quobyte.QuobyteDriver._ensure_shares_mounted" :: held 0.013s {{(pid=81913) inner /opt/stack/data/venv/lib/python3.10/site-packages/oslo_concurrency/lockutils.py:424}}
Jan 09 08:12:52 devstack cinder-volume[81913]: DEBUG oslo_concurrency.processutils [req-28c8eee5-9868-43fc-ba3e-ed699c8e1480 req-4a814b52-c148-44b7-be64-80831880901c tempest-ServerActionsV293TestJSON-1606931067 None] Running cmd (subprocess): sudo cinder-rootwrap /etc/cinder/rootwrap.conf df --portability --block-size 1 /opt/stack/data/cinder/mnt/cf1f3e8c8e4a68940d1ed1f2c59a0ad6 {{(pid=81913) execute /opt/stack/data/venv/lib/python3.10/site-packages/oslo_concurrency/processutils.py:349}}
Jan 09 08:12:52 devstack sudo[89252]: quobyte : PWD=/ ; USER=root ; COMMAND=/opt/stack/data/venv/bin/cinder-rootwrap /etc/cinder/rootwrap.conf df --portability --block-size 1 /opt/stack/data/cinder/mnt/cf1f3e8c8e4a68940d1ed1f2c59a0ad6
Jan 09 08:12:52 devstack sudo[89252]: pam_unix(sudo:session): session opened for user root(uid=0) by (uid=1000)
Jan 09 08:12:53 devstack sudo[89222]: pam_unix(sudo:session): session closed for user root
Jan 09 08:12:53 devstack cinder-volume[81913]: DEBUG oslo_concurrency.processutils [None req-d4884fb1-2f55-4478-8835-c4e8617f6bf3 tempest-GroupSnapshotsTest-938376751 None] CMD "/opt/stack/data/venv/bin/python3.10 -m oslo_concurrency.prlimit --as=1073741824 --cpu=60 -- sudo cinder-rootwrap /etc/cinder/rootwrap.conf env LC_ALL=C qemu-img info -f qcow2 --output=json --force-share /opt/stack/data/cinder/mnt/cf1f3e8c8e4a68940d1ed1f2c59a0ad6/volume-583f3adb-1c42-42fd-bdc6-58bccf9b902e" returned: 0 in 1.165s {{(pid=81913) execute /opt/stack/data/venv/lib/python3.10/site-packages/oslo_concurrency/processutils.py:372}}
Jan 09 08:12:53 devstack cinder-volume[81913]: DEBUG oslo_concurrency.processutils [None req-d4884fb1-2f55-4478-8835-c4e8617f6bf3 tempest-GroupSnapshotsTest-938376751 None] Running cmd (subprocess): sudo cinder-rootwrap /etc/cinder/rootwrap.conf qemu-img create -f qcow2 -o backing_file=/opt/stack/data/cinder/mnt/cf1f3e8c8e4a68940d1ed1f2c59a0ad6/volume-583f3adb-1c42-42fd-bdc6-58bccf9b902e,backing_fmt=qcow2 /opt/stack/data/cinder/mnt/cf1f3e8c8e4a68940d1ed1f2c59a0ad6/volume-583f3adb-1c42-42fd-bdc6-58bccf9b902e.8d07c71a-2adf-438e-8acf-9bcba351661d 1G {{(pid=81913) execute /opt/stack/data/venv/lib/python3.10/site-packages/oslo_concurrency/processutils.py:349}}
Jan 09 08:12:53 devstack sudo[89290]: quobyte : PWD=/ ; USER=root ; COMMAND=/opt/stack/data/venv/bin/cinder-rootwrap /etc/cinder/rootwrap.conf qemu-img create -f qcow2 -o backing_file=/opt/stack/data/cinder/mnt/cf1f3e8c8e4a68940d1ed1f2c59a0ad6/volume-583f3adb-1c42-42fd-bdc6-58bccf9b902e,backing_fmt=qcow2 /opt/stack/data/cinder/mnt/cf1f3e8c8e4a68940d1ed1f2c59a0ad6/volume-583f3adb-1c42-42fd-bdc6-58bccf9b902e.8d07c71a-2adf-438e-8acf-9bcba351661d 1G
Jan 09 08:12:53 devstack sudo[89290]: pam_unix(sudo:session): session opened for user root(uid=0) by (uid=1000)
Jan 09 08:12:53 devstack sudo[89252]: pam_unix(sudo:session): session closed for user root
Jan 09 08:12:53 devstack cinder-volume[81913]: DEBUG oslo_concurrency.processutils [req-28c8eee5-9868-43fc-ba3e-ed699c8e1480 req-4a814b52-c148-44b7-be64-80831880901c tempest-ServerActionsV293TestJSON-1606931067 None] CMD "sudo cinder-rootwrap /etc/cinder/rootwrap.conf df --portability --block-size 1 /opt/stack/data/cinder/mnt/cf1f3e8c8e4a68940d1ed1f2c59a0ad6" returned: 0 in 1.111s {{(pid=81913) execute /opt/stack/data/venv/lib/python3.10/site-packages/oslo_concurrency/processutils.py:372}}
Jan 09 08:12:53 devstack cinder-volume[81913]: DEBUG cinder.manager [req-28c8eee5-9868-43fc-ba3e-ed699c8e1480 req-4a814b52-c148-44b7-be64-80831880901c tempest-ServerActionsV293TestJSON-1606931067 None] Notifying Schedulers of capabilities ... {{(pid=81913) _publish_service_capabilities /opt/stack/cinder/cinder/manager.py:202}}
Jan 09 08:12:53 devstack cinder-volume[81913]: INFO cinder.volume.manager [req-28c8eee5-9868-43fc-ba3e-ed699c8e1480 req-4a814b52-c148-44b7-be64-80831880901c tempest-ServerActionsV293TestJSON-1606931067 None] Deleted volume successfully.
Jan 09 08:12:53 devstack cinder-volume[81913]: DEBUG cinder.coordination [req-28c8eee5-9868-43fc-ba3e-ed699c8e1480 req-4a814b52-c148-44b7-be64-80831880901c tempest-ServerActionsV293TestJSON-1606931067 None] Lock "cinder-0a573c9f-7384-4f53-87e4-e60f99e6ff23-delete_volume" released by "delete_volume" :: held 3.839s {{(pid=81913) __release /opt/stack/cinder/cinder/coordination.py:157}}
Jan 09 08:12:53 devstack sudo[89290]: pam_unix(sudo:session): session closed for user root
Jan 09 08:12:53 devstack cinder-volume[81913]: DEBUG oslo_concurrency.processutils [None req-d4884fb1-2f55-4478-8835-c4e8617f6bf3 tempest-GroupSnapshotsTest-938376751 None] CMD "sudo cinder-rootwrap /etc/cinder/rootwrap.conf qemu-img create -f qcow2 -o backing_file=/opt/stack/data/cinder/mnt/cf1f3e8c8e4a68940d1ed1f2c59a0ad6/volume-583f3adb-1c42-42fd-bdc6-58bccf9b902e,backing_fmt=qcow2 /opt/stack/data/cinder/mnt/cf1f3e8c8e4a68940d1ed1f2c59a0ad6/volume-583f3adb-1c42-42fd-bdc6-58bccf9b902e.8d07c71a-2adf-438e-8acf-9bcba351661d 1G" returned: 0 in 0.813s {{(pid=81913) execute /opt/stack/data/venv/lib/python3.10/site-packages/oslo_concurrency/processutils.py:372}}
Jan 09 08:12:53 devstack cinder-volume[81913]: DEBUG oslo_concurrency.processutils [None req-d4884fb1-2f55-4478-8835-c4e8617f6bf3 tempest-GroupSnapshotsTest-938376751 None] Running cmd (subprocess): sudo cinder-rootwrap /etc/cinder/rootwrap.conf qemu-img rebase -u -b volume-583f3adb-1c42-42fd-bdc6-58bccf9b902e -F qcow2 /opt/stack/data/cinder/mnt/cf1f3e8c8e4a68940d1ed1f2c59a0ad6/volume-583f3adb-1c42-42fd-bdc6-58bccf9b902e.8d07c71a-2adf-438e-8acf-9bcba351661d {{(pid=81913) execute /opt/stack/data/venv/lib/python3.10/site-packages/oslo_concurrency/processutils.py:349}}
Jan 09 08:12:53 devstack sudo[89302]: quobyte : PWD=/ ; USER=root ; COMMAND=/opt/stack/data/venv/bin/cinder-rootwrap /etc/cinder/rootwrap.conf qemu-img rebase -u -b volume-583f3adb-1c42-42fd-bdc6-58bccf9b902e -F qcow2 /opt/stack/data/cinder/mnt/cf1f3e8c8e4a68940d1ed1f2c59a0ad6/volume-583f3adb-1c42-42fd-bdc6-58bccf9b902e.8d07c71a-2adf-438e-8acf-9bcba351661d
Jan 09 08:12:53 devstack sudo[89302]: pam_unix(sudo:session): session opened for user root(uid=0) by (uid=1000)
Jan 09 08:12:54 devstack sudo[89302]: pam_unix(sudo:session): session closed for user root
Jan 09 08:12:54 devstack cinder-volume[81913]: DEBUG oslo_concurrency.processutils [None req-d4884fb1-2f55-4478-8835-c4e8617f6bf3 tempest-GroupSnapshotsTest-938376751 None] CMD "sudo cinder-rootwrap /etc/cinder/rootwrap.conf qemu-img rebase -u -b volume-583f3adb-1c42-42fd-bdc6-58bccf9b902e -F qcow2 /opt/stack/data/cinder/mnt/cf1f3e8c8e4a68940d1ed1f2c59a0ad6/volume-583f3adb-1c42-42fd-bdc6-58bccf9b902e.8d07c71a-2adf-438e-8acf-9bcba351661d" returned: 0 in 0.799s {{(pid=81913) execute /opt/stack/data/venv/lib/python3.10/site-packages/oslo_concurrency/processutils.py:372}}
Jan 09 08:12:54 devstack cinder-volume[81913]: WARNING cinder.volume.drivers.remotefs [None req-d4884fb1-2f55-4478-8835-c4e8617f6bf3 tempest-GroupSnapshotsTest-938376751 None] /opt/stack/data/cinder/mnt/cf1f3e8c8e4a68940d1ed1f2c59a0ad6/volume-583f3adb-1c42-42fd-bdc6-58bccf9b902e.8d07c71a-2adf-438e-8acf-9bcba351661d is being set with open permissions: ugo+rw: NotImplementedError
Jan 09 08:12:54 devstack cinder-volume[81913]: DEBUG oslo_concurrency.processutils [None req-d4884fb1-2f55-4478-8835-c4e8617f6bf3 tempest-GroupSnapshotsTest-938376751 None] Running cmd (subprocess): sudo cinder-rootwrap /etc/cinder/rootwrap.conf chmod ugo+rw /opt/stack/data/cinder/mnt/cf1f3e8c8e4a68940d1ed1f2c59a0ad6/volume-583f3adb-1c42-42fd-bdc6-58bccf9b902e.8d07c71a-2adf-438e-8acf-9bcba351661d {{(pid=81913) execute /opt/stack/data/venv/lib/python3.10/site-packages/oslo_concurrency/processutils.py:349}}
Jan 09 08:12:54 devstack sudo[89333]: quobyte : PWD=/ ; USER=root ; COMMAND=/opt/stack/data/venv/bin/cinder-rootwrap /etc/cinder/rootwrap.conf chmod ugo+rw /opt/stack/data/cinder/mnt/cf1f3e8c8e4a68940d1ed1f2c59a0ad6/volume-583f3adb-1c42-42fd-bdc6-58bccf9b902e.8d07c71a-2adf-438e-8acf-9bcba351661d
Jan 09 08:12:54 devstack sudo[89333]: pam_unix(sudo:session): session opened for user root(uid=0) by (uid=1000)
Jan 09 08:12:55 devstack sudo[89333]: pam_unix(sudo:session): session closed for user root
Jan 09 08:12:55 devstack cinder-volume[81913]: DEBUG oslo_concurrency.processutils [None req-d4884fb1-2f55-4478-8835-c4e8617f6bf3 tempest-GroupSnapshotsTest-938376751 None] CMD "sudo cinder-rootwrap /etc/cinder/rootwrap.conf chmod ugo+rw /opt/stack/data/cinder/mnt/cf1f3e8c8e4a68940d1ed1f2c59a0ad6/volume-583f3adb-1c42-42fd-bdc6-58bccf9b902e.8d07c71a-2adf-438e-8acf-9bcba351661d" returned: 0 in 0.690s {{(pid=81913) execute /opt/stack/data/venv/lib/python3.10/site-packages/oslo_concurrency/processutils.py:372}}
Jan 09 08:12:55 devstack cinder-volume[81913]: DEBUG oslo_concurrency.processutils [None req-d4884fb1-2f55-4478-8835-c4e8617f6bf3 tempest-GroupSnapshotsTest-938376751 None] Running cmd (subprocess): sudo cinder-rootwrap /etc/cinder/rootwrap.conf truncate -s0 /opt/stack/data/cinder/mnt/cf1f3e8c8e4a68940d1ed1f2c59a0ad6/volume-583f3adb-1c42-42fd-bdc6-58bccf9b902e.info {{(pid=81913) execute /opt/stack/data/venv/lib/python3.10/site-packages/oslo_concurrency/processutils.py:349}}
Jan 09 08:12:55 devstack sudo[89347]: quobyte : PWD=/ ; USER=root ; COMMAND=/opt/stack/data/venv/bin/cinder-rootwrap /etc/cinder/rootwrap.conf truncate -s0 /opt/stack/data/cinder/mnt/cf1f3e8c8e4a68940d1ed1f2c59a0ad6/volume-583f3adb-1c42-42fd-bdc6-58bccf9b902e.info
Jan 09 08:12:55 devstack sudo[89347]: pam_unix(sudo:session): session opened for user root(uid=0) by (uid=1000)
Jan 09 08:12:56 devstack sudo[89347]: pam_unix(sudo:session): session closed for user root
Jan 09 08:12:56 devstack cinder-volume[81913]: DEBUG oslo_concurrency.processutils [None req-d4884fb1-2f55-4478-8835-c4e8617f6bf3 tempest-GroupSnapshotsTest-938376751 None] CMD "sudo cinder-rootwrap /etc/cinder/rootwrap.conf truncate -s0 /opt/stack/data/cinder/mnt/cf1f3e8c8e4a68940d1ed1f2c59a0ad6/volume-583f3adb-1c42-42fd-bdc6-58bccf9b902e.info" returned: 0 in 0.652s {{(pid=81913) execute /opt/stack/data/venv/lib/python3.10/site-packages/oslo_concurrency/processutils.py:372}}
Jan 09 08:12:56 devstack cinder-volume[81913]: WARNING cinder.volume.drivers.remotefs [None req-d4884fb1-2f55-4478-8835-c4e8617f6bf3 tempest-GroupSnapshotsTest-938376751 None] /opt/stack/data/cinder/mnt/cf1f3e8c8e4a68940d1ed1f2c59a0ad6/volume-583f3adb-1c42-42fd-bdc6-58bccf9b902e.info is being set with open permissions: ugo+rw: NotImplementedError
Jan 09 08:12:56 devstack cinder-volume[81913]: DEBUG oslo_concurrency.processutils [None req-d4884fb1-2f55-4478-8835-c4e8617f6bf3 tempest-GroupSnapshotsTest-938376751 None] Running cmd (subprocess): sudo cinder-rootwrap /etc/cinder/rootwrap.conf chmod ugo+rw /opt/stack/data/cinder/mnt/cf1f3e8c8e4a68940d1ed1f2c59a0ad6/volume-583f3adb-1c42-42fd-bdc6-58bccf9b902e.info {{(pid=81913) execute /opt/stack/data/venv/lib/python3.10/site-packages/oslo_concurrency/processutils.py:349}}
Jan 09 08:12:56 devstack sudo[89353]: quobyte : PWD=/ ; USER=root ; COMMAND=/opt/stack/data/venv/bin/cinder-rootwrap /etc/cinder/rootwrap.conf chmod ugo+rw /opt/stack/data/cinder/mnt/cf1f3e8c8e4a68940d1ed1f2c59a0ad6/volume-583f3adb-1c42-42fd-bdc6-58bccf9b902e.info
Jan 09 08:12:56 devstack sudo[89353]: pam_unix(sudo:session): session opened for user root(uid=0) by (uid=1000)
Jan 09 08:12:56 devstack sudo[89353]: pam_unix(sudo:session): session closed for user root
Jan 09 08:12:56 devstack cinder-volume[81913]: DEBUG oslo_concurrency.processutils [None req-d4884fb1-2f55-4478-8835-c4e8617f6bf3 tempest-GroupSnapshotsTest-938376751 None] CMD "sudo cinder-rootwrap /etc/cinder/rootwrap.conf chmod ugo+rw /opt/stack/data/cinder/mnt/cf1f3e8c8e4a68940d1ed1f2c59a0ad6/volume-583f3adb-1c42-42fd-bdc6-58bccf9b902e.info" returned: 0 in 0.755s {{(pid=81913) execute /opt/stack/data/venv/lib/python3.10/site-packages/oslo_concurrency/processutils.py:372}}
Jan 09 08:12:56 devstack cinder-volume[81913]: DEBUG oslo_concurrency.lockutils [None req-d4884fb1-2f55-4478-8835-c4e8617f6bf3 tempest-GroupSnapshotsTest-938376751 None] Lock "quobyte" "released" by "cinder.volume.drivers.quobyte.QuobyteDriver.create_snapshot" :: held 4.950s {{(pid=81913) inner /opt/stack/data/venv/lib/python3.10/site-packages/oslo_concurrency/lockutils.py:424}}
Jan 09 08:12:56 devstack cinder-volume[81913]: DEBUG oslo_concurrency.lockutils [None req-d4884fb1-2f55-4478-8835-c4e8617f6bf3 tempest-GroupSnapshotsTest-938376751 None] Acquiring lock "quobyte" by "cinder.volume.drivers.quobyte.QuobyteDriver.create_snapshot" {{(pid=81913) inner /opt/stack/data/venv/lib/python3.10/site-packages/oslo_concurrency/lockutils.py:405}}
Jan 09 08:12:56 devstack cinder-volume[81913]: DEBUG oslo_concurrency.lockutils [None req-d4884fb1-2f55-4478-8835-c4e8617f6bf3 tempest-GroupSnapshotsTest-938376751 None] Lock "quobyte" acquired by "cinder.volume.drivers.quobyte.QuobyteDriver.create_snapshot" :: waited 0.001s {{(pid=81913) inner /opt/stack/data/venv/lib/python3.10/site-packages/oslo_concurrency/lockutils.py:410}}
Jan 09 08:12:56 devstack cinder-volume[81913]: DEBUG cinder.volume.drivers.remotefs [None req-d4884fb1-2f55-4478-8835-c4e8617f6bf3 tempest-GroupSnapshotsTest-938376751 None] Creating offline snapshot a85af84d-09e5-476d-b969-7fbf7918188b of volume a687b3a8-4501-4691-9834-d9512b8b8200 {{(pid=81913) _create_snapshot /opt/stack/cinder/cinder/volume/drivers/remotefs.py:1694}}
Jan 09 08:12:56 devstack cinder-volume[81913]: DEBUG oslo.privsep.daemon [-] privsep: reply[ab1b9fec-f091-4b8d-8c9a-3f5560ee063c]: (4, 'qcow2') {{(pid=82758) _call_back /opt/stack/data/venv/lib/python3.10/site-packages/oslo_privsep/daemon.py:515}}
Jan 09 08:12:56 devstack cinder-volume[81913]: DEBUG oslo_concurrency.processutils [None req-d4884fb1-2f55-4478-8835-c4e8617f6bf3 tempest-GroupSnapshotsTest-938376751 None] Running cmd (subprocess): /opt/stack/data/venv/bin/python3.10 -m oslo_concurrency.prlimit --as=1073741824 --cpu=60 -- sudo cinder-rootwrap /etc/cinder/rootwrap.conf env LC_ALL=C qemu-img info -f qcow2 --output=json --force-share /opt/stack/data/cinder/mnt/cf1f3e8c8e4a68940d1ed1f2c59a0ad6/volume-a687b3a8-4501-4691-9834-d9512b8b8200 {{(pid=81913) execute /opt/stack/data/venv/lib/python3.10/site-packages/oslo_concurrency/processutils.py:349}}
Jan 09 08:12:57 devstack sudo[89356]: quobyte : PWD=/ ; USER=root ; COMMAND=/opt/stack/data/venv/bin/cinder-rootwrap /etc/cinder/rootwrap.conf env LC_ALL=C qemu-img info -f qcow2 --output=json --force-share /opt/stack/data/cinder/mnt/cf1f3e8c8e4a68940d1ed1f2c59a0ad6/volume-a687b3a8-4501-4691-9834-d9512b8b8200
Jan 09 08:12:57 devstack sudo[89356]: pam_unix(sudo:session): session opened for user root(uid=0) by (uid=1000)
Jan 09 08:12:58 devstack sudo[89356]: pam_unix(sudo:session): session closed for user root
Jan 09 08:12:58 devstack cinder-volume[81913]: DEBUG oslo_concurrency.processutils [None req-d4884fb1-2f55-4478-8835-c4e8617f6bf3 tempest-GroupSnapshotsTest-938376751 None] CMD "/opt/stack/data/venv/bin/python3.10 -m oslo_concurrency.prlimit --as=1073741824 --cpu=60 -- sudo cinder-rootwrap /etc/cinder/rootwrap.conf env LC_ALL=C qemu-img info -f qcow2 --output=json --force-share /opt/stack/data/cinder/mnt/cf1f3e8c8e4a68940d1ed1f2c59a0ad6/volume-a687b3a8-4501-4691-9834-d9512b8b8200" returned: 0 in 1.147s {{(pid=81913) execute /opt/stack/data/venv/lib/python3.10/site-packages/oslo_concurrency/processutils.py:372}}
Jan 09 08:12:58 devstack cinder-volume[81913]: DEBUG oslo_concurrency.processutils [None req-d4884fb1-2f55-4478-8835-c4e8617f6bf3 tempest-GroupSnapshotsTest-938376751 None] Running cmd (subprocess): sudo cinder-rootwrap /etc/cinder/rootwrap.conf qemu-img create -f qcow2 -o backing_file=/opt/stack/data/cinder/mnt/cf1f3e8c8e4a68940d1ed1f2c59a0ad6/volume-a687b3a8-4501-4691-9834-d9512b8b8200,backing_fmt=qcow2 /opt/stack/data/cinder/mnt/cf1f3e8c8e4a68940d1ed1f2c59a0ad6/volume-a687b3a8-4501-4691-9834-d9512b8b8200.a85af84d-09e5-476d-b969-7fbf7918188b 1G {{(pid=81913) execute /opt/stack/data/venv/lib/python3.10/site-packages/oslo_concurrency/processutils.py:349}}
Jan 09 08:12:58 devstack sudo[89366]: quobyte : PWD=/ ; USER=root ; COMMAND=/opt/stack/data/venv/bin/cinder-rootwrap /etc/cinder/rootwrap.conf qemu-img create -f qcow2 -o backing_file=/opt/stack/data/cinder/mnt/cf1f3e8c8e4a68940d1ed1f2c59a0ad6/volume-a687b3a8-4501-4691-9834-d9512b8b8200,backing_fmt=qcow2 /opt/stack/data/cinder/mnt/cf1f3e8c8e4a68940d1ed1f2c59a0ad6/volume-a687b3a8-4501-4691-9834-d9512b8b8200.a85af84d-09e5-476d-b969-7fbf7918188b 1G
Jan 09 08:12:58 devstack sudo[89366]: pam_unix(sudo:session): session opened for user root(uid=0) by (uid=1000)
Jan 09 08:12:59 devstack sudo[89366]: pam_unix(sudo:session): session closed for user root
Jan 09 08:12:59 devstack cinder-volume[81913]: DEBUG oslo_concurrency.processutils [None req-d4884fb1-2f55-4478-8835-c4e8617f6bf3 tempest-GroupSnapshotsTest-938376751 None] CMD "sudo cinder-rootwrap /etc/cinder/rootwrap.conf qemu-img create -f qcow2 -o backing_file=/opt/stack/data/cinder/mnt/cf1f3e8c8e4a68940d1ed1f2c59a0ad6/volume-a687b3a8-4501-4691-9834-d9512b8b8200,backing_fmt=qcow2 /opt/stack/data/cinder/mnt/cf1f3e8c8e4a68940d1ed1f2c59a0ad6/volume-a687b3a8-4501-4691-9834-d9512b8b8200.a85af84d-09e5-476d-b969-7fbf7918188b 1G" returned: 0 in 0.942s {{(pid=81913) execute /opt/stack/data/venv/lib/python3.10/site-packages/oslo_concurrency/processutils.py:372}}
Jan 09 08:12:59 devstack cinder-volume[81913]: DEBUG oslo_concurrency.processutils [None req-d4884fb1-2f55-4478-8835-c4e8617f6bf3 tempest-GroupSnapshotsTest-938376751 None] Running cmd (subprocess): sudo cinder-rootwrap /etc/cinder/rootwrap.conf qemu-img rebase -u -b volume-a687b3a8-4501-4691-9834-d9512b8b8200 -F qcow2 /opt/stack/data/cinder/mnt/cf1f3e8c8e4a68940d1ed1f2c59a0ad6/volume-a687b3a8-4501-4691-9834-d9512b8b8200.a85af84d-09e5-476d-b969-7fbf7918188b {{(pid=81913) execute /opt/stack/data/venv/lib/python3.10/site-packages/oslo_concurrency/processutils.py:349}}
Jan 09 08:12:59 devstack sudo[89374]: quobyte : PWD=/ ; USER=root ; COMMAND=/opt/stack/data/venv/bin/cinder-rootwrap /etc/cinder/rootwrap.conf qemu-img rebase -u -b volume-a687b3a8-4501-4691-9834-d9512b8b8200 -F qcow2 /opt/stack/data/cinder/mnt/cf1f3e8c8e4a68940d1ed1f2c59a0ad6/volume-a687b3a8-4501-4691-9834-d9512b8b8200.a85af84d-09e5-476d-b969-7fbf7918188b
Jan 09 08:12:59 devstack sudo[89374]: pam_unix(sudo:session): session opened for user root(uid=0) by (uid=1000)
Jan 09 08:12:59 devstack sudo[89374]: pam_unix(sudo:session): session closed for user root
Jan 09 08:12:59 devstack cinder-volume[81913]: DEBUG oslo_concurrency.processutils [None req-d4884fb1-2f55-4478-8835-c4e8617f6bf3 tempest-GroupSnapshotsTest-938376751 None] CMD "sudo cinder-rootwrap /etc/cinder/rootwrap.conf qemu-img rebase -u -b volume-a687b3a8-4501-4691-9834-d9512b8b8200 -F qcow2 /opt/stack/data/cinder/mnt/cf1f3e8c8e4a68940d1ed1f2c59a0ad6/volume-a687b3a8-4501-4691-9834-d9512b8b8200.a85af84d-09e5-476d-b969-7fbf7918188b" returned: 0 in 0.657s {{(pid=81913) execute /opt/stack/data/venv/lib/python3.10/site-packages/oslo_concurrency/processutils.py:372}}
Jan 09 08:12:59 devstack cinder-volume[81913]: WARNING cinder.volume.drivers.remotefs [None req-d4884fb1-2f55-4478-8835-c4e8617f6bf3 tempest-GroupSnapshotsTest-938376751 None] /opt/stack/data/cinder/mnt/cf1f3e8c8e4a68940d1ed1f2c59a0ad6/volume-a687b3a8-4501-4691-9834-d9512b8b8200.a85af84d-09e5-476d-b969-7fbf7918188b is being set with open permissions: ugo+rw: NotImplementedError
Jan 09 08:12:59 devstack cinder-volume[81913]: DEBUG oslo_concurrency.processutils [None req-d4884fb1-2f55-4478-8835-c4e8617f6bf3 tempest-GroupSnapshotsTest-938376751 None] Running cmd (subprocess): sudo cinder-rootwrap /etc/cinder/rootwrap.conf chmod ugo+rw /opt/stack/data/cinder/mnt/cf1f3e8c8e4a68940d1ed1f2c59a0ad6/volume-a687b3a8-4501-4691-9834-d9512b8b8200.a85af84d-09e5-476d-b969-7fbf7918188b {{(pid=81913) execute /opt/stack/data/venv/lib/python3.10/site-packages/oslo_concurrency/processutils.py:349}}
Jan 09 08:12:59 devstack sudo[89379]: quobyte : PWD=/ ; USER=root ; COMMAND=/opt/stack/data/venv/bin/cinder-rootwrap /etc/cinder/rootwrap.conf chmod ugo+rw /opt/stack/data/cinder/mnt/cf1f3e8c8e4a68940d1ed1f2c59a0ad6/volume-a687b3a8-4501-4691-9834-d9512b8b8200.a85af84d-09e5-476d-b969-7fbf7918188b
Jan 09 08:12:59 devstack sudo[89379]: pam_unix(sudo:session): session opened for user root(uid=0) by (uid=1000)
Jan 09 08:13:00 devstack sudo[89379]: pam_unix(sudo:session): session closed for user root
Jan 09 08:13:00 devstack cinder-volume[81913]: DEBUG oslo_concurrency.processutils [None req-d4884fb1-2f55-4478-8835-c4e8617f6bf3 tempest-GroupSnapshotsTest-938376751 None] CMD "sudo cinder-rootwrap /etc/cinder/rootwrap.conf chmod ugo+rw /opt/stack/data/cinder/mnt/cf1f3e8c8e4a68940d1ed1f2c59a0ad6/volume-a687b3a8-4501-4691-9834-d9512b8b8200.a85af84d-09e5-476d-b969-7fbf7918188b" returned: 0 in 0.623s {{(pid=81913) execute /opt/stack/data/venv/lib/python3.10/site-packages/oslo_concurrency/processutils.py:372}}
Jan 09 08:13:00 devstack cinder-volume[81913]: DEBUG oslo_concurrency.processutils [None req-d4884fb1-2f55-4478-8835-c4e8617f6bf3 tempest-GroupSnapshotsTest-938376751 None] Running cmd (subprocess): sudo cinder-rootwrap /etc/cinder/rootwrap.conf truncate -s0 /opt/stack/data/cinder/mnt/cf1f3e8c8e4a68940d1ed1f2c59a0ad6/volume-a687b3a8-4501-4691-9834-d9512b8b8200.info {{(pid=81913) execute /opt/stack/data/venv/lib/python3.10/site-packages/oslo_concurrency/processutils.py:349}}
Jan 09 08:13:00 devstack sudo[89383]: quobyte : PWD=/ ; USER=root ; COMMAND=/opt/stack/data/venv/bin/cinder-rootwrap /etc/cinder/rootwrap.conf truncate -s0 /opt/stack/data/cinder/mnt/cf1f3e8c8e4a68940d1ed1f2c59a0ad6/volume-a687b3a8-4501-4691-9834-d9512b8b8200.info
Jan 09 08:13:00 devstack sudo[89383]: pam_unix(sudo:session): session opened for user root(uid=0) by (uid=1000)
Jan 09 08:13:00 devstack sudo[89383]: pam_unix(sudo:session): session closed for user root
Jan 09 08:13:00 devstack cinder-volume[81913]: DEBUG oslo_concurrency.processutils [None req-d4884fb1-2f55-4478-8835-c4e8617f6bf3 tempest-GroupSnapshotsTest-938376751 None] CMD "sudo cinder-rootwrap /etc/cinder/rootwrap.conf truncate -s0 /opt/stack/data/cinder/mnt/cf1f3e8c8e4a68940d1ed1f2c59a0ad6/volume-a687b3a8-4501-4691-9834-d9512b8b8200.info" returned: 0 in 0.569s {{(pid=81913) execute /opt/stack/data/venv/lib/python3.10/site-packages/oslo_concurrency/processutils.py:372}}
Jan 09 08:13:00 devstack cinder-volume[81913]: WARNING cinder.volume.drivers.remotefs [None req-d4884fb1-2f55-4478-8835-c4e8617f6bf3 tempest-GroupSnapshotsTest-938376751 None] /opt/stack/data/cinder/mnt/cf1f3e8c8e4a68940d1ed1f2c59a0ad6/volume-a687b3a8-4501-4691-9834-d9512b8b8200.info is being set with open permissions: ugo+rw: NotImplementedError
Jan 09 08:13:00 devstack cinder-volume[81913]: DEBUG oslo_concurrency.processutils [None req-d4884fb1-2f55-4478-8835-c4e8617f6bf3 tempest-GroupSnapshotsTest-938376751 None] Running cmd (subprocess): sudo cinder-rootwrap /etc/cinder/rootwrap.conf chmod ugo+rw /opt/stack/data/cinder/mnt/cf1f3e8c8e4a68940d1ed1f2c59a0ad6/volume-a687b3a8-4501-4691-9834-d9512b8b8200.info {{(pid=81913) execute /opt/stack/data/venv/lib/python3.10/site-packages/oslo_concurrency/processutils.py:349}}
Jan 09 08:13:00 devstack sudo[89386]: quobyte : PWD=/ ; USER=root ; COMMAND=/opt/stack/data/venv/bin/cinder-rootwrap /etc/cinder/rootwrap.conf chmod ugo+rw /opt/stack/data/cinder/mnt/cf1f3e8c8e4a68940d1ed1f2c59a0ad6/volume-a687b3a8-4501-4691-9834-d9512b8b8200.info
Jan 09 08:13:00 devstack sudo[89386]: pam_unix(sudo:session): session opened for user root(uid=0) by (uid=1000)
Jan 09 08:13:01 devstack cinder-volume[81913]: WARNING cinder.volume.volume_utils [req-3cb74558-53b3-4809-888b-17fa7d951fc8 req-e2b9710f-2130-420e-b1a3-053dcee523f5 tempest-VolumesSnapshotsTestJSON-2054772434 None] Volume driver (QuobyteDriver 1.1.13) is currently unsupported and may be removed in the next release of OpenStack. Use at your own risk.
Jan 09 08:13:01 devstack cinder-volume[81913]: DEBUG cinder.volume.flows.manager.create_volume [req-3cb74558-53b3-4809-888b-17fa7d951fc8 req-e2b9710f-2130-420e-b1a3-053dcee523f5 tempest-VolumesSnapshotsTestJSON-2054772434 None] Volume reschedule parameters: True retry: {'num_attempts': 1, 'backends': ['devstack@QuobyteHD#QuobyteHD'], 'hosts': ['devstack@QuobyteHD#QuobyteHD']} {{(pid=81913) get_flow /opt/stack/cinder/cinder/volume/flows/manager/create_volume.py:1383}}
Jan 09 08:13:01 devstack cinder-volume[81913]: DEBUG cinder.volume.manager [req-3cb74558-53b3-4809-888b-17fa7d951fc8 req-e2b9710f-2130-420e-b1a3-053dcee523f5 tempest-VolumesSnapshotsTestJSON-2054772434 None] Flow 'volume_create_manager' (021f4113-cfac-432f-8026-346ee2220a3e) transitioned into state 'RUNNING' from state 'PENDING' {{(pid=81913) _flow_receiver /opt/stack/data/venv/lib/python3.10/site-packages/taskflow/listeners/logging.py:145}}
Jan 09 08:13:01 devstack cinder-volume[81913]: DEBUG cinder.volume.manager [req-3cb74558-53b3-4809-888b-17fa7d951fc8 req-e2b9710f-2130-420e-b1a3-053dcee523f5 tempest-VolumesSnapshotsTestJSON-2054772434 None] Task 'cinder.volume.flows.manager.create_volume.ExtractVolumeRefTask;volume:create' (bd298f62-be68-448a-988a-df801e37d146) transitioned into state 'RUNNING' from state 'PENDING' {{(pid=81913) _task_receiver /opt/stack/data/venv/lib/python3.10/site-packages/taskflow/listeners/logging.py:194}}
Jan 09 08:13:01 devstack cinder-volume[81913]: DEBUG cinder.volume.manager [req-3cb74558-53b3-4809-888b-17fa7d951fc8 req-e2b9710f-2130-420e-b1a3-053dcee523f5 tempest-VolumesSnapshotsTestJSON-2054772434 None] Task 'cinder.volume.flows.manager.create_volume.ExtractVolumeRefTask;volume:create' (bd298f62-be68-448a-988a-df801e37d146) transitioned into state 'SUCCESS' from state 'RUNNING' with result 'Volume(_name_id=None,admin_metadata=,attach_status='detached',availability_zone='nova',bootable=False,cluster=,cluster_name=None,consistencygroup=,consistencygroup_id=None,created_at=2026-01-09T07:13:01Z,deleted=False,deleted_at=None,display_description=None,display_name='tempest-VolumesSnapshotsTestJSON-volume-1955281437',ec2_id=None,encryption_key_id=None,glance_metadata=,group=,group_id=None,host='devstack@QuobyteHD#QuobyteHD',id=1a8c0800-94ea-4743-a330-6dd8a2a8bb42,launched_at=None,metadata={},migration_status=None,multiattach=False,previous_status=None,project_id='3d39debe538f4f79b1f6f7cf720d03de',provider_auth=None,provider_geometry=None,provider_id=None,provider_location=None,replication_driver_data=None,replication_extended_status=None,replication_status=None,scheduled_at=2026-01-09T07:13:01Z,service_uuid=None,shared_targets=True,size=1,snapshot_id=None,snapshots=,source_volid=None,status='creating',terminated_at=None,updated_at=2026-01-09T07:13:01Z,use_quota=True,user_id='d4c17b20f67b454fa4e4fc281075d579',volume_attachment=VolumeAttachmentList,volume_type=VolumeType(958f3a96-30ac-4be1-98b8-03334629f011),volume_type_id=958f3a96-30ac-4be1-98b8-03334629f011)' {{(pid=81913) _task_receiver /opt/stack/data/venv/lib/python3.10/site-packages/taskflow/listeners/logging.py:182}}
Jan 09 08:13:01 devstack cinder-volume[81913]: DEBUG cinder.volume.manager [req-3cb74558-53b3-4809-888b-17fa7d951fc8 req-e2b9710f-2130-420e-b1a3-053dcee523f5 tempest-VolumesSnapshotsTestJSON-2054772434 None] Task 'cinder.volume.flows.manager.create_volume.OnFailureRescheduleTask;volume:create' (b06aa2af-88ac-4e78-9b66-a8a1d818642a) transitioned into state 'RUNNING' from state 'PENDING' {{(pid=81913) _task_receiver /opt/stack/data/venv/lib/python3.10/site-packages/taskflow/listeners/logging.py:194}}
Jan 09 08:13:01 devstack cinder-volume[81913]: DEBUG cinder.volume.manager [req-3cb74558-53b3-4809-888b-17fa7d951fc8 req-e2b9710f-2130-420e-b1a3-053dcee523f5 tempest-VolumesSnapshotsTestJSON-2054772434 None] Task 'cinder.volume.flows.manager.create_volume.OnFailureRescheduleTask;volume:create' (b06aa2af-88ac-4e78-9b66-a8a1d818642a) transitioned into state 'SUCCESS' from state 'RUNNING' with result 'None' {{(pid=81913) _task_receiver /opt/stack/data/venv/lib/python3.10/site-packages/taskflow/listeners/logging.py:182}}
Jan 09 08:13:01 devstack cinder-volume[81913]: DEBUG cinder.volume.manager [req-3cb74558-53b3-4809-888b-17fa7d951fc8 req-e2b9710f-2130-420e-b1a3-053dcee523f5 tempest-VolumesSnapshotsTestJSON-2054772434 None] Task 'cinder.volume.flows.manager.create_volume.ExtractVolumeSpecTask;volume:create' (3b375429-72c2-4f75-9caa-41acee780687) transitioned into state 'RUNNING' from state 'PENDING' {{(pid=81913) _task_receiver /opt/stack/data/venv/lib/python3.10/site-packages/taskflow/listeners/logging.py:194}}
Jan 09 08:13:01 devstack cinder-volume[81913]: DEBUG cinder.volume.manager [req-3cb74558-53b3-4809-888b-17fa7d951fc8 req-e2b9710f-2130-420e-b1a3-053dcee523f5 tempest-VolumesSnapshotsTestJSON-2054772434 None] Task 'cinder.volume.flows.manager.create_volume.ExtractVolumeSpecTask;volume:create' (3b375429-72c2-4f75-9caa-41acee780687) transitioned into state 'SUCCESS' from state 'RUNNING' with result '{'status': 'creating', 'type': 'raw', 'volume_id': '1a8c0800-94ea-4743-a330-6dd8a2a8bb42', 'volume_name': 'volume-1a8c0800-94ea-4743-a330-6dd8a2a8bb42', 'volume_size': 1}' {{(pid=81913) _task_receiver /opt/stack/data/venv/lib/python3.10/site-packages/taskflow/listeners/logging.py:182}}
Jan 09 08:13:01 devstack cinder-volume[81913]: DEBUG cinder.volume.manager [req-3cb74558-53b3-4809-888b-17fa7d951fc8 req-e2b9710f-2130-420e-b1a3-053dcee523f5 tempest-VolumesSnapshotsTestJSON-2054772434 None] Task 'cinder.volume.flows.manager.create_volume.NotifyVolumeActionTask;volume:create, create.start' (4cf68a1f-9c21-46f2-a953-5caa2e8625b0) transitioned into state 'RUNNING' from state 'PENDING' {{(pid=81913) _task_receiver /opt/stack/data/venv/lib/python3.10/site-packages/taskflow/listeners/logging.py:194}}
Jan 09 08:13:01 devstack cinder-volume[81913]: DEBUG cinder.volume.manager [req-3cb74558-53b3-4809-888b-17fa7d951fc8 req-e2b9710f-2130-420e-b1a3-053dcee523f5 tempest-VolumesSnapshotsTestJSON-2054772434 None] Task 'cinder.volume.flows.manager.create_volume.NotifyVolumeActionTask;volume:create, create.start' (4cf68a1f-9c21-46f2-a953-5caa2e8625b0) transitioned into state 'SUCCESS' from state 'RUNNING' with result 'None' {{(pid=81913) _task_receiver /opt/stack/data/venv/lib/python3.10/site-packages/taskflow/listeners/logging.py:182}}
Jan 09 08:13:01 devstack cinder-volume[81913]: DEBUG cinder.volume.manager [req-3cb74558-53b3-4809-888b-17fa7d951fc8 req-e2b9710f-2130-420e-b1a3-053dcee523f5 tempest-VolumesSnapshotsTestJSON-2054772434 None] Task 'cinder.volume.flows.manager.create_volume.CreateVolumeFromSpecTask;volume:create' (fe700c86-23ab-43db-98a2-fd91683d5669) transitioned into state 'RUNNING' from state 'PENDING' {{(pid=81913) _task_receiver /opt/stack/data/venv/lib/python3.10/site-packages/taskflow/listeners/logging.py:194}}
Jan 09 08:13:01 devstack cinder-volume[81913]: INFO cinder.volume.flows.manager.create_volume [req-3cb74558-53b3-4809-888b-17fa7d951fc8 req-e2b9710f-2130-420e-b1a3-053dcee523f5 tempest-VolumesSnapshotsTestJSON-2054772434 None] Volume 1a8c0800-94ea-4743-a330-6dd8a2a8bb42: being created as raw with specification: {'status': 'creating', 'volume_name': 'volume-1a8c0800-94ea-4743-a330-6dd8a2a8bb42', 'volume_size': 1}
Jan 09 08:13:01 devstack cinder-volume[81913]: DEBUG oslo_concurrency.lockutils [req-3cb74558-53b3-4809-888b-17fa7d951fc8 req-e2b9710f-2130-420e-b1a3-053dcee523f5 tempest-VolumesSnapshotsTestJSON-2054772434 None] Acquiring lock "quobyte" by "cinder.volume.drivers.quobyte.QuobyteDriver.create_volume" {{(pid=81913) inner /opt/stack/data/venv/lib/python3.10/site-packages/oslo_concurrency/lockutils.py:405}}
Jan 09 08:13:01 devstack sudo[89386]: pam_unix(sudo:session): session closed for user root
Jan 09 08:13:01 devstack cinder-volume[81913]: DEBUG oslo_concurrency.processutils [None req-d4884fb1-2f55-4478-8835-c4e8617f6bf3 tempest-GroupSnapshotsTest-938376751 None] CMD "sudo cinder-rootwrap /etc/cinder/rootwrap.conf chmod ugo+rw /opt/stack/data/cinder/mnt/cf1f3e8c8e4a68940d1ed1f2c59a0ad6/volume-a687b3a8-4501-4691-9834-d9512b8b8200.info" returned: 0 in 0.621s {{(pid=81913) execute /opt/stack/data/venv/lib/python3.10/site-packages/oslo_concurrency/processutils.py:372}}
Jan 09 08:13:01 devstack cinder-volume[81913]: DEBUG oslo_concurrency.lockutils [None req-d4884fb1-2f55-4478-8835-c4e8617f6bf3 tempest-GroupSnapshotsTest-938376751 None] Lock "quobyte" "released" by "cinder.volume.drivers.quobyte.QuobyteDriver.create_snapshot" :: held 4.650s {{(pid=81913) inner /opt/stack/data/venv/lib/python3.10/site-packages/oslo_concurrency/lockutils.py:424}}
Jan 09 08:13:01 devstack cinder-volume[81913]: DEBUG oslo_concurrency.lockutils [req-3cb74558-53b3-4809-888b-17fa7d951fc8 req-e2b9710f-2130-420e-b1a3-053dcee523f5 tempest-VolumesSnapshotsTestJSON-2054772434 None] Lock "quobyte" acquired by "cinder.volume.drivers.quobyte.QuobyteDriver.create_volume" :: waited 0.312s {{(pid=81913) inner /opt/stack/data/venv/lib/python3.10/site-packages/oslo_concurrency/lockutils.py:410}}
Jan 09 08:13:01 devstack cinder-volume[81913]: DEBUG cinder.volume.drivers.quobyte [req-3cb74558-53b3-4809-888b-17fa7d951fc8 req-e2b9710f-2130-420e-b1a3-053dcee523f5 tempest-VolumesSnapshotsTestJSON-2054772434 None] ==> create_volume: call "{'self': , 'volume': Volume(_name_id=None,admin_metadata=,attach_status='detached',availability_zone='nova',bootable=False,cluster=,cluster_name=None,consistencygroup=,consistencygroup_id=None,created_at=2026-01-09T07:13:01Z,deleted=False,deleted_at=None,display_description=None,display_name='tempest-VolumesSnapshotsTestJSON-volume-1955281437',ec2_id=None,encryption_key_id=None,glance_metadata=,group=,group_id=None,host='devstack@QuobyteHD#QuobyteHD',id=1a8c0800-94ea-4743-a330-6dd8a2a8bb42,launched_at=None,metadata={},migration_status=None,multiattach=False,previous_status=None,project_id='3d39debe538f4f79b1f6f7cf720d03de',provider_auth=None,provider_geometry=None,provider_id=None,provider_location=None,replication_driver_data=None,replication_extended_status=None,replication_status=None,scheduled_at=2026-01-09T07:13:01Z,service_uuid=None,shared_targets=True,size=1,snapshot_id=None,snapshots=,source_volid=None,status='creating',terminated_at=None,updated_at=2026-01-09T07:13:01Z,use_quota=True,user_id='d4c17b20f67b454fa4e4fc281075d579',volume_attachment=VolumeAttachmentList,volume_type=VolumeType(958f3a96-30ac-4be1-98b8-03334629f011),volume_type_id=958f3a96-30ac-4be1-98b8-03334629f011)}" {{(pid=81913) trace_logging_wrapper /opt/stack/cinder/cinder/volume/volume_utils.py:1498}}
Jan 09 08:13:01 devstack cinder-volume[81913]: DEBUG cinder.volume.drivers.remotefs [req-3cb74558-53b3-4809-888b-17fa7d951fc8 req-e2b9710f-2130-420e-b1a3-053dcee523f5 tempest-VolumesSnapshotsTestJSON-2054772434 None] Creating volume 1a8c0800-94ea-4743-a330-6dd8a2a8bb42 {{(pid=81913) create_volume /opt/stack/cinder/cinder/volume/drivers/remotefs.py:290}}
Jan 09 08:13:01 devstack cinder-volume[81913]: DEBUG oslo_concurrency.lockutils [req-3cb74558-53b3-4809-888b-17fa7d951fc8 req-e2b9710f-2130-420e-b1a3-053dcee523f5 tempest-VolumesSnapshotsTestJSON-2054772434 None] Acquiring lock "quobyte_ensure" by "cinder.volume.drivers.quobyte.QuobyteDriver._ensure_shares_mounted" {{(pid=81913) inner /opt/stack/data/venv/lib/python3.10/site-packages/oslo_concurrency/lockutils.py:405}}
Jan 09 08:13:01 devstack cinder-volume[81913]: DEBUG oslo_concurrency.lockutils [req-3cb74558-53b3-4809-888b-17fa7d951fc8 req-e2b9710f-2130-420e-b1a3-053dcee523f5 tempest-VolumesSnapshotsTestJSON-2054772434 None] Lock "quobyte_ensure" acquired by "cinder.volume.drivers.quobyte.QuobyteDriver._ensure_shares_mounted" :: waited 0.000s {{(pid=81913) inner /opt/stack/data/venv/lib/python3.10/site-packages/oslo_concurrency/lockutils.py:410}}
Jan 09 08:13:01 devstack cinder-volume[81913]: DEBUG cinder.volume.drivers.quobyte [req-3cb74558-53b3-4809-888b-17fa7d951fc8 req-e2b9710f-2130-420e-b1a3-053dcee523f5 tempest-VolumesSnapshotsTestJSON-2054772434 None] Quobyte Volume URL set to: {'osci02.corp.quobyte.com/cinder-vol-072012cb-d702-4d03-96fc-f8d7d16baaa4': None} {{(pid=81913) _load_shares_config /opt/stack/cinder/cinder/volume/drivers/quobyte.py:604}}
Jan 09 08:13:01 devstack cinder-volume[81913]: DEBUG cinder.volume.drivers.quobyte [req-3cb74558-53b3-4809-888b-17fa7d951fc8 req-e2b9710f-2130-420e-b1a3-053dcee523f5 tempest-VolumesSnapshotsTestJSON-2054772434 None] Available shares ['osci02.corp.quobyte.com/cinder-vol-072012cb-d702-4d03-96fc-f8d7d16baaa4'] {{(pid=81913) _ensure_shares_mounted /opt/stack/cinder/cinder/volume/drivers/quobyte.py:634}}
Jan 09 08:13:01 devstack cinder-volume[81913]: DEBUG oslo_concurrency.lockutils [req-3cb74558-53b3-4809-888b-17fa7d951fc8 req-e2b9710f-2130-420e-b1a3-053dcee523f5 tempest-VolumesSnapshotsTestJSON-2054772434 None] Lock "quobyte_ensure" "released" by "cinder.volume.drivers.quobyte.QuobyteDriver._ensure_shares_mounted" :: held 0.004s {{(pid=81913) inner /opt/stack/data/venv/lib/python3.10/site-packages/oslo_concurrency/lockutils.py:424}}
Jan 09 08:13:01 devstack cinder-volume[81913]: DEBUG cinder.volume.drivers.quobyte [req-3cb74558-53b3-4809-888b-17fa7d951fc8 req-e2b9710f-2130-420e-b1a3-053dcee523f5 tempest-VolumesSnapshotsTestJSON-2054772434 None] Selected osci02.corp.quobyte.com/cinder-vol-072012cb-d702-4d03-96fc-f8d7d16baaa4 as target Quobyte volume. {{(pid=81913) _find_share /opt/stack/cinder/cinder/volume/drivers/quobyte.py:655}}
Jan 09 08:13:01 devstack cinder-volume[81913]: INFO cinder.volume.drivers.remotefs [req-3cb74558-53b3-4809-888b-17fa7d951fc8 req-e2b9710f-2130-420e-b1a3-053dcee523f5 tempest-VolumesSnapshotsTestJSON-2054772434 None] casted to osci02.corp.quobyte.com/cinder-vol-072012cb-d702-4d03-96fc-f8d7d16baaa4
Jan 09 08:13:01 devstack cinder-volume[81913]: DEBUG oslo_concurrency.processutils [req-3cb74558-53b3-4809-888b-17fa7d951fc8 req-e2b9710f-2130-420e-b1a3-053dcee523f5 tempest-VolumesSnapshotsTestJSON-2054772434 None] Running cmd (subprocess): sudo cinder-rootwrap /etc/cinder/rootwrap.conf qemu-img create -f qcow2 -o preallocation=metadata /opt/stack/data/cinder/mnt/cf1f3e8c8e4a68940d1ed1f2c59a0ad6/volume-1a8c0800-94ea-4743-a330-6dd8a2a8bb42 1073741824 {{(pid=81913) execute /opt/stack/data/venv/lib/python3.10/site-packages/oslo_concurrency/processutils.py:349}}
Jan 09 08:13:01 devstack sudo[89389]: quobyte : PWD=/ ; USER=root ; COMMAND=/opt/stack/data/venv/bin/cinder-rootwrap /etc/cinder/rootwrap.conf qemu-img create -f qcow2 -o preallocation=metadata /opt/stack/data/cinder/mnt/cf1f3e8c8e4a68940d1ed1f2c59a0ad6/volume-1a8c0800-94ea-4743-a330-6dd8a2a8bb42 1073741824
Jan 09 08:13:01 devstack sudo[89389]: pam_unix(sudo:session): session opened for user root(uid=0) by (uid=1000)
Jan 09 08:13:01 devstack cinder-volume[81913]: INFO cinder.volume.manager [None req-d4884fb1-2f55-4478-8835-c4e8617f6bf3 tempest-GroupSnapshotsTest-938376751 None] group_snapshot 5aef7a9e-6809-410e-abf4-ee8ea841eb03: created successfully
Jan 09 08:13:02 devstack sudo[89389]: pam_unix(sudo:session): session closed for user root
Jan 09 08:13:02 devstack cinder-volume[81913]: DEBUG oslo_concurrency.processutils [req-3cb74558-53b3-4809-888b-17fa7d951fc8 req-e2b9710f-2130-420e-b1a3-053dcee523f5 tempest-VolumesSnapshotsTestJSON-2054772434 None] CMD "sudo cinder-rootwrap /etc/cinder/rootwrap.conf qemu-img create -f qcow2 -o preallocation=metadata /opt/stack/data/cinder/mnt/cf1f3e8c8e4a68940d1ed1f2c59a0ad6/volume-1a8c0800-94ea-4743-a330-6dd8a2a8bb42 1073741824" returned: 0 in 0.648s {{(pid=81913) execute /opt/stack/data/venv/lib/python3.10/site-packages/oslo_concurrency/processutils.py:372}}
Jan 09 08:13:02 devstack cinder-volume[81913]: DEBUG oslo_concurrency.processutils [req-3cb74558-53b3-4809-888b-17fa7d951fc8 req-e2b9710f-2130-420e-b1a3-053dcee523f5 tempest-VolumesSnapshotsTestJSON-2054772434 None] Running cmd (subprocess): sudo cinder-rootwrap /etc/cinder/rootwrap.conf chmod ugo+rw /opt/stack/data/cinder/mnt/cf1f3e8c8e4a68940d1ed1f2c59a0ad6/volume-1a8c0800-94ea-4743-a330-6dd8a2a8bb42 {{(pid=81913) execute /opt/stack/data/venv/lib/python3.10/site-packages/oslo_concurrency/processutils.py:349}}
Jan 09 08:13:02 devstack sudo[89394]: quobyte : PWD=/ ; USER=root ; COMMAND=/opt/stack/data/venv/bin/cinder-rootwrap /etc/cinder/rootwrap.conf chmod ugo+rw /opt/stack/data/cinder/mnt/cf1f3e8c8e4a68940d1ed1f2c59a0ad6/volume-1a8c0800-94ea-4743-a330-6dd8a2a8bb42
Jan 09 08:13:02 devstack sudo[89394]: pam_unix(sudo:session): session opened for user root(uid=0) by (uid=1000)
Jan 09 08:13:02 devstack cinder-volume[81913]: INFO cinder.volume.manager [None req-b7d77b99-e713-4343-8eab-ed6743d5842c tempest-GroupSnapshotsTest-938376751 None] group_snapshot 5aef7a9e-6809-410e-abf4-ee8ea841eb03: deleting
Jan 09 08:13:02 devstack cinder-volume[81913]: WARNING cinder.volume.volume_utils [None req-b7d77b99-e713-4343-8eab-ed6743d5842c tempest-GroupSnapshotsTest-938376751 None] Volume driver (QuobyteDriver 1.1.13) is currently unsupported and may be removed in the next release of OpenStack. Use at your own risk.
Jan 09 08:13:02 devstack cinder-volume[81913]: DEBUG cinder.volume.manager [None req-b7d77b99-e713-4343-8eab-ed6743d5842c tempest-GroupSnapshotsTest-938376751 None] group_snapshot 5aef7a9e-6809-410e-abf4-ee8ea841eb03: deleting {{(pid=81913) delete_group_snapshot /opt/stack/cinder/cinder/volume/manager.py:4317}}
Jan 09 08:13:02 devstack cinder-volume[81913]: DEBUG cinder.coordination [None req-b7d77b99-e713-4343-8eab-ed6743d5842c tempest-GroupSnapshotsTest-938376751 None] Acquiring lock "cinder-quobyte-583f3adb-1c42-42fd-bdc6-58bccf9b902e" by "delete_snapshot" {{(pid=81913) __acquire /opt/stack/cinder/cinder/coordination.py:143}}
Jan 09 08:13:02 devstack cinder-volume[81913]: DEBUG cinder.coordination [None req-b7d77b99-e713-4343-8eab-ed6743d5842c tempest-GroupSnapshotsTest-938376751 None] Lock "cinder-quobyte-583f3adb-1c42-42fd-bdc6-58bccf9b902e" acquired by "delete_snapshot" :: waited 0.017s {{(pid=81913) __acquire /opt/stack/cinder/cinder/coordination.py:146}}
Jan 09 08:13:02 devstack cinder-volume[81913]: DEBUG cinder.coordination [None req-b7d77b99-e713-4343-8eab-ed6743d5842c tempest-GroupSnapshotsTest-938376751 None] Acquiring lock "cinder-quobyte-8d07c71a-2adf-438e-8acf-9bcba351661d" by "_delete_snapshot" {{(pid=81913) __acquire /opt/stack/cinder/cinder/coordination.py:143}}
Jan 09 08:13:02 devstack cinder-volume[81913]: DEBUG cinder.coordination [None req-b7d77b99-e713-4343-8eab-ed6743d5842c tempest-GroupSnapshotsTest-938376751 None] Lock "cinder-quobyte-8d07c71a-2adf-438e-8acf-9bcba351661d" acquired by "_delete_snapshot" :: waited 0.013s {{(pid=81913) __acquire /opt/stack/cinder/cinder/coordination.py:146}}
Jan 09 08:13:02 devstack cinder-volume[81913]: DEBUG cinder.volume.drivers.remotefs [None req-b7d77b99-e713-4343-8eab-ed6743d5842c tempest-GroupSnapshotsTest-938376751 None] Deleting offline snapshot 8d07c71a-2adf-438e-8acf-9bcba351661d of volume 583f3adb-1c42-42fd-bdc6-58bccf9b902e {{(pid=81913) _delete_snapshot /opt/stack/cinder/cinder/volume/drivers/remotefs.py:1278}}
Jan 09 08:13:02 devstack cinder-volume[81913]: DEBUG cinder.volume.drivers.remotefs [None req-b7d77b99-e713-4343-8eab-ed6743d5842c tempest-GroupSnapshotsTest-938376751 None] snapshot_file for this snap is: volume-583f3adb-1c42-42fd-bdc6-58bccf9b902e.8d07c71a-2adf-438e-8acf-9bcba351661d {{(pid=81913) _delete_snapshot /opt/stack/cinder/cinder/volume/drivers/remotefs.py:1307}}
Jan 09 08:13:02 devstack cinder-volume[81913]: DEBUG oslo.privsep.daemon [-] privsep: reply[af4917b6-4273-4366-b516-f52168ee471c]: (4, 'qcow2') {{(pid=82758) _call_back /opt/stack/data/venv/lib/python3.10/site-packages/oslo_privsep/daemon.py:515}}
