Apr 28 16:14:29 devstack cinder-volume[84171]: DEBUG oslo_concurrency.processutils [None req-4748c5c2-037e-4fba-9d4c-7f00b1e0af15 tempest-VolumesDeleteCascade-1592968505 None] CMD "/opt/stack/data/venv/bin/python3.12 -m oslo_concurrency.prlimit --as=1073741824 --cpu=60 -- sudo cinder-rootwrap /etc/cinder/rootwrap.conf env LC_ALL=C qemu-img info -f qcow2 --output=json --force-share /opt/stack/data/cinder/mnt/3c60e240e77329216827e61b1fb24d5f/volume-ce36a782-b8da-4147-bc2b-aa6504b4e9d6" returned: 0 in 0.998s {{(pid=84171) execute /opt/stack/data/venv/lib/python3.12/site-packages/oslo_concurrency/processutils.py:468}}
Apr 28 16:14:29 devstack cinder-volume[84171]: DEBUG oslo_concurrency.processutils [None req-4748c5c2-037e-4fba-9d4c-7f00b1e0af15 tempest-VolumesDeleteCascade-1592968505 None] Running cmd (subprocess): sudo cinder-rootwrap /etc/cinder/rootwrap.conf rm -f /opt/stack/data/cinder/mnt/3c60e240e77329216827e61b1fb24d5f/volume-ce36a782-b8da-4147-bc2b-aa6504b4e9d6 {{(pid=84171) execute /opt/stack/data/venv/lib/python3.12/site-packages/oslo_concurrency/processutils.py:440}}
Apr 28 16:14:29 devstack cinder-volume[84171]: DEBUG oslo.privsep.daemon [-] privsep: reply[da36fd1f-ea34-469e-83eb-177884b21064]: (4, 'qcow2') {{(pid=85354) _call_back /opt/stack/data/venv/lib/python3.12/site-packages/oslo_privsep/daemon.py:573}}
Apr 28 16:14:29 devstack cinder-volume[84171]: DEBUG oslo_concurrency.processutils [None req-2288d53a-e717-4f23-9ec3-12ffa469cfdb tempest-GroupsV314Test-867366836 None] Running cmd (subprocess): /opt/stack/data/venv/bin/python3.12 -m oslo_concurrency.prlimit --as=1073741824 --cpu=60 -- sudo cinder-rootwrap /etc/cinder/rootwrap.conf env LC_ALL=C qemu-img info -f qcow2 --output=json --force-share /opt/stack/data/cinder/mnt/3c60e240e77329216827e61b1fb24d5f/volume-cac29487-bf09-43aa-965d-28547ec6b079 {{(pid=84171) execute /opt/stack/data/venv/lib/python3.12/site-packages/oslo_concurrency/processutils.py:440}}
Apr 28 16:14:29 devstack sudo[89159]: quobyte : PWD=/ ; USER=root ; COMMAND=/opt/stack/data/venv/bin/cinder-rootwrap /etc/cinder/rootwrap.conf rm -f /opt/stack/data/cinder/mnt/3c60e240e77329216827e61b1fb24d5f/volume-ce36a782-b8da-4147-bc2b-aa6504b4e9d6
Apr 28 16:14:29 devstack sudo[89159]: pam_unix(sudo:session): session opened for user root(uid=0) by (uid=1000)
Apr 28 16:14:30 devstack sudo[89160]: quobyte : PWD=/ ; USER=root ; COMMAND=/opt/stack/data/venv/bin/cinder-rootwrap /etc/cinder/rootwrap.conf env LC_ALL=C qemu-img info -f qcow2 --output=json --force-share /opt/stack/data/cinder/mnt/3c60e240e77329216827e61b1fb24d5f/volume-cac29487-bf09-43aa-965d-28547ec6b079
Apr 28 16:14:30 devstack sudo[89160]: pam_unix(sudo:session): session opened for user root(uid=0) by (uid=1000)
Apr 28 16:14:30 devstack sudo[89159]: pam_unix(sudo:session): session closed for user root
Apr 28 16:14:30 devstack cinder-volume[84171]: DEBUG oslo_concurrency.processutils [None req-4748c5c2-037e-4fba-9d4c-7f00b1e0af15 tempest-VolumesDeleteCascade-1592968505 None] CMD "sudo cinder-rootwrap /etc/cinder/rootwrap.conf rm -f /opt/stack/data/cinder/mnt/3c60e240e77329216827e61b1fb24d5f/volume-ce36a782-b8da-4147-bc2b-aa6504b4e9d6" returned: 0 in 0.893s {{(pid=84171) execute /opt/stack/data/venv/lib/python3.12/site-packages/oslo_concurrency/processutils.py:468}}
Apr 28 16:14:30 devstack cinder-volume[84171]: DEBUG cinder.coordination [None req-4748c5c2-037e-4fba-9d4c-7f00b1e0af15 tempest-VolumesDeleteCascade-1592968505 None] Lock "cinder-quobyte-ce36a782-b8da-4147-bc2b-aa6504b4e9d6" released by "delete_volume" :: held 2.053s {{(pid=84171) __release /opt/stack/cinder/cinder/coordination.py:152}}
Apr 28 16:14:30 devstack cinder-volume[84171]: DEBUG cinder.quota [None req-4748c5c2-037e-4fba-9d4c-7f00b1e0af15 tempest-VolumesDeleteCascade-1592968505 None] Created reservations ['79f84251-9006-462e-acec-494ade698339', '0069205d-bbb1-4fae-9251-03fe15dac5b2', '16ee4bec-5d03-4a9d-9279-9c8ffec0951a', '7238820d-5d2b-4567-857f-d6fc3add2b1d'] {{(pid=84171) reserve /opt/stack/cinder/cinder/quota.py:752}}
Apr 28 16:14:30 devstack sudo[89160]: pam_unix(sudo:session): session closed for user root
Apr 28 16:14:30 devstack cinder-volume[84171]: DEBUG oslo_concurrency.processutils [None req-2288d53a-e717-4f23-9ec3-12ffa469cfdb tempest-GroupsV314Test-867366836 None] CMD "/opt/stack/data/venv/bin/python3.12 -m oslo_concurrency.prlimit --as=1073741824 --cpu=60 -- sudo cinder-rootwrap /etc/cinder/rootwrap.conf env LC_ALL=C qemu-img info -f qcow2 --output=json --force-share /opt/stack/data/cinder/mnt/3c60e240e77329216827e61b1fb24d5f/volume-cac29487-bf09-43aa-965d-28547ec6b079" returned: 0 in 1.075s {{(pid=84171) execute /opt/stack/data/venv/lib/python3.12/site-packages/oslo_concurrency/processutils.py:468}}
Apr 28 16:14:30 devstack cinder-volume[84171]: DEBUG oslo_concurrency.processutils [None req-2288d53a-e717-4f23-9ec3-12ffa469cfdb tempest-GroupsV314Test-867366836 None] Running cmd (subprocess): sudo cinder-rootwrap /etc/cinder/rootwrap.conf qemu-img create -f qcow2 -o backing_file=/opt/stack/data/cinder/mnt/3c60e240e77329216827e61b1fb24d5f/volume-cac29487-bf09-43aa-965d-28547ec6b079,backing_fmt=qcow2 /opt/stack/data/cinder/mnt/3c60e240e77329216827e61b1fb24d5f/volume-cac29487-bf09-43aa-965d-28547ec6b079.c5245925-e088-4f4b-9bf1-a99642b65501 1G {{(pid=84171) execute /opt/stack/data/venv/lib/python3.12/site-packages/oslo_concurrency/processutils.py:440}}
Apr 28 16:14:31 devstack cinder-volume[84171]: DEBUG cinder.volume.flows.manager.create_volume [None req-503ddd84-7391-430a-9909-b0dd67762a7a tempest-VolumesActionsTest-771568387 None] Volume reschedule parameters: True retry: {'num_attempts': 1, 'backends': ['devstack@QuobyteHD#QuobyteHD'], 'hosts': ['devstack@QuobyteHD#QuobyteHD']} {{(pid=84171) get_flow /opt/stack/cinder/cinder/volume/flows/manager/create_volume.py:1388}}
Apr 28 16:14:31 devstack sudo[89168]: quobyte : PWD=/ ; USER=root ; COMMAND=/opt/stack/data/venv/bin/cinder-rootwrap /etc/cinder/rootwrap.conf qemu-img create -f qcow2 -o backing_file=/opt/stack/data/cinder/mnt/3c60e240e77329216827e61b1fb24d5f/volume-cac29487-bf09-43aa-965d-28547ec6b079,backing_fmt=qcow2 /opt/stack/data/cinder/mnt/3c60e240e77329216827e61b1fb24d5f/volume-cac29487-bf09-43aa-965d-28547ec6b079.c5245925-e088-4f4b-9bf1-a99642b65501 1G
Apr 28 16:14:31 devstack sudo[89168]: pam_unix(sudo:session): session opened for user root(uid=0) by (uid=1000)
Apr 28 16:14:31 devstack cinder-volume[84171]: DEBUG cinder.volume.manager [None req-503ddd84-7391-430a-9909-b0dd67762a7a tempest-VolumesActionsTest-771568387 None] Flow 'volume_create_manager' (661aa678-2392-4251-af8e-3626017d9435) transitioned into state 'RUNNING' from state 'PENDING' {{(pid=84171) _flow_receiver /opt/stack/data/venv/lib/python3.12/site-packages/taskflow/listeners/logging.py:145}}
Apr 28 16:14:31 devstack cinder-volume[84171]: DEBUG cinder.volume.manager [None req-503ddd84-7391-430a-9909-b0dd67762a7a tempest-VolumesActionsTest-771568387 None] Task 'cinder.volume.flows.manager.create_volume.ExtractVolumeRefTask;volume:create' (20da4ac2-ecaa-43a5-8161-76d9a9d2f675) transitioned into state 'RUNNING' from state 'PENDING' {{(pid=84171) _task_receiver /opt/stack/data/venv/lib/python3.12/site-packages/taskflow/listeners/logging.py:194}}
Apr 28 16:14:31 devstack cinder-volume[84171]: DEBUG cinder.volume.manager [None req-503ddd84-7391-430a-9909-b0dd67762a7a tempest-VolumesActionsTest-771568387 None] Task 'cinder.volume.flows.manager.create_volume.ExtractVolumeRefTask;volume:create' (20da4ac2-ecaa-43a5-8161-76d9a9d2f675) transitioned into state 'SUCCESS' from state 'RUNNING' with result 'Volume(_name_id=None,admin_metadata=,attach_status='detached',availability_zone='nova',bootable=False,cluster=,cluster_name=None,consistencygroup=,consistencygroup_id=None,created_at=2026-04-28T14:14:31Z,deleted=False,deleted_at=None,display_description=None,display_name='tempest-VolumesActionsTest-Volume-252315529',ec2_id=None,encryption_key_id=None,glance_metadata=,group=,group_id=None,host='devstack@QuobyteHD#QuobyteHD',id=0cb97163-1967-483b-b714-84e00f235f6b,launched_at=None,metadata={},migration_status=None,multiattach=False,previous_status=None,project_id='6f5302ec35f44c59922f1c3ea8cda66b',provider_auth=None,provider_geometry=None,provider_id=None,provider_location=None,replication_driver_data=None,replication_extended_status=None,replication_status=None,scheduled_at=2026-04-28T14:14:31Z,service_uuid=None,shared_targets=True,size=1,snapshot_id=None,snapshots=,source_volid=None,status='creating',terminated_at=None,updated_at=2026-04-28T14:14:31Z,use_quota=True,user_id='e1a74dc8728a48059a017bf538c5631e',volume_attachment=VolumeAttachmentList,volume_type=VolumeType(a672bb95-53ef-491e-a602-2181b12afdc5),volume_type_id=a672bb95-53ef-491e-a602-2181b12afdc5)' {{(pid=84171) _task_receiver /opt/stack/data/venv/lib/python3.12/site-packages/taskflow/listeners/logging.py:182}}
Apr 28 16:14:31 devstack cinder-volume[84171]: DEBUG cinder.volume.manager [None req-503ddd84-7391-430a-9909-b0dd67762a7a tempest-VolumesActionsTest-771568387 None] Task 'cinder.volume.flows.manager.create_volume.OnFailureRescheduleTask;volume:create' (08cbbecf-4c4e-4c33-91ab-52c8743712d8) transitioned into state 'RUNNING' from state 'PENDING' {{(pid=84171) _task_receiver /opt/stack/data/venv/lib/python3.12/site-packages/taskflow/listeners/logging.py:194}}
Apr 28 16:14:31 devstack cinder-volume[84171]: DEBUG cinder.volume.manager [None req-503ddd84-7391-430a-9909-b0dd67762a7a tempest-VolumesActionsTest-771568387 None] Task 'cinder.volume.flows.manager.create_volume.OnFailureRescheduleTask;volume:create' (08cbbecf-4c4e-4c33-91ab-52c8743712d8) transitioned into state 'SUCCESS' from state 'RUNNING' with result 'None' {{(pid=84171) _task_receiver /opt/stack/data/venv/lib/python3.12/site-packages/taskflow/listeners/logging.py:182}}
Apr 28 16:14:31 devstack cinder-volume[84171]: DEBUG cinder.volume.manager [None req-503ddd84-7391-430a-9909-b0dd67762a7a tempest-VolumesActionsTest-771568387 None] Task 'cinder.volume.flows.manager.create_volume.ExtractVolumeSpecTask;volume:create' (c81e5190-8ae1-40f2-ad6f-a068340b509e) transitioned into state 'RUNNING' from state 'PENDING' {{(pid=84171) _task_receiver /opt/stack/data/venv/lib/python3.12/site-packages/taskflow/listeners/logging.py:194}}
Apr 28 16:14:31 devstack cinder-volume[84171]: DEBUG cinder.volume.manager [None req-503ddd84-7391-430a-9909-b0dd67762a7a tempest-VolumesActionsTest-771568387 None] Task 'cinder.volume.flows.manager.create_volume.ExtractVolumeSpecTask;volume:create' (c81e5190-8ae1-40f2-ad6f-a068340b509e) transitioned into state 'SUCCESS' from state 'RUNNING' with result '{'status': 'creating', 'type': 'raw', 'volume_id': '0cb97163-1967-483b-b714-84e00f235f6b', 'volume_name': 'volume-0cb97163-1967-483b-b714-84e00f235f6b', 'volume_size': 1}' {{(pid=84171) _task_receiver /opt/stack/data/venv/lib/python3.12/site-packages/taskflow/listeners/logging.py:182}}
Apr 28 16:14:31 devstack cinder-volume[84171]: DEBUG cinder.volume.manager [None req-503ddd84-7391-430a-9909-b0dd67762a7a tempest-VolumesActionsTest-771568387 None] Task 'cinder.volume.flows.manager.create_volume.NotifyVolumeActionTask;volume:create, create.start' (9f79b85c-28c1-478e-ae10-fe8adc9c9929) transitioned into state 'RUNNING' from state 'PENDING' {{(pid=84171) _task_receiver /opt/stack/data/venv/lib/python3.12/site-packages/taskflow/listeners/logging.py:194}}
Apr 28 16:14:31 devstack cinder-volume[84171]: DEBUG cinder.volume.manager [None req-503ddd84-7391-430a-9909-b0dd67762a7a tempest-VolumesActionsTest-771568387 None] Task 'cinder.volume.flows.manager.create_volume.NotifyVolumeActionTask;volume:create, create.start' (9f79b85c-28c1-478e-ae10-fe8adc9c9929) transitioned into state 'SUCCESS' from state 'RUNNING' with result 'None' {{(pid=84171) _task_receiver /opt/stack/data/venv/lib/python3.12/site-packages/taskflow/listeners/logging.py:182}}
Apr 28 16:14:31 devstack cinder-volume[84171]: DEBUG cinder.volume.manager [None req-503ddd84-7391-430a-9909-b0dd67762a7a tempest-VolumesActionsTest-771568387 None] Task 'cinder.volume.flows.manager.create_volume.CreateVolumeFromSpecTask;volume:create' (1cc9bf84-b1e8-46e2-8483-709d78273957) transitioned into state 'RUNNING' from state 'PENDING' {{(pid=84171) _task_receiver /opt/stack/data/venv/lib/python3.12/site-packages/taskflow/listeners/logging.py:194}}
Apr 28 16:14:31 devstack cinder-volume[84171]: INFO cinder.volume.flows.manager.create_volume [None req-503ddd84-7391-430a-9909-b0dd67762a7a tempest-VolumesActionsTest-771568387 None] Volume 0cb97163-1967-483b-b714-84e00f235f6b: being created as raw with specification: {'status': 'creating', 'volume_name': 'volume-0cb97163-1967-483b-b714-84e00f235f6b', 'volume_size': 1}
Apr 28 16:14:31 devstack cinder-volume[84171]: DEBUG oslo_concurrency.lockutils [None req-503ddd84-7391-430a-9909-b0dd67762a7a tempest-VolumesActionsTest-771568387 None] Acquiring lock "quobyte" by "cinder.volume.drivers.quobyte.QuobyteDriver.create_volume" {{(pid=84171) inner /opt/stack/data/venv/lib/python3.12/site-packages/oslo_concurrency/lockutils.py:506}}
Apr 28 16:14:31 devstack cinder-volume[84171]: DEBUG oslo_concurrency.lockutils [None req-4748c5c2-037e-4fba-9d4c-7f00b1e0af15 tempest-VolumesDeleteCascade-1592968505 None] Acquiring lock "quobyte_ensure" by "cinder.volume.drivers.quobyte.QuobyteDriver._ensure_shares_mounted" {{(pid=84171) inner /opt/stack/data/venv/lib/python3.12/site-packages/oslo_concurrency/lockutils.py:506}}
Apr 28 16:14:31 devstack cinder-volume[84171]: DEBUG oslo_concurrency.lockutils [None req-4748c5c2-037e-4fba-9d4c-7f00b1e0af15 tempest-VolumesDeleteCascade-1592968505 None] Lock "quobyte_ensure" acquired by "cinder.volume.drivers.quobyte.QuobyteDriver._ensure_shares_mounted" :: waited 0.001s {{(pid=84171) inner /opt/stack/data/venv/lib/python3.12/site-packages/oslo_concurrency/lockutils.py:519}}
Apr 28 16:14:31 devstack cinder-volume[84171]: DEBUG cinder.volume.drivers.quobyte [None req-4748c5c2-037e-4fba-9d4c-7f00b1e0af15 tempest-VolumesDeleteCascade-1592968505 None] Quobyte Volume URL set to: {'osci02.corp.quobyte.com/cinder-vol-0e90133b-951c-455f-8793-29dddb93a207': None} {{(pid=84171) _load_shares_config /opt/stack/cinder/cinder/volume/drivers/quobyte.py:617}}
Apr 28 16:14:31 devstack cinder-volume[84171]: DEBUG cinder.volume.drivers.quobyte [None req-4748c5c2-037e-4fba-9d4c-7f00b1e0af15 tempest-VolumesDeleteCascade-1592968505 None] Available shares ['osci02.corp.quobyte.com/cinder-vol-0e90133b-951c-455f-8793-29dddb93a207'] {{(pid=84171) _ensure_shares_mounted /opt/stack/cinder/cinder/volume/drivers/quobyte.py:647}}
Apr 28 16:14:31 devstack cinder-volume[84171]: DEBUG oslo_concurrency.lockutils [None req-4748c5c2-037e-4fba-9d4c-7f00b1e0af15 tempest-VolumesDeleteCascade-1592968505 None] Lock "quobyte_ensure" "released" by "cinder.volume.drivers.quobyte.QuobyteDriver._ensure_shares_mounted" :: held 0.007s {{(pid=84171) inner /opt/stack/data/venv/lib/python3.12/site-packages/oslo_concurrency/lockutils.py:538}}
Apr 28 16:14:31 devstack cinder-volume[84171]: DEBUG oslo_concurrency.processutils [None req-4748c5c2-037e-4fba-9d4c-7f00b1e0af15 tempest-VolumesDeleteCascade-1592968505 None] Running cmd (subprocess): sudo cinder-rootwrap /etc/cinder/rootwrap.conf df --portability --block-size 1 /opt/stack/data/cinder/mnt/3c60e240e77329216827e61b1fb24d5f {{(pid=84171) execute /opt/stack/data/venv/lib/python3.12/site-packages/oslo_concurrency/processutils.py:440}}
Apr 28 16:14:31 devstack sudo[89170]: quobyte : PWD=/ ; USER=root ; COMMAND=/opt/stack/data/venv/bin/cinder-rootwrap /etc/cinder/rootwrap.conf df --portability --block-size 1 /opt/stack/data/cinder/mnt/3c60e240e77329216827e61b1fb24d5f
Apr 28 16:14:31 devstack sudo[89170]: pam_unix(sudo:session): session opened for user root(uid=0) by (uid=1000)
Apr 28 16:14:32 devstack sudo[89170]: pam_unix(sudo:session): session closed for user root
Apr 28 16:14:32 devstack cinder-volume[84171]: DEBUG oslo_concurrency.processutils [None req-4748c5c2-037e-4fba-9d4c-7f00b1e0af15 tempest-VolumesDeleteCascade-1592968505 None] CMD "sudo cinder-rootwrap /etc/cinder/rootwrap.conf df --portability --block-size 1 /opt/stack/data/cinder/mnt/3c60e240e77329216827e61b1fb24d5f" returned: 0 in 1.134s {{(pid=84171) execute /opt/stack/data/venv/lib/python3.12/site-packages/oslo_concurrency/processutils.py:468}}
Apr 28 16:14:32 devstack cinder-volume[84171]: DEBUG cinder.manager [None req-4748c5c2-037e-4fba-9d4c-7f00b1e0af15 tempest-VolumesDeleteCascade-1592968505 None] Notifying Schedulers of capabilities ... {{(pid=84171) _publish_service_capabilities /opt/stack/cinder/cinder/manager.py:202}}
Apr 28 16:14:32 devstack sudo[89168]: pam_unix(sudo:session): session closed for user root
Apr 28 16:14:32 devstack cinder-volume[84171]: DEBUG oslo_concurrency.processutils [None req-2288d53a-e717-4f23-9ec3-12ffa469cfdb tempest-GroupsV314Test-867366836 None] CMD "sudo cinder-rootwrap /etc/cinder/rootwrap.conf qemu-img create -f qcow2 -o backing_file=/opt/stack/data/cinder/mnt/3c60e240e77329216827e61b1fb24d5f/volume-cac29487-bf09-43aa-965d-28547ec6b079,backing_fmt=qcow2 /opt/stack/data/cinder/mnt/3c60e240e77329216827e61b1fb24d5f/volume-cac29487-bf09-43aa-965d-28547ec6b079.c5245925-e088-4f4b-9bf1-a99642b65501 1G" returned: 0 in 1.301s {{(pid=84171) execute /opt/stack/data/venv/lib/python3.12/site-packages/oslo_concurrency/processutils.py:468}}
Apr 28 16:14:32 devstack cinder-volume[84171]: DEBUG oslo_concurrency.processutils [None req-2288d53a-e717-4f23-9ec3-12ffa469cfdb tempest-GroupsV314Test-867366836 None] Running cmd (subprocess): sudo cinder-rootwrap /etc/cinder/rootwrap.conf qemu-img rebase -u -b volume-cac29487-bf09-43aa-965d-28547ec6b079 -F qcow2 /opt/stack/data/cinder/mnt/3c60e240e77329216827e61b1fb24d5f/volume-cac29487-bf09-43aa-965d-28547ec6b079.c5245925-e088-4f4b-9bf1-a99642b65501 {{(pid=84171) execute /opt/stack/data/venv/lib/python3.12/site-packages/oslo_concurrency/processutils.py:440}}
Apr 28 16:14:32 devstack cinder-volume[84171]: INFO cinder.volume.manager [None req-4748c5c2-037e-4fba-9d4c-7f00b1e0af15 tempest-VolumesDeleteCascade-1592968505 None] Deleted volume successfully.
Apr 28 16:14:32 devstack sudo[89213]: quobyte : PWD=/ ; USER=root ; COMMAND=/opt/stack/data/venv/bin/cinder-rootwrap /etc/cinder/rootwrap.conf qemu-img rebase -u -b volume-cac29487-bf09-43aa-965d-28547ec6b079 -F qcow2 /opt/stack/data/cinder/mnt/3c60e240e77329216827e61b1fb24d5f/volume-cac29487-bf09-43aa-965d-28547ec6b079.c5245925-e088-4f4b-9bf1-a99642b65501
Apr 28 16:14:32 devstack sudo[89213]: pam_unix(sudo:session): session opened for user root(uid=0) by (uid=1000)
Apr 28 16:14:32 devstack cinder-volume[84171]: DEBUG cinder.coordination [None req-4748c5c2-037e-4fba-9d4c-7f00b1e0af15 tempest-VolumesDeleteCascade-1592968505 None] Lock "cinder-ce36a782-b8da-4147-bc2b-aa6504b4e9d6-delete_volume" released by "delete_volume" :: held 12.689s {{(pid=84171) __release /opt/stack/cinder/cinder/coordination.py:152}}
Apr 28 16:14:33 devstack cinder-volume[84171]: DEBUG cinder.volume.flows.manager.create_volume [None req-310d6aa4-3c24-47ad-b681-2533d1d680cb tempest-VolumesDeleteCascade-1592968505 None] Volume reschedule parameters: True retry: {'num_attempts': 1, 'backends': ['devstack@QuobyteHD#QuobyteHD'], 'hosts': ['devstack@QuobyteHD#QuobyteHD']} {{(pid=84171) get_flow /opt/stack/cinder/cinder/volume/flows/manager/create_volume.py:1388}}
Apr 28 16:14:33 devstack cinder-volume[84171]: DEBUG cinder.volume.manager [None req-310d6aa4-3c24-47ad-b681-2533d1d680cb tempest-VolumesDeleteCascade-1592968505 None] Flow 'volume_create_manager' (4db45e75-7151-4a84-929d-ec77ad440623) transitioned into state 'RUNNING' from state 'PENDING' {{(pid=84171) _flow_receiver /opt/stack/data/venv/lib/python3.12/site-packages/taskflow/listeners/logging.py:145}}
Apr 28 16:14:33 devstack cinder-volume[84171]: DEBUG cinder.volume.manager [None req-310d6aa4-3c24-47ad-b681-2533d1d680cb tempest-VolumesDeleteCascade-1592968505 None] Task 'cinder.volume.flows.manager.create_volume.ExtractVolumeRefTask;volume:create' (de097904-7225-4867-9c59-b29f16279c6c) transitioned into state 'RUNNING' from state 'PENDING' {{(pid=84171) _task_receiver /opt/stack/data/venv/lib/python3.12/site-packages/taskflow/listeners/logging.py:194}}
Apr 28 16:14:33 devstack cinder-volume[84171]: DEBUG cinder.volume.manager [None req-310d6aa4-3c24-47ad-b681-2533d1d680cb tempest-VolumesDeleteCascade-1592968505 None] Task 'cinder.volume.flows.manager.create_volume.ExtractVolumeRefTask;volume:create' (de097904-7225-4867-9c59-b29f16279c6c) transitioned into state 'SUCCESS' from state 'RUNNING' with result 'Volume(_name_id=None,admin_metadata=,attach_status='detached',availability_zone='nova',bootable=False,cluster=,cluster_name=None,consistencygroup=,consistencygroup_id=None,created_at=2026-04-28T14:14:33Z,deleted=False,deleted_at=None,display_description=None,display_name='tempest-VolumesDeleteCascade-Volume-1708624684',ec2_id=None,encryption_key_id=None,glance_metadata=,group=,group_id=None,host='devstack@QuobyteHD#QuobyteHD',id=503c7710-aa7f-4189-9b20-0e2b834c3382,launched_at=None,metadata={},migration_status=None,multiattach=False,previous_status=None,project_id='a8a72794fb40417895ddb7d5179da718',provider_auth=None,provider_geometry=None,provider_id=None,provider_location=None,replication_driver_data=None,replication_extended_status=None,replication_status=None,scheduled_at=2026-04-28T14:14:33Z,service_uuid=None,shared_targets=True,size=1,snapshot_id=None,snapshots=,source_volid=None,status='creating',terminated_at=None,updated_at=2026-04-28T14:14:33Z,use_quota=True,user_id='2290b35da3834c85af6de0e1815134da',volume_attachment=VolumeAttachmentList,volume_type=VolumeType(a672bb95-53ef-491e-a602-2181b12afdc5),volume_type_id=a672bb95-53ef-491e-a602-2181b12afdc5)' {{(pid=84171) _task_receiver /opt/stack/data/venv/lib/python3.12/site-packages/taskflow/listeners/logging.py:182}}
Apr 28 16:14:33 devstack cinder-volume[84171]: DEBUG cinder.volume.manager [None req-310d6aa4-3c24-47ad-b681-2533d1d680cb tempest-VolumesDeleteCascade-1592968505 None] Task 'cinder.volume.flows.manager.create_volume.OnFailureRescheduleTask;volume:create' (120d587e-74bb-45bc-a088-2a05b0b2ea39) transitioned into state 'RUNNING' from state 'PENDING' {{(pid=84171) _task_receiver /opt/stack/data/venv/lib/python3.12/site-packages/taskflow/listeners/logging.py:194}}
Apr 28 16:14:33 devstack cinder-volume[84171]: DEBUG cinder.volume.manager [None req-310d6aa4-3c24-47ad-b681-2533d1d680cb tempest-VolumesDeleteCascade-1592968505 None] Task 'cinder.volume.flows.manager.create_volume.OnFailureRescheduleTask;volume:create' (120d587e-74bb-45bc-a088-2a05b0b2ea39) transitioned into state 'SUCCESS' from state 'RUNNING' with result 'None' {{(pid=84171) _task_receiver /opt/stack/data/venv/lib/python3.12/site-packages/taskflow/listeners/logging.py:182}}
Apr 28 16:14:33 devstack cinder-volume[84171]: DEBUG cinder.volume.manager [None req-310d6aa4-3c24-47ad-b681-2533d1d680cb tempest-VolumesDeleteCascade-1592968505 None] Task 'cinder.volume.flows.manager.create_volume.ExtractVolumeSpecTask;volume:create' (ee4b4e98-24e6-48d9-8b79-db8474286eff) transitioned into state 'RUNNING' from state 'PENDING' {{(pid=84171) _task_receiver /opt/stack/data/venv/lib/python3.12/site-packages/taskflow/listeners/logging.py:194}}
Apr 28 16:14:33 devstack cinder-volume[84171]: DEBUG cinder.volume.manager [None req-310d6aa4-3c24-47ad-b681-2533d1d680cb tempest-VolumesDeleteCascade-1592968505 None] Task 'cinder.volume.flows.manager.create_volume.ExtractVolumeSpecTask;volume:create' (ee4b4e98-24e6-48d9-8b79-db8474286eff) transitioned into state 'SUCCESS' from state 'RUNNING' with result '{'status': 'creating', 'type': 'raw', 'volume_id': '503c7710-aa7f-4189-9b20-0e2b834c3382', 'volume_name': 'volume-503c7710-aa7f-4189-9b20-0e2b834c3382', 'volume_size': 1}' {{(pid=84171) _task_receiver /opt/stack/data/venv/lib/python3.12/site-packages/taskflow/listeners/logging.py:182}}
Apr 28 16:14:33 devstack cinder-volume[84171]: DEBUG cinder.volume.manager [None req-310d6aa4-3c24-47ad-b681-2533d1d680cb tempest-VolumesDeleteCascade-1592968505 None] Task 'cinder.volume.flows.manager.create_volume.NotifyVolumeActionTask;volume:create, create.start' (360341f2-a5ac-402a-bb9a-734249750b40) transitioned into state 'RUNNING' from state 'PENDING' {{(pid=84171) _task_receiver /opt/stack/data/venv/lib/python3.12/site-packages/taskflow/listeners/logging.py:194}}
Apr 28 16:14:33 devstack cinder-volume[84171]: DEBUG cinder.volume.manager [None req-310d6aa4-3c24-47ad-b681-2533d1d680cb tempest-VolumesDeleteCascade-1592968505 None] Task 'cinder.volume.flows.manager.create_volume.NotifyVolumeActionTask;volume:create, create.start' (360341f2-a5ac-402a-bb9a-734249750b40) transitioned into state 'SUCCESS' from state 'RUNNING' with result 'None' {{(pid=84171) _task_receiver /opt/stack/data/venv/lib/python3.12/site-packages/taskflow/listeners/logging.py:182}}
Apr 28 16:14:33 devstack cinder-volume[84171]: DEBUG cinder.volume.manager [None req-310d6aa4-3c24-47ad-b681-2533d1d680cb tempest-VolumesDeleteCascade-1592968505 None] Task 'cinder.volume.flows.manager.create_volume.CreateVolumeFromSpecTask;volume:create' (b64c3627-558f-4b6c-8657-8377e0c4e9d7) transitioned into state 'RUNNING' from state 'PENDING' {{(pid=84171) _task_receiver /opt/stack/data/venv/lib/python3.12/site-packages/taskflow/listeners/logging.py:194}}
Apr 28 16:14:33 devstack cinder-volume[84171]: INFO cinder.volume.flows.manager.create_volume [None req-310d6aa4-3c24-47ad-b681-2533d1d680cb tempest-VolumesDeleteCascade-1592968505 None] Volume 503c7710-aa7f-4189-9b20-0e2b834c3382: being created as raw with specification: {'status': 'creating', 'volume_name': 'volume-503c7710-aa7f-4189-9b20-0e2b834c3382', 'volume_size': 1}
Apr 28 16:14:33 devstack cinder-volume[84171]: DEBUG oslo_concurrency.lockutils [None req-310d6aa4-3c24-47ad-b681-2533d1d680cb tempest-VolumesDeleteCascade-1592968505 None] Acquiring lock "quobyte" by "cinder.volume.drivers.quobyte.QuobyteDriver.create_volume" {{(pid=84171) inner /opt/stack/data/venv/lib/python3.12/site-packages/oslo_concurrency/lockutils.py:506}}
Apr 28 16:14:33 devstack sudo[89213]: pam_unix(sudo:session): session closed for user root
Apr 28 16:14:33 devstack cinder-volume[84171]: DEBUG oslo_concurrency.processutils [None req-2288d53a-e717-4f23-9ec3-12ffa469cfdb tempest-GroupsV314Test-867366836 None] CMD "sudo cinder-rootwrap /etc/cinder/rootwrap.conf qemu-img rebase -u -b volume-cac29487-bf09-43aa-965d-28547ec6b079 -F qcow2 /opt/stack/data/cinder/mnt/3c60e240e77329216827e61b1fb24d5f/volume-cac29487-bf09-43aa-965d-28547ec6b079.c5245925-e088-4f4b-9bf1-a99642b65501" returned: 0 in 1.346s {{(pid=84171) execute /opt/stack/data/venv/lib/python3.12/site-packages/oslo_concurrency/processutils.py:468}}
Apr 28 16:14:33 devstack cinder-volume[84171]: WARNING cinder.volume.drivers.remotefs [None req-2288d53a-e717-4f23-9ec3-12ffa469cfdb tempest-GroupsV314Test-867366836 None] /opt/stack/data/cinder/mnt/3c60e240e77329216827e61b1fb24d5f/volume-cac29487-bf09-43aa-965d-28547ec6b079.c5245925-e088-4f4b-9bf1-a99642b65501 is being set with open permissions: ugo+rw: NotImplementedError
Apr 28 16:14:33 devstack cinder-volume[84171]: DEBUG oslo_concurrency.processutils [None req-2288d53a-e717-4f23-9ec3-12ffa469cfdb tempest-GroupsV314Test-867366836 None] Running cmd (subprocess): sudo cinder-rootwrap /etc/cinder/rootwrap.conf chmod ugo+rw /opt/stack/data/cinder/mnt/3c60e240e77329216827e61b1fb24d5f/volume-cac29487-bf09-43aa-965d-28547ec6b079.c5245925-e088-4f4b-9bf1-a99642b65501 {{(pid=84171) execute /opt/stack/data/venv/lib/python3.12/site-packages/oslo_concurrency/processutils.py:440}}
Apr 28 16:14:33 devstack sudo[89220]: quobyte : PWD=/ ; USER=root ; COMMAND=/opt/stack/data/venv/bin/cinder-rootwrap /etc/cinder/rootwrap.conf chmod ugo+rw /opt/stack/data/cinder/mnt/3c60e240e77329216827e61b1fb24d5f/volume-cac29487-bf09-43aa-965d-28547ec6b079.c5245925-e088-4f4b-9bf1-a99642b65501
Apr 28 16:14:33 devstack sudo[89220]: pam_unix(sudo:session): session opened for user root(uid=0) by (uid=1000)
Apr 28 16:14:34 devstack sudo[89220]: pam_unix(sudo:session): session closed for user root
Apr 28 16:14:34 devstack cinder-volume[84171]: DEBUG oslo_concurrency.processutils [None req-2288d53a-e717-4f23-9ec3-12ffa469cfdb tempest-GroupsV314Test-867366836 None] CMD "sudo cinder-rootwrap /etc/cinder/rootwrap.conf chmod ugo+rw /opt/stack/data/cinder/mnt/3c60e240e77329216827e61b1fb24d5f/volume-cac29487-bf09-43aa-965d-28547ec6b079.c5245925-e088-4f4b-9bf1-a99642b65501" returned: 0 in 0.715s {{(pid=84171) execute /opt/stack/data/venv/lib/python3.12/site-packages/oslo_concurrency/processutils.py:468}}
Apr 28 16:14:34 devstack cinder-volume[84171]: DEBUG oslo_concurrency.processutils [None req-2288d53a-e717-4f23-9ec3-12ffa469cfdb tempest-GroupsV314Test-867366836 None] Running cmd (subprocess): sudo cinder-rootwrap /etc/cinder/rootwrap.conf truncate -s0 /opt/stack/data/cinder/mnt/3c60e240e77329216827e61b1fb24d5f/volume-cac29487-bf09-43aa-965d-28547ec6b079.info {{(pid=84171) execute /opt/stack/data/venv/lib/python3.12/site-packages/oslo_concurrency/processutils.py:440}}
Apr 28 16:14:34 devstack sudo[89223]: quobyte : PWD=/ ; USER=root ; COMMAND=/opt/stack/data/venv/bin/cinder-rootwrap /etc/cinder/rootwrap.conf truncate -s0 /opt/stack/data/cinder/mnt/3c60e240e77329216827e61b1fb24d5f/volume-cac29487-bf09-43aa-965d-28547ec6b079.info
Apr 28 16:14:34 devstack sudo[89223]: pam_unix(sudo:session): session opened for user root(uid=0) by (uid=1000)
Apr 28 16:14:35 devstack sudo[89223]: pam_unix(sudo:session): session closed for user root
Apr 28 16:14:35 devstack cinder-volume[84171]: DEBUG oslo_concurrency.processutils [None req-2288d53a-e717-4f23-9ec3-12ffa469cfdb tempest-GroupsV314Test-867366836 None] CMD "sudo cinder-rootwrap /etc/cinder/rootwrap.conf truncate -s0 /opt/stack/data/cinder/mnt/3c60e240e77329216827e61b1fb24d5f/volume-cac29487-bf09-43aa-965d-28547ec6b079.info" returned: 0 in 0.873s {{(pid=84171) execute /opt/stack/data/venv/lib/python3.12/site-packages/oslo_concurrency/processutils.py:468}}
Apr 28 16:14:35 devstack cinder-volume[84171]: WARNING cinder.volume.drivers.remotefs [None req-2288d53a-e717-4f23-9ec3-12ffa469cfdb tempest-GroupsV314Test-867366836 None] /opt/stack/data/cinder/mnt/3c60e240e77329216827e61b1fb24d5f/volume-cac29487-bf09-43aa-965d-28547ec6b079.info is being set with open permissions: ugo+rw: NotImplementedError
Apr 28 16:14:35 devstack cinder-volume[84171]: DEBUG oslo_concurrency.processutils [None req-2288d53a-e717-4f23-9ec3-12ffa469cfdb tempest-GroupsV314Test-867366836 None] Running cmd (subprocess): sudo cinder-rootwrap /etc/cinder/rootwrap.conf chmod ugo+rw /opt/stack/data/cinder/mnt/3c60e240e77329216827e61b1fb24d5f/volume-cac29487-bf09-43aa-965d-28547ec6b079.info {{(pid=84171) execute /opt/stack/data/venv/lib/python3.12/site-packages/oslo_concurrency/processutils.py:440}}
Apr 28 16:14:35 devstack sudo[89227]: quobyte : PWD=/ ; USER=root ; COMMAND=/opt/stack/data/venv/bin/cinder-rootwrap /etc/cinder/rootwrap.conf chmod ugo+rw /opt/stack/data/cinder/mnt/3c60e240e77329216827e61b1fb24d5f/volume-cac29487-bf09-43aa-965d-28547ec6b079.info
Apr 28 16:14:35 devstack sudo[89227]: pam_unix(sudo:session): session opened for user root(uid=0) by (uid=1000)
Apr 28 16:14:36 devstack sudo[89227]: pam_unix(sudo:session): session closed for user root
Apr 28 16:14:36 devstack cinder-volume[84171]: DEBUG oslo_concurrency.processutils [None req-2288d53a-e717-4f23-9ec3-12ffa469cfdb tempest-GroupsV314Test-867366836 None] CMD "sudo cinder-rootwrap /etc/cinder/rootwrap.conf chmod ugo+rw /opt/stack/data/cinder/mnt/3c60e240e77329216827e61b1fb24d5f/volume-cac29487-bf09-43aa-965d-28547ec6b079.info" returned: 0 in 0.780s {{(pid=84171) execute /opt/stack/data/venv/lib/python3.12/site-packages/oslo_concurrency/processutils.py:468}}
Apr 28 16:14:36 devstack cinder-volume[84171]: DEBUG cinder.coordination [None req-2288d53a-e717-4f23-9ec3-12ffa469cfdb tempest-GroupsV314Test-867366836 None] Acquiring lock "cinder-quobyte-f8c80a68-4a66-481d-b278-26c14e792b61" by "_copy_volume_from_snapshot" {{(pid=84171) __acquire /opt/stack/cinder/cinder/coordination.py:138}}
Apr 28 16:14:36 devstack cinder-volume[84171]: DEBUG cinder.coordination [None req-2288d53a-e717-4f23-9ec3-12ffa469cfdb tempest-GroupsV314Test-867366836 None] Lock "cinder-quobyte-f8c80a68-4a66-481d-b278-26c14e792b61" acquired by "_copy_volume_from_snapshot" :: waited 0.022s {{(pid=84171) __acquire /opt/stack/cinder/cinder/coordination.py:141}}
Apr 28 16:14:36 devstack cinder-volume[84171]: DEBUG cinder.volume.drivers.quobyte [None req-2288d53a-e717-4f23-9ec3-12ffa469cfdb tempest-GroupsV314Test-867366836 None] snapshot: c5245925-e088-4f4b-9bf1-a99642b65501, volume: f8c80a68-4a66-481d-b278-26c14e792b61, {{(pid=84171) _copy_volume_from_snapshot /opt/stack/cinder/cinder/volume/drivers/quobyte.py:401}}
Apr 28 16:14:36 devstack cinder-volume[84171]: DEBUG oslo_concurrency.lockutils [None req-2288d53a-e717-4f23-9ec3-12ffa469cfdb tempest-GroupsV314Test-867366836 None] Acquiring lock "quobyte_ensure" by "cinder.volume.drivers.quobyte.QuobyteDriver._ensure_shares_mounted" {{(pid=84171) inner /opt/stack/data/venv/lib/python3.12/site-packages/oslo_concurrency/lockutils.py:506}}
Apr 28 16:14:36 devstack cinder-volume[84171]: DEBUG oslo_concurrency.lockutils [None req-2288d53a-e717-4f23-9ec3-12ffa469cfdb tempest-GroupsV314Test-867366836 None] Lock "quobyte_ensure" acquired by "cinder.volume.drivers.quobyte.QuobyteDriver._ensure_shares_mounted" :: waited 0.001s {{(pid=84171) inner /opt/stack/data/venv/lib/python3.12/site-packages/oslo_concurrency/lockutils.py:519}}
Apr 28 16:14:36 devstack cinder-volume[84171]: DEBUG cinder.volume.drivers.quobyte [None req-2288d53a-e717-4f23-9ec3-12ffa469cfdb tempest-GroupsV314Test-867366836 None] Quobyte Volume URL set to: {'osci02.corp.quobyte.com/cinder-vol-0e90133b-951c-455f-8793-29dddb93a207': None} {{(pid=84171) _load_shares_config /opt/stack/cinder/cinder/volume/drivers/quobyte.py:617}}
Apr 28 16:14:36 devstack cinder-volume[84171]: DEBUG cinder.volume.drivers.quobyte [None req-2288d53a-e717-4f23-9ec3-12ffa469cfdb tempest-GroupsV314Test-867366836 None] Available shares ['osci02.corp.quobyte.com/cinder-vol-0e90133b-951c-455f-8793-29dddb93a207'] {{(pid=84171) _ensure_shares_mounted /opt/stack/cinder/cinder/volume/drivers/quobyte.py:647}}
Apr 28 16:14:36 devstack cinder-volume[84171]: DEBUG oslo_concurrency.lockutils [None req-2288d53a-e717-4f23-9ec3-12ffa469cfdb tempest-GroupsV314Test-867366836 None] Lock "quobyte_ensure" "released" by "cinder.volume.drivers.quobyte.QuobyteDriver._ensure_shares_mounted" :: held 0.006s {{(pid=84171) inner /opt/stack/data/venv/lib/python3.12/site-packages/oslo_concurrency/lockutils.py:538}}
Apr 28 16:14:36 devstack cinder-volume[84171]: DEBUG oslo.privsep.daemon [-] privsep: reply[86269568-3f04-4277-b447-eb7bdd68266a]: (4, 'qcow2') {{(pid=85354) _call_back /opt/stack/data/venv/lib/python3.12/site-packages/oslo_privsep/daemon.py:573}}
Apr 28 16:14:36 devstack cinder-volume[84171]: DEBUG oslo_concurrency.processutils [None req-2288d53a-e717-4f23-9ec3-12ffa469cfdb tempest-GroupsV314Test-867366836 None] Running cmd (subprocess): /opt/stack/data/venv/bin/python3.12 -m oslo_concurrency.prlimit --as=1073741824 --cpu=60 -- sudo cinder-rootwrap /etc/cinder/rootwrap.conf env LC_ALL=C qemu-img info -f qcow2 --output=json --force-share /opt/stack/data/cinder/mnt/3c60e240e77329216827e61b1fb24d5f/volume-cac29487-bf09-43aa-965d-28547ec6b079.c5245925-e088-4f4b-9bf1-a99642b65501 {{(pid=84171) execute /opt/stack/data/venv/lib/python3.12/site-packages/oslo_concurrency/processutils.py:440}}
Apr 28 16:14:36 devstack sudo[89230]: quobyte : PWD=/ ; USER=root ; COMMAND=/opt/stack/data/venv/bin/cinder-rootwrap /etc/cinder/rootwrap.conf env LC_ALL=C qemu-img info -f qcow2 --output=json --force-share /opt/stack/data/cinder/mnt/3c60e240e77329216827e61b1fb24d5f/volume-cac29487-bf09-43aa-965d-28547ec6b079.c5245925-e088-4f4b-9bf1-a99642b65501
Apr 28 16:14:36 devstack sudo[89230]: pam_unix(sudo:session): session opened for user root(uid=0) by (uid=1000)
Apr 28 16:14:36 devstack sudo[89230]: pam_unix(sudo:session): session closed for user root
Apr 28 16:14:37 devstack cinder-volume[84171]: DEBUG oslo_concurrency.processutils [None req-2288d53a-e717-4f23-9ec3-12ffa469cfdb tempest-GroupsV314Test-867366836 None] CMD "/opt/stack/data/venv/bin/python3.12 -m oslo_concurrency.prlimit --as=1073741824 --cpu=60 -- sudo cinder-rootwrap /etc/cinder/rootwrap.conf env LC_ALL=C qemu-img info -f qcow2 --output=json --force-share /opt/stack/data/cinder/mnt/3c60e240e77329216827e61b1fb24d5f/volume-cac29487-bf09-43aa-965d-28547ec6b079.c5245925-e088-4f4b-9bf1-a99642b65501" returned: 0 in 0.832s {{(pid=84171) execute /opt/stack/data/venv/lib/python3.12/site-packages/oslo_concurrency/processutils.py:468}}
Apr 28 16:14:37 devstack cinder-volume[84171]: DEBUG cinder.volume.drivers.remotefs [None req-2288d53a-e717-4f23-9ec3-12ffa469cfdb tempest-GroupsV314Test-867366836 None] Fetching qemu-img info with special backing_file_template: (/opt/stack/data/cinder/mnt/[0-9a-f]+/)?(volume-cac29487-bf09-43aa-965d-28547ec6b079(.(tmp-snap-)?[0-9a-f-]+)?|volume_from_snapshot_cache/(tmp-snap-)?[0-9a-f-]+(.(child-|parent-)[0-9a-f-]+)?)$ {{(pid=84171) _qemu_img_info_base /opt/stack/cinder/cinder/volume/drivers/remotefs.py:896}}
Apr 28 16:14:37 devstack cinder-volume[84171]: DEBUG cinder.volume.drivers.quobyte [None req-2288d53a-e717-4f23-9ec3-12ffa469cfdb tempest-GroupsV314Test-867366836 None] will copy from snapshot at /opt/stack/data/cinder/mnt/3c60e240e77329216827e61b1fb24d5f/volume-cac29487-bf09-43aa-965d-28547ec6b079 {{(pid=84171) _copy_volume_from_snapshot /opt/stack/cinder/cinder/volume/drivers/quobyte.py:420}}
Apr 28 16:14:37 devstack cinder-volume[84171]: DEBUG cinder.volume.drivers.quobyte [None req-2288d53a-e717-4f23-9ec3-12ffa469cfdb tempest-GroupsV314Test-867366836 None] Creating direct copy from snapshot {{(pid=84171) _copy_volume_from_snapshot /opt/stack/cinder/cinder/volume/drivers/quobyte.py:428}}
Apr 28 16:14:37 devstack cinder-volume[84171]: DEBUG oslo.privsep.daemon [-] privsep: reply[df4e64bc-3add-4bfb-b8ea-239e2806e6c2]: (4, 'qcow2') {{(pid=85354) _call_back /opt/stack/data/venv/lib/python3.12/site-packages/oslo_privsep/daemon.py:573}}
Apr 28 16:14:37 devstack cinder-volume[84171]: DEBUG oslo_concurrency.processutils [None req-2288d53a-e717-4f23-9ec3-12ffa469cfdb tempest-GroupsV314Test-867366836 None] Running cmd (subprocess): /opt/stack/data/venv/bin/python3.12 -m oslo_concurrency.prlimit --as=1073741824 --cpu=60 -- sudo cinder-rootwrap /etc/cinder/rootwrap.conf env LC_ALL=C qemu-img info -f qcow2 --output=json /opt/stack/data/cinder/mnt/3c60e240e77329216827e61b1fb24d5f/volume-cac29487-bf09-43aa-965d-28547ec6b079 {{(pid=84171) execute /opt/stack/data/venv/lib/python3.12/site-packages/oslo_concurrency/processutils.py:440}}
Apr 28 16:14:37 devstack sudo[89236]: quobyte : PWD=/ ; USER=root ; COMMAND=/opt/stack/data/venv/bin/cinder-rootwrap /etc/cinder/rootwrap.conf env LC_ALL=C qemu-img info -f qcow2 --output=json /opt/stack/data/cinder/mnt/3c60e240e77329216827e61b1fb24d5f/volume-cac29487-bf09-43aa-965d-28547ec6b079
Apr 28 16:14:37 devstack sudo[89236]: pam_unix(sudo:session): session opened for user root(uid=0) by (uid=1000)
Apr 28 16:14:37 devstack sudo[89236]: pam_unix(sudo:session): session closed for user root
Apr 28 16:14:37 devstack cinder-volume[84171]: DEBUG oslo_concurrency.processutils [None req-2288d53a-e717-4f23-9ec3-12ffa469cfdb tempest-GroupsV314Test-867366836 None] CMD "/opt/stack/data/venv/bin/python3.12 -m oslo_concurrency.prlimit --as=1073741824 --cpu=60 -- sudo cinder-rootwrap /etc/cinder/rootwrap.conf env LC_ALL=C qemu-img info -f qcow2 --output=json /opt/stack/data/cinder/mnt/3c60e240e77329216827e61b1fb24d5f/volume-cac29487-bf09-43aa-965d-28547ec6b079" returned: 0 in 0.902s {{(pid=84171) execute /opt/stack/data/venv/lib/python3.12/site-packages/oslo_concurrency/processutils.py:468}}
Apr 28 16:14:37 devstack cinder-volume[84171]: DEBUG cinder.utils [None req-2288d53a-e717-4f23-9ec3-12ffa469cfdb tempest-GroupsV314Test-867366836 None] Path /opt/stack/data/cinder/mnt/3c60e240e77329216827e61b1fb24d5f/volume-f8c80a68-4a66-481d-b278-26c14e792b61 not found in is_blk_device check {{(pid=84171) is_blk_device /opt/stack/cinder/cinder/utils.py:602}}
Apr 28 16:14:37 devstack cinder-volume[84171]: DEBUG oslo_concurrency.processutils [None req-2288d53a-e717-4f23-9ec3-12ffa469cfdb tempest-GroupsV314Test-867366836 None] Running cmd (subprocess): sudo cinder-rootwrap /etc/cinder/rootwrap.conf qemu-img convert -O qcow2 /opt/stack/data/cinder/mnt/3c60e240e77329216827e61b1fb24d5f/volume-cac29487-bf09-43aa-965d-28547ec6b079 /opt/stack/data/cinder/mnt/3c60e240e77329216827e61b1fb24d5f/volume-f8c80a68-4a66-481d-b278-26c14e792b61 {{(pid=84171) execute /opt/stack/data/venv/lib/python3.12/site-packages/oslo_concurrency/processutils.py:440}}
Apr 28 16:14:37 devstack sudo[89255]: quobyte : PWD=/ ; USER=root ; COMMAND=/opt/stack/data/venv/bin/cinder-rootwrap /etc/cinder/rootwrap.conf qemu-img convert -O qcow2 /opt/stack/data/cinder/mnt/3c60e240e77329216827e61b1fb24d5f/volume-cac29487-bf09-43aa-965d-28547ec6b079 /opt/stack/data/cinder/mnt/3c60e240e77329216827e61b1fb24d5f/volume-f8c80a68-4a66-481d-b278-26c14e792b61
Apr 28 16:14:37 devstack sudo[89255]: pam_unix(sudo:session): session opened for user root(uid=0) by (uid=1000)
Apr 28 16:14:44 devstack cinder-volume[84171]: DEBUG dbcounter [-] [84171] Writing DB stats cinder:UPDATE=15,cinder:SELECT=13,cinder:INSERT=2 {{(pid=84171) stat_writer /opt/stack/data/venv/lib/python3.12/site-packages/dbcounter.py:115}}
Apr 28 16:14:44 devstack cinder-volume[84171]: DEBUG dbcounter [-] [84171] Writing DB stats cinder:SELECT=10,cinder:INSERT=4,cinder:UPDATE=10,cinder:DELETE=1 {{(pid=84171) stat_writer /opt/stack/data/venv/lib/python3.12/site-packages/dbcounter.py:115}}
Apr 28 16:14:45 devstack sudo[89255]: pam_unix(sudo:session): session closed for user root
Apr 28 16:14:45 devstack cinder-volume[84171]: DEBUG oslo_concurrency.processutils [None req-2288d53a-e717-4f23-9ec3-12ffa469cfdb tempest-GroupsV314Test-867366836 None] CMD "sudo cinder-rootwrap /etc/cinder/rootwrap.conf qemu-img convert -O qcow2 /opt/stack/data/cinder/mnt/3c60e240e77329216827e61b1fb24d5f/volume-cac29487-bf09-43aa-965d-28547ec6b079 /opt/stack/data/cinder/mnt/3c60e240e77329216827e61b1fb24d5f/volume-f8c80a68-4a66-481d-b278-26c14e792b61" returned: 0 in 7.544s {{(pid=84171) execute /opt/stack/data/venv/lib/python3.12/site-packages/oslo_concurrency/processutils.py:468}}
Apr 28 16:14:45 devstack cinder-volume[84171]: DEBUG oslo.privsep.daemon [-] privsep: reply[e8411a1b-20fd-4090-aa47-fe4b70ad7f42]: (4, 'qcow2') {{(pid=85354) _call_back /opt/stack/data/venv/lib/python3.12/site-packages/oslo_privsep/daemon.py:573}}
Apr 28 16:14:45 devstack cinder-volume[84171]: DEBUG oslo_concurrency.processutils [None req-2288d53a-e717-4f23-9ec3-12ffa469cfdb tempest-GroupsV314Test-867366836 None] Running cmd (subprocess): /opt/stack/data/venv/bin/python3.12 -m oslo_concurrency.prlimit --as=1073741824 --cpu=60 -- sudo cinder-rootwrap /etc/cinder/rootwrap.conf env LC_ALL=C qemu-img info -f qcow2 --output=json /opt/stack/data/cinder/mnt/3c60e240e77329216827e61b1fb24d5f/volume-cac29487-bf09-43aa-965d-28547ec6b079 {{(pid=84171) execute /opt/stack/data/venv/lib/python3.12/site-packages/oslo_concurrency/processutils.py:440}}
Apr 28 16:14:45 devstack sudo[89390]: quobyte : PWD=/ ; USER=root ; COMMAND=/opt/stack/data/venv/bin/cinder-rootwrap /etc/cinder/rootwrap.conf env LC_ALL=C qemu-img info -f qcow2 --output=json /opt/stack/data/cinder/mnt/3c60e240e77329216827e61b1fb24d5f/volume-cac29487-bf09-43aa-965d-28547ec6b079
Apr 28 16:14:45 devstack sudo[89390]: pam_unix(sudo:session): session opened for user root(uid=0) by (uid=1000)
Apr 28 16:14:46 devstack sudo[89390]: pam_unix(sudo:session): session closed for user root
Apr 28 16:14:46 devstack cinder-volume[84171]: DEBUG oslo_concurrency.processutils [None req-2288d53a-e717-4f23-9ec3-12ffa469cfdb tempest-GroupsV314Test-867366836 None] CMD "/opt/stack/data/venv/bin/python3.12 -m oslo_concurrency.prlimit --as=1073741824 --cpu=60 -- sudo cinder-rootwrap /etc/cinder/rootwrap.conf env LC_ALL=C qemu-img info -f qcow2 --output=json /opt/stack/data/cinder/mnt/3c60e240e77329216827e61b1fb24d5f/volume-cac29487-bf09-43aa-965d-28547ec6b079" returned: 0 in 0.876s {{(pid=84171) execute /opt/stack/data/venv/lib/python3.12/site-packages/oslo_concurrency/processutils.py:468}}
Apr 28 16:14:46 devstack cinder-volume[84171]: DEBUG cinder.image.image_utils [None req-2288d53a-e717-4f23-9ec3-12ffa469cfdb tempest-GroupsV314Test-867366836 None] Image conversion details: src /opt/stack/data/cinder/mnt/3c60e240e77329216827e61b1fb24d5f/volume-cac29487-bf09-43aa-965d-28547ec6b079, size 1024.00 MB, duration 7.55 sec, destination /opt/stack/data/cinder/mnt/3c60e240e77329216827e61b1fb24d5f/volume-f8c80a68-4a66-481d-b278-26c14e792b61 {{(pid=84171) _convert_image /opt/stack/cinder/cinder/image/image_utils.py:533}}
Apr 28 16:14:46 devstack cinder-volume[84171]: INFO cinder.image.image_utils [None req-2288d53a-e717-4f23-9ec3-12ffa469cfdb tempest-GroupsV314Test-867366836 None] Converted 1024.00 MB image at 135.72 MB/s
Apr 28 16:14:46 devstack cinder-volume[84171]: WARNING cinder.volume.drivers.remotefs [None req-2288d53a-e717-4f23-9ec3-12ffa469cfdb tempest-GroupsV314Test-867366836 None] /opt/stack/data/cinder/mnt/3c60e240e77329216827e61b1fb24d5f/volume-f8c80a68-4a66-481d-b278-26c14e792b61 is being set with open permissions: ugo+rw: NotImplementedError
Apr 28 16:14:46 devstack cinder-volume[84171]: DEBUG oslo_concurrency.processutils [None req-2288d53a-e717-4f23-9ec3-12ffa469cfdb tempest-GroupsV314Test-867366836 None] Running cmd (subprocess): sudo cinder-rootwrap /etc/cinder/rootwrap.conf chmod ugo+rw /opt/stack/data/cinder/mnt/3c60e240e77329216827e61b1fb24d5f/volume-f8c80a68-4a66-481d-b278-26c14e792b61 {{(pid=84171) execute /opt/stack/data/venv/lib/python3.12/site-packages/oslo_concurrency/processutils.py:440}}
Apr 28 16:14:46 devstack sudo[89397]: quobyte : PWD=/ ; USER=root ; COMMAND=/opt/stack/data/venv/bin/cinder-rootwrap /etc/cinder/rootwrap.conf chmod ugo+rw /opt/stack/data/cinder/mnt/3c60e240e77329216827e61b1fb24d5f/volume-f8c80a68-4a66-481d-b278-26c14e792b61
Apr 28 16:14:46 devstack sudo[89397]: pam_unix(sudo:session): session opened for user root(uid=0) by (uid=1000)
Apr 28 16:14:47 devstack sudo[89397]: pam_unix(sudo:session): session closed for user root
Apr 28 16:14:47 devstack cinder-volume[84171]: DEBUG oslo_concurrency.processutils [None req-2288d53a-e717-4f23-9ec3-12ffa469cfdb tempest-GroupsV314Test-867366836 None] CMD "sudo cinder-rootwrap /etc/cinder/rootwrap.conf chmod ugo+rw /opt/stack/data/cinder/mnt/3c60e240e77329216827e61b1fb24d5f/volume-f8c80a68-4a66-481d-b278-26c14e792b61" returned: 0 in 0.654s {{(pid=84171) execute /opt/stack/data/venv/lib/python3.12/site-packages/oslo_concurrency/processutils.py:468}}
Apr 28 16:14:47 devstack cinder-volume[84171]: DEBUG cinder.coordination [None req-2288d53a-e717-4f23-9ec3-12ffa469cfdb tempest-GroupsV314Test-867366836 None] Lock "cinder-quobyte-f8c80a68-4a66-481d-b278-26c14e792b61" released by "_copy_volume_from_snapshot" :: held 10.945s {{(pid=84171) __release /opt/stack/cinder/cinder/coordination.py:152}}
Apr 28 16:14:47 devstack cinder-volume[84171]: DEBUG cinder.coordination [None req-2288d53a-e717-4f23-9ec3-12ffa469cfdb tempest-GroupsV314Test-867366836 None] Acquiring lock "cinder-quobyte-c5245925-e088-4f4b-9bf1-a99642b65501" by "_delete_snapshot" {{(pid=84171) __acquire /opt/stack/cinder/cinder/coordination.py:138}}
Apr 28 16:14:47 devstack cinder-volume[84171]: DEBUG cinder.coordination [None req-2288d53a-e717-4f23-9ec3-12ffa469cfdb tempest-GroupsV314Test-867366836 None] Lock "cinder-quobyte-c5245925-e088-4f4b-9bf1-a99642b65501" acquired by "_delete_snapshot" :: waited 0.019s {{(pid=84171) __acquire /opt/stack/cinder/cinder/coordination.py:141}}
Apr 28 16:14:47 devstack cinder-volume[84171]: DEBUG cinder.volume.drivers.remotefs [None req-2288d53a-e717-4f23-9ec3-12ffa469cfdb tempest-GroupsV314Test-867366836 None] Deleting offline snapshot c5245925-e088-4f4b-9bf1-a99642b65501 of volume cac29487-bf09-43aa-965d-28547ec6b079 {{(pid=84171) _delete_snapshot /opt/stack/cinder/cinder/volume/drivers/remotefs.py:1288}}
Apr 28 16:14:47 devstack cinder-volume[84171]: DEBUG cinder.volume.drivers.remotefs [None req-2288d53a-e717-4f23-9ec3-12ffa469cfdb tempest-GroupsV314Test-867366836 None] snapshot_file for this snap is: volume-cac29487-bf09-43aa-965d-28547ec6b079.c5245925-e088-4f4b-9bf1-a99642b65501 {{(pid=84171) _delete_snapshot /opt/stack/cinder/cinder/volume/drivers/remotefs.py:1317}}
Apr 28 16:14:47 devstack cinder-volume[84171]: DEBUG oslo.privsep.daemon [-] privsep: reply[039b0087-a85c-4e61-a9c6-08111840d879]: (4, 'qcow2') {{(pid=85354) _call_back /opt/stack/data/venv/lib/python3.12/site-packages/oslo_privsep/daemon.py:573}}
Apr 28 16:14:47 devstack cinder-volume[84171]: DEBUG oslo_concurrency.processutils [None req-2288d53a-e717-4f23-9ec3-12ffa469cfdb tempest-GroupsV314Test-867366836 None] Running cmd (subprocess): /opt/stack/data/venv/bin/python3.12 -m oslo_concurrency.prlimit --as=1073741824 --cpu=60 -- sudo cinder-rootwrap /etc/cinder/rootwrap.conf env LC_ALL=C qemu-img info -f qcow2 --output=json --force-share /opt/stack/data/cinder/mnt/3c60e240e77329216827e61b1fb24d5f/volume-cac29487-bf09-43aa-965d-28547ec6b079.c5245925-e088-4f4b-9bf1-a99642b65501 {{(pid=84171) execute /opt/stack/data/venv/lib/python3.12/site-packages/oslo_concurrency/processutils.py:440}}
