Apr 28 16:11:39 devstack cinder-volume[84171]: WARNING cinder.quota [req-ccacaeec-2b6f-4e50-a1af-480673d1d7ba req-6afb1efc-4038-4047-a49e-854594d16205 tempest-VolumesSnapshotsTestJSON-838491531 None] Deprecated: Default quota for resource: snapshots_QuobyteHD is set by the default quota flag: quota_snapshots_QuobyteHD, it is now deprecated. Please use the default quota class for default quota.
Apr 28 16:11:39 devstack cinder-volume[84171]: DEBUG cinder.quota [req-ccacaeec-2b6f-4e50-a1af-480673d1d7ba req-6afb1efc-4038-4047-a49e-854594d16205 tempest-VolumesSnapshotsTestJSON-838491531 None] Created reservations ['fd20de64-2b64-468c-af78-9e9f9e40c41b', '3e21a7a4-ae8f-4220-bca3-c83f38f6786f', 'f94a7331-285c-4f35-8a84-40a450b99b23', '334394b2-2b43-46a5-9dd0-a36fc6105c4a'] {{(pid=84171) reserve /opt/stack/cinder/cinder/quota.py:752}}
Apr 28 16:11:39 devstack cinder-volume[84171]: INFO cinder.volume.manager [req-ccacaeec-2b6f-4e50-a1af-480673d1d7ba req-6afb1efc-4038-4047-a49e-854594d16205 tempest-VolumesSnapshotsTestJSON-838491531 None] Delete snapshot completed successfully.
Apr 28 16:11:39 devstack cinder-volume[84171]: DEBUG cinder.coordination [req-ccacaeec-2b6f-4e50-a1af-480673d1d7ba req-6afb1efc-4038-4047-a49e-854594d16205 tempest-VolumesSnapshotsTestJSON-838491531 None] Lock "cinder-d84f8bf7-77df-43e7-95ee-3d653392c713-delete_snapshot" released by "delete_snapshot" :: held 3.795s {{(pid=84171) __release /opt/stack/cinder/cinder/coordination.py:152}}
Apr 28 16:11:40 devstack sudo[86704]: pam_unix(sudo:session): session closed for user root
Apr 28 16:11:40 devstack cinder-volume[84171]: DEBUG oslo_concurrency.processutils [None req-8986a279-f269-4ac9-a2e9-f01fe427f0b8 tempest-GroupSnapshotsTest-1217726435 None] CMD "sudo cinder-rootwrap /etc/cinder/rootwrap.conf qemu-img create -f qcow2 -o preallocation=metadata /opt/stack/data/cinder/mnt/3c60e240e77329216827e61b1fb24d5f/volume-98109163-9a2c-47f8-a964-10fd969cd40c 1073741824" returned: 0 in 0.956s {{(pid=84171) execute /opt/stack/data/venv/lib/python3.12/site-packages/oslo_concurrency/processutils.py:468}}
Apr 28 16:11:40 devstack cinder-volume[84171]: DEBUG oslo_concurrency.processutils [None req-8986a279-f269-4ac9-a2e9-f01fe427f0b8 tempest-GroupSnapshotsTest-1217726435 None] Running cmd (subprocess): sudo cinder-rootwrap /etc/cinder/rootwrap.conf chmod ugo+rw /opt/stack/data/cinder/mnt/3c60e240e77329216827e61b1fb24d5f/volume-98109163-9a2c-47f8-a964-10fd969cd40c {{(pid=84171) execute /opt/stack/data/venv/lib/python3.12/site-packages/oslo_concurrency/processutils.py:440}}
Apr 28 16:11:40 devstack sudo[86711]: quobyte : PWD=/ ; USER=root ; COMMAND=/opt/stack/data/venv/bin/cinder-rootwrap /etc/cinder/rootwrap.conf chmod ugo+rw /opt/stack/data/cinder/mnt/3c60e240e77329216827e61b1fb24d5f/volume-98109163-9a2c-47f8-a964-10fd969cd40c
Apr 28 16:11:40 devstack sudo[86711]: pam_unix(sudo:session): session opened for user root(uid=0) by (uid=1000)
Apr 28 16:11:40 devstack cinder-volume[84171]: DEBUG cinder.coordination [req-a99791d8-f064-429c-ae13-115541b861f5 req-61e4a67f-115d-4a22-9b08-808ee5243f56 tempest-VolumesSnapshotsTestJSON-838491531 None] Acquiring lock "cinder-4a7023e9-4313-48ec-b019-0b8aeab08408-delete_volume" by "delete_volume" {{(pid=84171) __acquire /opt/stack/cinder/cinder/coordination.py:138}}
Apr 28 16:11:40 devstack cinder-volume[84171]: DEBUG cinder.coordination [req-a99791d8-f064-429c-ae13-115541b861f5 req-61e4a67f-115d-4a22-9b08-808ee5243f56 tempest-VolumesSnapshotsTestJSON-838491531 None] Lock "cinder-4a7023e9-4313-48ec-b019-0b8aeab08408-delete_volume" acquired by "delete_volume" :: waited 0.034s {{(pid=84171) __acquire /opt/stack/cinder/cinder/coordination.py:141}}
Apr 28 16:11:40 devstack cinder-volume[84171]: DEBUG cinder.coordination [req-a99791d8-f064-429c-ae13-115541b861f5 req-61e4a67f-115d-4a22-9b08-808ee5243f56 tempest-VolumesSnapshotsTestJSON-838491531 None] Acquiring lock "cinder-quobyte-4a7023e9-4313-48ec-b019-0b8aeab08408" by "delete_volume" {{(pid=84171) __acquire /opt/stack/cinder/cinder/coordination.py:138}}
Apr 28 16:11:40 devstack cinder-volume[84171]: DEBUG cinder.coordination [req-a99791d8-f064-429c-ae13-115541b861f5 req-61e4a67f-115d-4a22-9b08-808ee5243f56 tempest-VolumesSnapshotsTestJSON-838491531 None] Lock "cinder-quobyte-4a7023e9-4313-48ec-b019-0b8aeab08408" acquired by "delete_volume" :: waited 0.018s {{(pid=84171) __acquire /opt/stack/cinder/cinder/coordination.py:141}}
Apr 28 16:11:40 devstack cinder-volume[84171]: DEBUG oslo.privsep.daemon [-] privsep: reply[191b1cac-1b83-4e16-a4d0-3938b72cc7a6]: (4, 'qcow2') {{(pid=85354) _call_back /opt/stack/data/venv/lib/python3.12/site-packages/oslo_privsep/daemon.py:573}}
Apr 28 16:11:40 devstack cinder-volume[84171]: DEBUG oslo_concurrency.processutils [req-a99791d8-f064-429c-ae13-115541b861f5 req-61e4a67f-115d-4a22-9b08-808ee5243f56 tempest-VolumesSnapshotsTestJSON-838491531 None] Running cmd (subprocess): /opt/stack/data/venv/bin/python3.12 -m oslo_concurrency.prlimit --as=1073741824 --cpu=60 -- sudo cinder-rootwrap /etc/cinder/rootwrap.conf env LC_ALL=C qemu-img info -f qcow2 --output=json --force-share /opt/stack/data/cinder/mnt/3c60e240e77329216827e61b1fb24d5f/volume-4a7023e9-4313-48ec-b019-0b8aeab08408 {{(pid=84171) execute /opt/stack/data/venv/lib/python3.12/site-packages/oslo_concurrency/processutils.py:440}}
Apr 28 16:11:40 devstack sudo[86711]: pam_unix(sudo:session): session closed for user root
Apr 28 16:11:40 devstack cinder-volume[84171]: DEBUG oslo_concurrency.processutils [None req-8986a279-f269-4ac9-a2e9-f01fe427f0b8 tempest-GroupSnapshotsTest-1217726435 None] CMD "sudo cinder-rootwrap /etc/cinder/rootwrap.conf chmod ugo+rw /opt/stack/data/cinder/mnt/3c60e240e77329216827e61b1fb24d5f/volume-98109163-9a2c-47f8-a964-10fd969cd40c" returned: 0 in 0.709s {{(pid=84171) execute /opt/stack/data/venv/lib/python3.12/site-packages/oslo_concurrency/processutils.py:468}}
Apr 28 16:11:40 devstack cinder-volume[84171]: DEBUG cinder.volume.drivers.quobyte [None req-8986a279-f269-4ac9-a2e9-f01fe427f0b8 tempest-GroupSnapshotsTest-1217726435 None] <== create_volume: return (1713ms) {'provider_location': 'osci02.corp.quobyte.com/cinder-vol-0e90133b-951c-455f-8793-29dddb93a207'} {{(pid=84171) trace_logging_wrapper /opt/stack/cinder/cinder/volume/volume_utils.py:1523}}
Apr 28 16:11:40 devstack cinder-volume[84171]: DEBUG oslo_concurrency.lockutils [None req-8986a279-f269-4ac9-a2e9-f01fe427f0b8 tempest-GroupSnapshotsTest-1217726435 None] Lock "quobyte" "released" by "cinder.volume.drivers.quobyte.QuobyteDriver.create_volume" :: held 1.716s {{(pid=84171) inner /opt/stack/data/venv/lib/python3.12/site-packages/oslo_concurrency/lockutils.py:538}}
Apr 28 16:11:40 devstack sudo[86714]: quobyte : PWD=/ ; USER=root ; COMMAND=/opt/stack/data/venv/bin/cinder-rootwrap /etc/cinder/rootwrap.conf env LC_ALL=C qemu-img info -f qcow2 --output=json --force-share /opt/stack/data/cinder/mnt/3c60e240e77329216827e61b1fb24d5f/volume-4a7023e9-4313-48ec-b019-0b8aeab08408
Apr 28 16:11:40 devstack cinder-volume[84171]: DEBUG cinder.volume.manager [None req-8986a279-f269-4ac9-a2e9-f01fe427f0b8 tempest-GroupSnapshotsTest-1217726435 None] Task 'cinder.volume.flows.manager.create_volume.CreateVolumeFromSpecTask;volume:create' (a5349a1c-f3f6-4585-b59d-e9e33b019597) transitioned into state 'SUCCESS' from state 'RUNNING' with result '{'status': 'creating', 'volume_name': 'volume-98109163-9a2c-47f8-a964-10fd969cd40c', 'volume_size': 1}' {{(pid=84171) _task_receiver /opt/stack/data/venv/lib/python3.12/site-packages/taskflow/listeners/logging.py:182}}
Apr 28 16:11:40 devstack sudo[86714]: pam_unix(sudo:session): session opened for user root(uid=0) by (uid=1000)
Apr 28 16:11:40 devstack cinder-volume[84171]: DEBUG cinder.volume.manager [None req-8986a279-f269-4ac9-a2e9-f01fe427f0b8 tempest-GroupSnapshotsTest-1217726435 None] Task 'cinder.volume.flows.manager.create_volume.CreateVolumeOnFinishTask;volume:create, create.end' (79890559-97b9-4a9e-a21c-a06f62fde3ff) transitioned into state 'RUNNING' from state 'PENDING' {{(pid=84171) _task_receiver /opt/stack/data/venv/lib/python3.12/site-packages/taskflow/listeners/logging.py:194}}
Apr 28 16:11:40 devstack cinder-volume[84171]: INFO cinder.volume.flows.manager.create_volume [None req-8986a279-f269-4ac9-a2e9-f01fe427f0b8 tempest-GroupSnapshotsTest-1217726435 None] Volume volume-98109163-9a2c-47f8-a964-10fd969cd40c (98109163-9a2c-47f8-a964-10fd969cd40c): created successfully
Apr 28 16:11:40 devstack cinder-volume[84171]: DEBUG cinder.volume.manager [None req-8986a279-f269-4ac9-a2e9-f01fe427f0b8 tempest-GroupSnapshotsTest-1217726435 None] Task 'cinder.volume.flows.manager.create_volume.CreateVolumeOnFinishTask;volume:create, create.end' (79890559-97b9-4a9e-a21c-a06f62fde3ff) transitioned into state 'SUCCESS' from state 'RUNNING' with result 'None' {{(pid=84171) _task_receiver /opt/stack/data/venv/lib/python3.12/site-packages/taskflow/listeners/logging.py:182}}
Apr 28 16:11:40 devstack cinder-volume[84171]: DEBUG cinder.volume.manager [None req-8986a279-f269-4ac9-a2e9-f01fe427f0b8 tempest-GroupSnapshotsTest-1217726435 None] Flow 'volume_create_manager' (039a382b-988d-4952-80ab-7c619d653d08) transitioned into state 'SUCCESS' from state 'RUNNING' {{(pid=84171) _flow_receiver /opt/stack/data/venv/lib/python3.12/site-packages/taskflow/listeners/logging.py:145}}
Apr 28 16:11:40 devstack cinder-volume[84171]: INFO cinder.volume.manager [None req-8986a279-f269-4ac9-a2e9-f01fe427f0b8 tempest-GroupSnapshotsTest-1217726435 None] Created volume successfully.
Apr 28 16:11:41 devstack cinder-volume[84171]: INFO cinder.volume.manager [None req-d6390bc6-c497-4c54-8cbc-eebedbb6c81b tempest-GroupSnapshotsTest-1217726435 None] Update group completed successfully.
Apr 28 16:11:41 devstack sudo[86714]: pam_unix(sudo:session): session closed for user root
Apr 28 16:11:41 devstack cinder-volume[84171]: DEBUG oslo_concurrency.processutils [req-a99791d8-f064-429c-ae13-115541b861f5 req-61e4a67f-115d-4a22-9b08-808ee5243f56 tempest-VolumesSnapshotsTestJSON-838491531 None] CMD "/opt/stack/data/venv/bin/python3.12 -m oslo_concurrency.prlimit --as=1073741824 --cpu=60 -- sudo cinder-rootwrap /etc/cinder/rootwrap.conf env LC_ALL=C qemu-img info -f qcow2 --output=json --force-share /opt/stack/data/cinder/mnt/3c60e240e77329216827e61b1fb24d5f/volume-4a7023e9-4313-48ec-b019-0b8aeab08408" returned: 0 in 0.879s {{(pid=84171) execute /opt/stack/data/venv/lib/python3.12/site-packages/oslo_concurrency/processutils.py:468}}
Apr 28 16:11:41 devstack cinder-volume[84171]: DEBUG oslo_concurrency.processutils [req-a99791d8-f064-429c-ae13-115541b861f5 req-61e4a67f-115d-4a22-9b08-808ee5243f56 tempest-VolumesSnapshotsTestJSON-838491531 None] Running cmd (subprocess): sudo cinder-rootwrap /etc/cinder/rootwrap.conf rm -f /opt/stack/data/cinder/mnt/3c60e240e77329216827e61b1fb24d5f/volume-4a7023e9-4313-48ec-b019-0b8aeab08408 {{(pid=84171) execute /opt/stack/data/venv/lib/python3.12/site-packages/oslo_concurrency/processutils.py:440}}
Apr 28 16:11:41 devstack sudo[86720]: quobyte : PWD=/ ; USER=root ; COMMAND=/opt/stack/data/venv/bin/cinder-rootwrap /etc/cinder/rootwrap.conf rm -f /opt/stack/data/cinder/mnt/3c60e240e77329216827e61b1fb24d5f/volume-4a7023e9-4313-48ec-b019-0b8aeab08408
Apr 28 16:11:41 devstack sudo[86720]: pam_unix(sudo:session): session opened for user root(uid=0) by (uid=1000)
Apr 28 16:11:42 devstack sudo[86720]: pam_unix(sudo:session): session closed for user root
Apr 28 16:11:42 devstack cinder-volume[84171]: DEBUG oslo_concurrency.processutils [req-a99791d8-f064-429c-ae13-115541b861f5 req-61e4a67f-115d-4a22-9b08-808ee5243f56 tempest-VolumesSnapshotsTestJSON-838491531 None] CMD "sudo cinder-rootwrap /etc/cinder/rootwrap.conf rm -f /opt/stack/data/cinder/mnt/3c60e240e77329216827e61b1fb24d5f/volume-4a7023e9-4313-48ec-b019-0b8aeab08408" returned: 0 in 0.691s {{(pid=84171) execute /opt/stack/data/venv/lib/python3.12/site-packages/oslo_concurrency/processutils.py:468}}
Apr 28 16:11:42 devstack cinder-volume[84171]: DEBUG cinder.coordination [req-a99791d8-f064-429c-ae13-115541b861f5 req-61e4a67f-115d-4a22-9b08-808ee5243f56 tempest-VolumesSnapshotsTestJSON-838491531 None] Lock "cinder-quobyte-4a7023e9-4313-48ec-b019-0b8aeab08408" released by "delete_volume" :: held 1.657s {{(pid=84171) __release /opt/stack/cinder/cinder/coordination.py:152}}
Apr 28 16:11:42 devstack cinder-volume[84171]: DEBUG cinder.quota [req-a99791d8-f064-429c-ae13-115541b861f5 req-61e4a67f-115d-4a22-9b08-808ee5243f56 tempest-VolumesSnapshotsTestJSON-838491531 None] Created reservations ['03bc9e5e-0c26-4974-b597-99de03998e93', '96b4c8d1-6d76-478e-999f-e0ea914962e4', '61600e10-41ea-41c0-8b70-6fcd89e21e00', 'abfe02cf-10a2-429b-86b8-c1990c288a2b'] {{(pid=84171) reserve /opt/stack/cinder/cinder/quota.py:752}}
Apr 28 16:11:42 devstack cinder-volume[84171]: DEBUG oslo_concurrency.lockutils [req-a99791d8-f064-429c-ae13-115541b861f5 req-61e4a67f-115d-4a22-9b08-808ee5243f56 tempest-VolumesSnapshotsTestJSON-838491531 None] Acquiring lock "quobyte_ensure" by "cinder.volume.drivers.quobyte.QuobyteDriver._ensure_shares_mounted" {{(pid=84171) inner /opt/stack/data/venv/lib/python3.12/site-packages/oslo_concurrency/lockutils.py:506}}
Apr 28 16:11:42 devstack cinder-volume[84171]: DEBUG oslo_concurrency.lockutils [req-a99791d8-f064-429c-ae13-115541b861f5 req-61e4a67f-115d-4a22-9b08-808ee5243f56 tempest-VolumesSnapshotsTestJSON-838491531 None] Lock "quobyte_ensure" acquired by "cinder.volume.drivers.quobyte.QuobyteDriver._ensure_shares_mounted" :: waited 0.001s {{(pid=84171) inner /opt/stack/data/venv/lib/python3.12/site-packages/oslo_concurrency/lockutils.py:519}}
Apr 28 16:11:42 devstack cinder-volume[84171]: DEBUG cinder.volume.drivers.quobyte [req-a99791d8-f064-429c-ae13-115541b861f5 req-61e4a67f-115d-4a22-9b08-808ee5243f56 tempest-VolumesSnapshotsTestJSON-838491531 None] Quobyte Volume URL set to: {'osci02.corp.quobyte.com/cinder-vol-0e90133b-951c-455f-8793-29dddb93a207': None} {{(pid=84171) _load_shares_config /opt/stack/cinder/cinder/volume/drivers/quobyte.py:617}}
Apr 28 16:11:42 devstack cinder-volume[84171]: DEBUG cinder.volume.drivers.quobyte [req-a99791d8-f064-429c-ae13-115541b861f5 req-61e4a67f-115d-4a22-9b08-808ee5243f56 tempest-VolumesSnapshotsTestJSON-838491531 None] Available shares ['osci02.corp.quobyte.com/cinder-vol-0e90133b-951c-455f-8793-29dddb93a207'] {{(pid=84171) _ensure_shares_mounted /opt/stack/cinder/cinder/volume/drivers/quobyte.py:647}}
Apr 28 16:11:42 devstack cinder-volume[84171]: DEBUG oslo_concurrency.lockutils [req-a99791d8-f064-429c-ae13-115541b861f5 req-61e4a67f-115d-4a22-9b08-808ee5243f56 tempest-VolumesSnapshotsTestJSON-838491531 None] Lock "quobyte_ensure" "released" by "cinder.volume.drivers.quobyte.QuobyteDriver._ensure_shares_mounted" :: held 0.008s {{(pid=84171) inner /opt/stack/data/venv/lib/python3.12/site-packages/oslo_concurrency/lockutils.py:538}}
Apr 28 16:11:42 devstack cinder-volume[84171]: DEBUG oslo_concurrency.processutils [req-a99791d8-f064-429c-ae13-115541b861f5 req-61e4a67f-115d-4a22-9b08-808ee5243f56 tempest-VolumesSnapshotsTestJSON-838491531 None] Running cmd (subprocess): sudo cinder-rootwrap /etc/cinder/rootwrap.conf df --portability --block-size 1 /opt/stack/data/cinder/mnt/3c60e240e77329216827e61b1fb24d5f {{(pid=84171) execute /opt/stack/data/venv/lib/python3.12/site-packages/oslo_concurrency/processutils.py:440}}
Apr 28 16:11:42 devstack sudo[86723]: quobyte : PWD=/ ; USER=root ; COMMAND=/opt/stack/data/venv/bin/cinder-rootwrap /etc/cinder/rootwrap.conf df --portability --block-size 1 /opt/stack/data/cinder/mnt/3c60e240e77329216827e61b1fb24d5f
Apr 28 16:11:42 devstack sudo[86723]: pam_unix(sudo:session): session opened for user root(uid=0) by (uid=1000)
Apr 28 16:11:42 devstack cinder-volume[84171]: INFO cinder.volume.manager [None req-be7d88b8-a5a5-4d5b-8bc2-a54b944eee03 tempest-GroupSnapshotsTest-1217726435 None] Update group completed successfully.
Apr 28 16:11:43 devstack sudo[86723]: pam_unix(sudo:session): session closed for user root
Apr 28 16:11:43 devstack cinder-volume[84171]: DEBUG oslo_concurrency.processutils [req-a99791d8-f064-429c-ae13-115541b861f5 req-61e4a67f-115d-4a22-9b08-808ee5243f56 tempest-VolumesSnapshotsTestJSON-838491531 None] CMD "sudo cinder-rootwrap /etc/cinder/rootwrap.conf df --portability --block-size 1 /opt/stack/data/cinder/mnt/3c60e240e77329216827e61b1fb24d5f" returned: 0 in 0.804s {{(pid=84171) execute /opt/stack/data/venv/lib/python3.12/site-packages/oslo_concurrency/processutils.py:468}}
Apr 28 16:11:43 devstack cinder-volume[84171]: DEBUG cinder.manager [req-a99791d8-f064-429c-ae13-115541b861f5 req-61e4a67f-115d-4a22-9b08-808ee5243f56 tempest-VolumesSnapshotsTestJSON-838491531 None] Notifying Schedulers of capabilities ... {{(pid=84171) _publish_service_capabilities /opt/stack/cinder/cinder/manager.py:202}}
Apr 28 16:11:43 devstack cinder-volume[84171]: INFO cinder.volume.manager [req-a99791d8-f064-429c-ae13-115541b861f5 req-61e4a67f-115d-4a22-9b08-808ee5243f56 tempest-VolumesSnapshotsTestJSON-838491531 None] Deleted volume successfully.
Apr 28 16:11:43 devstack cinder-volume[84171]: DEBUG cinder.coordination [req-a99791d8-f064-429c-ae13-115541b861f5 req-61e4a67f-115d-4a22-9b08-808ee5243f56 tempest-VolumesSnapshotsTestJSON-838491531 None] Lock "cinder-4a7023e9-4313-48ec-b019-0b8aeab08408-delete_volume" released by "delete_volume" :: held 2.770s {{(pid=84171) __release /opt/stack/cinder/cinder/coordination.py:152}}
Apr 28 16:11:43 devstack cinder-volume[84171]: INFO cinder.volume.manager [None req-d7070248-be8e-4745-a168-d52787c57c3f tempest-GroupSnapshotsTest-1217726435 None] Update group completed successfully.
Apr 28 16:11:45 devstack cinder-volume[84171]: INFO cinder.volume.manager [None req-cfba358e-3495-4d86-aa17-fa9deea54e01 tempest-GroupSnapshotsTest-1217726435 None] Update group completed successfully.
Apr 28 16:11:46 devstack cinder-volume[84171]: INFO cinder.volume.manager [None req-04e64771-9e61-4a2b-8b8d-16a1535a6e1d tempest-GroupSnapshotsTest-1217726435 None] GroupSnapshot acf8c3bc-7d62-4a6e-b8e6-8efa0c7c4b90: creating.
Apr 28 16:11:46 devstack cinder-volume[84171]: DEBUG cinder.volume.manager [None req-04e64771-9e61-4a2b-8b8d-16a1535a6e1d tempest-GroupSnapshotsTest-1217726435 None] Group snapshot acf8c3bc-7d62-4a6e-b8e6-8efa0c7c4b90: creating. {{(pid=84171) create_group_snapshot /opt/stack/cinder/cinder/volume/manager.py:4175}}
Apr 28 16:11:46 devstack cinder-volume[84171]: DEBUG oslo_concurrency.lockutils [None req-04e64771-9e61-4a2b-8b8d-16a1535a6e1d tempest-GroupSnapshotsTest-1217726435 None] Acquiring lock "quobyte" by "cinder.volume.drivers.quobyte.QuobyteDriver.create_snapshot" {{(pid=84171) inner /opt/stack/data/venv/lib/python3.12/site-packages/oslo_concurrency/lockutils.py:506}}
Apr 28 16:11:46 devstack cinder-volume[84171]: DEBUG oslo_concurrency.lockutils [None req-04e64771-9e61-4a2b-8b8d-16a1535a6e1d tempest-GroupSnapshotsTest-1217726435 None] Lock "quobyte" acquired by "cinder.volume.drivers.quobyte.QuobyteDriver.create_snapshot" :: waited 0.000s {{(pid=84171) inner /opt/stack/data/venv/lib/python3.12/site-packages/oslo_concurrency/lockutils.py:519}}
Apr 28 16:11:46 devstack cinder-volume[84171]: DEBUG cinder.volume.drivers.remotefs [None req-04e64771-9e61-4a2b-8b8d-16a1535a6e1d tempest-GroupSnapshotsTest-1217726435 None] Creating offline snapshot 0667d0c5-06b5-4997-8010-0b9d5fa60df2 of volume 98109163-9a2c-47f8-a964-10fd969cd40c {{(pid=84171) _create_snapshot /opt/stack/cinder/cinder/volume/drivers/remotefs.py:1815}}
Apr 28 16:11:46 devstack cinder-volume[84171]: DEBUG oslo.privsep.daemon [-] privsep: reply[e7e5ef14-2757-4f23-a11f-a0a66eed46c0]: (4, 'qcow2') {{(pid=85354) _call_back /opt/stack/data/venv/lib/python3.12/site-packages/oslo_privsep/daemon.py:573}}
Apr 28 16:11:46 devstack cinder-volume[84171]: DEBUG oslo_concurrency.processutils [None req-04e64771-9e61-4a2b-8b8d-16a1535a6e1d tempest-GroupSnapshotsTest-1217726435 None] Running cmd (subprocess): /opt/stack/data/venv/bin/python3.12 -m oslo_concurrency.prlimit --as=1073741824 --cpu=60 -- sudo cinder-rootwrap /etc/cinder/rootwrap.conf env LC_ALL=C qemu-img info -f qcow2 --output=json --force-share /opt/stack/data/cinder/mnt/3c60e240e77329216827e61b1fb24d5f/volume-98109163-9a2c-47f8-a964-10fd969cd40c {{(pid=84171) execute /opt/stack/data/venv/lib/python3.12/site-packages/oslo_concurrency/processutils.py:440}}
Apr 28 16:11:47 devstack sudo[86741]: quobyte : PWD=/ ; USER=root ; COMMAND=/opt/stack/data/venv/bin/cinder-rootwrap /etc/cinder/rootwrap.conf env LC_ALL=C qemu-img info -f qcow2 --output=json --force-share /opt/stack/data/cinder/mnt/3c60e240e77329216827e61b1fb24d5f/volume-98109163-9a2c-47f8-a964-10fd969cd40c
Apr 28 16:11:47 devstack sudo[86741]: pam_unix(sudo:session): session opened for user root(uid=0) by (uid=1000)
Apr 28 16:11:48 devstack sudo[86741]: pam_unix(sudo:session): session closed for user root
Apr 28 16:11:48 devstack cinder-volume[84171]: DEBUG oslo_concurrency.processutils [None req-04e64771-9e61-4a2b-8b8d-16a1535a6e1d tempest-GroupSnapshotsTest-1217726435 None] CMD "/opt/stack/data/venv/bin/python3.12 -m oslo_concurrency.prlimit --as=1073741824 --cpu=60 -- sudo cinder-rootwrap /etc/cinder/rootwrap.conf env LC_ALL=C qemu-img info -f qcow2 --output=json --force-share /opt/stack/data/cinder/mnt/3c60e240e77329216827e61b1fb24d5f/volume-98109163-9a2c-47f8-a964-10fd969cd40c" returned: 0 in 1.111s {{(pid=84171) execute /opt/stack/data/venv/lib/python3.12/site-packages/oslo_concurrency/processutils.py:468}}
Apr 28 16:11:48 devstack cinder-volume[84171]: DEBUG oslo_concurrency.processutils [None req-04e64771-9e61-4a2b-8b8d-16a1535a6e1d tempest-GroupSnapshotsTest-1217726435 None] Running cmd (subprocess): sudo cinder-rootwrap /etc/cinder/rootwrap.conf qemu-img create -f qcow2 -o backing_file=/opt/stack/data/cinder/mnt/3c60e240e77329216827e61b1fb24d5f/volume-98109163-9a2c-47f8-a964-10fd969cd40c,backing_fmt=qcow2 /opt/stack/data/cinder/mnt/3c60e240e77329216827e61b1fb24d5f/volume-98109163-9a2c-47f8-a964-10fd969cd40c.0667d0c5-06b5-4997-8010-0b9d5fa60df2 1G {{(pid=84171) execute /opt/stack/data/venv/lib/python3.12/site-packages/oslo_concurrency/processutils.py:440}}
Apr 28 16:11:48 devstack sudo[86749]: quobyte : PWD=/ ; USER=root ; COMMAND=/opt/stack/data/venv/bin/cinder-rootwrap /etc/cinder/rootwrap.conf qemu-img create -f qcow2 -o backing_file=/opt/stack/data/cinder/mnt/3c60e240e77329216827e61b1fb24d5f/volume-98109163-9a2c-47f8-a964-10fd969cd40c,backing_fmt=qcow2 /opt/stack/data/cinder/mnt/3c60e240e77329216827e61b1fb24d5f/volume-98109163-9a2c-47f8-a964-10fd969cd40c.0667d0c5-06b5-4997-8010-0b9d5fa60df2 1G
Apr 28 16:11:48 devstack sudo[86749]: pam_unix(sudo:session): session opened for user root(uid=0) by (uid=1000)
Apr 28 16:11:49 devstack sudo[86749]: pam_unix(sudo:session): session closed for user root
Apr 28 16:11:49 devstack cinder-volume[84171]: DEBUG oslo_concurrency.processutils [None req-04e64771-9e61-4a2b-8b8d-16a1535a6e1d tempest-GroupSnapshotsTest-1217726435 None] CMD "sudo cinder-rootwrap /etc/cinder/rootwrap.conf qemu-img create -f qcow2 -o backing_file=/opt/stack/data/cinder/mnt/3c60e240e77329216827e61b1fb24d5f/volume-98109163-9a2c-47f8-a964-10fd969cd40c,backing_fmt=qcow2 /opt/stack/data/cinder/mnt/3c60e240e77329216827e61b1fb24d5f/volume-98109163-9a2c-47f8-a964-10fd969cd40c.0667d0c5-06b5-4997-8010-0b9d5fa60df2 1G" returned: 0 in 1.070s {{(pid=84171) execute /opt/stack/data/venv/lib/python3.12/site-packages/oslo_concurrency/processutils.py:468}}
Apr 28 16:11:49 devstack cinder-volume[84171]: DEBUG oslo_concurrency.processutils [None req-04e64771-9e61-4a2b-8b8d-16a1535a6e1d tempest-GroupSnapshotsTest-1217726435 None] Running cmd (subprocess): sudo cinder-rootwrap /etc/cinder/rootwrap.conf qemu-img rebase -u -b volume-98109163-9a2c-47f8-a964-10fd969cd40c -F qcow2 /opt/stack/data/cinder/mnt/3c60e240e77329216827e61b1fb24d5f/volume-98109163-9a2c-47f8-a964-10fd969cd40c.0667d0c5-06b5-4997-8010-0b9d5fa60df2 {{(pid=84171) execute /opt/stack/data/venv/lib/python3.12/site-packages/oslo_concurrency/processutils.py:440}}
Apr 28 16:11:49 devstack sudo[86760]: quobyte : PWD=/ ; USER=root ; COMMAND=/opt/stack/data/venv/bin/cinder-rootwrap /etc/cinder/rootwrap.conf qemu-img rebase -u -b volume-98109163-9a2c-47f8-a964-10fd969cd40c -F qcow2 /opt/stack/data/cinder/mnt/3c60e240e77329216827e61b1fb24d5f/volume-98109163-9a2c-47f8-a964-10fd969cd40c.0667d0c5-06b5-4997-8010-0b9d5fa60df2
Apr 28 16:11:49 devstack sudo[86760]: pam_unix(sudo:session): session opened for user root(uid=0) by (uid=1000)
Apr 28 16:11:49 devstack cinder-volume[84171]: DEBUG cinder.volume.flows.manager.create_volume [None req-08260f44-0f3c-46b9-8f3d-725fc78678b1 tempest-VolumesTestJSON-1658208865 None] Volume reschedule parameters: True retry: {'num_attempts': 1, 'backends': ['devstack@QuobyteHD#QuobyteHD'], 'hosts': ['devstack@QuobyteHD#QuobyteHD']} {{(pid=84171) get_flow /opt/stack/cinder/cinder/volume/flows/manager/create_volume.py:1388}}
Apr 28 16:11:49 devstack cinder-volume[84171]: DEBUG cinder.volume.manager [None req-08260f44-0f3c-46b9-8f3d-725fc78678b1 tempest-VolumesTestJSON-1658208865 None] Flow 'volume_create_manager' (595ec24d-8648-4d67-a826-49e27b0b4c45) transitioned into state 'RUNNING' from state 'PENDING' {{(pid=84171) _flow_receiver /opt/stack/data/venv/lib/python3.12/site-packages/taskflow/listeners/logging.py:145}}
Apr 28 16:11:49 devstack cinder-volume[84171]: DEBUG cinder.volume.manager [None req-08260f44-0f3c-46b9-8f3d-725fc78678b1 tempest-VolumesTestJSON-1658208865 None] Task 'cinder.volume.flows.manager.create_volume.ExtractVolumeRefTask;volume:create' (42173dd0-ed8c-4b49-b3f6-8d1220959330) transitioned into state 'RUNNING' from state 'PENDING' {{(pid=84171) _task_receiver /opt/stack/data/venv/lib/python3.12/site-packages/taskflow/listeners/logging.py:194}}
Apr 28 16:11:49 devstack cinder-volume[84171]: DEBUG cinder.volume.manager [None req-08260f44-0f3c-46b9-8f3d-725fc78678b1 tempest-VolumesTestJSON-1658208865 None] Task 'cinder.volume.flows.manager.create_volume.ExtractVolumeRefTask;volume:create' (42173dd0-ed8c-4b49-b3f6-8d1220959330) transitioned into state 'SUCCESS' from state 'RUNNING' with result 'Volume(_name_id=None,admin_metadata=,attach_status='detached',availability_zone='nova',bootable=False,cluster=,cluster_name=None,consistencygroup=,consistencygroup_id=None,created_at=2026-04-28T14:11:49Z,deleted=False,deleted_at=None,display_description=None,display_name='tempest-VolumesTestJSON-volume-389485147',ec2_id=None,encryption_key_id=None,glance_metadata=,group=,group_id=None,host='devstack@QuobyteHD#QuobyteHD',id=7bda7554-8cbb-447a-8079-cd05dc2b17a8,launched_at=None,metadata={Type='work'},migration_status=None,multiattach=False,previous_status=None,project_id='db8a74ec4ebc42a7bf3ddeb6b76ae4df',provider_auth=None,provider_geometry=None,provider_id=None,provider_location=None,replication_driver_data=None,replication_extended_status=None,replication_status=None,scheduled_at=2026-04-28T14:11:49Z,service_uuid=None,shared_targets=True,size=1,snapshot_id=None,snapshots=,source_volid=None,status='creating',terminated_at=None,updated_at=2026-04-28T14:11:49Z,use_quota=True,user_id='f8e8fa0e355146f19b7e93c6867c9f2b',volume_attachment=VolumeAttachmentList,volume_type=VolumeType(a672bb95-53ef-491e-a602-2181b12afdc5),volume_type_id=a672bb95-53ef-491e-a602-2181b12afdc5)' {{(pid=84171) _task_receiver /opt/stack/data/venv/lib/python3.12/site-packages/taskflow/listeners/logging.py:182}}
Apr 28 16:11:49 devstack cinder-volume[84171]: DEBUG cinder.volume.manager [None req-08260f44-0f3c-46b9-8f3d-725fc78678b1 tempest-VolumesTestJSON-1658208865 None] Task 'cinder.volume.flows.manager.create_volume.OnFailureRescheduleTask;volume:create' (2f87e18f-ed38-4c41-b995-1e660858b478) transitioned into state 'RUNNING' from state 'PENDING' {{(pid=84171) _task_receiver /opt/stack/data/venv/lib/python3.12/site-packages/taskflow/listeners/logging.py:194}}
Apr 28 16:11:49 devstack cinder-volume[84171]: DEBUG cinder.volume.manager [None req-08260f44-0f3c-46b9-8f3d-725fc78678b1 tempest-VolumesTestJSON-1658208865 None] Task 'cinder.volume.flows.manager.create_volume.OnFailureRescheduleTask;volume:create' (2f87e18f-ed38-4c41-b995-1e660858b478) transitioned into state 'SUCCESS' from state 'RUNNING' with result 'None' {{(pid=84171) _task_receiver /opt/stack/data/venv/lib/python3.12/site-packages/taskflow/listeners/logging.py:182}}
Apr 28 16:11:49 devstack cinder-volume[84171]: DEBUG cinder.volume.manager [None req-08260f44-0f3c-46b9-8f3d-725fc78678b1 tempest-VolumesTestJSON-1658208865 None] Task 'cinder.volume.flows.manager.create_volume.ExtractVolumeSpecTask;volume:create' (1916182f-7cab-4ee4-9d3d-699fd77b4ec7) transitioned into state 'RUNNING' from state 'PENDING' {{(pid=84171) _task_receiver /opt/stack/data/venv/lib/python3.12/site-packages/taskflow/listeners/logging.py:194}}
Apr 28 16:11:49 devstack cinder-volume[84171]: DEBUG cinder.volume.manager [None req-08260f44-0f3c-46b9-8f3d-725fc78678b1 tempest-VolumesTestJSON-1658208865 None] Task 'cinder.volume.flows.manager.create_volume.ExtractVolumeSpecTask;volume:create' (1916182f-7cab-4ee4-9d3d-699fd77b4ec7) transitioned into state 'SUCCESS' from state 'RUNNING' with result '{'status': 'creating', 'type': 'raw', 'volume_id': '7bda7554-8cbb-447a-8079-cd05dc2b17a8', 'volume_name': 'volume-7bda7554-8cbb-447a-8079-cd05dc2b17a8', 'volume_size': 1}' {{(pid=84171) _task_receiver /opt/stack/data/venv/lib/python3.12/site-packages/taskflow/listeners/logging.py:182}}
Apr 28 16:11:49 devstack cinder-volume[84171]: DEBUG cinder.volume.manager [None req-08260f44-0f3c-46b9-8f3d-725fc78678b1 tempest-VolumesTestJSON-1658208865 None] Task 'cinder.volume.flows.manager.create_volume.NotifyVolumeActionTask;volume:create, create.start' (528d2b43-4b34-4904-91d5-9873aab1c340) transitioned into state 'RUNNING' from state 'PENDING' {{(pid=84171) _task_receiver /opt/stack/data/venv/lib/python3.12/site-packages/taskflow/listeners/logging.py:194}}
Apr 28 16:11:49 devstack cinder-volume[84171]: DEBUG cinder.volume.manager [None req-08260f44-0f3c-46b9-8f3d-725fc78678b1 tempest-VolumesTestJSON-1658208865 None] Task 'cinder.volume.flows.manager.create_volume.NotifyVolumeActionTask;volume:create, create.start' (528d2b43-4b34-4904-91d5-9873aab1c340) transitioned into state 'SUCCESS' from state 'RUNNING' with result 'None' {{(pid=84171) _task_receiver /opt/stack/data/venv/lib/python3.12/site-packages/taskflow/listeners/logging.py:182}}
Apr 28 16:11:49 devstack cinder-volume[84171]: DEBUG cinder.volume.manager [None req-08260f44-0f3c-46b9-8f3d-725fc78678b1 tempest-VolumesTestJSON-1658208865 None] Task 'cinder.volume.flows.manager.create_volume.CreateVolumeFromSpecTask;volume:create' (df26aa3c-6d76-4f44-9276-77d98baf679d) transitioned into state 'RUNNING' from state 'PENDING' {{(pid=84171) _task_receiver /opt/stack/data/venv/lib/python3.12/site-packages/taskflow/listeners/logging.py:194}}
Apr 28 16:11:49 devstack cinder-volume[84171]: INFO cinder.volume.flows.manager.create_volume [None req-08260f44-0f3c-46b9-8f3d-725fc78678b1 tempest-VolumesTestJSON-1658208865 None] Volume 7bda7554-8cbb-447a-8079-cd05dc2b17a8: being created as raw with specification: {'status': 'creating', 'volume_name': 'volume-7bda7554-8cbb-447a-8079-cd05dc2b17a8', 'volume_size': 1}
Apr 28 16:11:49 devstack cinder-volume[84171]: DEBUG oslo_concurrency.lockutils [None req-08260f44-0f3c-46b9-8f3d-725fc78678b1 tempest-VolumesTestJSON-1658208865 None] Acquiring lock "quobyte" by "cinder.volume.drivers.quobyte.QuobyteDriver.create_volume" {{(pid=84171) inner /opt/stack/data/venv/lib/python3.12/site-packages/oslo_concurrency/lockutils.py:506}}
Apr 28 16:11:49 devstack sudo[86760]: pam_unix(sudo:session): session closed for user root
Apr 28 16:11:49 devstack cinder-volume[84171]: DEBUG oslo_concurrency.processutils [None req-04e64771-9e61-4a2b-8b8d-16a1535a6e1d tempest-GroupSnapshotsTest-1217726435 None] CMD "sudo cinder-rootwrap /etc/cinder/rootwrap.conf qemu-img rebase -u -b volume-98109163-9a2c-47f8-a964-10fd969cd40c -F qcow2 /opt/stack/data/cinder/mnt/3c60e240e77329216827e61b1fb24d5f/volume-98109163-9a2c-47f8-a964-10fd969cd40c.0667d0c5-06b5-4997-8010-0b9d5fa60df2" returned: 0 in 0.633s {{(pid=84171) execute /opt/stack/data/venv/lib/python3.12/site-packages/oslo_concurrency/processutils.py:468}}
Apr 28 16:11:49 devstack cinder-volume[84171]: WARNING cinder.volume.drivers.remotefs [None req-04e64771-9e61-4a2b-8b8d-16a1535a6e1d tempest-GroupSnapshotsTest-1217726435 None] /opt/stack/data/cinder/mnt/3c60e240e77329216827e61b1fb24d5f/volume-98109163-9a2c-47f8-a964-10fd969cd40c.0667d0c5-06b5-4997-8010-0b9d5fa60df2 is being set with open permissions: ugo+rw: NotImplementedError
Apr 28 16:11:49 devstack cinder-volume[84171]: DEBUG oslo_concurrency.processutils [None req-04e64771-9e61-4a2b-8b8d-16a1535a6e1d tempest-GroupSnapshotsTest-1217726435 None] Running cmd (subprocess): sudo cinder-rootwrap /etc/cinder/rootwrap.conf chmod ugo+rw /opt/stack/data/cinder/mnt/3c60e240e77329216827e61b1fb24d5f/volume-98109163-9a2c-47f8-a964-10fd969cd40c.0667d0c5-06b5-4997-8010-0b9d5fa60df2 {{(pid=84171) execute /opt/stack/data/venv/lib/python3.12/site-packages/oslo_concurrency/processutils.py:440}}
Apr 28 16:11:49 devstack sudo[86765]: quobyte : PWD=/ ; USER=root ; COMMAND=/opt/stack/data/venv/bin/cinder-rootwrap /etc/cinder/rootwrap.conf chmod ugo+rw /opt/stack/data/cinder/mnt/3c60e240e77329216827e61b1fb24d5f/volume-98109163-9a2c-47f8-a964-10fd969cd40c.0667d0c5-06b5-4997-8010-0b9d5fa60df2
Apr 28 16:11:49 devstack sudo[86765]: pam_unix(sudo:session): session opened for user root(uid=0) by (uid=1000)
Apr 28 16:11:50 devstack sudo[86765]: pam_unix(sudo:session): session closed for user root
Apr 28 16:11:50 devstack cinder-volume[84171]: DEBUG oslo_concurrency.processutils [None req-04e64771-9e61-4a2b-8b8d-16a1535a6e1d tempest-GroupSnapshotsTest-1217726435 None] CMD "sudo cinder-rootwrap /etc/cinder/rootwrap.conf chmod ugo+rw /opt/stack/data/cinder/mnt/3c60e240e77329216827e61b1fb24d5f/volume-98109163-9a2c-47f8-a964-10fd969cd40c.0667d0c5-06b5-4997-8010-0b9d5fa60df2" returned: 0 in 0.644s {{(pid=84171) execute /opt/stack/data/venv/lib/python3.12/site-packages/oslo_concurrency/processutils.py:468}}
Apr 28 16:11:50 devstack cinder-volume[84171]: DEBUG oslo_concurrency.processutils [None req-04e64771-9e61-4a2b-8b8d-16a1535a6e1d tempest-GroupSnapshotsTest-1217726435 None] Running cmd (subprocess): sudo cinder-rootwrap /etc/cinder/rootwrap.conf truncate -s0 /opt/stack/data/cinder/mnt/3c60e240e77329216827e61b1fb24d5f/volume-98109163-9a2c-47f8-a964-10fd969cd40c.info {{(pid=84171) execute /opt/stack/data/venv/lib/python3.12/site-packages/oslo_concurrency/processutils.py:440}}
Apr 28 16:11:50 devstack sudo[86768]: quobyte : PWD=/ ; USER=root ; COMMAND=/opt/stack/data/venv/bin/cinder-rootwrap /etc/cinder/rootwrap.conf truncate -s0 /opt/stack/data/cinder/mnt/3c60e240e77329216827e61b1fb24d5f/volume-98109163-9a2c-47f8-a964-10fd969cd40c.info
Apr 28 16:11:50 devstack sudo[86768]: pam_unix(sudo:session): session opened for user root(uid=0) by (uid=1000)
Apr 28 16:11:51 devstack sudo[86768]: pam_unix(sudo:session): session closed for user root
Apr 28 16:11:51 devstack cinder-volume[84171]: DEBUG oslo_concurrency.processutils [None req-04e64771-9e61-4a2b-8b8d-16a1535a6e1d tempest-GroupSnapshotsTest-1217726435 None] CMD "sudo cinder-rootwrap /etc/cinder/rootwrap.conf truncate -s0 /opt/stack/data/cinder/mnt/3c60e240e77329216827e61b1fb24d5f/volume-98109163-9a2c-47f8-a964-10fd969cd40c.info" returned: 0 in 0.629s {{(pid=84171) execute /opt/stack/data/venv/lib/python3.12/site-packages/oslo_concurrency/processutils.py:468}}
Apr 28 16:11:51 devstack cinder-volume[84171]: WARNING cinder.volume.drivers.remotefs [None req-04e64771-9e61-4a2b-8b8d-16a1535a6e1d tempest-GroupSnapshotsTest-1217726435 None] /opt/stack/data/cinder/mnt/3c60e240e77329216827e61b1fb24d5f/volume-98109163-9a2c-47f8-a964-10fd969cd40c.info is being set with open permissions: ugo+rw: NotImplementedError
Apr 28 16:11:51 devstack cinder-volume[84171]: DEBUG oslo_concurrency.processutils [None req-04e64771-9e61-4a2b-8b8d-16a1535a6e1d tempest-GroupSnapshotsTest-1217726435 None] Running cmd (subprocess): sudo cinder-rootwrap /etc/cinder/rootwrap.conf chmod ugo+rw /opt/stack/data/cinder/mnt/3c60e240e77329216827e61b1fb24d5f/volume-98109163-9a2c-47f8-a964-10fd969cd40c.info {{(pid=84171) execute /opt/stack/data/venv/lib/python3.12/site-packages/oslo_concurrency/processutils.py:440}}
Apr 28 16:11:51 devstack sudo[86771]: quobyte : PWD=/ ; USER=root ; COMMAND=/opt/stack/data/venv/bin/cinder-rootwrap /etc/cinder/rootwrap.conf chmod ugo+rw /opt/stack/data/cinder/mnt/3c60e240e77329216827e61b1fb24d5f/volume-98109163-9a2c-47f8-a964-10fd969cd40c.info
Apr 28 16:11:51 devstack sudo[86771]: pam_unix(sudo:session): session opened for user root(uid=0) by (uid=1000)
Apr 28 16:11:51 devstack sudo[86771]: pam_unix(sudo:session): session closed for user root
Apr 28 16:11:51 devstack cinder-volume[84171]: DEBUG oslo_concurrency.processutils [None req-04e64771-9e61-4a2b-8b8d-16a1535a6e1d tempest-GroupSnapshotsTest-1217726435 None] CMD "sudo cinder-rootwrap /etc/cinder/rootwrap.conf chmod ugo+rw /opt/stack/data/cinder/mnt/3c60e240e77329216827e61b1fb24d5f/volume-98109163-9a2c-47f8-a964-10fd969cd40c.info" returned: 0 in 0.659s {{(pid=84171) execute /opt/stack/data/venv/lib/python3.12/site-packages/oslo_concurrency/processutils.py:468}}
Apr 28 16:11:51 devstack cinder-volume[84171]: DEBUG oslo_concurrency.lockutils [None req-04e64771-9e61-4a2b-8b8d-16a1535a6e1d tempest-GroupSnapshotsTest-1217726435 None] Lock "quobyte" "released" by "cinder.volume.drivers.quobyte.QuobyteDriver.create_snapshot" :: held 4.831s {{(pid=84171) inner /opt/stack/data/venv/lib/python3.12/site-packages/oslo_concurrency/lockutils.py:538}}
Apr 28 16:11:51 devstack cinder-volume[84171]: DEBUG oslo_concurrency.lockutils [None req-04e64771-9e61-4a2b-8b8d-16a1535a6e1d tempest-GroupSnapshotsTest-1217726435 None] Acquiring lock "quobyte" by "cinder.volume.drivers.quobyte.QuobyteDriver.create_snapshot" {{(pid=84171) inner /opt/stack/data/venv/lib/python3.12/site-packages/oslo_concurrency/lockutils.py:506}}
Apr 28 16:11:51 devstack cinder-volume[84171]: DEBUG oslo_concurrency.lockutils [None req-04e64771-9e61-4a2b-8b8d-16a1535a6e1d tempest-GroupSnapshotsTest-1217726435 None] Lock "quobyte" acquired by "cinder.volume.drivers.quobyte.QuobyteDriver.create_snapshot" :: waited 0.001s {{(pid=84171) inner /opt/stack/data/venv/lib/python3.12/site-packages/oslo_concurrency/lockutils.py:519}}
Apr 28 16:11:51 devstack cinder-volume[84171]: DEBUG cinder.volume.drivers.remotefs [None req-04e64771-9e61-4a2b-8b8d-16a1535a6e1d tempest-GroupSnapshotsTest-1217726435 None] Creating offline snapshot 08edccc1-de76-4020-a844-5e93503aa8a8 of volume dee4ca3a-da8b-4f31-9a25-0943b63a3b8a {{(pid=84171) _create_snapshot /opt/stack/cinder/cinder/volume/drivers/remotefs.py:1815}}
Apr 28 16:11:51 devstack cinder-volume[84171]: DEBUG oslo.privsep.daemon [-] privsep: reply[04714ce8-f14d-41ac-b4fb-00b9b5529e8d]: (4, 'qcow2') {{(pid=85354) _call_back /opt/stack/data/venv/lib/python3.12/site-packages/oslo_privsep/daemon.py:573}}
Apr 28 16:11:51 devstack cinder-volume[84171]: DEBUG oslo_concurrency.processutils [None req-04e64771-9e61-4a2b-8b8d-16a1535a6e1d tempest-GroupSnapshotsTest-1217726435 None] Running cmd (subprocess): /opt/stack/data/venv/bin/python3.12 -m oslo_concurrency.prlimit --as=1073741824 --cpu=60 -- sudo cinder-rootwrap /etc/cinder/rootwrap.conf env LC_ALL=C qemu-img info -f qcow2 --output=json --force-share /opt/stack/data/cinder/mnt/3c60e240e77329216827e61b1fb24d5f/volume-dee4ca3a-da8b-4f31-9a25-0943b63a3b8a {{(pid=84171) execute /opt/stack/data/venv/lib/python3.12/site-packages/oslo_concurrency/processutils.py:440}}
Apr 28 16:11:51 devstack sudo[86778]: quobyte : PWD=/ ; USER=root ; COMMAND=/opt/stack/data/venv/bin/cinder-rootwrap /etc/cinder/rootwrap.conf env LC_ALL=C qemu-img info -f qcow2 --output=json --force-share /opt/stack/data/cinder/mnt/3c60e240e77329216827e61b1fb24d5f/volume-dee4ca3a-da8b-4f31-9a25-0943b63a3b8a
Apr 28 16:11:51 devstack sudo[86778]: pam_unix(sudo:session): session opened for user root(uid=0) by (uid=1000)
Apr 28 16:11:52 devstack sudo[86778]: pam_unix(sudo:session): session closed for user root
Apr 28 16:11:52 devstack cinder-volume[84171]: DEBUG oslo_concurrency.processutils [None req-04e64771-9e61-4a2b-8b8d-16a1535a6e1d tempest-GroupSnapshotsTest-1217726435 None] CMD "/opt/stack/data/venv/bin/python3.12 -m oslo_concurrency.prlimit --as=1073741824 --cpu=60 -- sudo cinder-rootwrap /etc/cinder/rootwrap.conf env LC_ALL=C qemu-img info -f qcow2 --output=json --force-share /opt/stack/data/cinder/mnt/3c60e240e77329216827e61b1fb24d5f/volume-dee4ca3a-da8b-4f31-9a25-0943b63a3b8a" returned: 0 in 0.719s {{(pid=84171) execute /opt/stack/data/venv/lib/python3.12/site-packages/oslo_concurrency/processutils.py:468}}
Apr 28 16:11:52 devstack cinder-volume[84171]: DEBUG oslo_concurrency.processutils [None req-04e64771-9e61-4a2b-8b8d-16a1535a6e1d tempest-GroupSnapshotsTest-1217726435 None] Running cmd (subprocess): sudo cinder-rootwrap /etc/cinder/rootwrap.conf qemu-img create -f qcow2 -o backing_file=/opt/stack/data/cinder/mnt/3c60e240e77329216827e61b1fb24d5f/volume-dee4ca3a-da8b-4f31-9a25-0943b63a3b8a,backing_fmt=qcow2 /opt/stack/data/cinder/mnt/3c60e240e77329216827e61b1fb24d5f/volume-dee4ca3a-da8b-4f31-9a25-0943b63a3b8a.08edccc1-de76-4020-a844-5e93503aa8a8 1G {{(pid=84171) execute /opt/stack/data/venv/lib/python3.12/site-packages/oslo_concurrency/processutils.py:440}}
Apr 28 16:11:52 devstack sudo[86783]: quobyte : PWD=/ ; USER=root ; COMMAND=/opt/stack/data/venv/bin/cinder-rootwrap /etc/cinder/rootwrap.conf qemu-img create -f qcow2 -o backing_file=/opt/stack/data/cinder/mnt/3c60e240e77329216827e61b1fb24d5f/volume-dee4ca3a-da8b-4f31-9a25-0943b63a3b8a,backing_fmt=qcow2 /opt/stack/data/cinder/mnt/3c60e240e77329216827e61b1fb24d5f/volume-dee4ca3a-da8b-4f31-9a25-0943b63a3b8a.08edccc1-de76-4020-a844-5e93503aa8a8 1G
Apr 28 16:11:52 devstack sudo[86783]: pam_unix(sudo:session): session opened for user root(uid=0) by (uid=1000)
Apr 28 16:11:53 devstack sudo[86783]: pam_unix(sudo:session): session closed for user root
Apr 28 16:11:53 devstack cinder-volume[84171]: DEBUG oslo_concurrency.processutils [None req-04e64771-9e61-4a2b-8b8d-16a1535a6e1d tempest-GroupSnapshotsTest-1217726435 None] CMD "sudo cinder-rootwrap /etc/cinder/rootwrap.conf qemu-img create -f qcow2 -o backing_file=/opt/stack/data/cinder/mnt/3c60e240e77329216827e61b1fb24d5f/volume-dee4ca3a-da8b-4f31-9a25-0943b63a3b8a,backing_fmt=qcow2 /opt/stack/data/cinder/mnt/3c60e240e77329216827e61b1fb24d5f/volume-dee4ca3a-da8b-4f31-9a25-0943b63a3b8a.08edccc1-de76-4020-a844-5e93503aa8a8 1G" returned: 0 in 1.283s {{(pid=84171) execute /opt/stack/data/venv/lib/python3.12/site-packages/oslo_concurrency/processutils.py:468}}
Apr 28 16:11:53 devstack cinder-volume[84171]: DEBUG oslo_concurrency.processutils [None req-04e64771-9e61-4a2b-8b8d-16a1535a6e1d tempest-GroupSnapshotsTest-1217726435 None] Running cmd (subprocess): sudo cinder-rootwrap /etc/cinder/rootwrap.conf qemu-img rebase -u -b volume-dee4ca3a-da8b-4f31-9a25-0943b63a3b8a -F qcow2 /opt/stack/data/cinder/mnt/3c60e240e77329216827e61b1fb24d5f/volume-dee4ca3a-da8b-4f31-9a25-0943b63a3b8a.08edccc1-de76-4020-a844-5e93503aa8a8 {{(pid=84171) execute /opt/stack/data/venv/lib/python3.12/site-packages/oslo_concurrency/processutils.py:440}}
Apr 28 16:11:53 devstack sudo[86849]: quobyte : PWD=/ ; USER=root ; COMMAND=/opt/stack/data/venv/bin/cinder-rootwrap /etc/cinder/rootwrap.conf qemu-img rebase -u -b volume-dee4ca3a-da8b-4f31-9a25-0943b63a3b8a -F qcow2 /opt/stack/data/cinder/mnt/3c60e240e77329216827e61b1fb24d5f/volume-dee4ca3a-da8b-4f31-9a25-0943b63a3b8a.08edccc1-de76-4020-a844-5e93503aa8a8
Apr 28 16:11:53 devstack sudo[86849]: pam_unix(sudo:session): session opened for user root(uid=0) by (uid=1000)
Apr 28 16:11:54 devstack sudo[86849]: pam_unix(sudo:session): session closed for user root
Apr 28 16:11:54 devstack cinder-volume[84171]: DEBUG oslo_concurrency.processutils [None req-04e64771-9e61-4a2b-8b8d-16a1535a6e1d tempest-GroupSnapshotsTest-1217726435 None] CMD "sudo cinder-rootwrap /etc/cinder/rootwrap.conf qemu-img rebase -u -b volume-dee4ca3a-da8b-4f31-9a25-0943b63a3b8a -F qcow2 /opt/stack/data/cinder/mnt/3c60e240e77329216827e61b1fb24d5f/volume-dee4ca3a-da8b-4f31-9a25-0943b63a3b8a.08edccc1-de76-4020-a844-5e93503aa8a8" returned: 0 in 0.972s {{(pid=84171) execute /opt/stack/data/venv/lib/python3.12/site-packages/oslo_concurrency/processutils.py:468}}
Apr 28 16:11:54 devstack cinder-volume[84171]: WARNING cinder.volume.drivers.remotefs [None req-04e64771-9e61-4a2b-8b8d-16a1535a6e1d tempest-GroupSnapshotsTest-1217726435 None] /opt/stack/data/cinder/mnt/3c60e240e77329216827e61b1fb24d5f/volume-dee4ca3a-da8b-4f31-9a25-0943b63a3b8a.08edccc1-de76-4020-a844-5e93503aa8a8 is being set with open permissions: ugo+rw: NotImplementedError
Apr 28 16:11:54 devstack cinder-volume[84171]: DEBUG oslo_concurrency.processutils [None req-04e64771-9e61-4a2b-8b8d-16a1535a6e1d tempest-GroupSnapshotsTest-1217726435 None] Running cmd (subprocess): sudo cinder-rootwrap /etc/cinder/rootwrap.conf chmod ugo+rw /opt/stack/data/cinder/mnt/3c60e240e77329216827e61b1fb24d5f/volume-dee4ca3a-da8b-4f31-9a25-0943b63a3b8a.08edccc1-de76-4020-a844-5e93503aa8a8 {{(pid=84171) execute /opt/stack/data/venv/lib/python3.12/site-packages/oslo_concurrency/processutils.py:440}}
Apr 28 16:11:54 devstack sudo[86860]: quobyte : PWD=/ ; USER=root ; COMMAND=/opt/stack/data/venv/bin/cinder-rootwrap /etc/cinder/rootwrap.conf chmod ugo+rw /opt/stack/data/cinder/mnt/3c60e240e77329216827e61b1fb24d5f/volume-dee4ca3a-da8b-4f31-9a25-0943b63a3b8a.08edccc1-de76-4020-a844-5e93503aa8a8
Apr 28 16:11:54 devstack sudo[86860]: pam_unix(sudo:session): session opened for user root(uid=0) by (uid=1000)
Apr 28 16:11:55 devstack sudo[86860]: pam_unix(sudo:session): session closed for user root
Apr 28 16:11:55 devstack cinder-volume[84171]: DEBUG oslo_concurrency.processutils [None req-04e64771-9e61-4a2b-8b8d-16a1535a6e1d tempest-GroupSnapshotsTest-1217726435 None] CMD "sudo cinder-rootwrap /etc/cinder/rootwrap.conf chmod ugo+rw /opt/stack/data/cinder/mnt/3c60e240e77329216827e61b1fb24d5f/volume-dee4ca3a-da8b-4f31-9a25-0943b63a3b8a.08edccc1-de76-4020-a844-5e93503aa8a8" returned: 0 in 0.767s {{(pid=84171) execute /opt/stack/data/venv/lib/python3.12/site-packages/oslo_concurrency/processutils.py:468}}
Apr 28 16:11:55 devstack cinder-volume[84171]: DEBUG oslo_concurrency.processutils [None req-04e64771-9e61-4a2b-8b8d-16a1535a6e1d tempest-GroupSnapshotsTest-1217726435 None] Running cmd (subprocess): sudo cinder-rootwrap /etc/cinder/rootwrap.conf truncate -s0 /opt/stack/data/cinder/mnt/3c60e240e77329216827e61b1fb24d5f/volume-dee4ca3a-da8b-4f31-9a25-0943b63a3b8a.info {{(pid=84171) execute /opt/stack/data/venv/lib/python3.12/site-packages/oslo_concurrency/processutils.py:440}}
Apr 28 16:11:55 devstack sudo[86878]: quobyte : PWD=/ ; USER=root ; COMMAND=/opt/stack/data/venv/bin/cinder-rootwrap /etc/cinder/rootwrap.conf truncate -s0 /opt/stack/data/cinder/mnt/3c60e240e77329216827e61b1fb24d5f/volume-dee4ca3a-da8b-4f31-9a25-0943b63a3b8a.info
Apr 28 16:11:55 devstack sudo[86878]: pam_unix(sudo:session): session opened for user root(uid=0) by (uid=1000)
Apr 28 16:11:56 devstack sudo[86878]: pam_unix(sudo:session): session closed for user root
Apr 28 16:11:56 devstack cinder-volume[84171]: DEBUG oslo_concurrency.processutils [None req-04e64771-9e61-4a2b-8b8d-16a1535a6e1d tempest-GroupSnapshotsTest-1217726435 None] CMD "sudo cinder-rootwrap /etc/cinder/rootwrap.conf truncate -s0 /opt/stack/data/cinder/mnt/3c60e240e77329216827e61b1fb24d5f/volume-dee4ca3a-da8b-4f31-9a25-0943b63a3b8a.info" returned: 0 in 0.854s {{(pid=84171) execute /opt/stack/data/venv/lib/python3.12/site-packages/oslo_concurrency/processutils.py:468}}
Apr 28 16:11:56 devstack cinder-volume[84171]: WARNING cinder.volume.drivers.remotefs [None req-04e64771-9e61-4a2b-8b8d-16a1535a6e1d tempest-GroupSnapshotsTest-1217726435 None] /opt/stack/data/cinder/mnt/3c60e240e77329216827e61b1fb24d5f/volume-dee4ca3a-da8b-4f31-9a25-0943b63a3b8a.info is being set with open permissions: ugo+rw: NotImplementedError
Apr 28 16:11:56 devstack cinder-volume[84171]: DEBUG oslo_concurrency.processutils [None req-04e64771-9e61-4a2b-8b8d-16a1535a6e1d tempest-GroupSnapshotsTest-1217726435 None] Running cmd (subprocess): sudo cinder-rootwrap /etc/cinder/rootwrap.conf chmod ugo+rw /opt/stack/data/cinder/mnt/3c60e240e77329216827e61b1fb24d5f/volume-dee4ca3a-da8b-4f31-9a25-0943b63a3b8a.info {{(pid=84171) execute /opt/stack/data/venv/lib/python3.12/site-packages/oslo_concurrency/processutils.py:440}}
Apr 28 16:11:56 devstack sudo[86885]: quobyte : PWD=/ ; USER=root ; COMMAND=/opt/stack/data/venv/bin/cinder-rootwrap /etc/cinder/rootwrap.conf chmod ugo+rw /opt/stack/data/cinder/mnt/3c60e240e77329216827e61b1fb24d5f/volume-dee4ca3a-da8b-4f31-9a25-0943b63a3b8a.info
Apr 28 16:11:56 devstack sudo[86885]: pam_unix(sudo:session): session opened for user root(uid=0) by (uid=1000)
Apr 28 16:11:57 devstack sudo[86885]: pam_unix(sudo:session): session closed for user root
Apr 28 16:11:57 devstack cinder-volume[84171]: DEBUG oslo_concurrency.processutils [None req-04e64771-9e61-4a2b-8b8d-16a1535a6e1d tempest-GroupSnapshotsTest-1217726435 None] CMD "sudo cinder-rootwrap /etc/cinder/rootwrap.conf chmod ugo+rw /opt/stack/data/cinder/mnt/3c60e240e77329216827e61b1fb24d5f/volume-dee4ca3a-da8b-4f31-9a25-0943b63a3b8a.info" returned: 0 in 0.659s {{(pid=84171) execute /opt/stack/data/venv/lib/python3.12/site-packages/oslo_concurrency/processutils.py:468}}
