Jul 05 19:37:20 devstack cinder-volume[86389]: DEBUG cinder.volume.drivers.quobyte [None req-693f20c0-5af5-4568-91d8-152cd154680b tempest-GroupSnapshotsTest-1567934627 None] ==> create_volume: call "{'self': , 'volume': Volume(_name_id=None,admin_metadata=,attach_status='detached',availability_zone='nova',bootable=False,cluster=,cluster_name=None,consistencygroup=,consistencygroup_id=e0317c9b-f00a-48a2-a96c-b4b06b081941,created_at=2026-07-05T17:37:19Z,deleted=False,deleted_at=None,display_description=None,display_name='tempest-volume-526743408',ec2_id=None,encryption_key_id=None,glance_metadata=,group=,group_id=e0317c9b-f00a-48a2-a96c-b4b06b081941,host='devstack@QuobyteHD#QuobyteHD',id=fc142191-e2ab-418d-9386-5ef53844bc66,launched_at=None,metadata={},migration_status=None,multiattach=False,previous_status=None,project_id='b34d039952bb455e92348483ca0dd45d',provider_auth=None,provider_geometry=None,provider_id=None,provider_location=None,replication_driver_data=None,replication_extended_status=None,replication_status=None,scheduled_at=2026-07-05T17:37:20Z,service_uuid=None,shared_targets=True,size=1,snapshot_id=None,snapshots=,source_volid=None,status='creating',terminated_at=None,updated_at=2026-07-05T17:37:20Z,use_quota=True,user_id='011b6a647f524a3598aebe3c0714f64b',volume_attachment=VolumeAttachmentList,volume_type=VolumeType(29932cc3-1b55-4ce4-b737-f6a3c305dcf9),volume_type_id=29932cc3-1b55-4ce4-b737-f6a3c305dcf9)}" {{(pid=86389) trace_logging_wrapper /opt/stack/cinder/cinder/volume/volume_utils.py:1497}}
Jul 05 19:37:20 devstack cinder-volume[86389]: DEBUG cinder.volume.drivers.remotefs [None req-693f20c0-5af5-4568-91d8-152cd154680b tempest-GroupSnapshotsTest-1567934627 None] Creating volume fc142191-e2ab-418d-9386-5ef53844bc66 {{(pid=86389) create_volume /opt/stack/cinder/cinder/volume/drivers/remotefs.py:292}}
Jul 05 19:37:20 devstack cinder-volume[86389]: DEBUG oslo_concurrency.lockutils [None req-693f20c0-5af5-4568-91d8-152cd154680b tempest-GroupSnapshotsTest-1567934627 None] Acquiring lock "quobyte_ensure" by "cinder.volume.drivers.quobyte.QuobyteDriver._ensure_shares_mounted" {{(pid=86389) inner /opt/stack/data/venv/lib/python3.12/site-packages/oslo_concurrency/lockutils.py:511}}
Jul 05 19:37:20 devstack cinder-volume[86389]: DEBUG oslo_concurrency.lockutils [None req-693f20c0-5af5-4568-91d8-152cd154680b tempest-GroupSnapshotsTest-1567934627 None] Lock "quobyte_ensure" acquired by "cinder.volume.drivers.quobyte.QuobyteDriver._ensure_shares_mounted" :: waited 0.002s {{(pid=86389) inner /opt/stack/data/venv/lib/python3.12/site-packages/oslo_concurrency/lockutils.py:524}}
Jul 05 19:37:20 devstack cinder-volume[86389]: DEBUG cinder.volume.drivers.quobyte [None req-693f20c0-5af5-4568-91d8-152cd154680b tempest-GroupSnapshotsTest-1567934627 None] Quobyte Volume URL set to: {'osci02.corp.quobyte.com/cinder-vol-50385aba-be40-49ca-a4ef-351a37552e90': None} {{(pid=86389) _load_shares_config /opt/stack/cinder/cinder/volume/drivers/quobyte.py:617}}
Jul 05 19:37:20 devstack cinder-volume[86389]: DEBUG cinder.volume.drivers.quobyte [None req-693f20c0-5af5-4568-91d8-152cd154680b tempest-GroupSnapshotsTest-1567934627 None] Available shares ['osci02.corp.quobyte.com/cinder-vol-50385aba-be40-49ca-a4ef-351a37552e90'] {{(pid=86389) _ensure_shares_mounted /opt/stack/cinder/cinder/volume/drivers/quobyte.py:647}}
Jul 05 19:37:20 devstack cinder-volume[86389]: DEBUG oslo_concurrency.lockutils [None req-693f20c0-5af5-4568-91d8-152cd154680b tempest-GroupSnapshotsTest-1567934627 None] Lock "quobyte_ensure" "released" by "cinder.volume.drivers.quobyte.QuobyteDriver._ensure_shares_mounted" :: held 0.011s {{(pid=86389) inner /opt/stack/data/venv/lib/python3.12/site-packages/oslo_concurrency/lockutils.py:543}}
Jul 05 19:37:20 devstack cinder-volume[86389]: DEBUG cinder.volume.drivers.quobyte [None req-693f20c0-5af5-4568-91d8-152cd154680b tempest-GroupSnapshotsTest-1567934627 None] Selected osci02.corp.quobyte.com/cinder-vol-50385aba-be40-49ca-a4ef-351a37552e90 as target Quobyte volume. {{(pid=86389) _find_share /opt/stack/cinder/cinder/volume/drivers/quobyte.py:668}}
Jul 05 19:37:20 devstack cinder-volume[86389]: INFO cinder.volume.drivers.remotefs [None req-693f20c0-5af5-4568-91d8-152cd154680b tempest-GroupSnapshotsTest-1567934627 None] casted to osci02.corp.quobyte.com/cinder-vol-50385aba-be40-49ca-a4ef-351a37552e90
Jul 05 19:37:20 devstack cinder-volume[86389]: DEBUG oslo_concurrency.processutils [None req-693f20c0-5af5-4568-91d8-152cd154680b tempest-GroupSnapshotsTest-1567934627 None] Running cmd (subprocess): sudo cinder-rootwrap /etc/cinder/rootwrap.conf qemu-img create -f qcow2 -o preallocation=metadata /opt/stack/data/cinder/mnt/e655abbd625e7d51489960c0933a0f7e/volume-fc142191-e2ab-418d-9386-5ef53844bc66 1073741824 {{(pid=86389) execute /opt/stack/data/venv/lib/python3.12/site-packages/oslo_concurrency/processutils.py:440}}
Jul 05 19:37:20 devstack cinder-volume[86389]: DEBUG cinder.volume.manager [None req-0012057f-8eab-4cc8-932a-02729b930de7 tempest-VolumesAdminNegativeTest-2057431745 None] Task 'cinder.volume.flows.manager.create_volume.CreateVolumeFromSpecTask;volume:create' (66de2b9e-7de3-4441-b634-4bcaa7b3ab57) transitioned into state 'SUCCESS' from state 'RUNNING' with result '{'status': 'creating', 'volume_name': 'volume-0d43bc5e-e436-4dbc-b62d-02a610bafb69', 'volume_size': 1}' {{(pid=86389) _task_receiver /opt/stack/data/venv/lib/python3.12/site-packages/taskflow/listeners/logging.py:218}}
Jul 05 19:37:20 devstack sudo[88413]: quobyte : PWD=/ ; USER=root ; COMMAND=/opt/stack/data/venv/bin/cinder-rootwrap /etc/cinder/rootwrap.conf qemu-img create -f qcow2 -o preallocation=metadata /opt/stack/data/cinder/mnt/e655abbd625e7d51489960c0933a0f7e/volume-fc142191-e2ab-418d-9386-5ef53844bc66 1073741824
Jul 05 19:37:20 devstack sudo[88413]: pam_unix(sudo:session): session opened for user root(uid=0) by (uid=1000)
Jul 05 19:37:20 devstack cinder-volume[86389]: DEBUG cinder.volume.manager [None req-0012057f-8eab-4cc8-932a-02729b930de7 tempest-VolumesAdminNegativeTest-2057431745 None] Task 'cinder.volume.flows.manager.create_volume.CreateVolumeOnFinishTask;volume:create, create.end' (98b258aa-75ed-45df-a89c-32183879f076) transitioned into state 'RUNNING' from state 'PENDING' {{(pid=86389) _task_receiver /opt/stack/data/venv/lib/python3.12/site-packages/taskflow/listeners/logging.py:242}}
Jul 05 19:37:20 devstack cinder-volume[86389]: INFO cinder.volume.flows.manager.create_volume [None req-0012057f-8eab-4cc8-932a-02729b930de7 tempest-VolumesAdminNegativeTest-2057431745 None] Volume volume-0d43bc5e-e436-4dbc-b62d-02a610bafb69 (0d43bc5e-e436-4dbc-b62d-02a610bafb69): created successfully
Jul 05 19:37:20 devstack cinder-volume[86389]: DEBUG cinder.volume.manager [None req-0012057f-8eab-4cc8-932a-02729b930de7 tempest-VolumesAdminNegativeTest-2057431745 None] Task 'cinder.volume.flows.manager.create_volume.CreateVolumeOnFinishTask;volume:create, create.end' (98b258aa-75ed-45df-a89c-32183879f076) transitioned into state 'SUCCESS' from state 'RUNNING' with result 'None' {{(pid=86389) _task_receiver /opt/stack/data/venv/lib/python3.12/site-packages/taskflow/listeners/logging.py:218}}
Jul 05 19:37:20 devstack cinder-volume[86389]: DEBUG cinder.volume.manager [None req-0012057f-8eab-4cc8-932a-02729b930de7 tempest-VolumesAdminNegativeTest-2057431745 None] Flow 'volume_create_manager' (b778b875-e3a3-4091-a7d8-7d6e05949d6e) transitioned into state 'SUCCESS' from state 'RUNNING' {{(pid=86389) _flow_receiver /opt/stack/data/venv/lib/python3.12/site-packages/taskflow/listeners/logging.py:160}}
Jul 05 19:37:20 devstack cinder-volume[86389]: INFO cinder.volume.manager [None req-0012057f-8eab-4cc8-932a-02729b930de7 tempest-VolumesAdminNegativeTest-2057431745 None] Created volume successfully.
Jul 05 19:37:22 devstack cinder-volume[86389]: DEBUG oslo_concurrency.processutils [None req-693f20c0-5af5-4568-91d8-152cd154680b tempest-GroupSnapshotsTest-1567934627 None] CMD "sudo cinder-rootwrap /etc/cinder/rootwrap.conf qemu-img create -f qcow2 -o preallocation=metadata /opt/stack/data/cinder/mnt/e655abbd625e7d51489960c0933a0f7e/volume-fc142191-e2ab-418d-9386-5ef53844bc66 1073741824" returned: 0 in 1.337s {{(pid=86389) execute /opt/stack/data/venv/lib/python3.12/site-packages/oslo_concurrency/processutils.py:468}}
Jul 05 19:37:21 devstack sudo[88413]: pam_unix(sudo:session): session closed for user root
Jul 05 19:37:22 devstack cinder-volume[86389]: DEBUG oslo_concurrency.processutils [None req-693f20c0-5af5-4568-91d8-152cd154680b tempest-GroupSnapshotsTest-1567934627 None] Running cmd (subprocess): sudo cinder-rootwrap /etc/cinder/rootwrap.conf chmod ugo+rw /opt/stack/data/cinder/mnt/e655abbd625e7d51489960c0933a0f7e/volume-fc142191-e2ab-418d-9386-5ef53844bc66 {{(pid=86389) execute /opt/stack/data/venv/lib/python3.12/site-packages/oslo_concurrency/processutils.py:440}}
Jul 05 19:37:22 devstack cinder-volume[86389]: DEBUG cinder.coordination [None req-d6735ecb-1325-4cc9-b9c8-cf1f5003c52e tempest-VolumesAdminNegativeTest-2057431745 None] Acquiring lock "cinder-0d43bc5e-e436-4dbc-b62d-02a610bafb69-delete_volume" by "delete_volume" {{(pid=86389) __acquire /opt/stack/cinder/cinder/coordination.py:138}}
Jul 05 19:37:22 devstack sudo[88441]: quobyte : PWD=/ ; USER=root ; COMMAND=/opt/stack/data/venv/bin/cinder-rootwrap /etc/cinder/rootwrap.conf chmod ugo+rw /opt/stack/data/cinder/mnt/e655abbd625e7d51489960c0933a0f7e/volume-fc142191-e2ab-418d-9386-5ef53844bc66
Jul 05 19:37:22 devstack sudo[88441]: pam_unix(sudo:session): session opened for user root(uid=0) by (uid=1000)
Jul 05 19:37:22 devstack cinder-volume[86389]: DEBUG cinder.coordination [None req-d6735ecb-1325-4cc9-b9c8-cf1f5003c52e tempest-VolumesAdminNegativeTest-2057431745 None] Lock "cinder-0d43bc5e-e436-4dbc-b62d-02a610bafb69-delete_volume" acquired by "delete_volume" :: waited 0.140s {{(pid=86389) __acquire /opt/stack/cinder/cinder/coordination.py:141}}
Jul 05 19:37:22 devstack cinder-volume[86389]: DEBUG cinder.coordination [None req-d6735ecb-1325-4cc9-b9c8-cf1f5003c52e tempest-VolumesAdminNegativeTest-2057431745 None] Acquiring lock "cinder-quobyte-0d43bc5e-e436-4dbc-b62d-02a610bafb69" by "delete_volume" {{(pid=86389) __acquire /opt/stack/cinder/cinder/coordination.py:138}}
Jul 05 19:37:22 devstack cinder-volume[86389]: DEBUG cinder.coordination [None req-d6735ecb-1325-4cc9-b9c8-cf1f5003c52e tempest-VolumesAdminNegativeTest-2057431745 None] Lock "cinder-quobyte-0d43bc5e-e436-4dbc-b62d-02a610bafb69" acquired by "delete_volume" :: waited 0.058s {{(pid=86389) __acquire /opt/stack/cinder/cinder/coordination.py:141}}
Jul 05 19:37:22 devstack cinder-volume[86389]: DEBUG oslo.privsep.daemon [-] privsep: reply[8a0cd118-27af-4c92-a6c9-c2a0065ebf87]: (4, 'qcow2') {{(pid=87316) _call_back /opt/stack/data/venv/lib/python3.12/site-packages/oslo_privsep/daemon.py:580}}
Jul 05 19:37:22 devstack cinder-volume[86389]: DEBUG oslo_concurrency.processutils [None req-d6735ecb-1325-4cc9-b9c8-cf1f5003c52e tempest-VolumesAdminNegativeTest-2057431745 None] Running cmd (subprocess): /opt/stack/data/venv/bin/python3.12 -m oslo_concurrency.prlimit --as=1073741824 --cpu=60 -- sudo cinder-rootwrap /etc/cinder/rootwrap.conf env LC_ALL=C qemu-img info -f qcow2 --output=json --force-share /opt/stack/data/cinder/mnt/e655abbd625e7d51489960c0933a0f7e/volume-0d43bc5e-e436-4dbc-b62d-02a610bafb69 {{(pid=86389) execute /opt/stack/data/venv/lib/python3.12/site-packages/oslo_concurrency/processutils.py:440}}
Jul 05 19:37:23 devstack sudo[88453]: quobyte : PWD=/ ; USER=root ; COMMAND=/opt/stack/data/venv/bin/cinder-rootwrap /etc/cinder/rootwrap.conf env LC_ALL=C qemu-img info -f qcow2 --output=json --force-share /opt/stack/data/cinder/mnt/e655abbd625e7d51489960c0933a0f7e/volume-0d43bc5e-e436-4dbc-b62d-02a610bafb69
Jul 05 19:37:23 devstack sudo[88453]: pam_unix(sudo:session): session opened for user root(uid=0) by (uid=1000)
Jul 05 19:37:25 devstack sudo[88453]: pam_unix(sudo:session): session closed for user root
Jul 05 19:37:25 devstack cinder-volume[86389]: DEBUG oslo_concurrency.processutils [None req-d6735ecb-1325-4cc9-b9c8-cf1f5003c52e tempest-VolumesAdminNegativeTest-2057431745 None] CMD "/opt/stack/data/venv/bin/python3.12 -m oslo_concurrency.prlimit --as=1073741824 --cpu=60 -- sudo cinder-rootwrap /etc/cinder/rootwrap.conf env LC_ALL=C qemu-img info -f qcow2 --output=json --force-share /opt/stack/data/cinder/mnt/e655abbd625e7d51489960c0933a0f7e/volume-0d43bc5e-e436-4dbc-b62d-02a610bafb69" returned: 0 in 2.159s {{(pid=86389) execute /opt/stack/data/venv/lib/python3.12/site-packages/oslo_concurrency/processutils.py:468}}
Jul 05 19:37:25 devstack cinder-volume[86389]: DEBUG oslo_concurrency.processutils [None req-d6735ecb-1325-4cc9-b9c8-cf1f5003c52e tempest-VolumesAdminNegativeTest-2057431745 None] Running cmd (subprocess): sudo cinder-rootwrap /etc/cinder/rootwrap.conf rm -f /opt/stack/data/cinder/mnt/e655abbd625e7d51489960c0933a0f7e/volume-0d43bc5e-e436-4dbc-b62d-02a610bafb69 {{(pid=86389) execute /opt/stack/data/venv/lib/python3.12/site-packages/oslo_concurrency/processutils.py:440}}
Jul 05 19:37:25 devstack sudo[88523]: quobyte : PWD=/ ; USER=root ; COMMAND=/opt/stack/data/venv/bin/cinder-rootwrap /etc/cinder/rootwrap.conf rm -f /opt/stack/data/cinder/mnt/e655abbd625e7d51489960c0933a0f7e/volume-0d43bc5e-e436-4dbc-b62d-02a610bafb69
Jul 05 19:37:25 devstack sudo[88523]: pam_unix(sudo:session): session opened for user root(uid=0) by (uid=1000)
Jul 05 19:37:25 devstack sudo[88441]: pam_unix(sudo:session): session closed for user root
Jul 05 19:37:25 devstack cinder-volume[86389]: DEBUG oslo_concurrency.processutils [None req-693f20c0-5af5-4568-91d8-152cd154680b tempest-GroupSnapshotsTest-1567934627 None] CMD "sudo cinder-rootwrap /etc/cinder/rootwrap.conf chmod ugo+rw /opt/stack/data/cinder/mnt/e655abbd625e7d51489960c0933a0f7e/volume-fc142191-e2ab-418d-9386-5ef53844bc66" returned: 0 in 2.962s {{(pid=86389) execute /opt/stack/data/venv/lib/python3.12/site-packages/oslo_concurrency/processutils.py:468}}
Jul 05 19:37:25 devstack cinder-volume[86389]: DEBUG cinder.volume.drivers.quobyte [None req-693f20c0-5af5-4568-91d8-152cd154680b tempest-GroupSnapshotsTest-1567934627 None] <== create_volume: return (4562ms) {'provider_location': 'osci02.corp.quobyte.com/cinder-vol-50385aba-be40-49ca-a4ef-351a37552e90'} {{(pid=86389) trace_logging_wrapper /opt/stack/cinder/cinder/volume/volume_utils.py:1522}}
Jul 05 19:37:25 devstack cinder-volume[86389]: DEBUG oslo_concurrency.lockutils [None req-693f20c0-5af5-4568-91d8-152cd154680b tempest-GroupSnapshotsTest-1567934627 None] Lock "quobyte" "released" by "cinder.volume.drivers.quobyte.QuobyteDriver.create_volume" :: held 4.564s {{(pid=86389) inner /opt/stack/data/venv/lib/python3.12/site-packages/oslo_concurrency/lockutils.py:543}}
Jul 05 19:37:25 devstack cinder-volume[86389]: DEBUG cinder.volume.manager [None req-693f20c0-5af5-4568-91d8-152cd154680b tempest-GroupSnapshotsTest-1567934627 None] Task 'cinder.volume.flows.manager.create_volume.CreateVolumeFromSpecTask;volume:create' (e573e3cb-192e-4ac1-a091-45fdaf619f15) transitioned into state 'SUCCESS' from state 'RUNNING' with result '{'status': 'creating', 'volume_name': 'volume-fc142191-e2ab-418d-9386-5ef53844bc66', 'volume_size': 1}' {{(pid=86389) _task_receiver /opt/stack/data/venv/lib/python3.12/site-packages/taskflow/listeners/logging.py:218}}
Jul 05 19:37:25 devstack cinder-volume[86389]: DEBUG cinder.volume.manager [None req-693f20c0-5af5-4568-91d8-152cd154680b tempest-GroupSnapshotsTest-1567934627 None] Task 'cinder.volume.flows.manager.create_volume.CreateVolumeOnFinishTask;volume:create, create.end' (ae0ab597-217b-4d12-8569-cab32aabb1e6) transitioned into state 'RUNNING' from state 'PENDING' {{(pid=86389) _task_receiver /opt/stack/data/venv/lib/python3.12/site-packages/taskflow/listeners/logging.py:242}}
Jul 05 19:37:25 devstack cinder-volume[86389]: INFO cinder.volume.flows.manager.create_volume [None req-693f20c0-5af5-4568-91d8-152cd154680b tempest-GroupSnapshotsTest-1567934627 None] Volume volume-fc142191-e2ab-418d-9386-5ef53844bc66 (fc142191-e2ab-418d-9386-5ef53844bc66): created successfully
Jul 05 19:37:25 devstack cinder-volume[86389]: DEBUG cinder.volume.manager [None req-693f20c0-5af5-4568-91d8-152cd154680b tempest-GroupSnapshotsTest-1567934627 None] Task 'cinder.volume.flows.manager.create_volume.CreateVolumeOnFinishTask;volume:create, create.end' (ae0ab597-217b-4d12-8569-cab32aabb1e6) transitioned into state 'SUCCESS' from state 'RUNNING' with result 'None' {{(pid=86389) _task_receiver /opt/stack/data/venv/lib/python3.12/site-packages/taskflow/listeners/logging.py:218}}
Jul 05 19:37:25 devstack cinder-volume[86389]: DEBUG cinder.volume.manager [None req-693f20c0-5af5-4568-91d8-152cd154680b tempest-GroupSnapshotsTest-1567934627 None] Flow 'volume_create_manager' (93336042-a6a9-48c3-b3ea-82d683fb57d0) transitioned into state 'SUCCESS' from state 'RUNNING' {{(pid=86389) _flow_receiver /opt/stack/data/venv/lib/python3.12/site-packages/taskflow/listeners/logging.py:160}}
Jul 05 19:37:25 devstack cinder-volume[86389]: INFO cinder.volume.manager [None req-693f20c0-5af5-4568-91d8-152cd154680b tempest-GroupSnapshotsTest-1567934627 None] Created volume successfully.
Jul 05 19:37:26 devstack cinder-volume[86389]: INFO cinder.volume.manager [None req-362c9ab6-4002-4b42-bda7-cd39cac1b245 tempest-GroupSnapshotsTest-1567934627 None] GroupSnapshot ea111a49-cb1e-49c4-8d09-e9d79b20e1b3: creating.
Jul 05 19:37:26 devstack sudo[88523]: pam_unix(sudo:session): session closed for user root
Jul 05 19:37:26 devstack cinder-volume[86389]: DEBUG oslo_concurrency.processutils [None req-d6735ecb-1325-4cc9-b9c8-cf1f5003c52e tempest-VolumesAdminNegativeTest-2057431745 None] CMD "sudo cinder-rootwrap /etc/cinder/rootwrap.conf rm -f /opt/stack/data/cinder/mnt/e655abbd625e7d51489960c0933a0f7e/volume-0d43bc5e-e436-4dbc-b62d-02a610bafb69" returned: 0 in 1.377s {{(pid=86389) execute /opt/stack/data/venv/lib/python3.12/site-packages/oslo_concurrency/processutils.py:468}}
Jul 05 19:37:26 devstack cinder-volume[86389]: DEBUG cinder.coordination [None req-d6735ecb-1325-4cc9-b9c8-cf1f5003c52e tempest-VolumesAdminNegativeTest-2057431745 None] Lock "cinder-quobyte-0d43bc5e-e436-4dbc-b62d-02a610bafb69" released by "delete_volume" :: held 3.732s {{(pid=86389) __release /opt/stack/cinder/cinder/coordination.py:152}}
Jul 05 19:37:26 devstack cinder-volume[86389]: DEBUG cinder.volume.manager [None req-362c9ab6-4002-4b42-bda7-cd39cac1b245 tempest-GroupSnapshotsTest-1567934627 None] Group snapshot ea111a49-cb1e-49c4-8d09-e9d79b20e1b3: creating. {{(pid=86389) create_group_snapshot /opt/stack/cinder/cinder/volume/manager.py:4175}}
Jul 05 19:37:26 devstack cinder-volume[86389]: DEBUG oslo_concurrency.lockutils [None req-362c9ab6-4002-4b42-bda7-cd39cac1b245 tempest-GroupSnapshotsTest-1567934627 None] Acquiring lock "quobyte" by "cinder.volume.drivers.quobyte.QuobyteDriver.create_snapshot" {{(pid=86389) inner /opt/stack/data/venv/lib/python3.12/site-packages/oslo_concurrency/lockutils.py:511}}
Jul 05 19:37:26 devstack cinder-volume[86389]: DEBUG oslo_concurrency.lockutils [None req-362c9ab6-4002-4b42-bda7-cd39cac1b245 tempest-GroupSnapshotsTest-1567934627 None] Lock "quobyte" acquired by "cinder.volume.drivers.quobyte.QuobyteDriver.create_snapshot" :: waited 0.001s {{(pid=86389) inner /opt/stack/data/venv/lib/python3.12/site-packages/oslo_concurrency/lockutils.py:524}}
Jul 05 19:37:26 devstack cinder-volume[86389]: DEBUG cinder.volume.drivers.remotefs [None req-362c9ab6-4002-4b42-bda7-cd39cac1b245 tempest-GroupSnapshotsTest-1567934627 None] Creating offline snapshot 48cb30ba-5bd7-488b-b09c-6763c138c17c of volume fc142191-e2ab-418d-9386-5ef53844bc66 {{(pid=86389) _create_snapshot /opt/stack/cinder/cinder/volume/drivers/remotefs.py:1816}}
Jul 05 19:37:26 devstack cinder-volume[86389]: DEBUG oslo.privsep.daemon [-] privsep: reply[3b4fa8ca-5075-409d-882d-2505ba448d75]: (4, 'qcow2') {{(pid=87316) _call_back /opt/stack/data/venv/lib/python3.12/site-packages/oslo_privsep/daemon.py:580}}
Jul 05 19:37:26 devstack cinder-volume[86389]: DEBUG oslo_concurrency.processutils [None req-362c9ab6-4002-4b42-bda7-cd39cac1b245 tempest-GroupSnapshotsTest-1567934627 None] Running cmd (subprocess): /opt/stack/data/venv/bin/python3.12 -m oslo_concurrency.prlimit --as=1073741824 --cpu=60 -- sudo cinder-rootwrap /etc/cinder/rootwrap.conf env LC_ALL=C qemu-img info -f qcow2 --output=json --force-share /opt/stack/data/cinder/mnt/e655abbd625e7d51489960c0933a0f7e/volume-fc142191-e2ab-418d-9386-5ef53844bc66 {{(pid=86389) execute /opt/stack/data/venv/lib/python3.12/site-packages/oslo_concurrency/processutils.py:440}}
Jul 05 19:37:26 devstack cinder-volume[86389]: DEBUG cinder.quota [None req-d6735ecb-1325-4cc9-b9c8-cf1f5003c52e tempest-VolumesAdminNegativeTest-2057431745 None] Created reservations ['a70ac749-f672-4c1b-a320-3dbdad73630e', '312943e2-1153-4006-ac30-7b4f7af6e27f', '59713465-00c3-4e6e-a269-c32016868ccf', '19d61b84-4533-4abd-8178-75fca12ea177'] {{(pid=86389) reserve /opt/stack/cinder/cinder/quota.py:752}}
Jul 05 19:37:27 devstack sudo[88554]: quobyte : PWD=/ ; USER=root ; COMMAND=/opt/stack/data/venv/bin/cinder-rootwrap /etc/cinder/rootwrap.conf env LC_ALL=C qemu-img info -f qcow2 --output=json --force-share /opt/stack/data/cinder/mnt/e655abbd625e7d51489960c0933a0f7e/volume-fc142191-e2ab-418d-9386-5ef53844bc66
Jul 05 19:37:27 devstack sudo[88554]: pam_unix(sudo:session): session opened for user root(uid=0) by (uid=1000)
Jul 05 19:37:27 devstack cinder-volume[86389]: DEBUG oslo_concurrency.lockutils [None req-d6735ecb-1325-4cc9-b9c8-cf1f5003c52e tempest-VolumesAdminNegativeTest-2057431745 None] Acquiring lock "quobyte_ensure" by "cinder.volume.drivers.quobyte.QuobyteDriver._ensure_shares_mounted" {{(pid=86389) inner /opt/stack/data/venv/lib/python3.12/site-packages/oslo_concurrency/lockutils.py:511}}
Jul 05 19:37:27 devstack cinder-volume[86389]: DEBUG oslo_concurrency.lockutils [None req-d6735ecb-1325-4cc9-b9c8-cf1f5003c52e tempest-VolumesAdminNegativeTest-2057431745 None] Lock "quobyte_ensure" acquired by "cinder.volume.drivers.quobyte.QuobyteDriver._ensure_shares_mounted" :: waited 0.001s {{(pid=86389) inner /opt/stack/data/venv/lib/python3.12/site-packages/oslo_concurrency/lockutils.py:524}}
Jul 05 19:37:27 devstack cinder-volume[86389]: DEBUG cinder.volume.drivers.quobyte [None req-d6735ecb-1325-4cc9-b9c8-cf1f5003c52e tempest-VolumesAdminNegativeTest-2057431745 None] Quobyte Volume URL set to: {'osci02.corp.quobyte.com/cinder-vol-50385aba-be40-49ca-a4ef-351a37552e90': None} {{(pid=86389) _load_shares_config /opt/stack/cinder/cinder/volume/drivers/quobyte.py:617}}
Jul 05 19:37:27 devstack cinder-volume[86389]: DEBUG cinder.volume.drivers.quobyte [None req-d6735ecb-1325-4cc9-b9c8-cf1f5003c52e tempest-VolumesAdminNegativeTest-2057431745 None] Available shares ['osci02.corp.quobyte.com/cinder-vol-50385aba-be40-49ca-a4ef-351a37552e90'] {{(pid=86389) _ensure_shares_mounted /opt/stack/cinder/cinder/volume/drivers/quobyte.py:647}}
Jul 05 19:37:27 devstack cinder-volume[86389]: DEBUG oslo_concurrency.lockutils [None req-d6735ecb-1325-4cc9-b9c8-cf1f5003c52e tempest-VolumesAdminNegativeTest-2057431745 None] Lock "quobyte_ensure" "released" by "cinder.volume.drivers.quobyte.QuobyteDriver._ensure_shares_mounted" :: held 0.024s {{(pid=86389) inner /opt/stack/data/venv/lib/python3.12/site-packages/oslo_concurrency/lockutils.py:543}}
Jul 05 19:37:27 devstack cinder-volume[86389]: DEBUG oslo_concurrency.processutils [None req-d6735ecb-1325-4cc9-b9c8-cf1f5003c52e tempest-VolumesAdminNegativeTest-2057431745 None] Running cmd (subprocess): sudo cinder-rootwrap /etc/cinder/rootwrap.conf df --portability --block-size 1 /opt/stack/data/cinder/mnt/e655abbd625e7d51489960c0933a0f7e {{(pid=86389) execute /opt/stack/data/venv/lib/python3.12/site-packages/oslo_concurrency/processutils.py:440}}
Jul 05 19:37:27 devstack sudo[88558]: quobyte : PWD=/ ; USER=root ; COMMAND=/opt/stack/data/venv/bin/cinder-rootwrap /etc/cinder/rootwrap.conf df --portability --block-size 1 /opt/stack/data/cinder/mnt/e655abbd625e7d51489960c0933a0f7e
Jul 05 19:37:27 devstack sudo[88558]: pam_unix(sudo:session): session opened for user root(uid=0) by (uid=1000)
Jul 05 19:37:28 devstack sudo[88558]: pam_unix(sudo:session): session closed for user root
Jul 05 19:37:28 devstack cinder-volume[86389]: DEBUG oslo_concurrency.processutils [None req-d6735ecb-1325-4cc9-b9c8-cf1f5003c52e tempest-VolumesAdminNegativeTest-2057431745 None] CMD "sudo cinder-rootwrap /etc/cinder/rootwrap.conf df --portability --block-size 1 /opt/stack/data/cinder/mnt/e655abbd625e7d51489960c0933a0f7e" returned: 0 in 1.457s {{(pid=86389) execute /opt/stack/data/venv/lib/python3.12/site-packages/oslo_concurrency/processutils.py:468}}
Jul 05 19:37:28 devstack cinder-volume[86389]: DEBUG cinder.manager [None req-d6735ecb-1325-4cc9-b9c8-cf1f5003c52e tempest-VolumesAdminNegativeTest-2057431745 None] Notifying Schedulers of capabilities ... {{(pid=86389) _publish_service_capabilities /opt/stack/cinder/cinder/manager.py:219}}
Jul 05 19:37:28 devstack cinder-volume[86389]: INFO cinder.volume.manager [None req-d6735ecb-1325-4cc9-b9c8-cf1f5003c52e tempest-VolumesAdminNegativeTest-2057431745 None] Deleted volume successfully.
Jul 05 19:37:28 devstack cinder-volume[86389]: DEBUG cinder.coordination [None req-d6735ecb-1325-4cc9-b9c8-cf1f5003c52e tempest-VolumesAdminNegativeTest-2057431745 None] Lock "cinder-0d43bc5e-e436-4dbc-b62d-02a610bafb69-delete_volume" released by "delete_volume" :: held 6.244s {{(pid=86389) __release /opt/stack/cinder/cinder/coordination.py:152}}
Jul 05 19:37:28 devstack sudo[88554]: pam_unix(sudo:session): session closed for user root
Jul 05 19:37:28 devstack cinder-volume[86389]: DEBUG oslo_concurrency.processutils [None req-362c9ab6-4002-4b42-bda7-cd39cac1b245 tempest-GroupSnapshotsTest-1567934627 None] CMD "/opt/stack/data/venv/bin/python3.12 -m oslo_concurrency.prlimit --as=1073741824 --cpu=60 -- sudo cinder-rootwrap /etc/cinder/rootwrap.conf env LC_ALL=C qemu-img info -f qcow2 --output=json --force-share /opt/stack/data/cinder/mnt/e655abbd625e7d51489960c0933a0f7e/volume-fc142191-e2ab-418d-9386-5ef53844bc66" returned: 0 in 2.201s {{(pid=86389) execute /opt/stack/data/venv/lib/python3.12/site-packages/oslo_concurrency/processutils.py:468}}
Jul 05 19:37:29 devstack cinder-volume[86389]: DEBUG oslo_concurrency.processutils [None req-362c9ab6-4002-4b42-bda7-cd39cac1b245 tempest-GroupSnapshotsTest-1567934627 None] Running cmd (subprocess): sudo cinder-rootwrap /etc/cinder/rootwrap.conf qemu-img create -f qcow2 -o backing_file=/opt/stack/data/cinder/mnt/e655abbd625e7d51489960c0933a0f7e/volume-fc142191-e2ab-418d-9386-5ef53844bc66,backing_fmt=qcow2 /opt/stack/data/cinder/mnt/e655abbd625e7d51489960c0933a0f7e/volume-fc142191-e2ab-418d-9386-5ef53844bc66.48cb30ba-5bd7-488b-b09c-6763c138c17c 1G {{(pid=86389) execute /opt/stack/data/venv/lib/python3.12/site-packages/oslo_concurrency/processutils.py:440}}
Jul 05 19:37:29 devstack sudo[88566]: quobyte : PWD=/ ; USER=root ; COMMAND=/opt/stack/data/venv/bin/cinder-rootwrap /etc/cinder/rootwrap.conf qemu-img create -f qcow2 -o backing_file=/opt/stack/data/cinder/mnt/e655abbd625e7d51489960c0933a0f7e/volume-fc142191-e2ab-418d-9386-5ef53844bc66,backing_fmt=qcow2 /opt/stack/data/cinder/mnt/e655abbd625e7d51489960c0933a0f7e/volume-fc142191-e2ab-418d-9386-5ef53844bc66.48cb30ba-5bd7-488b-b09c-6763c138c17c 1G
Jul 05 19:37:29 devstack sudo[88566]: pam_unix(sudo:session): session opened for user root(uid=0) by (uid=1000)
Jul 05 19:37:30 devstack sudo[88566]: pam_unix(sudo:session): session closed for user root
Jul 05 19:37:30 devstack cinder-volume[86389]: DEBUG oslo_concurrency.processutils [None req-362c9ab6-4002-4b42-bda7-cd39cac1b245 tempest-GroupSnapshotsTest-1567934627 None] CMD "sudo cinder-rootwrap /etc/cinder/rootwrap.conf qemu-img create -f qcow2 -o backing_file=/opt/stack/data/cinder/mnt/e655abbd625e7d51489960c0933a0f7e/volume-fc142191-e2ab-418d-9386-5ef53844bc66,backing_fmt=qcow2 /opt/stack/data/cinder/mnt/e655abbd625e7d51489960c0933a0f7e/volume-fc142191-e2ab-418d-9386-5ef53844bc66.48cb30ba-5bd7-488b-b09c-6763c138c17c 1G" returned: 0 in 1.945s {{(pid=86389) execute /opt/stack/data/venv/lib/python3.12/site-packages/oslo_concurrency/processutils.py:468}}
Jul 05 19:37:30 devstack cinder-volume[86389]: DEBUG oslo_concurrency.processutils [None req-362c9ab6-4002-4b42-bda7-cd39cac1b245 tempest-GroupSnapshotsTest-1567934627 None] Running cmd (subprocess): sudo cinder-rootwrap /etc/cinder/rootwrap.conf qemu-img rebase -u -b volume-fc142191-e2ab-418d-9386-5ef53844bc66 -F qcow2 /opt/stack/data/cinder/mnt/e655abbd625e7d51489960c0933a0f7e/volume-fc142191-e2ab-418d-9386-5ef53844bc66.48cb30ba-5bd7-488b-b09c-6763c138c17c {{(pid=86389) execute /opt/stack/data/venv/lib/python3.12/site-packages/oslo_concurrency/processutils.py:440}}
Jul 05 19:37:31 devstack sudo[88598]: quobyte : PWD=/ ; USER=root ; COMMAND=/opt/stack/data/venv/bin/cinder-rootwrap /etc/cinder/rootwrap.conf qemu-img rebase -u -b volume-fc142191-e2ab-418d-9386-5ef53844bc66 -F qcow2 /opt/stack/data/cinder/mnt/e655abbd625e7d51489960c0933a0f7e/volume-fc142191-e2ab-418d-9386-5ef53844bc66.48cb30ba-5bd7-488b-b09c-6763c138c17c
Jul 05 19:37:31 devstack sudo[88598]: pam_unix(sudo:session): session opened for user root(uid=0) by (uid=1000)
Jul 05 19:37:32 devstack sudo[88598]: pam_unix(sudo:session): session closed for user root
Jul 05 19:37:32 devstack cinder-volume[86389]: DEBUG oslo_concurrency.processutils [None req-362c9ab6-4002-4b42-bda7-cd39cac1b245 tempest-GroupSnapshotsTest-1567934627 None] CMD "sudo cinder-rootwrap /etc/cinder/rootwrap.conf qemu-img rebase -u -b volume-fc142191-e2ab-418d-9386-5ef53844bc66 -F qcow2 /opt/stack/data/cinder/mnt/e655abbd625e7d51489960c0933a0f7e/volume-fc142191-e2ab-418d-9386-5ef53844bc66.48cb30ba-5bd7-488b-b09c-6763c138c17c" returned: 0 in 1.637s {{(pid=86389) execute /opt/stack/data/venv/lib/python3.12/site-packages/oslo_concurrency/processutils.py:468}}
Jul 05 19:37:32 devstack cinder-volume[86389]: WARNING cinder.volume.drivers.remotefs [None req-362c9ab6-4002-4b42-bda7-cd39cac1b245 tempest-GroupSnapshotsTest-1567934627 None] /opt/stack/data/cinder/mnt/e655abbd625e7d51489960c0933a0f7e/volume-fc142191-e2ab-418d-9386-5ef53844bc66.48cb30ba-5bd7-488b-b09c-6763c138c17c is being set with open permissions: ugo+rw: NotImplementedError
Jul 05 19:37:32 devstack cinder-volume[86389]: DEBUG oslo_concurrency.processutils [None req-362c9ab6-4002-4b42-bda7-cd39cac1b245 tempest-GroupSnapshotsTest-1567934627 None] Running cmd (subprocess): sudo cinder-rootwrap /etc/cinder/rootwrap.conf chmod ugo+rw /opt/stack/data/cinder/mnt/e655abbd625e7d51489960c0933a0f7e/volume-fc142191-e2ab-418d-9386-5ef53844bc66.48cb30ba-5bd7-488b-b09c-6763c138c17c {{(pid=86389) execute /opt/stack/data/venv/lib/python3.12/site-packages/oslo_concurrency/processutils.py:440}}
Jul 05 19:37:32 devstack sudo[88607]: quobyte : PWD=/ ; USER=root ; COMMAND=/opt/stack/data/venv/bin/cinder-rootwrap /etc/cinder/rootwrap.conf chmod ugo+rw /opt/stack/data/cinder/mnt/e655abbd625e7d51489960c0933a0f7e/volume-fc142191-e2ab-418d-9386-5ef53844bc66.48cb30ba-5bd7-488b-b09c-6763c138c17c
Jul 05 19:37:32 devstack sudo[88607]: pam_unix(sudo:session): session opened for user root(uid=0) by (uid=1000)
Jul 05 19:37:33 devstack sudo[88607]: pam_unix(sudo:session): session closed for user root
Jul 05 19:37:33 devstack cinder-volume[86389]: DEBUG oslo_concurrency.processutils [None req-362c9ab6-4002-4b42-bda7-cd39cac1b245 tempest-GroupSnapshotsTest-1567934627 None] CMD "sudo cinder-rootwrap /etc/cinder/rootwrap.conf chmod ugo+rw /opt/stack/data/cinder/mnt/e655abbd625e7d51489960c0933a0f7e/volume-fc142191-e2ab-418d-9386-5ef53844bc66.48cb30ba-5bd7-488b-b09c-6763c138c17c" returned: 0 in 0.813s {{(pid=86389) execute /opt/stack/data/venv/lib/python3.12/site-packages/oslo_concurrency/processutils.py:468}}
Jul 05 19:37:33 devstack cinder-volume[86389]: DEBUG oslo_concurrency.processutils [None req-362c9ab6-4002-4b42-bda7-cd39cac1b245 tempest-GroupSnapshotsTest-1567934627 None] Running cmd (subprocess): sudo cinder-rootwrap /etc/cinder/rootwrap.conf truncate -s0 /opt/stack/data/cinder/mnt/e655abbd625e7d51489960c0933a0f7e/volume-fc142191-e2ab-418d-9386-5ef53844bc66.info {{(pid=86389) execute /opt/stack/data/venv/lib/python3.12/site-packages/oslo_concurrency/processutils.py:440}}
Jul 05 19:37:33 devstack sudo[88611]: quobyte : PWD=/ ; USER=root ; COMMAND=/opt/stack/data/venv/bin/cinder-rootwrap /etc/cinder/rootwrap.conf truncate -s0 /opt/stack/data/cinder/mnt/e655abbd625e7d51489960c0933a0f7e/volume-fc142191-e2ab-418d-9386-5ef53844bc66.info
Jul 05 19:37:33 devstack sudo[88611]: pam_unix(sudo:session): session opened for user root(uid=0) by (uid=1000)
Jul 05 19:37:34 devstack sudo[88611]: pam_unix(sudo:session): session closed for user root
Jul 05 19:37:34 devstack cinder-volume[86389]: DEBUG oslo_concurrency.processutils [None req-362c9ab6-4002-4b42-bda7-cd39cac1b245 tempest-GroupSnapshotsTest-1567934627 None] CMD "sudo cinder-rootwrap /etc/cinder/rootwrap.conf truncate -s0 /opt/stack/data/cinder/mnt/e655abbd625e7d51489960c0933a0f7e/volume-fc142191-e2ab-418d-9386-5ef53844bc66.info" returned: 0 in 1.014s {{(pid=86389) execute /opt/stack/data/venv/lib/python3.12/site-packages/oslo_concurrency/processutils.py:468}}
Jul 05 19:37:34 devstack cinder-volume[86389]: WARNING cinder.volume.drivers.remotefs [None req-362c9ab6-4002-4b42-bda7-cd39cac1b245 tempest-GroupSnapshotsTest-1567934627 None] /opt/stack/data/cinder/mnt/e655abbd625e7d51489960c0933a0f7e/volume-fc142191-e2ab-418d-9386-5ef53844bc66.info is being set with open permissions: ugo+rw: NotImplementedError
Jul 05 19:37:34 devstack cinder-volume[86389]: DEBUG oslo_concurrency.processutils [None req-362c9ab6-4002-4b42-bda7-cd39cac1b245 tempest-GroupSnapshotsTest-1567934627 None] Running cmd (subprocess): sudo cinder-rootwrap /etc/cinder/rootwrap.conf chmod ugo+rw /opt/stack/data/cinder/mnt/e655abbd625e7d51489960c0933a0f7e/volume-fc142191-e2ab-418d-9386-5ef53844bc66.info {{(pid=86389) execute /opt/stack/data/venv/lib/python3.12/site-packages/oslo_concurrency/processutils.py:440}}
Jul 05 19:37:34 devstack sudo[88619]: quobyte : PWD=/ ; USER=root ; COMMAND=/opt/stack/data/venv/bin/cinder-rootwrap /etc/cinder/rootwrap.conf chmod ugo+rw /opt/stack/data/cinder/mnt/e655abbd625e7d51489960c0933a0f7e/volume-fc142191-e2ab-418d-9386-5ef53844bc66.info
Jul 05 19:37:34 devstack sudo[88619]: pam_unix(sudo:session): session opened for user root(uid=0) by (uid=1000)
Jul 05 19:37:35 devstack sudo[88619]: pam_unix(sudo:session): session closed for user root
Jul 05 19:37:35 devstack cinder-volume[86389]: DEBUG oslo_concurrency.processutils [None req-362c9ab6-4002-4b42-bda7-cd39cac1b245 tempest-GroupSnapshotsTest-1567934627 None] CMD "sudo cinder-rootwrap /etc/cinder/rootwrap.conf chmod ugo+rw /opt/stack/data/cinder/mnt/e655abbd625e7d51489960c0933a0f7e/volume-fc142191-e2ab-418d-9386-5ef53844bc66.info" returned: 0 in 0.737s {{(pid=86389) execute /opt/stack/data/venv/lib/python3.12/site-packages/oslo_concurrency/processutils.py:468}}
Jul 05 19:37:35 devstack cinder-volume[86389]: DEBUG oslo_concurrency.lockutils [None req-362c9ab6-4002-4b42-bda7-cd39cac1b245 tempest-GroupSnapshotsTest-1567934627 None] Lock "quobyte" "released" by "cinder.volume.drivers.quobyte.QuobyteDriver.create_snapshot" :: held 8.530s {{(pid=86389) inner /opt/stack/data/venv/lib/python3.12/site-packages/oslo_concurrency/lockutils.py:543}}
Jul 05 19:37:35 devstack cinder-volume[86389]: INFO cinder.volume.manager [None req-362c9ab6-4002-4b42-bda7-cd39cac1b245 tempest-GroupSnapshotsTest-1567934627 None] group_snapshot ea111a49-cb1e-49c4-8d09-e9d79b20e1b3: created successfully
Jul 05 19:37:35 devstack cinder-volume[86389]: INFO cinder.volume.manager [None req-c0672053-1f14-4e95-936b-15dd0c02eba0 tempest-GroupSnapshotsTest-1567934627 None] group_snapshot ea111a49-cb1e-49c4-8d09-e9d79b20e1b3: deleting
Jul 05 19:37:35 devstack cinder-volume[86389]: DEBUG cinder.volume.manager [None req-c0672053-1f14-4e95-936b-15dd0c02eba0 tempest-GroupSnapshotsTest-1567934627 None] group_snapshot ea111a49-cb1e-49c4-8d09-e9d79b20e1b3: deleting {{(pid=86389) delete_group_snapshot /opt/stack/cinder/cinder/volume/manager.py:4350}}
Jul 05 19:37:35 devstack cinder-volume[86389]: DEBUG cinder.coordination [None req-c0672053-1f14-4e95-936b-15dd0c02eba0 tempest-GroupSnapshotsTest-1567934627 None] Acquiring lock "cinder-quobyte-fc142191-e2ab-418d-9386-5ef53844bc66" by "delete_snapshot" {{(pid=86389) __acquire /opt/stack/cinder/cinder/coordination.py:138}}
Jul 05 19:37:35 devstack cinder-volume[86389]: DEBUG cinder.coordination [None req-c0672053-1f14-4e95-936b-15dd0c02eba0 tempest-GroupSnapshotsTest-1567934627 None] Lock "cinder-quobyte-fc142191-e2ab-418d-9386-5ef53844bc66" acquired by "delete_snapshot" :: waited 0.034s {{(pid=86389) __acquire /opt/stack/cinder/cinder/coordination.py:141}}
Jul 05 19:37:35 devstack cinder-volume[86389]: DEBUG cinder.coordination [None req-c0672053-1f14-4e95-936b-15dd0c02eba0 tempest-GroupSnapshotsTest-1567934627 None] Acquiring lock "cinder-quobyte-48cb30ba-5bd7-488b-b09c-6763c138c17c" by "_delete_snapshot" {{(pid=86389) __acquire /opt/stack/cinder/cinder/coordination.py:138}}
Jul 05 19:37:35 devstack cinder-volume[86389]: DEBUG cinder.coordination [None req-c0672053-1f14-4e95-936b-15dd0c02eba0 tempest-GroupSnapshotsTest-1567934627 None] Lock "cinder-quobyte-48cb30ba-5bd7-488b-b09c-6763c138c17c" acquired by "_delete_snapshot" :: waited 0.040s {{(pid=86389) __acquire /opt/stack/cinder/cinder/coordination.py:141}}
Jul 05 19:37:35 devstack cinder-volume[86389]: DEBUG cinder.volume.drivers.remotefs [None req-c0672053-1f14-4e95-936b-15dd0c02eba0 tempest-GroupSnapshotsTest-1567934627 None] Deleting offline snapshot 48cb30ba-5bd7-488b-b09c-6763c138c17c of volume fc142191-e2ab-418d-9386-5ef53844bc66 {{(pid=86389) _delete_snapshot /opt/stack/cinder/cinder/volume/drivers/remotefs.py:1288}}
Jul 05 19:37:35 devstack cinder-volume[86389]: DEBUG cinder.volume.drivers.remotefs [None req-c0672053-1f14-4e95-936b-15dd0c02eba0 tempest-GroupSnapshotsTest-1567934627 None] snapshot_file for this snap is: volume-fc142191-e2ab-418d-9386-5ef53844bc66.48cb30ba-5bd7-488b-b09c-6763c138c17c {{(pid=86389) _delete_snapshot /opt/stack/cinder/cinder/volume/drivers/remotefs.py:1317}}
Jul 05 19:37:35 devstack cinder-volume[86389]: DEBUG oslo.privsep.daemon [-] privsep: reply[14a58a26-3337-460e-8a8b-a3914a7e6961]: (4, 'qcow2') {{(pid=87316) _call_back /opt/stack/data/venv/lib/python3.12/site-packages/oslo_privsep/daemon.py:580}}
Jul 05 19:37:35 devstack cinder-volume[86389]: DEBUG oslo_concurrency.processutils [None req-c0672053-1f14-4e95-936b-15dd0c02eba0 tempest-GroupSnapshotsTest-1567934627 None] Running cmd (subprocess): /opt/stack/data/venv/bin/python3.12 -m oslo_concurrency.prlimit --as=1073741824 --cpu=60 -- sudo cinder-rootwrap /etc/cinder/rootwrap.conf env LC_ALL=C qemu-img info -f qcow2 --output=json --force-share /opt/stack/data/cinder/mnt/e655abbd625e7d51489960c0933a0f7e/volume-fc142191-e2ab-418d-9386-5ef53844bc66.48cb30ba-5bd7-488b-b09c-6763c138c17c {{(pid=86389) execute /opt/stack/data/venv/lib/python3.12/site-packages/oslo_concurrency/processutils.py:440}}
Jul 05 19:37:36 devstack sudo[88629]: quobyte : PWD=/ ; USER=root ; COMMAND=/opt/stack/data/venv/bin/cinder-rootwrap /etc/cinder/rootwrap.conf env LC_ALL=C qemu-img info -f qcow2 --output=json --force-share /opt/stack/data/cinder/mnt/e655abbd625e7d51489960c0933a0f7e/volume-fc142191-e2ab-418d-9386-5ef53844bc66.48cb30ba-5bd7-488b-b09c-6763c138c17c
Jul 05 19:37:36 devstack sudo[88629]: pam_unix(sudo:session): session opened for user root(uid=0) by (uid=1000)
Jul 05 19:37:36 devstack sudo[88629]: pam_unix(sudo:session): session closed for user root
Jul 05 19:37:36 devstack cinder-volume[86389]: DEBUG oslo_concurrency.processutils [None req-c0672053-1f14-4e95-936b-15dd0c02eba0 tempest-GroupSnapshotsTest-1567934627 None] CMD "/opt/stack/data/venv/bin/python3.12 -m oslo_concurrency.prlimit --as=1073741824 --cpu=60 -- sudo cinder-rootwrap /etc/cinder/rootwrap.conf env LC_ALL=C qemu-img info -f qcow2 --output=json --force-share /opt/stack/data/cinder/mnt/e655abbd625e7d51489960c0933a0f7e/volume-fc142191-e2ab-418d-9386-5ef53844bc66.48cb30ba-5bd7-488b-b09c-6763c138c17c" returned: 0 in 0.983s {{(pid=86389) execute /opt/stack/data/venv/lib/python3.12/site-packages/oslo_concurrency/processutils.py:468}}
Jul 05 19:37:36 devstack cinder-volume[86389]: DEBUG cinder.volume.drivers.remotefs [None req-c0672053-1f14-4e95-936b-15dd0c02eba0 tempest-GroupSnapshotsTest-1567934627 None] Fetching qemu-img info with special backing_file_template: (/opt/stack/data/cinder/mnt/[0-9a-f]+/)?(volume-fc142191-e2ab-418d-9386-5ef53844bc66(.(tmp-snap-)?[0-9a-f-]+)?|volume_from_snapshot_cache/(tmp-snap-)?[0-9a-f-]+(.(child-|parent-)[0-9a-f-]+)?)$ {{(pid=86389) _qemu_img_info_base /opt/stack/cinder/cinder/volume/drivers/remotefs.py:896}}
Jul 05 19:37:36 devstack cinder-volume[86389]: DEBUG oslo.privsep.daemon [-] privsep: reply[c2c6d211-e936-4a41-8af1-d6996b5934dc]: (4, 'qcow2') {{(pid=87316) _call_back /opt/stack/data/venv/lib/python3.12/site-packages/oslo_privsep/daemon.py:580}}
Jul 05 19:37:36 devstack cinder-volume[86389]: DEBUG oslo_concurrency.processutils [None req-c0672053-1f14-4e95-936b-15dd0c02eba0 tempest-GroupSnapshotsTest-1567934627 None] Running cmd (subprocess): /opt/stack/data/venv/bin/python3.12 -m oslo_concurrency.prlimit --as=1073741824 --cpu=60 -- sudo cinder-rootwrap /etc/cinder/rootwrap.conf env LC_ALL=C qemu-img info -f qcow2 --output=json --force-share /opt/stack/data/cinder/mnt/e655abbd625e7d51489960c0933a0f7e/volume-fc142191-e2ab-418d-9386-5ef53844bc66 {{(pid=86389) execute /opt/stack/data/venv/lib/python3.12/site-packages/oslo_concurrency/processutils.py:440}}
Jul 05 19:37:37 devstack sudo[88634]: quobyte : PWD=/ ; USER=root ; COMMAND=/opt/stack/data/venv/bin/cinder-rootwrap /etc/cinder/rootwrap.conf env LC_ALL=C qemu-img info -f qcow2 --output=json --force-share /opt/stack/data/cinder/mnt/e655abbd625e7d51489960c0933a0f7e/volume-fc142191-e2ab-418d-9386-5ef53844bc66
Jul 05 19:37:37 devstack sudo[88634]: pam_unix(sudo:session): session opened for user root(uid=0) by (uid=1000)
Jul 05 19:37:37 devstack sudo[88634]: pam_unix(sudo:session): session closed for user root
Jul 05 19:37:37 devstack cinder-volume[86389]: DEBUG oslo_concurrency.processutils [None req-c0672053-1f14-4e95-936b-15dd0c02eba0 tempest-GroupSnapshotsTest-1567934627 None] CMD "/opt/stack/data/venv/bin/python3.12 -m oslo_concurrency.prlimit --as=1073741824 --cpu=60 -- sudo cinder-rootwrap /etc/cinder/rootwrap.conf env LC_ALL=C qemu-img info -f qcow2 --output=json --force-share /opt/stack/data/cinder/mnt/e655abbd625e7d51489960c0933a0f7e/volume-fc142191-e2ab-418d-9386-5ef53844bc66" returned: 0 in 0.937s {{(pid=86389) execute /opt/stack/data/venv/lib/python3.12/site-packages/oslo_concurrency/processutils.py:468}}
Jul 05 19:37:37 devstack cinder-volume[86389]: DEBUG oslo_concurrency.processutils [None req-c0672053-1f14-4e95-936b-15dd0c02eba0 tempest-GroupSnapshotsTest-1567934627 None] Running cmd (subprocess): sudo cinder-rootwrap /etc/cinder/rootwrap.conf qemu-img commit -d /opt/stack/data/cinder/mnt/e655abbd625e7d51489960c0933a0f7e/volume-fc142191-e2ab-418d-9386-5ef53844bc66.48cb30ba-5bd7-488b-b09c-6763c138c17c {{(pid=86389) execute /opt/stack/data/venv/lib/python3.12/site-packages/oslo_concurrency/processutils.py:440}}
Jul 05 19:37:37 devstack sudo[88642]: quobyte : PWD=/ ; USER=root ; COMMAND=/opt/stack/data/venv/bin/cinder-rootwrap /etc/cinder/rootwrap.conf qemu-img commit -d /opt/stack/data/cinder/mnt/e655abbd625e7d51489960c0933a0f7e/volume-fc142191-e2ab-418d-9386-5ef53844bc66.48cb30ba-5bd7-488b-b09c-6763c138c17c
Jul 05 19:37:37 devstack sudo[88642]: pam_unix(sudo:session): session opened for user root(uid=0) by (uid=1000)
Jul 05 19:37:39 devstack sudo[88642]: pam_unix(sudo:session): session closed for user root
Jul 05 19:37:39 devstack cinder-volume[86389]: DEBUG oslo_concurrency.processutils [None req-c0672053-1f14-4e95-936b-15dd0c02eba0 tempest-GroupSnapshotsTest-1567934627 None] CMD "sudo cinder-rootwrap /etc/cinder/rootwrap.conf qemu-img commit -d /opt/stack/data/cinder/mnt/e655abbd625e7d51489960c0933a0f7e/volume-fc142191-e2ab-418d-9386-5ef53844bc66.48cb30ba-5bd7-488b-b09c-6763c138c17c" returned: 0 in 1.187s {{(pid=86389) execute /opt/stack/data/venv/lib/python3.12/site-packages/oslo_concurrency/processutils.py:468}}
Jul 05 19:37:39 devstack cinder-volume[86389]: DEBUG oslo_concurrency.processutils [None req-c0672053-1f14-4e95-936b-15dd0c02eba0 tempest-GroupSnapshotsTest-1567934627 None] Running cmd (subprocess): sudo cinder-rootwrap /etc/cinder/rootwrap.conf rm -f /opt/stack/data/cinder/mnt/e655abbd625e7d51489960c0933a0f7e/volume-fc142191-e2ab-418d-9386-5ef53844bc66.48cb30ba-5bd7-488b-b09c-6763c138c17c {{(pid=86389) execute /opt/stack/data/venv/lib/python3.12/site-packages/oslo_concurrency/processutils.py:440}}
Jul 05 19:37:39 devstack sudo[88678]: quobyte : PWD=/ ; USER=root ; COMMAND=/opt/stack/data/venv/bin/cinder-rootwrap /etc/cinder/rootwrap.conf rm -f /opt/stack/data/cinder/mnt/e655abbd625e7d51489960c0933a0f7e/volume-fc142191-e2ab-418d-9386-5ef53844bc66.48cb30ba-5bd7-488b-b09c-6763c138c17c
Jul 05 19:37:39 devstack sudo[88678]: pam_unix(sudo:session): session opened for user root(uid=0) by (uid=1000)
Jul 05 19:37:39 devstack sudo[88678]: pam_unix(sudo:session): session closed for user root
Jul 05 19:37:39 devstack cinder-volume[86389]: DEBUG oslo_concurrency.processutils [None req-c0672053-1f14-4e95-936b-15dd0c02eba0 tempest-GroupSnapshotsTest-1567934627 None] CMD "sudo cinder-rootwrap /etc/cinder/rootwrap.conf rm -f /opt/stack/data/cinder/mnt/e655abbd625e7d51489960c0933a0f7e/volume-fc142191-e2ab-418d-9386-5ef53844bc66.48cb30ba-5bd7-488b-b09c-6763c138c17c" returned: 0 in 0.937s {{(pid=86389) execute /opt/stack/data/venv/lib/python3.12/site-packages/oslo_concurrency/processutils.py:468}}
Jul 05 19:37:40 devstack cinder-volume[86389]: DEBUG cinder.coordination [None req-c0672053-1f14-4e95-936b-15dd0c02eba0 tempest-GroupSnapshotsTest-1567934627 None] Lock "cinder-quobyte-48cb30ba-5bd7-488b-b09c-6763c138c17c" released by "_delete_snapshot" :: held 4.191s {{(pid=86389) __release /opt/stack/cinder/cinder/coordination.py:152}}
Jul 05 19:37:40 devstack cinder-volume[86389]: DEBUG cinder.coordination [None req-c0672053-1f14-4e95-936b-15dd0c02eba0 tempest-GroupSnapshotsTest-1567934627 None] Lock "cinder-quobyte-fc142191-e2ab-418d-9386-5ef53844bc66" released by "delete_snapshot" :: held 4.244s {{(pid=86389) __release /opt/stack/cinder/cinder/coordination.py:152}}
Jul 05 19:37:40 devstack cinder-volume[86389]: WARNING cinder.quota [None req-c0672053-1f14-4e95-936b-15dd0c02eba0 tempest-GroupSnapshotsTest-1567934627 None] Deprecated: Default quota for resource: gigabytes_tempest-GroupSnapshotsTest-volume-type-1682827915 is set by the default quota flag: quota_gigabytes_tempest-GroupSnapshotsTest-volume-type-1682827915, it is now deprecated. Please use the default quota class for default quota.
Jul 05 19:37:40 devstack cinder-volume[86389]: WARNING cinder.quota [None req-c0672053-1f14-4e95-936b-15dd0c02eba0 tempest-GroupSnapshotsTest-1567934627 None] Deprecated: Default quota for resource: snapshots_tempest-GroupSnapshotsTest-volume-type-1682827915 is set by the default quota flag: quota_snapshots_tempest-GroupSnapshotsTest-volume-type-1682827915, it is now deprecated. Please use the default quota class for default quota.
Jul 05 19:37:40 devstack cinder-volume[86389]: DEBUG cinder.quota [None req-c0672053-1f14-4e95-936b-15dd0c02eba0 tempest-GroupSnapshotsTest-1567934627 None] Created reservations ['4c73b6f7-0a39-4040-8c9c-16ac99b634d0', '9d6b0037-f407-4fde-9329-912a313e43d4', 'af9615d4-1405-4fbf-a6bf-8390f09ee6b1', 'c0c33f15-fc6c-48f5-9598-df9ed7212f9d'] {{(pid=86389) reserve /opt/stack/cinder/cinder/quota.py:752}}
Jul 05 19:37:40 devstack cinder-volume[86389]: INFO cinder.volume.manager [None req-c0672053-1f14-4e95-936b-15dd0c02eba0 tempest-GroupSnapshotsTest-1567934627 None] group_snapshot ea111a49-cb1e-49c4-8d09-e9d79b20e1b3: deleted successfully
Jul 05 19:37:40 devstack cinder-volume[86389]: DEBUG cinder.coordination [None req-85fd31bc-d6e5-4b9f-a554-280e71e5277f tempest-GroupSnapshotsTest-1567934627 None] Acquiring lock "cinder-quobyte-fc142191-e2ab-418d-9386-5ef53844bc66" by "delete_volume" {{(pid=86389) __acquire /opt/stack/cinder/cinder/coordination.py:138}}
Jul 05 19:37:40 devstack cinder-volume[86389]: DEBUG cinder.coordination [None req-85fd31bc-d6e5-4b9f-a554-280e71e5277f tempest-GroupSnapshotsTest-1567934627 None] Lock "cinder-quobyte-fc142191-e2ab-418d-9386-5ef53844bc66" acquired by "delete_volume" :: waited 0.021s {{(pid=86389) __acquire /opt/stack/cinder/cinder/coordination.py:141}}
Jul 05 19:37:40 devstack cinder-volume[86389]: DEBUG oslo.privsep.daemon [-] privsep: reply[61328c5a-ffec-440b-a4a5-4cbac08b8e0c]: (4, 'qcow2') {{(pid=87316) _call_back /opt/stack/data/venv/lib/python3.12/site-packages/oslo_privsep/daemon.py:580}}
Jul 05 19:37:40 devstack cinder-volume[86389]: DEBUG oslo_concurrency.processutils [None req-85fd31bc-d6e5-4b9f-a554-280e71e5277f tempest-GroupSnapshotsTest-1567934627 None] Running cmd (subprocess): /opt/stack/data/venv/bin/python3.12 -m oslo_concurrency.prlimit --as=1073741824 --cpu=60 -- sudo cinder-rootwrap /etc/cinder/rootwrap.conf env LC_ALL=C qemu-img info -f qcow2 --output=json --force-share /opt/stack/data/cinder/mnt/e655abbd625e7d51489960c0933a0f7e/volume-fc142191-e2ab-418d-9386-5ef53844bc66 {{(pid=86389) execute /opt/stack/data/venv/lib/python3.12/site-packages/oslo_concurrency/processutils.py:440}}
