Jun 30 16:06:59 devstack cinder-volume[93781]: DEBUG cinder.volume.drivers.remotefs [None req-0d3c76c4-92d5-437d-bba6-e5bbbf3f8d5f tempest-GroupSnapshotsTest-1772737832 None] Creating offline snapshot 08fdef0e-6dee-4715-b96f-ae20106acfc2 of volume a5d09d11-857d-4477-9388-4dbf81bf8a6c {{(pid=93781) _create_snapshot /opt/stack/cinder/cinder/volume/drivers/remotefs.py:1816}}
Jun 30 16:06:59 devstack cinder-volume[93781]: DEBUG oslo.privsep.daemon [-] privsep: reply[43ccce56-a9f8-46e9-a512-512a465bde4c]: (4, 'qcow2') {{(pid=94559) _call_back /opt/stack/data/venv/lib/python3.12/site-packages/oslo_privsep/daemon.py:580}}
Jun 30 16:06:59 devstack cinder-volume[93781]: DEBUG oslo_concurrency.processutils [None req-0d3c76c4-92d5-437d-bba6-e5bbbf3f8d5f tempest-GroupSnapshotsTest-1772737832 None] Running cmd (subprocess): /opt/stack/data/venv/bin/python3.12 -m oslo_concurrency.prlimit --as=1073741824 --cpu=60 -- sudo cinder-rootwrap /etc/cinder/rootwrap.conf env LC_ALL=C qemu-img info -f qcow2 --output=json --force-share /opt/stack/data/cinder/mnt/771643386658a1d16e55692a7fa749ba/volume-a5d09d11-857d-4477-9388-4dbf81bf8a6c {{(pid=93781) execute /opt/stack/data/venv/lib/python3.12/site-packages/oslo_concurrency/processutils.py:440}}
Jun 30 16:06:59 devstack sudo[96383]: quobyte : PWD=/ ; USER=root ; COMMAND=/opt/stack/data/venv/bin/cinder-rootwrap /etc/cinder/rootwrap.conf env LC_ALL=C qemu-img info -f qcow2 --output=json --force-share /opt/stack/data/cinder/mnt/771643386658a1d16e55692a7fa749ba/volume-a5d09d11-857d-4477-9388-4dbf81bf8a6c
Jun 30 16:06:59 devstack sudo[96383]: pam_unix(sudo:session): session opened for user root(uid=0) by (uid=1000)
Jun 30 16:07:00 devstack sudo[96383]: pam_unix(sudo:session): session closed for user root
Jun 30 16:07:00 devstack cinder-volume[93781]: DEBUG oslo_concurrency.processutils [None req-0d3c76c4-92d5-437d-bba6-e5bbbf3f8d5f tempest-GroupSnapshotsTest-1772737832 None] CMD "/opt/stack/data/venv/bin/python3.12 -m oslo_concurrency.prlimit --as=1073741824 --cpu=60 -- sudo cinder-rootwrap /etc/cinder/rootwrap.conf env LC_ALL=C qemu-img info -f qcow2 --output=json --force-share /opt/stack/data/cinder/mnt/771643386658a1d16e55692a7fa749ba/volume-a5d09d11-857d-4477-9388-4dbf81bf8a6c" returned: 0 in 1.553s {{(pid=93781) execute /opt/stack/data/venv/lib/python3.12/site-packages/oslo_concurrency/processutils.py:468}}
Jun 30 16:07:00 devstack cinder-volume[93781]: DEBUG oslo_concurrency.processutils [None req-0d3c76c4-92d5-437d-bba6-e5bbbf3f8d5f tempest-GroupSnapshotsTest-1772737832 None] Running cmd (subprocess): sudo cinder-rootwrap /etc/cinder/rootwrap.conf qemu-img create -f qcow2 -o backing_file=/opt/stack/data/cinder/mnt/771643386658a1d16e55692a7fa749ba/volume-a5d09d11-857d-4477-9388-4dbf81bf8a6c,backing_fmt=qcow2 /opt/stack/data/cinder/mnt/771643386658a1d16e55692a7fa749ba/volume-a5d09d11-857d-4477-9388-4dbf81bf8a6c.08fdef0e-6dee-4715-b96f-ae20106acfc2 1G {{(pid=93781) execute /opt/stack/data/venv/lib/python3.12/site-packages/oslo_concurrency/processutils.py:440}}
Jun 30 16:07:00 devstack sudo[96415]: quobyte : PWD=/ ; USER=root ; COMMAND=/opt/stack/data/venv/bin/cinder-rootwrap /etc/cinder/rootwrap.conf qemu-img create -f qcow2 -o backing_file=/opt/stack/data/cinder/mnt/771643386658a1d16e55692a7fa749ba/volume-a5d09d11-857d-4477-9388-4dbf81bf8a6c,backing_fmt=qcow2 /opt/stack/data/cinder/mnt/771643386658a1d16e55692a7fa749ba/volume-a5d09d11-857d-4477-9388-4dbf81bf8a6c.08fdef0e-6dee-4715-b96f-ae20106acfc2 1G
Jun 30 16:07:00 devstack sudo[96415]: pam_unix(sudo:session): session opened for user root(uid=0) by (uid=1000)
Jun 30 16:07:01 devstack sudo[96415]: pam_unix(sudo:session): session closed for user root
Jun 30 16:07:01 devstack cinder-volume[93781]: DEBUG oslo_concurrency.processutils [None req-0d3c76c4-92d5-437d-bba6-e5bbbf3f8d5f tempest-GroupSnapshotsTest-1772737832 None] CMD "sudo cinder-rootwrap /etc/cinder/rootwrap.conf qemu-img create -f qcow2 -o backing_file=/opt/stack/data/cinder/mnt/771643386658a1d16e55692a7fa749ba/volume-a5d09d11-857d-4477-9388-4dbf81bf8a6c,backing_fmt=qcow2 /opt/stack/data/cinder/mnt/771643386658a1d16e55692a7fa749ba/volume-a5d09d11-857d-4477-9388-4dbf81bf8a6c.08fdef0e-6dee-4715-b96f-ae20106acfc2 1G" returned: 0 in 1.251s {{(pid=93781) execute /opt/stack/data/venv/lib/python3.12/site-packages/oslo_concurrency/processutils.py:468}}
Jun 30 16:07:01 devstack cinder-volume[93781]: DEBUG oslo_concurrency.processutils [None req-0d3c76c4-92d5-437d-bba6-e5bbbf3f8d5f tempest-GroupSnapshotsTest-1772737832 None] Running cmd (subprocess): sudo cinder-rootwrap /etc/cinder/rootwrap.conf qemu-img rebase -u -b volume-a5d09d11-857d-4477-9388-4dbf81bf8a6c -F qcow2 /opt/stack/data/cinder/mnt/771643386658a1d16e55692a7fa749ba/volume-a5d09d11-857d-4477-9388-4dbf81bf8a6c.08fdef0e-6dee-4715-b96f-ae20106acfc2 {{(pid=93781) execute /opt/stack/data/venv/lib/python3.12/site-packages/oslo_concurrency/processutils.py:440}}
Jun 30 16:07:01 devstack sudo[96424]: quobyte : PWD=/ ; USER=root ; COMMAND=/opt/stack/data/venv/bin/cinder-rootwrap /etc/cinder/rootwrap.conf qemu-img rebase -u -b volume-a5d09d11-857d-4477-9388-4dbf81bf8a6c -F qcow2 /opt/stack/data/cinder/mnt/771643386658a1d16e55692a7fa749ba/volume-a5d09d11-857d-4477-9388-4dbf81bf8a6c.08fdef0e-6dee-4715-b96f-ae20106acfc2
Jun 30 16:07:01 devstack sudo[96424]: pam_unix(sudo:session): session opened for user root(uid=0) by (uid=1000)
Jun 30 16:07:02 devstack sudo[96424]: pam_unix(sudo:session): session closed for user root
Jun 30 16:07:02 devstack cinder-volume[93781]: DEBUG oslo_concurrency.processutils [None req-0d3c76c4-92d5-437d-bba6-e5bbbf3f8d5f tempest-GroupSnapshotsTest-1772737832 None] CMD "sudo cinder-rootwrap /etc/cinder/rootwrap.conf qemu-img rebase -u -b volume-a5d09d11-857d-4477-9388-4dbf81bf8a6c -F qcow2 /opt/stack/data/cinder/mnt/771643386658a1d16e55692a7fa749ba/volume-a5d09d11-857d-4477-9388-4dbf81bf8a6c.08fdef0e-6dee-4715-b96f-ae20106acfc2" returned: 0 in 0.934s {{(pid=93781) execute /opt/stack/data/venv/lib/python3.12/site-packages/oslo_concurrency/processutils.py:468}}
Jun 30 16:07:02 devstack cinder-volume[93781]: WARNING cinder.volume.drivers.remotefs [None req-0d3c76c4-92d5-437d-bba6-e5bbbf3f8d5f tempest-GroupSnapshotsTest-1772737832 None] /opt/stack/data/cinder/mnt/771643386658a1d16e55692a7fa749ba/volume-a5d09d11-857d-4477-9388-4dbf81bf8a6c.08fdef0e-6dee-4715-b96f-ae20106acfc2 is being set with open permissions: ugo+rw: NotImplementedError
Jun 30 16:07:02 devstack cinder-volume[93781]: DEBUG oslo_concurrency.processutils [None req-0d3c76c4-92d5-437d-bba6-e5bbbf3f8d5f tempest-GroupSnapshotsTest-1772737832 None] Running cmd (subprocess): sudo cinder-rootwrap /etc/cinder/rootwrap.conf chmod ugo+rw /opt/stack/data/cinder/mnt/771643386658a1d16e55692a7fa749ba/volume-a5d09d11-857d-4477-9388-4dbf81bf8a6c.08fdef0e-6dee-4715-b96f-ae20106acfc2 {{(pid=93781) execute /opt/stack/data/venv/lib/python3.12/site-packages/oslo_concurrency/processutils.py:440}}
Jun 30 16:07:02 devstack sudo[96430]: quobyte : PWD=/ ; USER=root ; COMMAND=/opt/stack/data/venv/bin/cinder-rootwrap /etc/cinder/rootwrap.conf chmod ugo+rw /opt/stack/data/cinder/mnt/771643386658a1d16e55692a7fa749ba/volume-a5d09d11-857d-4477-9388-4dbf81bf8a6c.08fdef0e-6dee-4715-b96f-ae20106acfc2
Jun 30 16:07:02 devstack sudo[96430]: pam_unix(sudo:session): session opened for user root(uid=0) by (uid=1000)
Jun 30 16:07:03 devstack sudo[96430]: pam_unix(sudo:session): session closed for user root
Jun 30 16:07:03 devstack cinder-volume[93781]: DEBUG oslo_concurrency.processutils [None req-0d3c76c4-92d5-437d-bba6-e5bbbf3f8d5f tempest-GroupSnapshotsTest-1772737832 None] CMD "sudo cinder-rootwrap /etc/cinder/rootwrap.conf chmod ugo+rw /opt/stack/data/cinder/mnt/771643386658a1d16e55692a7fa749ba/volume-a5d09d11-857d-4477-9388-4dbf81bf8a6c.08fdef0e-6dee-4715-b96f-ae20106acfc2" returned: 0 in 0.990s {{(pid=93781) execute /opt/stack/data/venv/lib/python3.12/site-packages/oslo_concurrency/processutils.py:468}}
Jun 30 16:07:03 devstack cinder-volume[93781]: DEBUG oslo_concurrency.processutils [None req-0d3c76c4-92d5-437d-bba6-e5bbbf3f8d5f tempest-GroupSnapshotsTest-1772737832 None] Running cmd (subprocess): sudo cinder-rootwrap /etc/cinder/rootwrap.conf truncate -s0 /opt/stack/data/cinder/mnt/771643386658a1d16e55692a7fa749ba/volume-a5d09d11-857d-4477-9388-4dbf81bf8a6c.info {{(pid=93781) execute /opt/stack/data/venv/lib/python3.12/site-packages/oslo_concurrency/processutils.py:440}}
Jun 30 16:07:03 devstack sudo[96435]: quobyte : PWD=/ ; USER=root ; COMMAND=/opt/stack/data/venv/bin/cinder-rootwrap /etc/cinder/rootwrap.conf truncate -s0 /opt/stack/data/cinder/mnt/771643386658a1d16e55692a7fa749ba/volume-a5d09d11-857d-4477-9388-4dbf81bf8a6c.info
Jun 30 16:07:03 devstack sudo[96435]: pam_unix(sudo:session): session opened for user root(uid=0) by (uid=1000)
Jun 30 16:07:04 devstack sudo[96435]: pam_unix(sudo:session): session closed for user root
Jun 30 16:07:04 devstack cinder-volume[93781]: DEBUG oslo_concurrency.processutils [None req-0d3c76c4-92d5-437d-bba6-e5bbbf3f8d5f tempest-GroupSnapshotsTest-1772737832 None] CMD "sudo cinder-rootwrap /etc/cinder/rootwrap.conf truncate -s0 /opt/stack/data/cinder/mnt/771643386658a1d16e55692a7fa749ba/volume-a5d09d11-857d-4477-9388-4dbf81bf8a6c.info" returned: 0 in 0.811s {{(pid=93781) execute /opt/stack/data/venv/lib/python3.12/site-packages/oslo_concurrency/processutils.py:468}}
Jun 30 16:07:04 devstack cinder-volume[93781]: WARNING cinder.volume.drivers.remotefs [None req-0d3c76c4-92d5-437d-bba6-e5bbbf3f8d5f tempest-GroupSnapshotsTest-1772737832 None] /opt/stack/data/cinder/mnt/771643386658a1d16e55692a7fa749ba/volume-a5d09d11-857d-4477-9388-4dbf81bf8a6c.info is being set with open permissions: ugo+rw: NotImplementedError
Jun 30 16:07:04 devstack cinder-volume[93781]: DEBUG oslo_concurrency.processutils [None req-0d3c76c4-92d5-437d-bba6-e5bbbf3f8d5f tempest-GroupSnapshotsTest-1772737832 None] Running cmd (subprocess): sudo cinder-rootwrap /etc/cinder/rootwrap.conf chmod ugo+rw /opt/stack/data/cinder/mnt/771643386658a1d16e55692a7fa749ba/volume-a5d09d11-857d-4477-9388-4dbf81bf8a6c.info {{(pid=93781) execute /opt/stack/data/venv/lib/python3.12/site-packages/oslo_concurrency/processutils.py:440}}
Jun 30 16:07:04 devstack sudo[96439]: quobyte : PWD=/ ; USER=root ; COMMAND=/opt/stack/data/venv/bin/cinder-rootwrap /etc/cinder/rootwrap.conf chmod ugo+rw /opt/stack/data/cinder/mnt/771643386658a1d16e55692a7fa749ba/volume-a5d09d11-857d-4477-9388-4dbf81bf8a6c.info
Jun 30 16:07:04 devstack sudo[96439]: pam_unix(sudo:session): session opened for user root(uid=0) by (uid=1000)
Jun 30 16:07:05 devstack sudo[96439]: pam_unix(sudo:session): session closed for user root
Jun 30 16:07:05 devstack cinder-volume[93781]: DEBUG oslo_concurrency.processutils [None req-0d3c76c4-92d5-437d-bba6-e5bbbf3f8d5f tempest-GroupSnapshotsTest-1772737832 None] CMD "sudo cinder-rootwrap /etc/cinder/rootwrap.conf chmod ugo+rw /opt/stack/data/cinder/mnt/771643386658a1d16e55692a7fa749ba/volume-a5d09d11-857d-4477-9388-4dbf81bf8a6c.info" returned: 0 in 0.686s {{(pid=93781) execute /opt/stack/data/venv/lib/python3.12/site-packages/oslo_concurrency/processutils.py:468}}
Jun 30 16:07:05 devstack cinder-volume[93781]: DEBUG oslo_concurrency.lockutils [None req-0d3c76c4-92d5-437d-bba6-e5bbbf3f8d5f tempest-GroupSnapshotsTest-1772737832 None] Lock "quobyte" "released" by "cinder.volume.drivers.quobyte.QuobyteDriver.create_snapshot" :: held 6.376s {{(pid=93781) inner /opt/stack/data/venv/lib/python3.12/site-packages/oslo_concurrency/lockutils.py:543}}
Jun 30 16:07:05 devstack cinder-volume[93781]: DEBUG oslo_concurrency.lockutils [None req-0d3c76c4-92d5-437d-bba6-e5bbbf3f8d5f tempest-GroupSnapshotsTest-1772737832 None] Acquiring lock "quobyte" by "cinder.volume.drivers.quobyte.QuobyteDriver.create_snapshot" {{(pid=93781) inner /opt/stack/data/venv/lib/python3.12/site-packages/oslo_concurrency/lockutils.py:511}}
Jun 30 16:07:05 devstack cinder-volume[93781]: DEBUG oslo_concurrency.lockutils [None req-0d3c76c4-92d5-437d-bba6-e5bbbf3f8d5f tempest-GroupSnapshotsTest-1772737832 None] Lock "quobyte" acquired by "cinder.volume.drivers.quobyte.QuobyteDriver.create_snapshot" :: waited 0.000s {{(pid=93781) inner /opt/stack/data/venv/lib/python3.12/site-packages/oslo_concurrency/lockutils.py:524}}
Jun 30 16:07:05 devstack cinder-volume[93781]: DEBUG cinder.volume.drivers.remotefs [None req-0d3c76c4-92d5-437d-bba6-e5bbbf3f8d5f tempest-GroupSnapshotsTest-1772737832 None] Creating offline snapshot 85564aab-7c4d-48cd-a85c-bd747b517c31 of volume fb989ae7-b06b-466c-81a7-78ff03ebec7c {{(pid=93781) _create_snapshot /opt/stack/cinder/cinder/volume/drivers/remotefs.py:1816}}
Jun 30 16:07:05 devstack cinder-volume[93781]: DEBUG oslo.privsep.daemon [-] privsep: reply[dddc8aca-0870-463e-8b57-42b902b8d0fe]: (4, 'qcow2') {{(pid=94559) _call_back /opt/stack/data/venv/lib/python3.12/site-packages/oslo_privsep/daemon.py:580}}
Jun 30 16:07:05 devstack cinder-volume[93781]: DEBUG oslo_concurrency.processutils [None req-0d3c76c4-92d5-437d-bba6-e5bbbf3f8d5f tempest-GroupSnapshotsTest-1772737832 None] Running cmd (subprocess): /opt/stack/data/venv/bin/python3.12 -m oslo_concurrency.prlimit --as=1073741824 --cpu=60 -- sudo cinder-rootwrap /etc/cinder/rootwrap.conf env LC_ALL=C qemu-img info -f qcow2 --output=json --force-share /opt/stack/data/cinder/mnt/771643386658a1d16e55692a7fa749ba/volume-fb989ae7-b06b-466c-81a7-78ff03ebec7c {{(pid=93781) execute /opt/stack/data/venv/lib/python3.12/site-packages/oslo_concurrency/processutils.py:440}}
Jun 30 16:07:05 devstack sudo[96444]: quobyte : PWD=/ ; USER=root ; COMMAND=/opt/stack/data/venv/bin/cinder-rootwrap /etc/cinder/rootwrap.conf env LC_ALL=C qemu-img info -f qcow2 --output=json --force-share /opt/stack/data/cinder/mnt/771643386658a1d16e55692a7fa749ba/volume-fb989ae7-b06b-466c-81a7-78ff03ebec7c
Jun 30 16:07:05 devstack sudo[96444]: pam_unix(sudo:session): session opened for user root(uid=0) by (uid=1000)
Jun 30 16:07:07 devstack sudo[96444]: pam_unix(sudo:session): session closed for user root
Jun 30 16:07:07 devstack cinder-volume[93781]: DEBUG oslo_concurrency.processutils [None req-0d3c76c4-92d5-437d-bba6-e5bbbf3f8d5f tempest-GroupSnapshotsTest-1772737832 None] CMD "/opt/stack/data/venv/bin/python3.12 -m oslo_concurrency.prlimit --as=1073741824 --cpu=60 -- sudo cinder-rootwrap /etc/cinder/rootwrap.conf env LC_ALL=C qemu-img info -f qcow2 --output=json --force-share /opt/stack/data/cinder/mnt/771643386658a1d16e55692a7fa749ba/volume-fb989ae7-b06b-466c-81a7-78ff03ebec7c" returned: 0 in 1.504s {{(pid=93781) execute /opt/stack/data/venv/lib/python3.12/site-packages/oslo_concurrency/processutils.py:468}}
Jun 30 16:07:07 devstack cinder-volume[93781]: DEBUG oslo_concurrency.processutils [None req-0d3c76c4-92d5-437d-bba6-e5bbbf3f8d5f tempest-GroupSnapshotsTest-1772737832 None] Running cmd (subprocess): sudo cinder-rootwrap /etc/cinder/rootwrap.conf qemu-img create -f qcow2 -o backing_file=/opt/stack/data/cinder/mnt/771643386658a1d16e55692a7fa749ba/volume-fb989ae7-b06b-466c-81a7-78ff03ebec7c,backing_fmt=qcow2 /opt/stack/data/cinder/mnt/771643386658a1d16e55692a7fa749ba/volume-fb989ae7-b06b-466c-81a7-78ff03ebec7c.85564aab-7c4d-48cd-a85c-bd747b517c31 1G {{(pid=93781) execute /opt/stack/data/venv/lib/python3.12/site-packages/oslo_concurrency/processutils.py:440}}
Jun 30 16:07:07 devstack sudo[96451]: quobyte : PWD=/ ; USER=root ; COMMAND=/opt/stack/data/venv/bin/cinder-rootwrap /etc/cinder/rootwrap.conf qemu-img create -f qcow2 -o backing_file=/opt/stack/data/cinder/mnt/771643386658a1d16e55692a7fa749ba/volume-fb989ae7-b06b-466c-81a7-78ff03ebec7c,backing_fmt=qcow2 /opt/stack/data/cinder/mnt/771643386658a1d16e55692a7fa749ba/volume-fb989ae7-b06b-466c-81a7-78ff03ebec7c.85564aab-7c4d-48cd-a85c-bd747b517c31 1G
Jun 30 16:07:07 devstack sudo[96451]: pam_unix(sudo:session): session opened for user root(uid=0) by (uid=1000)
Jun 30 16:07:08 devstack sudo[96451]: pam_unix(sudo:session): session closed for user root
Jun 30 16:07:08 devstack cinder-volume[93781]: DEBUG oslo_concurrency.processutils [None req-0d3c76c4-92d5-437d-bba6-e5bbbf3f8d5f tempest-GroupSnapshotsTest-1772737832 None] CMD "sudo cinder-rootwrap /etc/cinder/rootwrap.conf qemu-img create -f qcow2 -o backing_file=/opt/stack/data/cinder/mnt/771643386658a1d16e55692a7fa749ba/volume-fb989ae7-b06b-466c-81a7-78ff03ebec7c,backing_fmt=qcow2 /opt/stack/data/cinder/mnt/771643386658a1d16e55692a7fa749ba/volume-fb989ae7-b06b-466c-81a7-78ff03ebec7c.85564aab-7c4d-48cd-a85c-bd747b517c31 1G" returned: 0 in 1.356s {{(pid=93781) execute /opt/stack/data/venv/lib/python3.12/site-packages/oslo_concurrency/processutils.py:468}}
Jun 30 16:07:08 devstack cinder-volume[93781]: DEBUG oslo_concurrency.processutils [None req-0d3c76c4-92d5-437d-bba6-e5bbbf3f8d5f tempest-GroupSnapshotsTest-1772737832 None] Running cmd (subprocess): sudo cinder-rootwrap /etc/cinder/rootwrap.conf qemu-img rebase -u -b volume-fb989ae7-b06b-466c-81a7-78ff03ebec7c -F qcow2 /opt/stack/data/cinder/mnt/771643386658a1d16e55692a7fa749ba/volume-fb989ae7-b06b-466c-81a7-78ff03ebec7c.85564aab-7c4d-48cd-a85c-bd747b517c31 {{(pid=93781) execute /opt/stack/data/venv/lib/python3.12/site-packages/oslo_concurrency/processutils.py:440}}
Jun 30 16:07:08 devstack sudo[96501]: quobyte : PWD=/ ; USER=root ; COMMAND=/opt/stack/data/venv/bin/cinder-rootwrap /etc/cinder/rootwrap.conf qemu-img rebase -u -b volume-fb989ae7-b06b-466c-81a7-78ff03ebec7c -F qcow2 /opt/stack/data/cinder/mnt/771643386658a1d16e55692a7fa749ba/volume-fb989ae7-b06b-466c-81a7-78ff03ebec7c.85564aab-7c4d-48cd-a85c-bd747b517c31
Jun 30 16:07:08 devstack sudo[96501]: pam_unix(sudo:session): session opened for user root(uid=0) by (uid=1000)
Jun 30 16:07:09 devstack sudo[96501]: pam_unix(sudo:session): session closed for user root
Jun 30 16:07:09 devstack cinder-volume[93781]: DEBUG oslo_concurrency.processutils [None req-0d3c76c4-92d5-437d-bba6-e5bbbf3f8d5f tempest-GroupSnapshotsTest-1772737832 None] CMD "sudo cinder-rootwrap /etc/cinder/rootwrap.conf qemu-img rebase -u -b volume-fb989ae7-b06b-466c-81a7-78ff03ebec7c -F qcow2 /opt/stack/data/cinder/mnt/771643386658a1d16e55692a7fa749ba/volume-fb989ae7-b06b-466c-81a7-78ff03ebec7c.85564aab-7c4d-48cd-a85c-bd747b517c31" returned: 0 in 0.785s {{(pid=93781) execute /opt/stack/data/venv/lib/python3.12/site-packages/oslo_concurrency/processutils.py:468}}
Jun 30 16:07:09 devstack cinder-volume[93781]: WARNING cinder.volume.drivers.remotefs [None req-0d3c76c4-92d5-437d-bba6-e5bbbf3f8d5f tempest-GroupSnapshotsTest-1772737832 None] /opt/stack/data/cinder/mnt/771643386658a1d16e55692a7fa749ba/volume-fb989ae7-b06b-466c-81a7-78ff03ebec7c.85564aab-7c4d-48cd-a85c-bd747b517c31 is being set with open permissions: ugo+rw: NotImplementedError
Jun 30 16:07:09 devstack cinder-volume[93781]: DEBUG oslo_concurrency.processutils [None req-0d3c76c4-92d5-437d-bba6-e5bbbf3f8d5f tempest-GroupSnapshotsTest-1772737832 None] Running cmd (subprocess): sudo cinder-rootwrap /etc/cinder/rootwrap.conf chmod ugo+rw /opt/stack/data/cinder/mnt/771643386658a1d16e55692a7fa749ba/volume-fb989ae7-b06b-466c-81a7-78ff03ebec7c.85564aab-7c4d-48cd-a85c-bd747b517c31 {{(pid=93781) execute /opt/stack/data/venv/lib/python3.12/site-packages/oslo_concurrency/processutils.py:440}}
Jun 30 16:07:09 devstack sudo[96508]: quobyte : PWD=/ ; USER=root ; COMMAND=/opt/stack/data/venv/bin/cinder-rootwrap /etc/cinder/rootwrap.conf chmod ugo+rw /opt/stack/data/cinder/mnt/771643386658a1d16e55692a7fa749ba/volume-fb989ae7-b06b-466c-81a7-78ff03ebec7c.85564aab-7c4d-48cd-a85c-bd747b517c31
Jun 30 16:07:09 devstack sudo[96508]: pam_unix(sudo:session): session opened for user root(uid=0) by (uid=1000)
Jun 30 16:07:10 devstack sudo[96508]: pam_unix(sudo:session): session closed for user root
Jun 30 16:07:10 devstack cinder-volume[93781]: DEBUG oslo_concurrency.processutils [None req-0d3c76c4-92d5-437d-bba6-e5bbbf3f8d5f tempest-GroupSnapshotsTest-1772737832 None] CMD "sudo cinder-rootwrap /etc/cinder/rootwrap.conf chmod ugo+rw /opt/stack/data/cinder/mnt/771643386658a1d16e55692a7fa749ba/volume-fb989ae7-b06b-466c-81a7-78ff03ebec7c.85564aab-7c4d-48cd-a85c-bd747b517c31" returned: 0 in 1.017s {{(pid=93781) execute /opt/stack/data/venv/lib/python3.12/site-packages/oslo_concurrency/processutils.py:468}}
Jun 30 16:07:10 devstack cinder-volume[93781]: DEBUG oslo_concurrency.processutils [None req-0d3c76c4-92d5-437d-bba6-e5bbbf3f8d5f tempest-GroupSnapshotsTest-1772737832 None] Running cmd (subprocess): sudo cinder-rootwrap /etc/cinder/rootwrap.conf truncate -s0 /opt/stack/data/cinder/mnt/771643386658a1d16e55692a7fa749ba/volume-fb989ae7-b06b-466c-81a7-78ff03ebec7c.info {{(pid=93781) execute /opt/stack/data/venv/lib/python3.12/site-packages/oslo_concurrency/processutils.py:440}}
Jun 30 16:07:10 devstack sudo[96530]: quobyte : PWD=/ ; USER=root ; COMMAND=/opt/stack/data/venv/bin/cinder-rootwrap /etc/cinder/rootwrap.conf truncate -s0 /opt/stack/data/cinder/mnt/771643386658a1d16e55692a7fa749ba/volume-fb989ae7-b06b-466c-81a7-78ff03ebec7c.info
Jun 30 16:07:10 devstack sudo[96530]: pam_unix(sudo:session): session opened for user root(uid=0) by (uid=1000)
Jun 30 16:07:11 devstack sudo[96530]: pam_unix(sudo:session): session closed for user root
Jun 30 16:07:11 devstack cinder-volume[93781]: DEBUG oslo_concurrency.processutils [None req-0d3c76c4-92d5-437d-bba6-e5bbbf3f8d5f tempest-GroupSnapshotsTest-1772737832 None] CMD "sudo cinder-rootwrap /etc/cinder/rootwrap.conf truncate -s0 /opt/stack/data/cinder/mnt/771643386658a1d16e55692a7fa749ba/volume-fb989ae7-b06b-466c-81a7-78ff03ebec7c.info" returned: 0 in 0.834s {{(pid=93781) execute /opt/stack/data/venv/lib/python3.12/site-packages/oslo_concurrency/processutils.py:468}}
Jun 30 16:07:11 devstack cinder-volume[93781]: WARNING cinder.volume.drivers.remotefs [None req-0d3c76c4-92d5-437d-bba6-e5bbbf3f8d5f tempest-GroupSnapshotsTest-1772737832 None] /opt/stack/data/cinder/mnt/771643386658a1d16e55692a7fa749ba/volume-fb989ae7-b06b-466c-81a7-78ff03ebec7c.info is being set with open permissions: ugo+rw: NotImplementedError
Jun 30 16:07:11 devstack cinder-volume[93781]: DEBUG oslo_concurrency.processutils [None req-0d3c76c4-92d5-437d-bba6-e5bbbf3f8d5f tempest-GroupSnapshotsTest-1772737832 None] Running cmd (subprocess): sudo cinder-rootwrap /etc/cinder/rootwrap.conf chmod ugo+rw /opt/stack/data/cinder/mnt/771643386658a1d16e55692a7fa749ba/volume-fb989ae7-b06b-466c-81a7-78ff03ebec7c.info {{(pid=93781) execute /opt/stack/data/venv/lib/python3.12/site-packages/oslo_concurrency/processutils.py:440}}
Jun 30 16:07:11 devstack sudo[96538]: quobyte : PWD=/ ; USER=root ; COMMAND=/opt/stack/data/venv/bin/cinder-rootwrap /etc/cinder/rootwrap.conf chmod ugo+rw /opt/stack/data/cinder/mnt/771643386658a1d16e55692a7fa749ba/volume-fb989ae7-b06b-466c-81a7-78ff03ebec7c.info
Jun 30 16:07:11 devstack sudo[96538]: pam_unix(sudo:session): session opened for user root(uid=0) by (uid=1000)
Jun 30 16:07:11 devstack sudo[96538]: pam_unix(sudo:session): session closed for user root
Jun 30 16:07:11 devstack cinder-volume[93781]: DEBUG oslo_concurrency.processutils [None req-0d3c76c4-92d5-437d-bba6-e5bbbf3f8d5f tempest-GroupSnapshotsTest-1772737832 None] CMD "sudo cinder-rootwrap /etc/cinder/rootwrap.conf chmod ugo+rw /opt/stack/data/cinder/mnt/771643386658a1d16e55692a7fa749ba/volume-fb989ae7-b06b-466c-81a7-78ff03ebec7c.info" returned: 0 in 0.630s {{(pid=93781) execute /opt/stack/data/venv/lib/python3.12/site-packages/oslo_concurrency/processutils.py:468}}
Jun 30 16:07:11 devstack cinder-volume[93781]: DEBUG oslo_concurrency.lockutils [None req-0d3c76c4-92d5-437d-bba6-e5bbbf3f8d5f tempest-GroupSnapshotsTest-1772737832 None] Lock "quobyte" "released" by "cinder.volume.drivers.quobyte.QuobyteDriver.create_snapshot" :: held 6.264s {{(pid=93781) inner /opt/stack/data/venv/lib/python3.12/site-packages/oslo_concurrency/lockutils.py:543}}
Jun 30 16:07:11 devstack cinder-volume[93781]: INFO cinder.volume.manager [None req-0d3c76c4-92d5-437d-bba6-e5bbbf3f8d5f tempest-GroupSnapshotsTest-1772737832 None] group_snapshot 90e45825-e11f-4f1d-97b2-e4cd7e61ce1d: created successfully
Jun 30 16:07:12 devstack cinder-volume[93781]: INFO cinder.volume.manager [None req-330397c2-025e-4306-bfdb-f6c40dc62631 tempest-GroupSnapshotsTest-1772737832 None] group_snapshot 90e45825-e11f-4f1d-97b2-e4cd7e61ce1d: deleting
Jun 30 16:07:12 devstack cinder-volume[93781]: DEBUG cinder.volume.manager [None req-330397c2-025e-4306-bfdb-f6c40dc62631 tempest-GroupSnapshotsTest-1772737832 None] group_snapshot 90e45825-e11f-4f1d-97b2-e4cd7e61ce1d: deleting {{(pid=93781) delete_group_snapshot /opt/stack/cinder/cinder/volume/manager.py:4350}}
Jun 30 16:07:12 devstack cinder-volume[93781]: DEBUG cinder.coordination [None req-330397c2-025e-4306-bfdb-f6c40dc62631 tempest-GroupSnapshotsTest-1772737832 None] Acquiring lock "cinder-quobyte-a5d09d11-857d-4477-9388-4dbf81bf8a6c" by "delete_snapshot" {{(pid=93781) __acquire /opt/stack/cinder/cinder/coordination.py:138}}
Jun 30 16:07:12 devstack cinder-volume[93781]: DEBUG cinder.coordination [None req-330397c2-025e-4306-bfdb-f6c40dc62631 tempest-GroupSnapshotsTest-1772737832 None] Lock "cinder-quobyte-a5d09d11-857d-4477-9388-4dbf81bf8a6c" acquired by "delete_snapshot" :: waited 0.016s {{(pid=93781) __acquire /opt/stack/cinder/cinder/coordination.py:141}}
Jun 30 16:07:12 devstack cinder-volume[93781]: DEBUG cinder.coordination [None req-330397c2-025e-4306-bfdb-f6c40dc62631 tempest-GroupSnapshotsTest-1772737832 None] Acquiring lock "cinder-quobyte-08fdef0e-6dee-4715-b96f-ae20106acfc2" by "_delete_snapshot" {{(pid=93781) __acquire /opt/stack/cinder/cinder/coordination.py:138}}
Jun 30 16:07:12 devstack cinder-volume[93781]: DEBUG cinder.coordination [None req-330397c2-025e-4306-bfdb-f6c40dc62631 tempest-GroupSnapshotsTest-1772737832 None] Lock "cinder-quobyte-08fdef0e-6dee-4715-b96f-ae20106acfc2" acquired by "_delete_snapshot" :: waited 0.016s {{(pid=93781) __acquire /opt/stack/cinder/cinder/coordination.py:141}}
Jun 30 16:07:12 devstack cinder-volume[93781]: DEBUG cinder.volume.drivers.remotefs [None req-330397c2-025e-4306-bfdb-f6c40dc62631 tempest-GroupSnapshotsTest-1772737832 None] Deleting offline snapshot 08fdef0e-6dee-4715-b96f-ae20106acfc2 of volume a5d09d11-857d-4477-9388-4dbf81bf8a6c {{(pid=93781) _delete_snapshot /opt/stack/cinder/cinder/volume/drivers/remotefs.py:1288}}
Jun 30 16:07:12 devstack cinder-volume[93781]: DEBUG cinder.volume.drivers.remotefs [None req-330397c2-025e-4306-bfdb-f6c40dc62631 tempest-GroupSnapshotsTest-1772737832 None] snapshot_file for this snap is: volume-a5d09d11-857d-4477-9388-4dbf81bf8a6c.08fdef0e-6dee-4715-b96f-ae20106acfc2 {{(pid=93781) _delete_snapshot /opt/stack/cinder/cinder/volume/drivers/remotefs.py:1317}}
Jun 30 16:07:12 devstack cinder-volume[93781]: DEBUG oslo.privsep.daemon [-] privsep: reply[7eea9a99-fda4-40c3-9ff2-65e31069c3a7]: (4, 'qcow2') {{(pid=94559) _call_back /opt/stack/data/venv/lib/python3.12/site-packages/oslo_privsep/daemon.py:580}}
Jun 30 16:07:12 devstack cinder-volume[93781]: DEBUG oslo_concurrency.processutils [None req-330397c2-025e-4306-bfdb-f6c40dc62631 tempest-GroupSnapshotsTest-1772737832 None] Running cmd (subprocess): /opt/stack/data/venv/bin/python3.12 -m oslo_concurrency.prlimit --as=1073741824 --cpu=60 -- sudo cinder-rootwrap /etc/cinder/rootwrap.conf env LC_ALL=C qemu-img info -f qcow2 --output=json --force-share /opt/stack/data/cinder/mnt/771643386658a1d16e55692a7fa749ba/volume-a5d09d11-857d-4477-9388-4dbf81bf8a6c.08fdef0e-6dee-4715-b96f-ae20106acfc2 {{(pid=93781) execute /opt/stack/data/venv/lib/python3.12/site-packages/oslo_concurrency/processutils.py:440}}
Jun 30 16:07:12 devstack sudo[96541]: quobyte : PWD=/ ; USER=root ; COMMAND=/opt/stack/data/venv/bin/cinder-rootwrap /etc/cinder/rootwrap.conf env LC_ALL=C qemu-img info -f qcow2 --output=json --force-share /opt/stack/data/cinder/mnt/771643386658a1d16e55692a7fa749ba/volume-a5d09d11-857d-4477-9388-4dbf81bf8a6c.08fdef0e-6dee-4715-b96f-ae20106acfc2
Jun 30 16:07:12 devstack sudo[96541]: pam_unix(sudo:session): session opened for user root(uid=0) by (uid=1000)
Jun 30 16:07:13 devstack sudo[96541]: pam_unix(sudo:session): session closed for user root
Jun 30 16:07:13 devstack cinder-volume[93781]: DEBUG oslo_concurrency.processutils [None req-330397c2-025e-4306-bfdb-f6c40dc62631 tempest-GroupSnapshotsTest-1772737832 None] CMD "/opt/stack/data/venv/bin/python3.12 -m oslo_concurrency.prlimit --as=1073741824 --cpu=60 -- sudo cinder-rootwrap /etc/cinder/rootwrap.conf env LC_ALL=C qemu-img info -f qcow2 --output=json --force-share /opt/stack/data/cinder/mnt/771643386658a1d16e55692a7fa749ba/volume-a5d09d11-857d-4477-9388-4dbf81bf8a6c.08fdef0e-6dee-4715-b96f-ae20106acfc2" returned: 0 in 1.005s {{(pid=93781) execute /opt/stack/data/venv/lib/python3.12/site-packages/oslo_concurrency/processutils.py:468}}
Jun 30 16:07:13 devstack cinder-volume[93781]: DEBUG cinder.volume.drivers.remotefs [None req-330397c2-025e-4306-bfdb-f6c40dc62631 tempest-GroupSnapshotsTest-1772737832 None] Fetching qemu-img info with special backing_file_template: (/opt/stack/data/cinder/mnt/[0-9a-f]+/)?(volume-a5d09d11-857d-4477-9388-4dbf81bf8a6c(.(tmp-snap-)?[0-9a-f-]+)?|volume_from_snapshot_cache/(tmp-snap-)?[0-9a-f-]+(.(child-|parent-)[0-9a-f-]+)?)$ {{(pid=93781) _qemu_img_info_base /opt/stack/cinder/cinder/volume/drivers/remotefs.py:896}}
Jun 30 16:07:13 devstack cinder-volume[93781]: DEBUG oslo.privsep.daemon [-] privsep: reply[ca1af7c5-0148-45d6-b45c-5d639511e8df]: (4, 'qcow2') {{(pid=94559) _call_back /opt/stack/data/venv/lib/python3.12/site-packages/oslo_privsep/daemon.py:580}}
Jun 30 16:07:13 devstack cinder-volume[93781]: DEBUG oslo_concurrency.processutils [None req-330397c2-025e-4306-bfdb-f6c40dc62631 tempest-GroupSnapshotsTest-1772737832 None] Running cmd (subprocess): /opt/stack/data/venv/bin/python3.12 -m oslo_concurrency.prlimit --as=1073741824 --cpu=60 -- sudo cinder-rootwrap /etc/cinder/rootwrap.conf env LC_ALL=C qemu-img info -f qcow2 --output=json --force-share /opt/stack/data/cinder/mnt/771643386658a1d16e55692a7fa749ba/volume-a5d09d11-857d-4477-9388-4dbf81bf8a6c {{(pid=93781) execute /opt/stack/data/venv/lib/python3.12/site-packages/oslo_concurrency/processutils.py:440}}
Jun 30 16:07:13 devstack sudo[96547]: quobyte : PWD=/ ; USER=root ; COMMAND=/opt/stack/data/venv/bin/cinder-rootwrap /etc/cinder/rootwrap.conf env LC_ALL=C qemu-img info -f qcow2 --output=json --force-share /opt/stack/data/cinder/mnt/771643386658a1d16e55692a7fa749ba/volume-a5d09d11-857d-4477-9388-4dbf81bf8a6c
Jun 30 16:07:13 devstack sudo[96547]: pam_unix(sudo:session): session opened for user root(uid=0) by (uid=1000)
Jun 30 16:07:14 devstack sudo[96547]: pam_unix(sudo:session): session closed for user root
Jun 30 16:07:14 devstack cinder-volume[93781]: DEBUG oslo_concurrency.processutils [None req-330397c2-025e-4306-bfdb-f6c40dc62631 tempest-GroupSnapshotsTest-1772737832 None] CMD "/opt/stack/data/venv/bin/python3.12 -m oslo_concurrency.prlimit --as=1073741824 --cpu=60 -- sudo cinder-rootwrap /etc/cinder/rootwrap.conf env LC_ALL=C qemu-img info -f qcow2 --output=json --force-share /opt/stack/data/cinder/mnt/771643386658a1d16e55692a7fa749ba/volume-a5d09d11-857d-4477-9388-4dbf81bf8a6c" returned: 0 in 0.755s {{(pid=93781) execute /opt/stack/data/venv/lib/python3.12/site-packages/oslo_concurrency/processutils.py:468}}
Jun 30 16:07:14 devstack cinder-volume[93781]: DEBUG oslo_concurrency.processutils [None req-330397c2-025e-4306-bfdb-f6c40dc62631 tempest-GroupSnapshotsTest-1772737832 None] Running cmd (subprocess): sudo cinder-rootwrap /etc/cinder/rootwrap.conf qemu-img commit -d /opt/stack/data/cinder/mnt/771643386658a1d16e55692a7fa749ba/volume-a5d09d11-857d-4477-9388-4dbf81bf8a6c.08fdef0e-6dee-4715-b96f-ae20106acfc2 {{(pid=93781) execute /opt/stack/data/venv/lib/python3.12/site-packages/oslo_concurrency/processutils.py:440}}
Jun 30 16:07:14 devstack sudo[96552]: quobyte : PWD=/ ; USER=root ; COMMAND=/opt/stack/data/venv/bin/cinder-rootwrap /etc/cinder/rootwrap.conf qemu-img commit -d /opt/stack/data/cinder/mnt/771643386658a1d16e55692a7fa749ba/volume-a5d09d11-857d-4477-9388-4dbf81bf8a6c.08fdef0e-6dee-4715-b96f-ae20106acfc2
Jun 30 16:07:14 devstack sudo[96552]: pam_unix(sudo:session): session opened for user root(uid=0) by (uid=1000)
Jun 30 16:07:15 devstack sudo[96552]: pam_unix(sudo:session): session closed for user root
Jun 30 16:07:15 devstack cinder-volume[93781]: DEBUG oslo_concurrency.processutils [None req-330397c2-025e-4306-bfdb-f6c40dc62631 tempest-GroupSnapshotsTest-1772737832 None] CMD "sudo cinder-rootwrap /etc/cinder/rootwrap.conf qemu-img commit -d /opt/stack/data/cinder/mnt/771643386658a1d16e55692a7fa749ba/volume-a5d09d11-857d-4477-9388-4dbf81bf8a6c.08fdef0e-6dee-4715-b96f-ae20106acfc2" returned: 0 in 0.926s {{(pid=93781) execute /opt/stack/data/venv/lib/python3.12/site-packages/oslo_concurrency/processutils.py:468}}
Jun 30 16:07:15 devstack cinder-volume[93781]: DEBUG oslo_concurrency.processutils [None req-330397c2-025e-4306-bfdb-f6c40dc62631 tempest-GroupSnapshotsTest-1772737832 None] Running cmd (subprocess): sudo cinder-rootwrap /etc/cinder/rootwrap.conf rm -f /opt/stack/data/cinder/mnt/771643386658a1d16e55692a7fa749ba/volume-a5d09d11-857d-4477-9388-4dbf81bf8a6c.08fdef0e-6dee-4715-b96f-ae20106acfc2 {{(pid=93781) execute /opt/stack/data/venv/lib/python3.12/site-packages/oslo_concurrency/processutils.py:440}}
Jun 30 16:07:15 devstack sudo[96559]: quobyte : PWD=/ ; USER=root ; COMMAND=/opt/stack/data/venv/bin/cinder-rootwrap /etc/cinder/rootwrap.conf rm -f /opt/stack/data/cinder/mnt/771643386658a1d16e55692a7fa749ba/volume-a5d09d11-857d-4477-9388-4dbf81bf8a6c.08fdef0e-6dee-4715-b96f-ae20106acfc2
Jun 30 16:07:15 devstack sudo[96559]: pam_unix(sudo:session): session opened for user root(uid=0) by (uid=1000)
Jun 30 16:07:15 devstack sudo[96559]: pam_unix(sudo:session): session closed for user root
Jun 30 16:07:15 devstack cinder-volume[93781]: DEBUG oslo_concurrency.processutils [None req-330397c2-025e-4306-bfdb-f6c40dc62631 tempest-GroupSnapshotsTest-1772737832 None] CMD "sudo cinder-rootwrap /etc/cinder/rootwrap.conf rm -f /opt/stack/data/cinder/mnt/771643386658a1d16e55692a7fa749ba/volume-a5d09d11-857d-4477-9388-4dbf81bf8a6c.08fdef0e-6dee-4715-b96f-ae20106acfc2" returned: 0 in 0.722s {{(pid=93781) execute /opt/stack/data/venv/lib/python3.12/site-packages/oslo_concurrency/processutils.py:468}}
Jun 30 16:07:15 devstack cinder-volume[93781]: DEBUG cinder.coordination [None req-330397c2-025e-4306-bfdb-f6c40dc62631 tempest-GroupSnapshotsTest-1772737832 None] Lock "cinder-quobyte-08fdef0e-6dee-4715-b96f-ae20106acfc2" released by "_delete_snapshot" :: held 3.538s {{(pid=93781) __release /opt/stack/cinder/cinder/coordination.py:152}}
Jun 30 16:07:15 devstack cinder-volume[93781]: DEBUG cinder.coordination [None req-330397c2-025e-4306-bfdb-f6c40dc62631 tempest-GroupSnapshotsTest-1772737832 None] Lock "cinder-quobyte-a5d09d11-857d-4477-9388-4dbf81bf8a6c" released by "delete_snapshot" :: held 3.564s {{(pid=93781) __release /opt/stack/cinder/cinder/coordination.py:152}}
Jun 30 16:07:15 devstack cinder-volume[93781]: DEBUG cinder.coordination [None req-330397c2-025e-4306-bfdb-f6c40dc62631 tempest-GroupSnapshotsTest-1772737832 None] Acquiring lock "cinder-quobyte-fb989ae7-b06b-466c-81a7-78ff03ebec7c" by "delete_snapshot" {{(pid=93781) __acquire /opt/stack/cinder/cinder/coordination.py:138}}
Jun 30 16:07:15 devstack cinder-volume[93781]: DEBUG cinder.coordination [None req-330397c2-025e-4306-bfdb-f6c40dc62631 tempest-GroupSnapshotsTest-1772737832 None] Lock "cinder-quobyte-fb989ae7-b06b-466c-81a7-78ff03ebec7c" acquired by "delete_snapshot" :: waited 0.016s {{(pid=93781) __acquire /opt/stack/cinder/cinder/coordination.py:141}}
Jun 30 16:07:15 devstack cinder-volume[93781]: DEBUG cinder.coordination [None req-330397c2-025e-4306-bfdb-f6c40dc62631 tempest-GroupSnapshotsTest-1772737832 None] Acquiring lock "cinder-quobyte-85564aab-7c4d-48cd-a85c-bd747b517c31" by "_delete_snapshot" {{(pid=93781) __acquire /opt/stack/cinder/cinder/coordination.py:138}}
Jun 30 16:07:15 devstack cinder-volume[93781]: DEBUG cinder.coordination [None req-330397c2-025e-4306-bfdb-f6c40dc62631 tempest-GroupSnapshotsTest-1772737832 None] Lock "cinder-quobyte-85564aab-7c4d-48cd-a85c-bd747b517c31" acquired by "_delete_snapshot" :: waited 0.019s {{(pid=93781) __acquire /opt/stack/cinder/cinder/coordination.py:141}}
Jun 30 16:07:15 devstack cinder-volume[93781]: DEBUG cinder.volume.drivers.remotefs [None req-330397c2-025e-4306-bfdb-f6c40dc62631 tempest-GroupSnapshotsTest-1772737832 None] Deleting offline snapshot 85564aab-7c4d-48cd-a85c-bd747b517c31 of volume fb989ae7-b06b-466c-81a7-78ff03ebec7c {{(pid=93781) _delete_snapshot /opt/stack/cinder/cinder/volume/drivers/remotefs.py:1288}}
Jun 30 16:07:15 devstack cinder-volume[93781]: DEBUG cinder.volume.drivers.remotefs [None req-330397c2-025e-4306-bfdb-f6c40dc62631 tempest-GroupSnapshotsTest-1772737832 None] snapshot_file for this snap is: volume-fb989ae7-b06b-466c-81a7-78ff03ebec7c.85564aab-7c4d-48cd-a85c-bd747b517c31 {{(pid=93781) _delete_snapshot /opt/stack/cinder/cinder/volume/drivers/remotefs.py:1317}}
Jun 30 16:07:15 devstack cinder-volume[93781]: DEBUG oslo.privsep.daemon [-] privsep: reply[23ade04c-be34-4de0-abbe-09b49215d585]: (4, 'qcow2') {{(pid=94559) _call_back /opt/stack/data/venv/lib/python3.12/site-packages/oslo_privsep/daemon.py:580}}
Jun 30 16:07:15 devstack cinder-volume[93781]: DEBUG oslo_concurrency.processutils [None req-330397c2-025e-4306-bfdb-f6c40dc62631 tempest-GroupSnapshotsTest-1772737832 None] Running cmd (subprocess): /opt/stack/data/venv/bin/python3.12 -m oslo_concurrency.prlimit --as=1073741824 --cpu=60 -- sudo cinder-rootwrap /etc/cinder/rootwrap.conf env LC_ALL=C qemu-img info -f qcow2 --output=json --force-share /opt/stack/data/cinder/mnt/771643386658a1d16e55692a7fa749ba/volume-fb989ae7-b06b-466c-81a7-78ff03ebec7c.85564aab-7c4d-48cd-a85c-bd747b517c31 {{(pid=93781) execute /opt/stack/data/venv/lib/python3.12/site-packages/oslo_concurrency/processutils.py:440}}
Jun 30 16:07:16 devstack sudo[96563]: quobyte : PWD=/ ; USER=root ; COMMAND=/opt/stack/data/venv/bin/cinder-rootwrap /etc/cinder/rootwrap.conf env LC_ALL=C qemu-img info -f qcow2 --output=json --force-share /opt/stack/data/cinder/mnt/771643386658a1d16e55692a7fa749ba/volume-fb989ae7-b06b-466c-81a7-78ff03ebec7c.85564aab-7c4d-48cd-a85c-bd747b517c31
Jun 30 16:07:16 devstack sudo[96563]: pam_unix(sudo:session): session opened for user root(uid=0) by (uid=1000)
Jun 30 16:07:16 devstack cinder-volume[93781]: DEBUG cinder.coordination [None req-21da0ea1-271b-4d58-8311-b1b27b499658 tempest-TaggedAttachmentsTest-1608795194 None] Acquiring lock "cinder-57254cc6-9300-4f55-bc61-c35956bae994-delete_volume" by "delete_volume" {{(pid=93781) __acquire /opt/stack/cinder/cinder/coordination.py:138}}
Jun 30 16:07:16 devstack cinder-volume[93781]: DEBUG cinder.coordination [None req-21da0ea1-271b-4d58-8311-b1b27b499658 tempest-TaggedAttachmentsTest-1608795194 None] Lock "cinder-57254cc6-9300-4f55-bc61-c35956bae994-delete_volume" acquired by "delete_volume" :: waited 0.028s {{(pid=93781) __acquire /opt/stack/cinder/cinder/coordination.py:141}}
Jun 30 16:07:16 devstack cinder-volume[93781]: DEBUG cinder.coordination [None req-21da0ea1-271b-4d58-8311-b1b27b499658 tempest-TaggedAttachmentsTest-1608795194 None] Acquiring lock "cinder-quobyte-57254cc6-9300-4f55-bc61-c35956bae994" by "delete_volume" {{(pid=93781) __acquire /opt/stack/cinder/cinder/coordination.py:138}}
Jun 30 16:07:16 devstack cinder-volume[93781]: DEBUG cinder.coordination [None req-21da0ea1-271b-4d58-8311-b1b27b499658 tempest-TaggedAttachmentsTest-1608795194 None] Lock "cinder-quobyte-57254cc6-9300-4f55-bc61-c35956bae994" acquired by "delete_volume" :: waited 0.015s {{(pid=93781) __acquire /opt/stack/cinder/cinder/coordination.py:141}}
Jun 30 16:07:16 devstack cinder-volume[93781]: DEBUG oslo.privsep.daemon [-] privsep: reply[aa2d78db-cb2f-4029-bd5e-338174d103af]: (4, 'qcow2') {{(pid=94559) _call_back /opt/stack/data/venv/lib/python3.12/site-packages/oslo_privsep/daemon.py:580}}
Jun 30 16:07:16 devstack cinder-volume[93781]: DEBUG oslo_concurrency.processutils [None req-21da0ea1-271b-4d58-8311-b1b27b499658 tempest-TaggedAttachmentsTest-1608795194 None] Running cmd (subprocess): /opt/stack/data/venv/bin/python3.12 -m oslo_concurrency.prlimit --as=1073741824 --cpu=60 -- sudo cinder-rootwrap /etc/cinder/rootwrap.conf env LC_ALL=C qemu-img info -f qcow2 --output=json --force-share /opt/stack/data/cinder/mnt/771643386658a1d16e55692a7fa749ba/volume-57254cc6-9300-4f55-bc61-c35956bae994 {{(pid=93781) execute /opt/stack/data/venv/lib/python3.12/site-packages/oslo_concurrency/processutils.py:440}}
Jun 30 16:07:16 devstack sudo[96563]: pam_unix(sudo:session): session closed for user root
Jun 30 16:07:17 devstack cinder-volume[93781]: DEBUG oslo_concurrency.processutils [None req-330397c2-025e-4306-bfdb-f6c40dc62631 tempest-GroupSnapshotsTest-1772737832 None] CMD "/opt/stack/data/venv/bin/python3.12 -m oslo_concurrency.prlimit --as=1073741824 --cpu=60 -- sudo cinder-rootwrap /etc/cinder/rootwrap.conf env LC_ALL=C qemu-img info -f qcow2 --output=json --force-share /opt/stack/data/cinder/mnt/771643386658a1d16e55692a7fa749ba/volume-fb989ae7-b06b-466c-81a7-78ff03ebec7c.85564aab-7c4d-48cd-a85c-bd747b517c31" returned: 0 in 1.032s {{(pid=93781) execute /opt/stack/data/venv/lib/python3.12/site-packages/oslo_concurrency/processutils.py:468}}
Jun 30 16:07:17 devstack cinder-volume[93781]: DEBUG cinder.volume.drivers.remotefs [None req-330397c2-025e-4306-bfdb-f6c40dc62631 tempest-GroupSnapshotsTest-1772737832 None] Fetching qemu-img info with special backing_file_template: (/opt/stack/data/cinder/mnt/[0-9a-f]+/)?(volume-fb989ae7-b06b-466c-81a7-78ff03ebec7c(.(tmp-snap-)?[0-9a-f-]+)?|volume_from_snapshot_cache/(tmp-snap-)?[0-9a-f-]+(.(child-|parent-)[0-9a-f-]+)?)$ {{(pid=93781) _qemu_img_info_base /opt/stack/cinder/cinder/volume/drivers/remotefs.py:896}}
Jun 30 16:07:17 devstack sudo[96570]: quobyte : PWD=/ ; USER=root ; COMMAND=/opt/stack/data/venv/bin/cinder-rootwrap /etc/cinder/rootwrap.conf env LC_ALL=C qemu-img info -f qcow2 --output=json --force-share /opt/stack/data/cinder/mnt/771643386658a1d16e55692a7fa749ba/volume-57254cc6-9300-4f55-bc61-c35956bae994
Jun 30 16:07:17 devstack sudo[96570]: pam_unix(sudo:session): session opened for user root(uid=0) by (uid=1000)
Jun 30 16:07:17 devstack cinder-volume[93781]: DEBUG oslo.privsep.daemon [-] privsep: reply[3e0dc80a-f654-4f41-87c4-00bb5cf70191]: (4, 'qcow2') {{(pid=94559) _call_back /opt/stack/data/venv/lib/python3.12/site-packages/oslo_privsep/daemon.py:580}}
Jun 30 16:07:17 devstack cinder-volume[93781]: DEBUG oslo_concurrency.processutils [None req-330397c2-025e-4306-bfdb-f6c40dc62631 tempest-GroupSnapshotsTest-1772737832 None] Running cmd (subprocess): /opt/stack/data/venv/bin/python3.12 -m oslo_concurrency.prlimit --as=1073741824 --cpu=60 -- sudo cinder-rootwrap /etc/cinder/rootwrap.conf env LC_ALL=C qemu-img info -f qcow2 --output=json --force-share /opt/stack/data/cinder/mnt/771643386658a1d16e55692a7fa749ba/volume-fb989ae7-b06b-466c-81a7-78ff03ebec7c {{(pid=93781) execute /opt/stack/data/venv/lib/python3.12/site-packages/oslo_concurrency/processutils.py:440}}
Jun 30 16:07:17 devstack sudo[96572]: quobyte : PWD=/ ; USER=root ; COMMAND=/opt/stack/data/venv/bin/cinder-rootwrap /etc/cinder/rootwrap.conf env LC_ALL=C qemu-img info -f qcow2 --output=json --force-share /opt/stack/data/cinder/mnt/771643386658a1d16e55692a7fa749ba/volume-fb989ae7-b06b-466c-81a7-78ff03ebec7c
Jun 30 16:07:17 devstack sudo[96572]: pam_unix(sudo:session): session opened for user root(uid=0) by (uid=1000)
Jun 30 16:07:17 devstack sudo[96570]: pam_unix(sudo:session): session closed for user root
Jun 30 16:07:17 devstack cinder-volume[93781]: DEBUG oslo_concurrency.processutils [None req-21da0ea1-271b-4d58-8311-b1b27b499658 tempest-TaggedAttachmentsTest-1608795194 None] CMD "/opt/stack/data/venv/bin/python3.12 -m oslo_concurrency.prlimit --as=1073741824 --cpu=60 -- sudo cinder-rootwrap /etc/cinder/rootwrap.conf env LC_ALL=C qemu-img info -f qcow2 --output=json --force-share /opt/stack/data/cinder/mnt/771643386658a1d16e55692a7fa749ba/volume-57254cc6-9300-4f55-bc61-c35956bae994" returned: 0 in 0.950s {{(pid=93781) execute /opt/stack/data/venv/lib/python3.12/site-packages/oslo_concurrency/processutils.py:468}}
Jun 30 16:07:17 devstack cinder-volume[93781]: DEBUG oslo_concurrency.processutils [None req-21da0ea1-271b-4d58-8311-b1b27b499658 tempest-TaggedAttachmentsTest-1608795194 None] Running cmd (subprocess): sudo cinder-rootwrap /etc/cinder/rootwrap.conf rm -f /opt/stack/data/cinder/mnt/771643386658a1d16e55692a7fa749ba/volume-57254cc6-9300-4f55-bc61-c35956bae994 {{(pid=93781) execute /opt/stack/data/venv/lib/python3.12/site-packages/oslo_concurrency/processutils.py:440}}
Jun 30 16:07:17 devstack sudo[96582]: quobyte : PWD=/ ; USER=root ; COMMAND=/opt/stack/data/venv/bin/cinder-rootwrap /etc/cinder/rootwrap.conf rm -f /opt/stack/data/cinder/mnt/771643386658a1d16e55692a7fa749ba/volume-57254cc6-9300-4f55-bc61-c35956bae994
Jun 30 16:07:17 devstack sudo[96582]: pam_unix(sudo:session): session opened for user root(uid=0) by (uid=1000)
Jun 30 16:07:17 devstack sudo[96572]: pam_unix(sudo:session): session closed for user root
Jun 30 16:07:17 devstack cinder-volume[93781]: DEBUG oslo_concurrency.processutils [None req-330397c2-025e-4306-bfdb-f6c40dc62631 tempest-GroupSnapshotsTest-1772737832 None] CMD "/opt/stack/data/venv/bin/python3.12 -m oslo_concurrency.prlimit --as=1073741824 --cpu=60 -- sudo cinder-rootwrap /etc/cinder/rootwrap.conf env LC_ALL=C qemu-img info -f qcow2 --output=json --force-share /opt/stack/data/cinder/mnt/771643386658a1d16e55692a7fa749ba/volume-fb989ae7-b06b-466c-81a7-78ff03ebec7c" returned: 0 in 0.946s {{(pid=93781) execute /opt/stack/data/venv/lib/python3.12/site-packages/oslo_concurrency/processutils.py:468}}
Jun 30 16:07:17 devstack cinder-volume[93781]: DEBUG oslo_concurrency.processutils [None req-330397c2-025e-4306-bfdb-f6c40dc62631 tempest-GroupSnapshotsTest-1772737832 None] Running cmd (subprocess): sudo cinder-rootwrap /etc/cinder/rootwrap.conf qemu-img commit -d /opt/stack/data/cinder/mnt/771643386658a1d16e55692a7fa749ba/volume-fb989ae7-b06b-466c-81a7-78ff03ebec7c.85564aab-7c4d-48cd-a85c-bd747b517c31 {{(pid=93781) execute /opt/stack/data/venv/lib/python3.12/site-packages/oslo_concurrency/processutils.py:440}}
Jun 30 16:07:18 devstack sudo[96584]: quobyte : PWD=/ ; USER=root ; COMMAND=/opt/stack/data/venv/bin/cinder-rootwrap /etc/cinder/rootwrap.conf qemu-img commit -d /opt/stack/data/cinder/mnt/771643386658a1d16e55692a7fa749ba/volume-fb989ae7-b06b-466c-81a7-78ff03ebec7c.85564aab-7c4d-48cd-a85c-bd747b517c31
Jun 30 16:07:18 devstack sudo[96584]: pam_unix(sudo:session): session opened for user root(uid=0) by (uid=1000)
Jun 30 16:07:18 devstack sudo[96582]: pam_unix(sudo:session): session closed for user root
Jun 30 16:07:18 devstack cinder-volume[93781]: DEBUG oslo_concurrency.processutils [None req-21da0ea1-271b-4d58-8311-b1b27b499658 tempest-TaggedAttachmentsTest-1608795194 None] CMD "sudo cinder-rootwrap /etc/cinder/rootwrap.conf rm -f /opt/stack/data/cinder/mnt/771643386658a1d16e55692a7fa749ba/volume-57254cc6-9300-4f55-bc61-c35956bae994" returned: 0 in 0.727s {{(pid=93781) execute /opt/stack/data/venv/lib/python3.12/site-packages/oslo_concurrency/processutils.py:468}}
Jun 30 16:07:18 devstack cinder-volume[93781]: DEBUG cinder.coordination [None req-21da0ea1-271b-4d58-8311-b1b27b499658 tempest-TaggedAttachmentsTest-1608795194 None] Lock "cinder-quobyte-57254cc6-9300-4f55-bc61-c35956bae994" released by "delete_volume" :: held 1.729s {{(pid=93781) __release /opt/stack/cinder/cinder/coordination.py:152}}
Jun 30 16:07:18 devstack cinder-volume[93781]: DEBUG cinder.quota [None req-21da0ea1-271b-4d58-8311-b1b27b499658 tempest-TaggedAttachmentsTest-1608795194 None] Created reservations ['ffeea743-1c4e-485d-9397-cbd115b41b7b', 'd34a9c21-0f63-4251-bd40-5a144e345cfe', '32977e89-c3c6-4636-bcb0-2509f9557fef', '78bd53a4-849e-4630-a4cb-fdf8046a48f0'] {{(pid=93781) reserve /opt/stack/cinder/cinder/quota.py:752}}
Jun 30 16:07:18 devstack cinder-volume[93781]: DEBUG oslo_concurrency.lockutils [None req-21da0ea1-271b-4d58-8311-b1b27b499658 tempest-TaggedAttachmentsTest-1608795194 None] Acquiring lock "quobyte_ensure" by "cinder.volume.drivers.quobyte.QuobyteDriver._ensure_shares_mounted" {{(pid=93781) inner /opt/stack/data/venv/lib/python3.12/site-packages/oslo_concurrency/lockutils.py:511}}
Jun 30 16:07:18 devstack cinder-volume[93781]: DEBUG oslo_concurrency.lockutils [None req-21da0ea1-271b-4d58-8311-b1b27b499658 tempest-TaggedAttachmentsTest-1608795194 None] Lock "quobyte_ensure" acquired by "cinder.volume.drivers.quobyte.QuobyteDriver._ensure_shares_mounted" :: waited 0.001s {{(pid=93781) inner /opt/stack/data/venv/lib/python3.12/site-packages/oslo_concurrency/lockutils.py:524}}
Jun 30 16:07:18 devstack cinder-volume[93781]: DEBUG cinder.volume.drivers.quobyte [None req-21da0ea1-271b-4d58-8311-b1b27b499658 tempest-TaggedAttachmentsTest-1608795194 None] Quobyte Volume URL set to: {'osci02.corp.quobyte.com/cinder-vol-13a52c3c-ec94-495f-9c86-b18febce6a3a': None} {{(pid=93781) _load_shares_config /opt/stack/cinder/cinder/volume/drivers/quobyte.py:617}}
Jun 30 16:07:18 devstack cinder-volume[93781]: DEBUG cinder.volume.drivers.quobyte [None req-21da0ea1-271b-4d58-8311-b1b27b499658 tempest-TaggedAttachmentsTest-1608795194 None] Available shares ['osci02.corp.quobyte.com/cinder-vol-13a52c3c-ec94-495f-9c86-b18febce6a3a'] {{(pid=93781) _ensure_shares_mounted /opt/stack/cinder/cinder/volume/drivers/quobyte.py:647}}
