Jun 30 16:08:50 devstack cinder-volume[93781]: DEBUG cinder.volume.drivers.quobyte [None req-33bf4fa3-e9ea-4114-9341-00e4c7bf7f29 tempest-ServersNegativeTestJSON-1895063052 None] Available shares ['osci02.corp.quobyte.com/cinder-vol-13a52c3c-ec94-495f-9c86-b18febce6a3a'] {{(pid=93781) _ensure_shares_mounted /opt/stack/cinder/cinder/volume/drivers/quobyte.py:647}}
Jun 30 16:08:50 devstack cinder-volume[93781]: DEBUG oslo_concurrency.lockutils [None req-33bf4fa3-e9ea-4114-9341-00e4c7bf7f29 tempest-ServersNegativeTestJSON-1895063052 None] Lock "quobyte_ensure" "released" by "cinder.volume.drivers.quobyte.QuobyteDriver._ensure_shares_mounted" :: held 0.016s {{(pid=93781) inner /opt/stack/data/venv/lib/python3.12/site-packages/oslo_concurrency/lockutils.py:543}}
Jun 30 16:08:50 devstack cinder-volume[93781]: DEBUG oslo_concurrency.processutils [None req-33bf4fa3-e9ea-4114-9341-00e4c7bf7f29 tempest-ServersNegativeTestJSON-1895063052 None] Running cmd (subprocess): sudo cinder-rootwrap /etc/cinder/rootwrap.conf df --portability --block-size 1 /opt/stack/data/cinder/mnt/771643386658a1d16e55692a7fa749ba {{(pid=93781) execute /opt/stack/data/venv/lib/python3.12/site-packages/oslo_concurrency/processutils.py:440}}
Jun 30 16:08:50 devstack sudo[98507]: quobyte : PWD=/ ; USER=root ; COMMAND=/opt/stack/data/venv/bin/cinder-rootwrap /etc/cinder/rootwrap.conf df --portability --block-size 1 /opt/stack/data/cinder/mnt/771643386658a1d16e55692a7fa749ba
Jun 30 16:08:50 devstack sudo[98507]: pam_unix(sudo:session): session opened for user root(uid=0) by (uid=1000)
Jun 30 16:08:50 devstack sudo[98504]: pam_unix(sudo:session): session closed for user root
Jun 30 16:08:50 devstack cinder-volume[93781]: DEBUG oslo_concurrency.processutils [None req-7d17457c-6c4e-44af-ac8b-1fe00693f67e tempest-GroupsV314Test-1785581397 None] CMD "/opt/stack/data/venv/bin/python3.12 -m oslo_concurrency.prlimit --as=1073741824 --cpu=60 -- sudo cinder-rootwrap /etc/cinder/rootwrap.conf env LC_ALL=C qemu-img info -f qcow2 --output=json --force-share /opt/stack/data/cinder/mnt/771643386658a1d16e55692a7fa749ba/volume-b3b8a592-3127-4edb-9af2-bbbe04de9d0d.ca24df3d-01ed-448f-b3ca-dbd9df503b17" returned: 0 in 1.187s {{(pid=93781) execute /opt/stack/data/venv/lib/python3.12/site-packages/oslo_concurrency/processutils.py:468}}
Jun 30 16:08:50 devstack cinder-volume[93781]: DEBUG cinder.volume.drivers.remotefs [None req-7d17457c-6c4e-44af-ac8b-1fe00693f67e tempest-GroupsV314Test-1785581397 None] Fetching qemu-img info with special backing_file_template: (/opt/stack/data/cinder/mnt/[0-9a-f]+/)?(volume-b3b8a592-3127-4edb-9af2-bbbe04de9d0d(.(tmp-snap-)?[0-9a-f-]+)?|volume_from_snapshot_cache/(tmp-snap-)?[0-9a-f-]+(.(child-|parent-)[0-9a-f-]+)?)$ {{(pid=93781) _qemu_img_info_base /opt/stack/cinder/cinder/volume/drivers/remotefs.py:896}}
Jun 30 16:08:50 devstack cinder-volume[93781]: DEBUG cinder.volume.drivers.quobyte [None req-7d17457c-6c4e-44af-ac8b-1fe00693f67e tempest-GroupsV314Test-1785581397 None] will copy from snapshot at /opt/stack/data/cinder/mnt/771643386658a1d16e55692a7fa749ba/volume-b3b8a592-3127-4edb-9af2-bbbe04de9d0d {{(pid=93781) _copy_volume_from_snapshot /opt/stack/cinder/cinder/volume/drivers/quobyte.py:420}}
Jun 30 16:08:50 devstack cinder-volume[93781]: DEBUG cinder.volume.drivers.quobyte [None req-7d17457c-6c4e-44af-ac8b-1fe00693f67e tempest-GroupsV314Test-1785581397 None] Creating direct copy from snapshot {{(pid=93781) _copy_volume_from_snapshot /opt/stack/cinder/cinder/volume/drivers/quobyte.py:428}}
Jun 30 16:08:50 devstack cinder-volume[93781]: DEBUG oslo.privsep.daemon [-] privsep: reply[8f9bd6a2-0383-48c6-8583-3565fdaaa11c]: (4, 'qcow2') {{(pid=94559) _call_back /opt/stack/data/venv/lib/python3.12/site-packages/oslo_privsep/daemon.py:580}}
Jun 30 16:08:50 devstack cinder-volume[93781]: DEBUG oslo_concurrency.processutils [None req-7d17457c-6c4e-44af-ac8b-1fe00693f67e tempest-GroupsV314Test-1785581397 None] Running cmd (subprocess): /opt/stack/data/venv/bin/python3.12 -m oslo_concurrency.prlimit --as=1073741824 --cpu=60 -- sudo cinder-rootwrap /etc/cinder/rootwrap.conf env LC_ALL=C qemu-img info -f qcow2 --output=json /opt/stack/data/cinder/mnt/771643386658a1d16e55692a7fa749ba/volume-b3b8a592-3127-4edb-9af2-bbbe04de9d0d {{(pid=93781) execute /opt/stack/data/venv/lib/python3.12/site-packages/oslo_concurrency/processutils.py:440}}
Jun 30 16:08:50 devstack cinder-volume[93781]: DEBUG cinder.volume.manager [req-63353bab-82ae-4f9e-b6a6-bd17669a4a5a req-253ce7fe-5121-4b4a-a0cc-0e100ddc3d70 tempest-AttachVolumeShelveTestJSON-1940926654 None] No connector for attachment 6665a85e-ea23-4bd0-8d92-229ac1dcaad4; skipping storage backend terminate_connection call. {{(pid=93781) _connection_terminate /opt/stack/cinder/cinder/volume/manager.py:5010}}
Jun 30 16:08:50 devstack cinder-volume[93781]: DEBUG cinder.volume.manager [req-63353bab-82ae-4f9e-b6a6-bd17669a4a5a req-253ce7fe-5121-4b4a-a0cc-0e100ddc3d70 tempest-AttachVolumeShelveTestJSON-1940926654 None] Deleting attachment 6665a85e-ea23-4bd0-8d92-229ac1dcaad4. {{(pid=93781) attachment_delete /opt/stack/cinder/cinder/volume/manager.py:5055}}
Jun 30 16:08:50 devstack sudo[98513]: quobyte : PWD=/ ; USER=root ; COMMAND=/opt/stack/data/venv/bin/cinder-rootwrap /etc/cinder/rootwrap.conf env LC_ALL=C qemu-img info -f qcow2 --output=json /opt/stack/data/cinder/mnt/771643386658a1d16e55692a7fa749ba/volume-b3b8a592-3127-4edb-9af2-bbbe04de9d0d
Jun 30 16:08:50 devstack sudo[98513]: pam_unix(sudo:session): session opened for user root(uid=0) by (uid=1000)
Jun 30 16:08:51 devstack sudo[98507]: pam_unix(sudo:session): session closed for user root
Jun 30 16:08:51 devstack cinder-volume[93781]: DEBUG oslo_concurrency.processutils [None req-33bf4fa3-e9ea-4114-9341-00e4c7bf7f29 tempest-ServersNegativeTestJSON-1895063052 None] CMD "sudo cinder-rootwrap /etc/cinder/rootwrap.conf df --portability --block-size 1 /opt/stack/data/cinder/mnt/771643386658a1d16e55692a7fa749ba" returned: 0 in 1.085s {{(pid=93781) execute /opt/stack/data/venv/lib/python3.12/site-packages/oslo_concurrency/processutils.py:468}}
Jun 30 16:08:51 devstack cinder-volume[93781]: DEBUG cinder.manager [None req-33bf4fa3-e9ea-4114-9341-00e4c7bf7f29 tempest-ServersNegativeTestJSON-1895063052 None] Notifying Schedulers of capabilities ... {{(pid=93781) _publish_service_capabilities /opt/stack/cinder/cinder/manager.py:219}}
Jun 30 16:08:51 devstack cinder-volume[93781]: INFO cinder.volume.manager [None req-33bf4fa3-e9ea-4114-9341-00e4c7bf7f29 tempest-ServersNegativeTestJSON-1895063052 None] Deleted volume successfully.
Jun 30 16:08:51 devstack cinder-volume[93781]: DEBUG cinder.coordination [None req-33bf4fa3-e9ea-4114-9341-00e4c7bf7f29 tempest-ServersNegativeTestJSON-1895063052 None] Lock "cinder-3523b5a0-dbf2-4a4c-87f5-a6276dce2efc-delete_volume" released by "delete_volume" :: held 3.592s {{(pid=93781) __release /opt/stack/cinder/cinder/coordination.py:152}}
Jun 30 16:08:51 devstack sudo[98513]: pam_unix(sudo:session): session closed for user root
Jun 30 16:08:51 devstack cinder-volume[93781]: DEBUG oslo_concurrency.processutils [None req-7d17457c-6c4e-44af-ac8b-1fe00693f67e tempest-GroupsV314Test-1785581397 None] CMD "/opt/stack/data/venv/bin/python3.12 -m oslo_concurrency.prlimit --as=1073741824 --cpu=60 -- sudo cinder-rootwrap /etc/cinder/rootwrap.conf env LC_ALL=C qemu-img info -f qcow2 --output=json /opt/stack/data/cinder/mnt/771643386658a1d16e55692a7fa749ba/volume-b3b8a592-3127-4edb-9af2-bbbe04de9d0d" returned: 0 in 1.033s {{(pid=93781) execute /opt/stack/data/venv/lib/python3.12/site-packages/oslo_concurrency/processutils.py:468}}
Jun 30 16:08:51 devstack cinder-volume[93781]: DEBUG cinder.utils [None req-7d17457c-6c4e-44af-ac8b-1fe00693f67e tempest-GroupsV314Test-1785581397 None] Path /opt/stack/data/cinder/mnt/771643386658a1d16e55692a7fa749ba/volume-c3227be2-1788-4e96-8b3d-3884db92e358 not found in is_blk_device check {{(pid=93781) is_blk_device /opt/stack/cinder/cinder/utils.py:615}}
Jun 30 16:08:51 devstack cinder-volume[93781]: DEBUG oslo_concurrency.processutils [None req-7d17457c-6c4e-44af-ac8b-1fe00693f67e tempest-GroupsV314Test-1785581397 None] Running cmd (subprocess): sudo cinder-rootwrap /etc/cinder/rootwrap.conf qemu-img convert -O qcow2 /opt/stack/data/cinder/mnt/771643386658a1d16e55692a7fa749ba/volume-b3b8a592-3127-4edb-9af2-bbbe04de9d0d /opt/stack/data/cinder/mnt/771643386658a1d16e55692a7fa749ba/volume-c3227be2-1788-4e96-8b3d-3884db92e358 {{(pid=93781) execute /opt/stack/data/venv/lib/python3.12/site-packages/oslo_concurrency/processutils.py:440}}
Jun 30 16:08:51 devstack sudo[98521]: quobyte : PWD=/ ; USER=root ; COMMAND=/opt/stack/data/venv/bin/cinder-rootwrap /etc/cinder/rootwrap.conf qemu-img convert -O qcow2 /opt/stack/data/cinder/mnt/771643386658a1d16e55692a7fa749ba/volume-b3b8a592-3127-4edb-9af2-bbbe04de9d0d /opt/stack/data/cinder/mnt/771643386658a1d16e55692a7fa749ba/volume-c3227be2-1788-4e96-8b3d-3884db92e358
Jun 30 16:08:51 devstack sudo[98521]: pam_unix(sudo:session): session opened for user root(uid=0) by (uid=1000)
Jun 30 16:08:59 devstack sudo[98521]: pam_unix(sudo:session): session closed for user root
Jun 30 16:08:59 devstack cinder-volume[93781]: DEBUG oslo_concurrency.processutils [None req-7d17457c-6c4e-44af-ac8b-1fe00693f67e tempest-GroupsV314Test-1785581397 None] CMD "sudo cinder-rootwrap /etc/cinder/rootwrap.conf qemu-img convert -O qcow2 /opt/stack/data/cinder/mnt/771643386658a1d16e55692a7fa749ba/volume-b3b8a592-3127-4edb-9af2-bbbe04de9d0d /opt/stack/data/cinder/mnt/771643386658a1d16e55692a7fa749ba/volume-c3227be2-1788-4e96-8b3d-3884db92e358" returned: 0 in 8.085s {{(pid=93781) execute /opt/stack/data/venv/lib/python3.12/site-packages/oslo_concurrency/processutils.py:468}}
Jun 30 16:08:59 devstack cinder-volume[93781]: DEBUG oslo.privsep.daemon [-] privsep: reply[9c02444b-3fe0-4109-9a69-fad6fc2a1797]: (4, 'qcow2') {{(pid=94559) _call_back /opt/stack/data/venv/lib/python3.12/site-packages/oslo_privsep/daemon.py:580}}
Jun 30 16:08:59 devstack cinder-volume[93781]: DEBUG oslo_concurrency.processutils [None req-7d17457c-6c4e-44af-ac8b-1fe00693f67e tempest-GroupsV314Test-1785581397 None] Running cmd (subprocess): /opt/stack/data/venv/bin/python3.12 -m oslo_concurrency.prlimit --as=1073741824 --cpu=60 -- sudo cinder-rootwrap /etc/cinder/rootwrap.conf env LC_ALL=C qemu-img info -f qcow2 --output=json /opt/stack/data/cinder/mnt/771643386658a1d16e55692a7fa749ba/volume-b3b8a592-3127-4edb-9af2-bbbe04de9d0d {{(pid=93781) execute /opt/stack/data/venv/lib/python3.12/site-packages/oslo_concurrency/processutils.py:440}}
Jun 30 16:08:59 devstack sudo[98736]: quobyte : PWD=/ ; USER=root ; COMMAND=/opt/stack/data/venv/bin/cinder-rootwrap /etc/cinder/rootwrap.conf env LC_ALL=C qemu-img info -f qcow2 --output=json /opt/stack/data/cinder/mnt/771643386658a1d16e55692a7fa749ba/volume-b3b8a592-3127-4edb-9af2-bbbe04de9d0d
Jun 30 16:08:59 devstack sudo[98736]: pam_unix(sudo:session): session opened for user root(uid=0) by (uid=1000)
Jun 30 16:09:00 devstack sudo[98736]: pam_unix(sudo:session): session closed for user root
Jun 30 16:09:00 devstack cinder-volume[93781]: DEBUG oslo_concurrency.processutils [None req-7d17457c-6c4e-44af-ac8b-1fe00693f67e tempest-GroupsV314Test-1785581397 None] CMD "/opt/stack/data/venv/bin/python3.12 -m oslo_concurrency.prlimit --as=1073741824 --cpu=60 -- sudo cinder-rootwrap /etc/cinder/rootwrap.conf env LC_ALL=C qemu-img info -f qcow2 --output=json /opt/stack/data/cinder/mnt/771643386658a1d16e55692a7fa749ba/volume-b3b8a592-3127-4edb-9af2-bbbe04de9d0d" returned: 0 in 0.895s {{(pid=93781) execute /opt/stack/data/venv/lib/python3.12/site-packages/oslo_concurrency/processutils.py:468}}
Jun 30 16:09:00 devstack cinder-volume[93781]: DEBUG cinder.image.image_utils [None req-7d17457c-6c4e-44af-ac8b-1fe00693f67e tempest-GroupsV314Test-1785581397 None] Image conversion details: src /opt/stack/data/cinder/mnt/771643386658a1d16e55692a7fa749ba/volume-b3b8a592-3127-4edb-9af2-bbbe04de9d0d, size 1024.00 MB, duration 8.09 sec, destination /opt/stack/data/cinder/mnt/771643386658a1d16e55692a7fa749ba/volume-c3227be2-1788-4e96-8b3d-3884db92e358 {{(pid=93781) _convert_image /opt/stack/cinder/cinder/image/image_utils.py:536}}
Jun 30 16:09:00 devstack cinder-volume[93781]: INFO cinder.image.image_utils [None req-7d17457c-6c4e-44af-ac8b-1fe00693f67e tempest-GroupsV314Test-1785581397 None] Converted 1024.00 MB image at 126.64 MB/s
Jun 30 16:09:00 devstack cinder-volume[93781]: WARNING cinder.volume.drivers.remotefs [None req-7d17457c-6c4e-44af-ac8b-1fe00693f67e tempest-GroupsV314Test-1785581397 None] /opt/stack/data/cinder/mnt/771643386658a1d16e55692a7fa749ba/volume-c3227be2-1788-4e96-8b3d-3884db92e358 is being set with open permissions: ugo+rw: NotImplementedError
Jun 30 16:09:00 devstack cinder-volume[93781]: DEBUG oslo_concurrency.processutils [None req-7d17457c-6c4e-44af-ac8b-1fe00693f67e tempest-GroupsV314Test-1785581397 None] Running cmd (subprocess): sudo cinder-rootwrap /etc/cinder/rootwrap.conf chmod ugo+rw /opt/stack/data/cinder/mnt/771643386658a1d16e55692a7fa749ba/volume-c3227be2-1788-4e96-8b3d-3884db92e358 {{(pid=93781) execute /opt/stack/data/venv/lib/python3.12/site-packages/oslo_concurrency/processutils.py:440}}
Jun 30 16:09:00 devstack sudo[98741]: quobyte : PWD=/ ; USER=root ; COMMAND=/opt/stack/data/venv/bin/cinder-rootwrap /etc/cinder/rootwrap.conf chmod ugo+rw /opt/stack/data/cinder/mnt/771643386658a1d16e55692a7fa749ba/volume-c3227be2-1788-4e96-8b3d-3884db92e358
Jun 30 16:09:00 devstack sudo[98741]: pam_unix(sudo:session): session opened for user root(uid=0) by (uid=1000)
Jun 30 16:09:00 devstack cinder-volume[93781]: DEBUG dbcounter [-] [93781] Writing DB stats cinder:SELECT=30,cinder:INSERT=9,cinder:UPDATE=33,cinder:DELETE=1 {{(pid=93781) stat_writer /opt/stack/data/venv/lib/python3.12/site-packages/dbcounter.py:115}}
Jun 30 16:09:01 devstack cinder-volume[93781]: DEBUG dbcounter [-] [93781] Writing DB stats cinder:SELECT=33,cinder:DELETE=5,cinder:UPDATE=28,cinder:INSERT=5 {{(pid=93781) stat_writer /opt/stack/data/venv/lib/python3.12/site-packages/dbcounter.py:115}}
Jun 30 16:09:01 devstack sudo[98741]: pam_unix(sudo:session): session closed for user root
Jun 30 16:09:01 devstack cinder-volume[93781]: DEBUG oslo_concurrency.processutils [None req-7d17457c-6c4e-44af-ac8b-1fe00693f67e tempest-GroupsV314Test-1785581397 None] CMD "sudo cinder-rootwrap /etc/cinder/rootwrap.conf chmod ugo+rw /opt/stack/data/cinder/mnt/771643386658a1d16e55692a7fa749ba/volume-c3227be2-1788-4e96-8b3d-3884db92e358" returned: 0 in 0.713s {{(pid=93781) execute /opt/stack/data/venv/lib/python3.12/site-packages/oslo_concurrency/processutils.py:468}}
Jun 30 16:09:01 devstack cinder-volume[93781]: DEBUG cinder.coordination [None req-7d17457c-6c4e-44af-ac8b-1fe00693f67e tempest-GroupsV314Test-1785581397 None] Lock "cinder-quobyte-c3227be2-1788-4e96-8b3d-3884db92e358" released by "_copy_volume_from_snapshot" :: held 12.040s {{(pid=93781) __release /opt/stack/cinder/cinder/coordination.py:152}}
Jun 30 16:09:01 devstack cinder-volume[93781]: DEBUG cinder.coordination [None req-7d17457c-6c4e-44af-ac8b-1fe00693f67e tempest-GroupsV314Test-1785581397 None] Acquiring lock "cinder-quobyte-ca24df3d-01ed-448f-b3ca-dbd9df503b17" by "_delete_snapshot" {{(pid=93781) __acquire /opt/stack/cinder/cinder/coordination.py:138}}
Jun 30 16:09:01 devstack cinder-volume[93781]: DEBUG cinder.coordination [None req-7d17457c-6c4e-44af-ac8b-1fe00693f67e tempest-GroupsV314Test-1785581397 None] Lock "cinder-quobyte-ca24df3d-01ed-448f-b3ca-dbd9df503b17" acquired by "_delete_snapshot" :: waited 0.019s {{(pid=93781) __acquire /opt/stack/cinder/cinder/coordination.py:141}}
Jun 30 16:09:01 devstack cinder-volume[93781]: DEBUG cinder.volume.drivers.remotefs [None req-7d17457c-6c4e-44af-ac8b-1fe00693f67e tempest-GroupsV314Test-1785581397 None] Deleting offline snapshot ca24df3d-01ed-448f-b3ca-dbd9df503b17 of volume b3b8a592-3127-4edb-9af2-bbbe04de9d0d {{(pid=93781) _delete_snapshot /opt/stack/cinder/cinder/volume/drivers/remotefs.py:1288}}
Jun 30 16:09:01 devstack cinder-volume[93781]: DEBUG cinder.volume.drivers.remotefs [None req-7d17457c-6c4e-44af-ac8b-1fe00693f67e tempest-GroupsV314Test-1785581397 None] snapshot_file for this snap is: volume-b3b8a592-3127-4edb-9af2-bbbe04de9d0d.ca24df3d-01ed-448f-b3ca-dbd9df503b17 {{(pid=93781) _delete_snapshot /opt/stack/cinder/cinder/volume/drivers/remotefs.py:1317}}
Jun 30 16:09:01 devstack cinder-volume[93781]: DEBUG oslo.privsep.daemon [-] privsep: reply[5900f34c-cfc9-457a-bd0c-13f63ad319bf]: (4, 'qcow2') {{(pid=94559) _call_back /opt/stack/data/venv/lib/python3.12/site-packages/oslo_privsep/daemon.py:580}}
Jun 30 16:09:01 devstack cinder-volume[93781]: DEBUG oslo_concurrency.processutils [None req-7d17457c-6c4e-44af-ac8b-1fe00693f67e tempest-GroupsV314Test-1785581397 None] Running cmd (subprocess): /opt/stack/data/venv/bin/python3.12 -m oslo_concurrency.prlimit --as=1073741824 --cpu=60 -- sudo cinder-rootwrap /etc/cinder/rootwrap.conf env LC_ALL=C qemu-img info -f qcow2 --output=json --force-share /opt/stack/data/cinder/mnt/771643386658a1d16e55692a7fa749ba/volume-b3b8a592-3127-4edb-9af2-bbbe04de9d0d.ca24df3d-01ed-448f-b3ca-dbd9df503b17 {{(pid=93781) execute /opt/stack/data/venv/lib/python3.12/site-packages/oslo_concurrency/processutils.py:440}}
Jun 30 16:09:01 devstack sudo[98744]: quobyte : PWD=/ ; USER=root ; COMMAND=/opt/stack/data/venv/bin/cinder-rootwrap /etc/cinder/rootwrap.conf env LC_ALL=C qemu-img info -f qcow2 --output=json --force-share /opt/stack/data/cinder/mnt/771643386658a1d16e55692a7fa749ba/volume-b3b8a592-3127-4edb-9af2-bbbe04de9d0d.ca24df3d-01ed-448f-b3ca-dbd9df503b17
Jun 30 16:09:01 devstack sudo[98744]: pam_unix(sudo:session): session opened for user root(uid=0) by (uid=1000)
Jun 30 16:09:02 devstack sudo[98744]: pam_unix(sudo:session): session closed for user root
Jun 30 16:09:02 devstack cinder-volume[93781]: DEBUG oslo_concurrency.processutils [None req-7d17457c-6c4e-44af-ac8b-1fe00693f67e tempest-GroupsV314Test-1785581397 None] CMD "/opt/stack/data/venv/bin/python3.12 -m oslo_concurrency.prlimit --as=1073741824 --cpu=60 -- sudo cinder-rootwrap /etc/cinder/rootwrap.conf env LC_ALL=C qemu-img info -f qcow2 --output=json --force-share /opt/stack/data/cinder/mnt/771643386658a1d16e55692a7fa749ba/volume-b3b8a592-3127-4edb-9af2-bbbe04de9d0d.ca24df3d-01ed-448f-b3ca-dbd9df503b17" returned: 0 in 0.775s {{(pid=93781) execute /opt/stack/data/venv/lib/python3.12/site-packages/oslo_concurrency/processutils.py:468}}
Jun 30 16:09:02 devstack cinder-volume[93781]: DEBUG cinder.volume.drivers.remotefs [None req-7d17457c-6c4e-44af-ac8b-1fe00693f67e tempest-GroupsV314Test-1785581397 None] Fetching qemu-img info with special backing_file_template: (/opt/stack/data/cinder/mnt/[0-9a-f]+/)?(volume-b3b8a592-3127-4edb-9af2-bbbe04de9d0d(.(tmp-snap-)?[0-9a-f-]+)?|volume_from_snapshot_cache/(tmp-snap-)?[0-9a-f-]+(.(child-|parent-)[0-9a-f-]+)?)$ {{(pid=93781) _qemu_img_info_base /opt/stack/cinder/cinder/volume/drivers/remotefs.py:896}}
Jun 30 16:09:02 devstack cinder-volume[93781]: DEBUG oslo.privsep.daemon [-] privsep: reply[872b86b9-32fe-402e-8811-6bcd3ce95bc1]: (4, 'qcow2') {{(pid=94559) _call_back /opt/stack/data/venv/lib/python3.12/site-packages/oslo_privsep/daemon.py:580}}
Jun 30 16:09:02 devstack cinder-volume[93781]: DEBUG oslo_concurrency.processutils [None req-7d17457c-6c4e-44af-ac8b-1fe00693f67e tempest-GroupsV314Test-1785581397 None] Running cmd (subprocess): /opt/stack/data/venv/bin/python3.12 -m oslo_concurrency.prlimit --as=1073741824 --cpu=60 -- sudo cinder-rootwrap /etc/cinder/rootwrap.conf env LC_ALL=C qemu-img info -f qcow2 --output=json --force-share /opt/stack/data/cinder/mnt/771643386658a1d16e55692a7fa749ba/volume-b3b8a592-3127-4edb-9af2-bbbe04de9d0d {{(pid=93781) execute /opt/stack/data/venv/lib/python3.12/site-packages/oslo_concurrency/processutils.py:440}}
Jun 30 16:09:02 devstack sudo[98751]: quobyte : PWD=/ ; USER=root ; COMMAND=/opt/stack/data/venv/bin/cinder-rootwrap /etc/cinder/rootwrap.conf env LC_ALL=C qemu-img info -f qcow2 --output=json --force-share /opt/stack/data/cinder/mnt/771643386658a1d16e55692a7fa749ba/volume-b3b8a592-3127-4edb-9af2-bbbe04de9d0d
Jun 30 16:09:02 devstack sudo[98751]: pam_unix(sudo:session): session opened for user root(uid=0) by (uid=1000)
Jun 30 16:09:03 devstack sudo[98751]: pam_unix(sudo:session): session closed for user root
Jun 30 16:09:03 devstack cinder-volume[93781]: DEBUG oslo_concurrency.processutils [None req-7d17457c-6c4e-44af-ac8b-1fe00693f67e tempest-GroupsV314Test-1785581397 None] CMD "/opt/stack/data/venv/bin/python3.12 -m oslo_concurrency.prlimit --as=1073741824 --cpu=60 -- sudo cinder-rootwrap /etc/cinder/rootwrap.conf env LC_ALL=C qemu-img info -f qcow2 --output=json --force-share /opt/stack/data/cinder/mnt/771643386658a1d16e55692a7fa749ba/volume-b3b8a592-3127-4edb-9af2-bbbe04de9d0d" returned: 0 in 0.812s {{(pid=93781) execute /opt/stack/data/venv/lib/python3.12/site-packages/oslo_concurrency/processutils.py:468}}
Jun 30 16:09:03 devstack cinder-volume[93781]: DEBUG oslo_concurrency.processutils [None req-7d17457c-6c4e-44af-ac8b-1fe00693f67e tempest-GroupsV314Test-1785581397 None] Running cmd (subprocess): sudo cinder-rootwrap /etc/cinder/rootwrap.conf qemu-img commit -d /opt/stack/data/cinder/mnt/771643386658a1d16e55692a7fa749ba/volume-b3b8a592-3127-4edb-9af2-bbbe04de9d0d.ca24df3d-01ed-448f-b3ca-dbd9df503b17 {{(pid=93781) execute /opt/stack/data/venv/lib/python3.12/site-packages/oslo_concurrency/processutils.py:440}}
Jun 30 16:09:03 devstack sudo[98756]: quobyte : PWD=/ ; USER=root ; COMMAND=/opt/stack/data/venv/bin/cinder-rootwrap /etc/cinder/rootwrap.conf qemu-img commit -d /opt/stack/data/cinder/mnt/771643386658a1d16e55692a7fa749ba/volume-b3b8a592-3127-4edb-9af2-bbbe04de9d0d.ca24df3d-01ed-448f-b3ca-dbd9df503b17
Jun 30 16:09:03 devstack sudo[98756]: pam_unix(sudo:session): session opened for user root(uid=0) by (uid=1000)
Jun 30 16:09:04 devstack sudo[98756]: pam_unix(sudo:session): session closed for user root
Jun 30 16:09:04 devstack cinder-volume[93781]: DEBUG oslo_concurrency.processutils [None req-7d17457c-6c4e-44af-ac8b-1fe00693f67e tempest-GroupsV314Test-1785581397 None] CMD "sudo cinder-rootwrap /etc/cinder/rootwrap.conf qemu-img commit -d /opt/stack/data/cinder/mnt/771643386658a1d16e55692a7fa749ba/volume-b3b8a592-3127-4edb-9af2-bbbe04de9d0d.ca24df3d-01ed-448f-b3ca-dbd9df503b17" returned: 0 in 1.056s {{(pid=93781) execute /opt/stack/data/venv/lib/python3.12/site-packages/oslo_concurrency/processutils.py:468}}
Jun 30 16:09:04 devstack cinder-volume[93781]: DEBUG oslo_concurrency.processutils [None req-7d17457c-6c4e-44af-ac8b-1fe00693f67e tempest-GroupsV314Test-1785581397 None] Running cmd (subprocess): sudo cinder-rootwrap /etc/cinder/rootwrap.conf rm -f /opt/stack/data/cinder/mnt/771643386658a1d16e55692a7fa749ba/volume-b3b8a592-3127-4edb-9af2-bbbe04de9d0d.ca24df3d-01ed-448f-b3ca-dbd9df503b17 {{(pid=93781) execute /opt/stack/data/venv/lib/python3.12/site-packages/oslo_concurrency/processutils.py:440}}
Jun 30 16:09:04 devstack sudo[98761]: quobyte : PWD=/ ; USER=root ; COMMAND=/opt/stack/data/venv/bin/cinder-rootwrap /etc/cinder/rootwrap.conf rm -f /opt/stack/data/cinder/mnt/771643386658a1d16e55692a7fa749ba/volume-b3b8a592-3127-4edb-9af2-bbbe04de9d0d.ca24df3d-01ed-448f-b3ca-dbd9df503b17
Jun 30 16:09:04 devstack sudo[98761]: pam_unix(sudo:session): session opened for user root(uid=0) by (uid=1000)
Jun 30 16:09:05 devstack sudo[98761]: pam_unix(sudo:session): session closed for user root
Jun 30 16:09:05 devstack cinder-volume[93781]: DEBUG oslo_concurrency.processutils [None req-7d17457c-6c4e-44af-ac8b-1fe00693f67e tempest-GroupsV314Test-1785581397 None] CMD "sudo cinder-rootwrap /etc/cinder/rootwrap.conf rm -f /opt/stack/data/cinder/mnt/771643386658a1d16e55692a7fa749ba/volume-b3b8a592-3127-4edb-9af2-bbbe04de9d0d.ca24df3d-01ed-448f-b3ca-dbd9df503b17" returned: 0 in 1.160s {{(pid=93781) execute /opt/stack/data/venv/lib/python3.12/site-packages/oslo_concurrency/processutils.py:468}}
Jun 30 16:09:05 devstack cinder-volume[93781]: DEBUG cinder.coordination [None req-7d17457c-6c4e-44af-ac8b-1fe00693f67e tempest-GroupsV314Test-1785581397 None] Lock "cinder-quobyte-ca24df3d-01ed-448f-b3ca-dbd9df503b17" released by "_delete_snapshot" :: held 3.953s {{(pid=93781) __release /opt/stack/cinder/cinder/coordination.py:152}}
Jun 30 16:09:05 devstack cinder-volume[93781]: DEBUG oslo_concurrency.lockutils [None req-7d17457c-6c4e-44af-ac8b-1fe00693f67e tempest-GroupsV314Test-1785581397 None] Lock "quobyte" "released" by "cinder.volume.drivers.quobyte.QuobyteDriver.create_cloned_volume" :: held 22.871s {{(pid=93781) inner /opt/stack/data/venv/lib/python3.12/site-packages/oslo_concurrency/lockutils.py:543}}
Jun 30 16:09:05 devstack cinder-volume[93781]: INFO cinder.volume.manager [None req-7d17457c-6c4e-44af-ac8b-1fe00693f67e tempest-GroupsV314Test-1785581397 None] Create group from source-group-e891493e-9992-44a7-bf1c-44d350c8009d completed successfully.
Jun 30 16:09:07 devstack cinder-volume[93781]: DEBUG cinder.coordination [None req-926ef613-cf0d-45e4-b89b-a3c5ede45469 tempest-GroupsV314Test-1785581397 None] Acquiring lock "cinder-quobyte-c3227be2-1788-4e96-8b3d-3884db92e358" by "delete_volume" {{(pid=93781) __acquire /opt/stack/cinder/cinder/coordination.py:138}}
Jun 30 16:09:07 devstack cinder-volume[93781]: DEBUG cinder.coordination [None req-926ef613-cf0d-45e4-b89b-a3c5ede45469 tempest-GroupsV314Test-1785581397 None] Lock "cinder-quobyte-c3227be2-1788-4e96-8b3d-3884db92e358" acquired by "delete_volume" :: waited 0.022s {{(pid=93781) __acquire /opt/stack/cinder/cinder/coordination.py:141}}
Jun 30 16:09:07 devstack cinder-volume[93781]: DEBUG oslo.privsep.daemon [-] privsep: reply[46baf23d-e1f0-435a-8f21-f3e2016fc55e]: (4, 'qcow2') {{(pid=94559) _call_back /opt/stack/data/venv/lib/python3.12/site-packages/oslo_privsep/daemon.py:580}}
Jun 30 16:09:07 devstack cinder-volume[93781]: DEBUG oslo_concurrency.processutils [None req-926ef613-cf0d-45e4-b89b-a3c5ede45469 tempest-GroupsV314Test-1785581397 None] Running cmd (subprocess): /opt/stack/data/venv/bin/python3.12 -m oslo_concurrency.prlimit --as=1073741824 --cpu=60 -- sudo cinder-rootwrap /etc/cinder/rootwrap.conf env LC_ALL=C qemu-img info -f qcow2 --output=json --force-share /opt/stack/data/cinder/mnt/771643386658a1d16e55692a7fa749ba/volume-c3227be2-1788-4e96-8b3d-3884db92e358 {{(pid=93781) execute /opt/stack/data/venv/lib/python3.12/site-packages/oslo_concurrency/processutils.py:440}}
Jun 30 16:09:07 devstack sudo[98783]: quobyte : PWD=/ ; USER=root ; COMMAND=/opt/stack/data/venv/bin/cinder-rootwrap /etc/cinder/rootwrap.conf env LC_ALL=C qemu-img info -f qcow2 --output=json --force-share /opt/stack/data/cinder/mnt/771643386658a1d16e55692a7fa749ba/volume-c3227be2-1788-4e96-8b3d-3884db92e358
Jun 30 16:09:07 devstack sudo[98783]: pam_unix(sudo:session): session opened for user root(uid=0) by (uid=1000)
Jun 30 16:09:08 devstack cinder-volume[93781]: INFO cinder.volume.manager [req-16e0c24e-4e6b-476d-92cd-0d2af9df5fb9 req-49644d02-1c3b-4c75-942c-a6ce8bc74635 tempest-ServerActionsTestOtherA-184782683 None] Terminate volume connection completed successfully.
Jun 30 16:09:08 devstack cinder-volume[93781]: DEBUG cinder.volume.manager [req-16e0c24e-4e6b-476d-92cd-0d2af9df5fb9 req-49644d02-1c3b-4c75-942c-a6ce8bc74635 tempest-ServerActionsTestOtherA-184782683 None] Deleting attachment 771f05ea-06a4-4218-bfa5-0fd2b71f53d2. {{(pid=93781) attachment_delete /opt/stack/cinder/cinder/volume/manager.py:5055}}
Jun 30 16:09:08 devstack sudo[98783]: pam_unix(sudo:session): session closed for user root
Jun 30 16:09:08 devstack cinder-volume[93781]: DEBUG oslo_concurrency.processutils [None req-926ef613-cf0d-45e4-b89b-a3c5ede45469 tempest-GroupsV314Test-1785581397 None] CMD "/opt/stack/data/venv/bin/python3.12 -m oslo_concurrency.prlimit --as=1073741824 --cpu=60 -- sudo cinder-rootwrap /etc/cinder/rootwrap.conf env LC_ALL=C qemu-img info -f qcow2 --output=json --force-share /opt/stack/data/cinder/mnt/771643386658a1d16e55692a7fa749ba/volume-c3227be2-1788-4e96-8b3d-3884db92e358" returned: 0 in 1.223s {{(pid=93781) execute /opt/stack/data/venv/lib/python3.12/site-packages/oslo_concurrency/processutils.py:468}}
Jun 30 16:09:08 devstack cinder-volume[93781]: DEBUG oslo_concurrency.processutils [None req-926ef613-cf0d-45e4-b89b-a3c5ede45469 tempest-GroupsV314Test-1785581397 None] Running cmd (subprocess): sudo cinder-rootwrap /etc/cinder/rootwrap.conf rm -f /opt/stack/data/cinder/mnt/771643386658a1d16e55692a7fa749ba/volume-c3227be2-1788-4e96-8b3d-3884db92e358 {{(pid=93781) execute /opt/stack/data/venv/lib/python3.12/site-packages/oslo_concurrency/processutils.py:440}}
Jun 30 16:09:08 devstack sudo[98809]: quobyte : PWD=/ ; USER=root ; COMMAND=/opt/stack/data/venv/bin/cinder-rootwrap /etc/cinder/rootwrap.conf rm -f /opt/stack/data/cinder/mnt/771643386658a1d16e55692a7fa749ba/volume-c3227be2-1788-4e96-8b3d-3884db92e358
Jun 30 16:09:08 devstack sudo[98809]: pam_unix(sudo:session): session opened for user root(uid=0) by (uid=1000)
Jun 30 16:09:09 devstack sudo[98809]: pam_unix(sudo:session): session closed for user root
Jun 30 16:09:09 devstack cinder-volume[93781]: DEBUG oslo_concurrency.processutils [None req-926ef613-cf0d-45e4-b89b-a3c5ede45469 tempest-GroupsV314Test-1785581397 None] CMD "sudo cinder-rootwrap /etc/cinder/rootwrap.conf rm -f /opt/stack/data/cinder/mnt/771643386658a1d16e55692a7fa749ba/volume-c3227be2-1788-4e96-8b3d-3884db92e358" returned: 0 in 0.750s {{(pid=93781) execute /opt/stack/data/venv/lib/python3.12/site-packages/oslo_concurrency/processutils.py:468}}
Jun 30 16:09:09 devstack cinder-volume[93781]: DEBUG cinder.coordination [None req-926ef613-cf0d-45e4-b89b-a3c5ede45469 tempest-GroupsV314Test-1785581397 None] Lock "cinder-quobyte-c3227be2-1788-4e96-8b3d-3884db92e358" released by "delete_volume" :: held 2.025s {{(pid=93781) __release /opt/stack/cinder/cinder/coordination.py:152}}
Jun 30 16:09:09 devstack cinder-volume[93781]: DEBUG cinder.quota [None req-926ef613-cf0d-45e4-b89b-a3c5ede45469 tempest-GroupsV314Test-1785581397 None] Created reservations ['58980e7b-9191-400b-b142-2d010781d89a'] {{(pid=93781) reserve /opt/stack/cinder/cinder/quota.py:752}}
Jun 30 16:09:09 devstack cinder-volume[93781]: WARNING cinder.quota [None req-926ef613-cf0d-45e4-b89b-a3c5ede45469 tempest-GroupsV314Test-1785581397 None] Deprecated: Default quota for resource: volumes_tempest-GroupsV314Test-volume-type-1575139379 is set by the default quota flag: quota_volumes_tempest-GroupsV314Test-volume-type-1575139379, it is now deprecated. Please use the default quota class for default quota.
Jun 30 16:09:09 devstack cinder-volume[93781]: WARNING cinder.quota [None req-926ef613-cf0d-45e4-b89b-a3c5ede45469 tempest-GroupsV314Test-1785581397 None] Deprecated: Default quota for resource: gigabytes_tempest-GroupsV314Test-volume-type-1575139379 is set by the default quota flag: quota_gigabytes_tempest-GroupsV314Test-volume-type-1575139379, it is now deprecated. Please use the default quota class for default quota.
Jun 30 16:09:09 devstack cinder-volume[93781]: DEBUG cinder.quota [None req-926ef613-cf0d-45e4-b89b-a3c5ede45469 tempest-GroupsV314Test-1785581397 None] Created reservations ['29baab67-0d28-4cc6-a542-700f888308e0', '3ad5e563-6512-4539-bfd3-5d2f7f6549d6', '6682213a-9b58-4f37-8b22-ab134a05fe5c', '57e8470e-ad89-4bb5-a8c2-a838e69453b4'] {{(pid=93781) reserve /opt/stack/cinder/cinder/quota.py:752}}
Jun 30 16:09:09 devstack cinder-volume[93781]: DEBUG oslo_concurrency.lockutils [None req-926ef613-cf0d-45e4-b89b-a3c5ede45469 tempest-GroupsV314Test-1785581397 None] Acquiring lock "quobyte_ensure" by "cinder.volume.drivers.quobyte.QuobyteDriver._ensure_shares_mounted" {{(pid=93781) inner /opt/stack/data/venv/lib/python3.12/site-packages/oslo_concurrency/lockutils.py:511}}
Jun 30 16:09:09 devstack cinder-volume[93781]: DEBUG oslo_concurrency.lockutils [None req-926ef613-cf0d-45e4-b89b-a3c5ede45469 tempest-GroupsV314Test-1785581397 None] Lock "quobyte_ensure" acquired by "cinder.volume.drivers.quobyte.QuobyteDriver._ensure_shares_mounted" :: waited 0.001s {{(pid=93781) inner /opt/stack/data/venv/lib/python3.12/site-packages/oslo_concurrency/lockutils.py:524}}
Jun 30 16:09:09 devstack cinder-volume[93781]: DEBUG cinder.volume.drivers.quobyte [None req-926ef613-cf0d-45e4-b89b-a3c5ede45469 tempest-GroupsV314Test-1785581397 None] Quobyte Volume URL set to: {'osci02.corp.quobyte.com/cinder-vol-13a52c3c-ec94-495f-9c86-b18febce6a3a': None} {{(pid=93781) _load_shares_config /opt/stack/cinder/cinder/volume/drivers/quobyte.py:617}}
Jun 30 16:09:09 devstack cinder-volume[93781]: DEBUG cinder.volume.drivers.quobyte [None req-926ef613-cf0d-45e4-b89b-a3c5ede45469 tempest-GroupsV314Test-1785581397 None] Available shares ['osci02.corp.quobyte.com/cinder-vol-13a52c3c-ec94-495f-9c86-b18febce6a3a'] {{(pid=93781) _ensure_shares_mounted /opt/stack/cinder/cinder/volume/drivers/quobyte.py:647}}
Jun 30 16:09:09 devstack cinder-volume[93781]: DEBUG oslo_concurrency.lockutils [None req-926ef613-cf0d-45e4-b89b-a3c5ede45469 tempest-GroupsV314Test-1785581397 None] Lock "quobyte_ensure" "released" by "cinder.volume.drivers.quobyte.QuobyteDriver._ensure_shares_mounted" :: held 0.006s {{(pid=93781) inner /opt/stack/data/venv/lib/python3.12/site-packages/oslo_concurrency/lockutils.py:543}}
Jun 30 16:09:09 devstack cinder-volume[93781]: DEBUG oslo_concurrency.processutils [None req-926ef613-cf0d-45e4-b89b-a3c5ede45469 tempest-GroupsV314Test-1785581397 None] Running cmd (subprocess): sudo cinder-rootwrap /etc/cinder/rootwrap.conf df --portability --block-size 1 /opt/stack/data/cinder/mnt/771643386658a1d16e55692a7fa749ba {{(pid=93781) execute /opt/stack/data/venv/lib/python3.12/site-packages/oslo_concurrency/processutils.py:440}}
Jun 30 16:09:09 devstack sudo[98825]: quobyte : PWD=/ ; USER=root ; COMMAND=/opt/stack/data/venv/bin/cinder-rootwrap /etc/cinder/rootwrap.conf df --portability --block-size 1 /opt/stack/data/cinder/mnt/771643386658a1d16e55692a7fa749ba
Jun 30 16:09:09 devstack sudo[98825]: pam_unix(sudo:session): session opened for user root(uid=0) by (uid=1000)
Jun 30 16:09:10 devstack cinder-volume[93781]: DEBUG cinder.coordination [None req-a472716d-d622-4c3b-85bd-a0982ff04c67 tempest-GroupsV314Test-1785581397 None] Acquiring lock "cinder-quobyte-b3b8a592-3127-4edb-9af2-bbbe04de9d0d" by "delete_volume" {{(pid=93781) __acquire /opt/stack/cinder/cinder/coordination.py:138}}
Jun 30 16:09:10 devstack cinder-volume[93781]: DEBUG cinder.coordination [None req-a472716d-d622-4c3b-85bd-a0982ff04c67 tempest-GroupsV314Test-1785581397 None] Lock "cinder-quobyte-b3b8a592-3127-4edb-9af2-bbbe04de9d0d" acquired by "delete_volume" :: waited 0.037s {{(pid=93781) __acquire /opt/stack/cinder/cinder/coordination.py:141}}
Jun 30 16:09:10 devstack cinder-volume[93781]: DEBUG oslo.privsep.daemon [-] privsep: reply[d3e43512-dece-4657-9d82-59d975cb8f2d]: (4, 'qcow2') {{(pid=94559) _call_back /opt/stack/data/venv/lib/python3.12/site-packages/oslo_privsep/daemon.py:580}}
Jun 30 16:09:10 devstack cinder-volume[93781]: DEBUG oslo_concurrency.processutils [None req-a472716d-d622-4c3b-85bd-a0982ff04c67 tempest-GroupsV314Test-1785581397 None] Running cmd (subprocess): /opt/stack/data/venv/bin/python3.12 -m oslo_concurrency.prlimit --as=1073741824 --cpu=60 -- sudo cinder-rootwrap /etc/cinder/rootwrap.conf env LC_ALL=C qemu-img info -f qcow2 --output=json --force-share /opt/stack/data/cinder/mnt/771643386658a1d16e55692a7fa749ba/volume-b3b8a592-3127-4edb-9af2-bbbe04de9d0d {{(pid=93781) execute /opt/stack/data/venv/lib/python3.12/site-packages/oslo_concurrency/processutils.py:440}}
Jun 30 16:09:10 devstack sudo[98828]: quobyte : PWD=/ ; USER=root ; COMMAND=/opt/stack/data/venv/bin/cinder-rootwrap /etc/cinder/rootwrap.conf env LC_ALL=C qemu-img info -f qcow2 --output=json --force-share /opt/stack/data/cinder/mnt/771643386658a1d16e55692a7fa749ba/volume-b3b8a592-3127-4edb-9af2-bbbe04de9d0d
Jun 30 16:09:10 devstack sudo[98828]: pam_unix(sudo:session): session opened for user root(uid=0) by (uid=1000)
Jun 30 16:09:10 devstack sudo[98825]: pam_unix(sudo:session): session closed for user root
Jun 30 16:09:10 devstack cinder-volume[93781]: DEBUG oslo_concurrency.processutils [None req-926ef613-cf0d-45e4-b89b-a3c5ede45469 tempest-GroupsV314Test-1785581397 None] CMD "sudo cinder-rootwrap /etc/cinder/rootwrap.conf df --portability --block-size 1 /opt/stack/data/cinder/mnt/771643386658a1d16e55692a7fa749ba" returned: 0 in 1.089s {{(pid=93781) execute /opt/stack/data/venv/lib/python3.12/site-packages/oslo_concurrency/processutils.py:468}}
Jun 30 16:09:10 devstack cinder-volume[93781]: DEBUG cinder.manager [None req-926ef613-cf0d-45e4-b89b-a3c5ede45469 tempest-GroupsV314Test-1785581397 None] Notifying Schedulers of capabilities ... {{(pid=93781) _publish_service_capabilities /opt/stack/cinder/cinder/manager.py:219}}
Jun 30 16:09:10 devstack cinder-volume[93781]: INFO cinder.volume.manager [None req-926ef613-cf0d-45e4-b89b-a3c5ede45469 tempest-GroupsV314Test-1785581397 None] Delete group completed successfully.
Jun 30 16:09:11 devstack sudo[98828]: pam_unix(sudo:session): session closed for user root
Jun 30 16:09:11 devstack cinder-volume[93781]: DEBUG oslo_concurrency.processutils [None req-a472716d-d622-4c3b-85bd-a0982ff04c67 tempest-GroupsV314Test-1785581397 None] CMD "/opt/stack/data/venv/bin/python3.12 -m oslo_concurrency.prlimit --as=1073741824 --cpu=60 -- sudo cinder-rootwrap /etc/cinder/rootwrap.conf env LC_ALL=C qemu-img info -f qcow2 --output=json --force-share /opt/stack/data/cinder/mnt/771643386658a1d16e55692a7fa749ba/volume-b3b8a592-3127-4edb-9af2-bbbe04de9d0d" returned: 0 in 0.905s {{(pid=93781) execute /opt/stack/data/venv/lib/python3.12/site-packages/oslo_concurrency/processutils.py:468}}
Jun 30 16:09:11 devstack cinder-volume[93781]: DEBUG oslo_concurrency.processutils [None req-a472716d-d622-4c3b-85bd-a0982ff04c67 tempest-GroupsV314Test-1785581397 None] Running cmd (subprocess): sudo cinder-rootwrap /etc/cinder/rootwrap.conf rm -f /opt/stack/data/cinder/mnt/771643386658a1d16e55692a7fa749ba/volume-b3b8a592-3127-4edb-9af2-bbbe04de9d0d {{(pid=93781) execute /opt/stack/data/venv/lib/python3.12/site-packages/oslo_concurrency/processutils.py:440}}
Jun 30 16:09:11 devstack sudo[98834]: quobyte : PWD=/ ; USER=root ; COMMAND=/opt/stack/data/venv/bin/cinder-rootwrap /etc/cinder/rootwrap.conf rm -f /opt/stack/data/cinder/mnt/771643386658a1d16e55692a7fa749ba/volume-b3b8a592-3127-4edb-9af2-bbbe04de9d0d
Jun 30 16:09:11 devstack sudo[98834]: pam_unix(sudo:session): session opened for user root(uid=0) by (uid=1000)
Jun 30 16:09:12 devstack sudo[98834]: pam_unix(sudo:session): session closed for user root
Jun 30 16:09:12 devstack cinder-volume[93781]: DEBUG oslo_concurrency.processutils [None req-a472716d-d622-4c3b-85bd-a0982ff04c67 tempest-GroupsV314Test-1785581397 None] CMD "sudo cinder-rootwrap /etc/cinder/rootwrap.conf rm -f /opt/stack/data/cinder/mnt/771643386658a1d16e55692a7fa749ba/volume-b3b8a592-3127-4edb-9af2-bbbe04de9d0d" returned: 0 in 0.964s {{(pid=93781) execute /opt/stack/data/venv/lib/python3.12/site-packages/oslo_concurrency/processutils.py:468}}
Jun 30 16:09:12 devstack cinder-volume[93781]: DEBUG cinder.coordination [None req-a472716d-d622-4c3b-85bd-a0982ff04c67 tempest-GroupsV314Test-1785581397 None] Lock "cinder-quobyte-b3b8a592-3127-4edb-9af2-bbbe04de9d0d" released by "delete_volume" :: held 1.979s {{(pid=93781) __release /opt/stack/cinder/cinder/coordination.py:152}}
Jun 30 16:09:12 devstack cinder-volume[93781]: DEBUG cinder.quota [None req-a472716d-d622-4c3b-85bd-a0982ff04c67 tempest-GroupsV314Test-1785581397 None] Created reservations ['a4334bb4-b311-4857-a34c-d16fec6afecf'] {{(pid=93781) reserve /opt/stack/cinder/cinder/quota.py:752}}
Jun 30 16:09:12 devstack cinder-volume[93781]: DEBUG cinder.quota [None req-a472716d-d622-4c3b-85bd-a0982ff04c67 tempest-GroupsV314Test-1785581397 None] Created reservations ['cb43d76e-c5f3-46dd-98fc-f809190b54eb', '1bad69ad-a8e8-4561-96d8-b74737805434', '722272f5-8d47-470a-804e-f80423a8de2a', '01b6ce5c-c804-407f-b880-68d6b661d5fe'] {{(pid=93781) reserve /opt/stack/cinder/cinder/quota.py:752}}
Jun 30 16:09:12 devstack cinder-volume[93781]: DEBUG oslo_concurrency.lockutils [None req-a472716d-d622-4c3b-85bd-a0982ff04c67 tempest-GroupsV314Test-1785581397 None] Acquiring lock "quobyte_ensure" by "cinder.volume.drivers.quobyte.QuobyteDriver._ensure_shares_mounted" {{(pid=93781) inner /opt/stack/data/venv/lib/python3.12/site-packages/oslo_concurrency/lockutils.py:511}}
Jun 30 16:09:12 devstack cinder-volume[93781]: DEBUG oslo_concurrency.lockutils [None req-a472716d-d622-4c3b-85bd-a0982ff04c67 tempest-GroupsV314Test-1785581397 None] Lock "quobyte_ensure" acquired by "cinder.volume.drivers.quobyte.QuobyteDriver._ensure_shares_mounted" :: waited 0.001s {{(pid=93781) inner /opt/stack/data/venv/lib/python3.12/site-packages/oslo_concurrency/lockutils.py:524}}
Jun 30 16:09:12 devstack cinder-volume[93781]: DEBUG cinder.volume.drivers.quobyte [None req-a472716d-d622-4c3b-85bd-a0982ff04c67 tempest-GroupsV314Test-1785581397 None] Quobyte Volume URL set to: {'osci02.corp.quobyte.com/cinder-vol-13a52c3c-ec94-495f-9c86-b18febce6a3a': None} {{(pid=93781) _load_shares_config /opt/stack/cinder/cinder/volume/drivers/quobyte.py:617}}
Jun 30 16:09:12 devstack cinder-volume[93781]: DEBUG cinder.volume.drivers.quobyte [None req-a472716d-d622-4c3b-85bd-a0982ff04c67 tempest-GroupsV314Test-1785581397 None] Available shares ['osci02.corp.quobyte.com/cinder-vol-13a52c3c-ec94-495f-9c86-b18febce6a3a'] {{(pid=93781) _ensure_shares_mounted /opt/stack/cinder/cinder/volume/drivers/quobyte.py:647}}
Jun 30 16:09:12 devstack cinder-volume[93781]: DEBUG oslo_concurrency.lockutils [None req-a472716d-d622-4c3b-85bd-a0982ff04c67 tempest-GroupsV314Test-1785581397 None] Lock "quobyte_ensure" "released" by "cinder.volume.drivers.quobyte.QuobyteDriver._ensure_shares_mounted" :: held 0.009s {{(pid=93781) inner /opt/stack/data/venv/lib/python3.12/site-packages/oslo_concurrency/lockutils.py:543}}
Jun 30 16:09:12 devstack cinder-volume[93781]: DEBUG oslo_concurrency.processutils [None req-a472716d-d622-4c3b-85bd-a0982ff04c67 tempest-GroupsV314Test-1785581397 None] Running cmd (subprocess): sudo cinder-rootwrap /etc/cinder/rootwrap.conf df --portability --block-size 1 /opt/stack/data/cinder/mnt/771643386658a1d16e55692a7fa749ba {{(pid=93781) execute /opt/stack/data/venv/lib/python3.12/site-packages/oslo_concurrency/processutils.py:440}}
Jun 30 16:09:12 devstack sudo[98892]: quobyte : PWD=/ ; USER=root ; COMMAND=/opt/stack/data/venv/bin/cinder-rootwrap /etc/cinder/rootwrap.conf df --portability --block-size 1 /opt/stack/data/cinder/mnt/771643386658a1d16e55692a7fa749ba
Jun 30 16:09:12 devstack sudo[98892]: pam_unix(sudo:session): session opened for user root(uid=0) by (uid=1000)
Jun 30 16:09:13 devstack sudo[98892]: pam_unix(sudo:session): session closed for user root
Jun 30 16:09:13 devstack cinder-volume[93781]: DEBUG oslo_concurrency.processutils [None req-a472716d-d622-4c3b-85bd-a0982ff04c67 tempest-GroupsV314Test-1785581397 None] CMD "sudo cinder-rootwrap /etc/cinder/rootwrap.conf df --portability --block-size 1 /opt/stack/data/cinder/mnt/771643386658a1d16e55692a7fa749ba" returned: 0 in 1.032s {{(pid=93781) execute /opt/stack/data/venv/lib/python3.12/site-packages/oslo_concurrency/processutils.py:468}}
Jun 30 16:09:13 devstack cinder-volume[93781]: DEBUG cinder.manager [None req-a472716d-d622-4c3b-85bd-a0982ff04c67 tempest-GroupsV314Test-1785581397 None] Notifying Schedulers of capabilities ... {{(pid=93781) _publish_service_capabilities /opt/stack/cinder/cinder/manager.py:219}}
Jun 30 16:09:13 devstack cinder-volume[93781]: INFO cinder.volume.manager [None req-a472716d-d622-4c3b-85bd-a0982ff04c67 tempest-GroupsV314Test-1785581397 None] Delete group completed successfully.
Jun 30 16:09:20 devstack cinder-volume[93781]: DEBUG cinder.coordination [None req-acf9c6ef-e831-4b40-8f46-8ff4823573ce tempest-ServerActionsTestOtherA-184782683 None] Acquiring lock "cinder-eaf2b191-edae-46d2-8dfd-4199c22926a4-delete_volume" by "delete_volume" {{(pid=93781) __acquire /opt/stack/cinder/cinder/coordination.py:138}}
Jun 30 16:09:20 devstack cinder-volume[93781]: DEBUG cinder.coordination [None req-acf9c6ef-e831-4b40-8f46-8ff4823573ce tempest-ServerActionsTestOtherA-184782683 None] Lock "cinder-eaf2b191-edae-46d2-8dfd-4199c22926a4-delete_volume" acquired by "delete_volume" :: waited 0.028s {{(pid=93781) __acquire /opt/stack/cinder/cinder/coordination.py:141}}
Jun 30 16:09:20 devstack cinder-volume[93781]: DEBUG cinder.coordination [None req-acf9c6ef-e831-4b40-8f46-8ff4823573ce tempest-ServerActionsTestOtherA-184782683 None] Acquiring lock "cinder-quobyte-eaf2b191-edae-46d2-8dfd-4199c22926a4" by "delete_volume" {{(pid=93781) __acquire /opt/stack/cinder/cinder/coordination.py:138}}
Jun 30 16:09:20 devstack cinder-volume[93781]: DEBUG cinder.coordination [None req-acf9c6ef-e831-4b40-8f46-8ff4823573ce tempest-ServerActionsTestOtherA-184782683 None] Lock "cinder-quobyte-eaf2b191-edae-46d2-8dfd-4199c22926a4" acquired by "delete_volume" :: waited 0.021s {{(pid=93781) __acquire /opt/stack/cinder/cinder/coordination.py:141}}
Jun 30 16:09:20 devstack cinder-volume[93781]: DEBUG oslo.privsep.daemon [-] privsep: reply[cf0fa272-1a47-4bdb-ac76-ff166148b793]: (4, 'qcow2') {{(pid=94559) _call_back /opt/stack/data/venv/lib/python3.12/site-packages/oslo_privsep/daemon.py:580}}
Jun 30 16:09:20 devstack cinder-volume[93781]: DEBUG oslo_concurrency.processutils [None req-acf9c6ef-e831-4b40-8f46-8ff4823573ce tempest-ServerActionsTestOtherA-184782683 None] Running cmd (subprocess): /opt/stack/data/venv/bin/python3.12 -m oslo_concurrency.prlimit --as=1073741824 --cpu=60 -- sudo cinder-rootwrap /etc/cinder/rootwrap.conf env LC_ALL=C qemu-img info -f qcow2 --output=json --force-share /opt/stack/data/cinder/mnt/771643386658a1d16e55692a7fa749ba/volume-eaf2b191-edae-46d2-8dfd-4199c22926a4 {{(pid=93781) execute /opt/stack/data/venv/lib/python3.12/site-packages/oslo_concurrency/processutils.py:440}}
Jun 30 16:09:20 devstack sudo[98983]: quobyte : PWD=/ ; USER=root ; COMMAND=/opt/stack/data/venv/bin/cinder-rootwrap /etc/cinder/rootwrap.conf env LC_ALL=C qemu-img info -f qcow2 --output=json --force-share /opt/stack/data/cinder/mnt/771643386658a1d16e55692a7fa749ba/volume-eaf2b191-edae-46d2-8dfd-4199c22926a4
Jun 30 16:09:20 devstack sudo[98983]: pam_unix(sudo:session): session opened for user root(uid=0) by (uid=1000)
Jun 30 16:09:21 devstack sudo[98983]: pam_unix(sudo:session): session closed for user root
Jun 30 16:09:21 devstack cinder-volume[93781]: DEBUG oslo_concurrency.processutils [None req-acf9c6ef-e831-4b40-8f46-8ff4823573ce tempest-ServerActionsTestOtherA-184782683 None] CMD "/opt/stack/data/venv/bin/python3.12 -m oslo_concurrency.prlimit --as=1073741824 --cpu=60 -- sudo cinder-rootwrap /etc/cinder/rootwrap.conf env LC_ALL=C qemu-img info -f qcow2 --output=json --force-share /opt/stack/data/cinder/mnt/771643386658a1d16e55692a7fa749ba/volume-eaf2b191-edae-46d2-8dfd-4199c22926a4" returned: 0 in 1.057s {{(pid=93781) execute /opt/stack/data/venv/lib/python3.12/site-packages/oslo_concurrency/processutils.py:468}}
Jun 30 16:09:21 devstack cinder-volume[93781]: DEBUG oslo_concurrency.processutils [None req-acf9c6ef-e831-4b40-8f46-8ff4823573ce tempest-ServerActionsTestOtherA-184782683 None] Running cmd (subprocess): sudo cinder-rootwrap /etc/cinder/rootwrap.conf rm -f /opt/stack/data/cinder/mnt/771643386658a1d16e55692a7fa749ba/volume-eaf2b191-edae-46d2-8dfd-4199c22926a4 {{(pid=93781) execute /opt/stack/data/venv/lib/python3.12/site-packages/oslo_concurrency/processutils.py:440}}
Jun 30 16:09:21 devstack sudo[98988]: quobyte : PWD=/ ; USER=root ; COMMAND=/opt/stack/data/venv/bin/cinder-rootwrap /etc/cinder/rootwrap.conf rm -f /opt/stack/data/cinder/mnt/771643386658a1d16e55692a7fa749ba/volume-eaf2b191-edae-46d2-8dfd-4199c22926a4
Jun 30 16:09:21 devstack sudo[98988]: pam_unix(sudo:session): session opened for user root(uid=0) by (uid=1000)
Jun 30 16:09:22 devstack sudo[98988]: pam_unix(sudo:session): session closed for user root
Jun 30 16:09:22 devstack cinder-volume[93781]: DEBUG oslo_concurrency.processutils [None req-acf9c6ef-e831-4b40-8f46-8ff4823573ce tempest-ServerActionsTestOtherA-184782683 None] CMD "sudo cinder-rootwrap /etc/cinder/rootwrap.conf rm -f /opt/stack/data/cinder/mnt/771643386658a1d16e55692a7fa749ba/volume-eaf2b191-edae-46d2-8dfd-4199c22926a4" returned: 0 in 0.989s {{(pid=93781) execute /opt/stack/data/venv/lib/python3.12/site-packages/oslo_concurrency/processutils.py:468}}
Jun 30 16:09:22 devstack cinder-volume[93781]: DEBUG cinder.coordination [None req-acf9c6ef-e831-4b40-8f46-8ff4823573ce tempest-ServerActionsTestOtherA-184782683 None] Lock "cinder-quobyte-eaf2b191-edae-46d2-8dfd-4199c22926a4" released by "delete_volume" :: held 2.135s {{(pid=93781) __release /opt/stack/cinder/cinder/coordination.py:152}}
Jun 30 16:09:23 devstack cinder-volume[93781]: DEBUG cinder.quota [None req-acf9c6ef-e831-4b40-8f46-8ff4823573ce tempest-ServerActionsTestOtherA-184782683 None] Created reservations ['6c33bf26-04b3-4bae-b955-461f6234690c', '3f0b6c5e-b5c9-49db-9285-423b252c1169', '610d580b-ad73-4462-8d3d-e004a8f653bd', 'bc123a46-073c-43c6-929b-06a1391491b1'] {{(pid=93781) reserve /opt/stack/cinder/cinder/quota.py:752}}
Jun 30 16:09:23 devstack cinder-volume[93781]: DEBUG oslo_concurrency.lockutils [None req-acf9c6ef-e831-4b40-8f46-8ff4823573ce tempest-ServerActionsTestOtherA-184782683 None] Acquiring lock "quobyte_ensure" by "cinder.volume.drivers.quobyte.QuobyteDriver._ensure_shares_mounted" {{(pid=93781) inner /opt/stack/data/venv/lib/python3.12/site-packages/oslo_concurrency/lockutils.py:511}}
