Jan 12 12:25:04 devstack cinder-volume[81801]: DEBUG oslo_concurrency.processutils [None req-d107522d-8a0c-4be0-924d-c6439fb43a7d tempest-VolumesActionsTest-793743865 None] Running cmd (subprocess): /opt/stack/data/venv/bin/python3.10 -m oslo_concurrency.prlimit --as=1073741824 --cpu=60 -- sudo cinder-rootwrap /etc/cinder/rootwrap.conf env LC_ALL=C qemu-img info -f qcow2 --output=json /opt/stack/data/cinder/mnt/29061d18631494a9063a4add2edd69f4/volume-1831905a-16a5-473c-8ecd-43c8b3658b64 {{(pid=81801) execute /opt/stack/data/venv/lib/python3.10/site-packages/oslo_concurrency/processutils.py:349}}
Jan 12 12:25:05 devstack sudo[89259]: quobyte : PWD=/ ; USER=root ; COMMAND=/opt/stack/data/venv/bin/cinder-rootwrap /etc/cinder/rootwrap.conf env LC_ALL=C qemu-img info -f qcow2 --output=json /opt/stack/data/cinder/mnt/29061d18631494a9063a4add2edd69f4/volume-1831905a-16a5-473c-8ecd-43c8b3658b64
Jan 12 12:25:05 devstack sudo[89259]: pam_unix(sudo:session): session opened for user root(uid=0) by (uid=1000)
Jan 12 12:25:05 devstack sudo[89259]: pam_unix(sudo:session): session closed for user root
Jan 12 12:25:05 devstack cinder-volume[81801]: DEBUG oslo_concurrency.processutils [None req-d107522d-8a0c-4be0-924d-c6439fb43a7d tempest-VolumesActionsTest-793743865 None] CMD "/opt/stack/data/venv/bin/python3.10 -m oslo_concurrency.prlimit --as=1073741824 --cpu=60 -- sudo cinder-rootwrap /etc/cinder/rootwrap.conf env LC_ALL=C qemu-img info -f qcow2 --output=json /opt/stack/data/cinder/mnt/29061d18631494a9063a4add2edd69f4/volume-1831905a-16a5-473c-8ecd-43c8b3658b64" returned: 0 in 0.893s {{(pid=81801) execute /opt/stack/data/venv/lib/python3.10/site-packages/oslo_concurrency/processutils.py:372}}
Jan 12 12:25:05 devstack cinder-volume[81801]: DEBUG cinder.image.image_utils [None req-d107522d-8a0c-4be0-924d-c6439fb43a7d tempest-VolumesActionsTest-793743865 None] Image conversion details: src /opt/stack/data/cinder/mnt/29061d18631494a9063a4add2edd69f4/volume-1831905a-16a5-473c-8ecd-43c8b3658b64, size 1024.00 MB, duration 3.64 sec, destination /opt/stack/data/cinder/conversion/1831905a-16a5-473c-8ecd-43c8b3658b64.temp_image.287083e1-aa69-49d5-a76b-074763e0fc73lmz3tv4n.img {{(pid=81801) _convert_image /opt/stack/cinder/cinder/image/image_utils.py:537}}
Jan 12 12:25:05 devstack cinder-volume[81801]: INFO cinder.image.image_utils [None req-d107522d-8a0c-4be0-924d-c6439fb43a7d tempest-VolumesActionsTest-793743865 None] Converted 1024.00 MB image at 281.56 MB/s
Jan 12 12:25:05 devstack cinder-volume[81801]: DEBUG cinder.image.image_utils [None req-d107522d-8a0c-4be0-924d-c6439fb43a7d tempest-VolumesActionsTest-793743865 None] 287083e1-aa69-49d5-a76b-074763e0fc73 was raw, no need to convert to raw {{(pid=81801) upload_volume /opt/stack/cinder/cinder/image/image_utils.py:1163}}
Jan 12 12:25:07 devstack cinder-volume[81801]: DEBUG oslo_concurrency.lockutils [req-2b98c66e-7bf3-4550-9547-8a0bb72e0052 req-5000991d-981e-47b8-bc82-6b361ed8e2b4 tempest-ServerActionsV293TestJSON-1363791201 None] Acquiring lock "quobyte" by "cinder.volume.drivers.quobyte.QuobyteDriver.initialize_connection" {{(pid=81801) inner /opt/stack/data/venv/lib/python3.10/site-packages/oslo_concurrency/lockutils.py:405}}
Jan 12 12:25:17 devstack cinder-volume[81801]: DEBUG dbcounter [-] [81801] Writing DB stats cinder:INSERT=7,cinder:SELECT=10,cinder:UPDATE=2 {{(pid=81801) stat_writer /opt/stack/data/venv/lib/python3.10/site-packages/dbcounter.py:115}}
Jan 12 12:25:17 devstack cinder-volume[81801]: DEBUG dbcounter [-] [81801] Writing DB stats cinder:SELECT=17,cinder:INSERT=8,cinder:UPDATE=6,cinder:DELETE=1 {{(pid=81801) stat_writer /opt/stack/data/venv/lib/python3.10/site-packages/dbcounter.py:115}}
Jan 12 12:25:19 devstack cinder-volume[81801]: DEBUG oslo_concurrency.lockutils [None req-d107522d-8a0c-4be0-924d-c6439fb43a7d tempest-VolumesActionsTest-793743865 None] Lock "quobyte" "released" by "cinder.volume.drivers.quobyte.QuobyteDriver.copy_volume_to_image" :: held 21.538s {{(pid=81801) inner /opt/stack/data/venv/lib/python3.10/site-packages/oslo_concurrency/lockutils.py:424}}
Jan 12 12:25:19 devstack cinder-volume[81801]: DEBUG cinder.volume.manager [None req-d107522d-8a0c-4be0-924d-c6439fb43a7d tempest-VolumesActionsTest-793743865 None] Uploaded volume to glance image-id: 287083e1-aa69-49d5-a76b-074763e0fc73. {{(pid=81801) copy_volume_to_image /opt/stack/cinder/cinder/volume/manager.py:1781}}
Jan 12 12:25:19 devstack cinder-volume[81801]: DEBUG oslo_concurrency.lockutils [None req-ae580932-7353-44f2-8980-f36851d29684 tempest-ServerRescueNegativeTestJSON-545003302 None] Lock "quobyte" acquired by "cinder.volume.drivers.quobyte.QuobyteDriver.create_volume" :: waited 18.194s {{(pid=81801) inner /opt/stack/data/venv/lib/python3.10/site-packages/oslo_concurrency/lockutils.py:410}}
Jan 12 12:25:19 devstack cinder-volume[81801]: DEBUG cinder.volume.drivers.quobyte [None req-ae580932-7353-44f2-8980-f36851d29684 tempest-ServerRescueNegativeTestJSON-545003302 None] ==> create_volume: call "{'self': , 'volume': Volume(_name_id=None,admin_metadata=,attach_status='detached',availability_zone='nova',bootable=False,cluster=,cluster_name=None,consistencygroup=,consistencygroup_id=None,created_at=2026-01-12T11:25:01Z,deleted=False,deleted_at=None,display_description=None,display_name='tempest-ServerRescueNegativeTestJSON-volume-549360766',ec2_id=None,encryption_key_id=None,glance_metadata=,group=,group_id=None,host='devstack@QuobyteHD#QuobyteHD',id=b6c80e18-11df-4e50-bf62-b16ad60da7cd,launched_at=None,metadata={},migration_status=None,multiattach=False,previous_status=None,project_id='5c4eec633429410b82a45058c2df5540',provider_auth=None,provider_geometry=None,provider_id=None,provider_location=None,replication_driver_data=None,replication_extended_status=None,replication_status=None,scheduled_at=2026-01-12T11:25:01Z,service_uuid=None,shared_targets=True,size=1,snapshot_id=None,snapshots=,source_volid=None,status='creating',terminated_at=None,updated_at=2026-01-12T11:25:01Z,use_quota=True,user_id='de602faad9314e709aa236e6cbb9e935',volume_attachment=VolumeAttachmentList,volume_type=VolumeType(eb442c37-5587-45e1-9349-5f2d6b49312e),volume_type_id=eb442c37-5587-45e1-9349-5f2d6b49312e)}" {{(pid=81801) trace_logging_wrapper /opt/stack/cinder/cinder/volume/volume_utils.py:1498}}
Jan 12 12:25:19 devstack cinder-volume[81801]: DEBUG cinder.volume.drivers.remotefs [None req-ae580932-7353-44f2-8980-f36851d29684 tempest-ServerRescueNegativeTestJSON-545003302 None] Creating volume b6c80e18-11df-4e50-bf62-b16ad60da7cd {{(pid=81801) create_volume /opt/stack/cinder/cinder/volume/drivers/remotefs.py:292}}
Jan 12 12:25:19 devstack cinder-volume[81801]: DEBUG oslo_concurrency.lockutils [None req-ae580932-7353-44f2-8980-f36851d29684 tempest-ServerRescueNegativeTestJSON-545003302 None] Acquiring lock "quobyte_ensure" by "cinder.volume.drivers.quobyte.QuobyteDriver._ensure_shares_mounted" {{(pid=81801) inner /opt/stack/data/venv/lib/python3.10/site-packages/oslo_concurrency/lockutils.py:405}}
Jan 12 12:25:19 devstack cinder-volume[81801]: DEBUG oslo_concurrency.lockutils [None req-ae580932-7353-44f2-8980-f36851d29684 tempest-ServerRescueNegativeTestJSON-545003302 None] Lock "quobyte_ensure" acquired by "cinder.volume.drivers.quobyte.QuobyteDriver._ensure_shares_mounted" :: waited 0.000s {{(pid=81801) inner /opt/stack/data/venv/lib/python3.10/site-packages/oslo_concurrency/lockutils.py:410}}
Jan 12 12:25:19 devstack cinder-volume[81801]: DEBUG cinder.volume.drivers.quobyte [None req-ae580932-7353-44f2-8980-f36851d29684 tempest-ServerRescueNegativeTestJSON-545003302 None] Quobyte Volume URL set to: {'osci02.corp.quobyte.com/cinder-vol-bcc13ddf-adbd-4b18-abb1-dd8c436bef86': None} {{(pid=81801) _load_shares_config /opt/stack/cinder/cinder/volume/drivers/quobyte.py:611}}
Jan 12 12:25:19 devstack cinder-volume[81801]: DEBUG cinder.volume.drivers.quobyte [None req-ae580932-7353-44f2-8980-f36851d29684 tempest-ServerRescueNegativeTestJSON-545003302 None] Available shares ['osci02.corp.quobyte.com/cinder-vol-bcc13ddf-adbd-4b18-abb1-dd8c436bef86'] {{(pid=81801) _ensure_shares_mounted /opt/stack/cinder/cinder/volume/drivers/quobyte.py:641}}
Jan 12 12:25:19 devstack cinder-volume[81801]: DEBUG oslo_concurrency.lockutils [None req-ae580932-7353-44f2-8980-f36851d29684 tempest-ServerRescueNegativeTestJSON-545003302 None] Lock "quobyte_ensure" "released" by "cinder.volume.drivers.quobyte.QuobyteDriver._ensure_shares_mounted" :: held 0.020s {{(pid=81801) inner /opt/stack/data/venv/lib/python3.10/site-packages/oslo_concurrency/lockutils.py:424}}
Jan 12 12:25:19 devstack cinder-volume[81801]: DEBUG cinder.volume.drivers.quobyte [None req-ae580932-7353-44f2-8980-f36851d29684 tempest-ServerRescueNegativeTestJSON-545003302 None] Selected osci02.corp.quobyte.com/cinder-vol-bcc13ddf-adbd-4b18-abb1-dd8c436bef86 as target Quobyte volume. {{(pid=81801) _find_share /opt/stack/cinder/cinder/volume/drivers/quobyte.py:662}}
Jan 12 12:25:19 devstack cinder-volume[81801]: INFO cinder.volume.drivers.remotefs [None req-ae580932-7353-44f2-8980-f36851d29684 tempest-ServerRescueNegativeTestJSON-545003302 None] casted to osci02.corp.quobyte.com/cinder-vol-bcc13ddf-adbd-4b18-abb1-dd8c436bef86
Jan 12 12:25:19 devstack cinder-volume[81801]: DEBUG oslo_concurrency.processutils [None req-ae580932-7353-44f2-8980-f36851d29684 tempest-ServerRescueNegativeTestJSON-545003302 None] Running cmd (subprocess): sudo cinder-rootwrap /etc/cinder/rootwrap.conf qemu-img create -f qcow2 -o preallocation=metadata /opt/stack/data/cinder/mnt/29061d18631494a9063a4add2edd69f4/volume-b6c80e18-11df-4e50-bf62-b16ad60da7cd 1073741824 {{(pid=81801) execute /opt/stack/data/venv/lib/python3.10/site-packages/oslo_concurrency/processutils.py:349}}
Jan 12 12:25:19 devstack sudo[89608]: quobyte : PWD=/ ; USER=root ; COMMAND=/opt/stack/data/venv/bin/cinder-rootwrap /etc/cinder/rootwrap.conf qemu-img create -f qcow2 -o preallocation=metadata /opt/stack/data/cinder/mnt/29061d18631494a9063a4add2edd69f4/volume-b6c80e18-11df-4e50-bf62-b16ad60da7cd 1073741824
Jan 12 12:25:19 devstack sudo[89608]: pam_unix(sudo:session): session opened for user root(uid=0) by (uid=1000)
Jan 12 12:25:19 devstack cinder-volume[81801]: INFO cinder.volume.manager [None req-d107522d-8a0c-4be0-924d-c6439fb43a7d tempest-VolumesActionsTest-793743865 None] Copy volume to image completed successfully.
Jan 12 12:25:20 devstack sudo[89608]: pam_unix(sudo:session): session closed for user root
Jan 12 12:25:20 devstack cinder-volume[81801]: DEBUG oslo_concurrency.processutils [None req-ae580932-7353-44f2-8980-f36851d29684 tempest-ServerRescueNegativeTestJSON-545003302 None] CMD "sudo cinder-rootwrap /etc/cinder/rootwrap.conf qemu-img create -f qcow2 -o preallocation=metadata /opt/stack/data/cinder/mnt/29061d18631494a9063a4add2edd69f4/volume-b6c80e18-11df-4e50-bf62-b16ad60da7cd 1073741824" returned: 0 in 1.175s {{(pid=81801) execute /opt/stack/data/venv/lib/python3.10/site-packages/oslo_concurrency/processutils.py:372}}
Jan 12 12:25:20 devstack cinder-volume[81801]: DEBUG oslo_concurrency.processutils [None req-ae580932-7353-44f2-8980-f36851d29684 tempest-ServerRescueNegativeTestJSON-545003302 None] Running cmd (subprocess): sudo cinder-rootwrap /etc/cinder/rootwrap.conf chmod ugo+rw /opt/stack/data/cinder/mnt/29061d18631494a9063a4add2edd69f4/volume-b6c80e18-11df-4e50-bf62-b16ad60da7cd {{(pid=81801) execute /opt/stack/data/venv/lib/python3.10/site-packages/oslo_concurrency/processutils.py:349}}
Jan 12 12:25:20 devstack sudo[89613]: quobyte : PWD=/ ; USER=root ; COMMAND=/opt/stack/data/venv/bin/cinder-rootwrap /etc/cinder/rootwrap.conf chmod ugo+rw /opt/stack/data/cinder/mnt/29061d18631494a9063a4add2edd69f4/volume-b6c80e18-11df-4e50-bf62-b16ad60da7cd
Jan 12 12:25:20 devstack sudo[89613]: pam_unix(sudo:session): session opened for user root(uid=0) by (uid=1000)
Jan 12 12:25:20 devstack cinder-volume[81801]: WARNING cinder.volume.volume_utils [None req-78cea0b7-833a-46a0-82dc-1fa66432c59a tempest-VolumesActionsTest-793743865 None] Volume driver (QuobyteDriver 1.1.13) is currently unsupported and may be removed in the next release of OpenStack. Use at your own risk.
Jan 12 12:25:20 devstack cinder-volume[81801]: DEBUG oslo_concurrency.lockutils [None req-78cea0b7-833a-46a0-82dc-1fa66432c59a tempest-VolumesActionsTest-793743865 None] Acquiring lock "quobyte" by "cinder.volume.drivers.quobyte.QuobyteDriver.copy_volume_to_image" {{(pid=81801) inner /opt/stack/data/venv/lib/python3.10/site-packages/oslo_concurrency/lockutils.py:405}}
Jan 12 12:25:21 devstack sudo[89613]: pam_unix(sudo:session): session closed for user root
Jan 12 12:25:21 devstack cinder-volume[81801]: DEBUG oslo_concurrency.processutils [None req-ae580932-7353-44f2-8980-f36851d29684 tempest-ServerRescueNegativeTestJSON-545003302 None] CMD "sudo cinder-rootwrap /etc/cinder/rootwrap.conf chmod ugo+rw /opt/stack/data/cinder/mnt/29061d18631494a9063a4add2edd69f4/volume-b6c80e18-11df-4e50-bf62-b16ad60da7cd" returned: 0 in 0.763s {{(pid=81801) execute /opt/stack/data/venv/lib/python3.10/site-packages/oslo_concurrency/processutils.py:372}}
Jan 12 12:25:21 devstack cinder-volume[81801]: DEBUG cinder.volume.drivers.quobyte [None req-ae580932-7353-44f2-8980-f36851d29684 tempest-ServerRescueNegativeTestJSON-545003302 None] <== create_volume: return (1980ms) {'provider_location': 'osci02.corp.quobyte.com/cinder-vol-bcc13ddf-adbd-4b18-abb1-dd8c436bef86'} {{(pid=81801) trace_logging_wrapper /opt/stack/cinder/cinder/volume/volume_utils.py:1523}}
Jan 12 12:25:21 devstack cinder-volume[81801]: DEBUG oslo_concurrency.lockutils [None req-ae580932-7353-44f2-8980-f36851d29684 tempest-ServerRescueNegativeTestJSON-545003302 None] Lock "quobyte" "released" by "cinder.volume.drivers.quobyte.QuobyteDriver.create_volume" :: held 1.982s {{(pid=81801) inner /opt/stack/data/venv/lib/python3.10/site-packages/oslo_concurrency/lockutils.py:424}}
Jan 12 12:25:21 devstack cinder-volume[81801]: DEBUG oslo_concurrency.lockutils [req-2b98c66e-7bf3-4550-9547-8a0bb72e0052 req-5000991d-981e-47b8-bc82-6b361ed8e2b4 tempest-ServerActionsV293TestJSON-1363791201 None] Lock "quobyte" acquired by "cinder.volume.drivers.quobyte.QuobyteDriver.initialize_connection" :: waited 13.972s {{(pid=81801) inner /opt/stack/data/venv/lib/python3.10/site-packages/oslo_concurrency/lockutils.py:410}}
Jan 12 12:25:21 devstack cinder-volume[81801]: DEBUG cinder.volume.manager [None req-ae580932-7353-44f2-8980-f36851d29684 tempest-ServerRescueNegativeTestJSON-545003302 None] Task 'cinder.volume.flows.manager.create_volume.CreateVolumeFromSpecTask;volume:create' (f5d7c9ff-28e4-4bce-9442-879a74566e2d) transitioned into state 'SUCCESS' from state 'RUNNING' with result '{'status': 'creating', 'volume_name': 'volume-b6c80e18-11df-4e50-bf62-b16ad60da7cd', 'volume_size': 1}' {{(pid=81801) _task_receiver /opt/stack/data/venv/lib/python3.10/site-packages/taskflow/listeners/logging.py:182}}
Jan 12 12:25:21 devstack cinder-volume[81801]: DEBUG cinder.volume.manager [None req-ae580932-7353-44f2-8980-f36851d29684 tempest-ServerRescueNegativeTestJSON-545003302 None] Task 'cinder.volume.flows.manager.create_volume.CreateVolumeOnFinishTask;volume:create, create.end' (0e7e2612-f7ee-4d41-8c4d-86e2beeafce4) transitioned into state 'RUNNING' from state 'PENDING' {{(pid=81801) _task_receiver /opt/stack/data/venv/lib/python3.10/site-packages/taskflow/listeners/logging.py:194}}
Jan 12 12:25:21 devstack cinder-volume[81801]: INFO cinder.volume.flows.manager.create_volume [None req-ae580932-7353-44f2-8980-f36851d29684 tempest-ServerRescueNegativeTestJSON-545003302 None] Volume volume-b6c80e18-11df-4e50-bf62-b16ad60da7cd (b6c80e18-11df-4e50-bf62-b16ad60da7cd): created successfully
Jan 12 12:25:21 devstack cinder-volume[81801]: DEBUG cinder.volume.manager [None req-ae580932-7353-44f2-8980-f36851d29684 tempest-ServerRescueNegativeTestJSON-545003302 None] Task 'cinder.volume.flows.manager.create_volume.CreateVolumeOnFinishTask;volume:create, create.end' (0e7e2612-f7ee-4d41-8c4d-86e2beeafce4) transitioned into state 'SUCCESS' from state 'RUNNING' with result 'None' {{(pid=81801) _task_receiver /opt/stack/data/venv/lib/python3.10/site-packages/taskflow/listeners/logging.py:182}}
Jan 12 12:25:21 devstack cinder-volume[81801]: DEBUG cinder.volume.manager [None req-ae580932-7353-44f2-8980-f36851d29684 tempest-ServerRescueNegativeTestJSON-545003302 None] Flow 'volume_create_manager' (f27f2c4d-779e-400c-b4c9-770468dc6e6a) transitioned into state 'SUCCESS' from state 'RUNNING' {{(pid=81801) _flow_receiver /opt/stack/data/venv/lib/python3.10/site-packages/taskflow/listeners/logging.py:145}}
Jan 12 12:25:21 devstack cinder-volume[81801]: INFO cinder.volume.manager [None req-ae580932-7353-44f2-8980-f36851d29684 tempest-ServerRescueNegativeTestJSON-545003302 None] Created volume successfully.
Jan 12 12:25:21 devstack cinder-volume[81801]: DEBUG oslo.privsep.daemon [-] privsep: reply[4dc29ec5-ce97-46b5-aece-345b75ba477e]: (4, 'raw') {{(pid=82474) _call_back /opt/stack/data/venv/lib/python3.10/site-packages/oslo_privsep/daemon.py:515}}
Jan 12 12:25:21 devstack cinder-volume[81801]: DEBUG oslo_concurrency.processutils [req-2b98c66e-7bf3-4550-9547-8a0bb72e0052 req-5000991d-981e-47b8-bc82-6b361ed8e2b4 tempest-ServerActionsV293TestJSON-1363791201 None] Running cmd (subprocess): /opt/stack/data/venv/bin/python3.10 -m oslo_concurrency.prlimit --as=1073741824 --cpu=60 -- sudo cinder-rootwrap /etc/cinder/rootwrap.conf env LC_ALL=C qemu-img info -f raw --output=json --force-share /opt/stack/data/cinder/mnt/29061d18631494a9063a4add2edd69f4/volume-a529aa56-4354-4d34-b7b7-16fffb14e06a {{(pid=81801) execute /opt/stack/data/venv/lib/python3.10/site-packages/oslo_concurrency/processutils.py:349}}
Jan 12 12:25:21 devstack sudo[89617]: quobyte : PWD=/ ; USER=root ; COMMAND=/opt/stack/data/venv/bin/cinder-rootwrap /etc/cinder/rootwrap.conf env LC_ALL=C qemu-img info -f raw --output=json --force-share /opt/stack/data/cinder/mnt/29061d18631494a9063a4add2edd69f4/volume-a529aa56-4354-4d34-b7b7-16fffb14e06a
Jan 12 12:25:21 devstack sudo[89617]: pam_unix(sudo:session): session opened for user root(uid=0) by (uid=1000)
Jan 12 12:25:22 devstack sudo[89617]: pam_unix(sudo:session): session closed for user root
Jan 12 12:25:22 devstack cinder-volume[81801]: DEBUG oslo_concurrency.processutils [req-2b98c66e-7bf3-4550-9547-8a0bb72e0052 req-5000991d-981e-47b8-bc82-6b361ed8e2b4 tempest-ServerActionsV293TestJSON-1363791201 None] CMD "/opt/stack/data/venv/bin/python3.10 -m oslo_concurrency.prlimit --as=1073741824 --cpu=60 -- sudo cinder-rootwrap /etc/cinder/rootwrap.conf env LC_ALL=C qemu-img info -f raw --output=json --force-share /opt/stack/data/cinder/mnt/29061d18631494a9063a4add2edd69f4/volume-a529aa56-4354-4d34-b7b7-16fffb14e06a" returned: 0 in 1.036s {{(pid=81801) execute /opt/stack/data/venv/lib/python3.10/site-packages/oslo_concurrency/processutils.py:372}}
Jan 12 12:25:22 devstack cinder-volume[81801]: DEBUG oslo_concurrency.processutils [req-2b98c66e-7bf3-4550-9547-8a0bb72e0052 req-5000991d-981e-47b8-bc82-6b361ed8e2b4 tempest-ServerActionsV293TestJSON-1363791201 None] Running cmd (subprocess): /opt/stack/data/venv/bin/python3.10 -m oslo_concurrency.prlimit --as=1073741824 --cpu=60 -- sudo cinder-rootwrap /etc/cinder/rootwrap.conf env LC_ALL=C qemu-img info -f luks --output=json --force-share /opt/stack/data/cinder/mnt/29061d18631494a9063a4add2edd69f4/volume-a529aa56-4354-4d34-b7b7-16fffb14e06a {{(pid=81801) execute /opt/stack/data/venv/lib/python3.10/site-packages/oslo_concurrency/processutils.py:349}}
Jan 12 12:25:22 devstack sudo[89624]: quobyte : PWD=/ ; USER=root ; COMMAND=/opt/stack/data/venv/bin/cinder-rootwrap /etc/cinder/rootwrap.conf env LC_ALL=C qemu-img info -f luks --output=json --force-share /opt/stack/data/cinder/mnt/29061d18631494a9063a4add2edd69f4/volume-a529aa56-4354-4d34-b7b7-16fffb14e06a
Jan 12 12:25:22 devstack sudo[89624]: pam_unix(sudo:session): session opened for user root(uid=0) by (uid=1000)
Jan 12 12:25:23 devstack sudo[89624]: pam_unix(sudo:session): session closed for user root
Jan 12 12:25:23 devstack cinder-volume[81801]: DEBUG oslo_concurrency.processutils [req-2b98c66e-7bf3-4550-9547-8a0bb72e0052 req-5000991d-981e-47b8-bc82-6b361ed8e2b4 tempest-ServerActionsV293TestJSON-1363791201 None] CMD "/opt/stack/data/venv/bin/python3.10 -m oslo_concurrency.prlimit --as=1073741824 --cpu=60 -- sudo cinder-rootwrap /etc/cinder/rootwrap.conf env LC_ALL=C qemu-img info -f luks --output=json --force-share /opt/stack/data/cinder/mnt/29061d18631494a9063a4add2edd69f4/volume-a529aa56-4354-4d34-b7b7-16fffb14e06a" returned: 1 in 1.205s {{(pid=81801) execute /opt/stack/data/venv/lib/python3.10/site-packages/oslo_concurrency/processutils.py:372}}
Jan 12 12:25:23 devstack cinder-volume[81801]: DEBUG oslo_concurrency.processutils [req-2b98c66e-7bf3-4550-9547-8a0bb72e0052 req-5000991d-981e-47b8-bc82-6b361ed8e2b4 tempest-ServerActionsV293TestJSON-1363791201 None] '/opt/stack/data/venv/bin/python3.10 -m oslo_concurrency.prlimit --as=1073741824 --cpu=60 -- sudo cinder-rootwrap /etc/cinder/rootwrap.conf env LC_ALL=C qemu-img info -f luks --output=json --force-share /opt/stack/data/cinder/mnt/29061d18631494a9063a4add2edd69f4/volume-a529aa56-4354-4d34-b7b7-16fffb14e06a' failed. Not Retrying. {{(pid=81801) execute /opt/stack/data/venv/lib/python3.10/site-packages/oslo_concurrency/processutils.py:423}}
Jan 12 12:25:23 devstack cinder-volume[81801]: DEBUG oslo_concurrency.lockutils [req-2b98c66e-7bf3-4550-9547-8a0bb72e0052 req-5000991d-981e-47b8-bc82-6b361ed8e2b4 tempest-ServerActionsV293TestJSON-1363791201 None] Lock "quobyte" "released" by "cinder.volume.drivers.quobyte.QuobyteDriver.initialize_connection" :: held 2.364s {{(pid=81801) inner /opt/stack/data/venv/lib/python3.10/site-packages/oslo_concurrency/lockutils.py:424}}
Jan 12 12:25:23 devstack cinder-volume[81801]: DEBUG oslo_concurrency.lockutils [None req-78cea0b7-833a-46a0-82dc-1fa66432c59a tempest-VolumesActionsTest-793743865 None] Lock "quobyte" acquired by "cinder.volume.drivers.quobyte.QuobyteDriver.copy_volume_to_image" :: waited 2.867s {{(pid=81801) inner /opt/stack/data/venv/lib/python3.10/site-packages/oslo_concurrency/lockutils.py:410}}
Jan 12 12:25:23 devstack cinder-volume[81801]: DEBUG oslo.privsep.daemon [-] privsep: reply[b8ef99ce-2494-4898-9a2a-0db98cbf3a5f]: (4, 'qcow2') {{(pid=82474) _call_back /opt/stack/data/venv/lib/python3.10/site-packages/oslo_privsep/daemon.py:515}}
Jan 12 12:25:23 devstack cinder-volume[81801]: DEBUG oslo_concurrency.processutils [None req-78cea0b7-833a-46a0-82dc-1fa66432c59a tempest-VolumesActionsTest-793743865 None] Running cmd (subprocess): /opt/stack/data/venv/bin/python3.10 -m oslo_concurrency.prlimit --as=1073741824 --cpu=60 -- sudo cinder-rootwrap /etc/cinder/rootwrap.conf env LC_ALL=C qemu-img info -f qcow2 --output=json --force-share /opt/stack/data/cinder/mnt/29061d18631494a9063a4add2edd69f4/volume-1831905a-16a5-473c-8ecd-43c8b3658b64 {{(pid=81801) execute /opt/stack/data/venv/lib/python3.10/site-packages/oslo_concurrency/processutils.py:349}}
Jan 12 12:25:23 devstack cinder-volume[81801]: DEBUG cinder.volume.manager [req-2b98c66e-7bf3-4550-9547-8a0bb72e0052 req-5000991d-981e-47b8-bc82-6b361ed8e2b4 tempest-ServerActionsV293TestJSON-1363791201 None] Connection info returned from driver {'export': 'osci02.corp.quobyte.com/cinder-vol-bcc13ddf-adbd-4b18-abb1-dd8c436bef86', 'name': 'volume-a529aa56-4354-4d34-b7b7-16fffb14e06a', 'options': None, 'format': 'raw', 'qos_specs': None, 'access_mode': 'rw', 'encrypted': False, 'cacheable': False, 'driver_volume_type': 'quobyte', 'mount_point_base': '/opt/stack/data/cinder/mnt', 'attachment_id': 'c3a0355f-fc00-4d55-9dce-60229a96760b', 'enforce_multipath': True} {{(pid=81801) _connection_create /opt/stack/cinder/cinder/volume/manager.py:4893}}
Jan 12 12:25:23 devstack cinder-volume[81801]: WARNING cinder.volume.volume_utils [req-2b98c66e-7bf3-4550-9547-8a0bb72e0052 req-5000991d-981e-47b8-bc82-6b361ed8e2b4 tempest-ServerActionsV293TestJSON-1363791201 None] Volume driver (QuobyteDriver 1.1.13) is currently unsupported and may be removed in the next release of OpenStack. Use at your own risk.
Jan 12 12:25:23 devstack cinder-volume[81801]: INFO cinder.volume.manager [req-2b98c66e-7bf3-4550-9547-8a0bb72e0052 req-5000991d-981e-47b8-bc82-6b361ed8e2b4 tempest-ServerActionsV293TestJSON-1363791201 None] attachment_update completed successfully.
Jan 12 12:25:23 devstack sudo[89630]: quobyte : PWD=/ ; USER=root ; COMMAND=/opt/stack/data/venv/bin/cinder-rootwrap /etc/cinder/rootwrap.conf env LC_ALL=C qemu-img info -f qcow2 --output=json --force-share /opt/stack/data/cinder/mnt/29061d18631494a9063a4add2edd69f4/volume-1831905a-16a5-473c-8ecd-43c8b3658b64
Jan 12 12:25:23 devstack sudo[89630]: pam_unix(sudo:session): session opened for user root(uid=0) by (uid=1000)
Jan 12 12:25:25 devstack sudo[89630]: pam_unix(sudo:session): session closed for user root
Jan 12 12:25:25 devstack cinder-volume[81801]: DEBUG oslo_concurrency.processutils [None req-78cea0b7-833a-46a0-82dc-1fa66432c59a tempest-VolumesActionsTest-793743865 None] CMD "/opt/stack/data/venv/bin/python3.10 -m oslo_concurrency.prlimit --as=1073741824 --cpu=60 -- sudo cinder-rootwrap /etc/cinder/rootwrap.conf env LC_ALL=C qemu-img info -f qcow2 --output=json --force-share /opt/stack/data/cinder/mnt/29061d18631494a9063a4add2edd69f4/volume-1831905a-16a5-473c-8ecd-43c8b3658b64" returned: 0 in 1.642s {{(pid=81801) execute /opt/stack/data/venv/lib/python3.10/site-packages/oslo_concurrency/processutils.py:372}}
Jan 12 12:25:25 devstack cinder-volume[81801]: DEBUG oslo.privsep.daemon [-] privsep: reply[7e636133-2e85-4222-9792-bb0c111eaddd]: (4, 'qcow2') {{(pid=82474) _call_back /opt/stack/data/venv/lib/python3.10/site-packages/oslo_privsep/daemon.py:515}}
Jan 12 12:25:25 devstack cinder-volume[81801]: DEBUG oslo_concurrency.processutils [None req-78cea0b7-833a-46a0-82dc-1fa66432c59a tempest-VolumesActionsTest-793743865 None] Running cmd (subprocess): /opt/stack/data/venv/bin/python3.10 -m oslo_concurrency.prlimit --as=1073741824 --cpu=60 -- sudo cinder-rootwrap /etc/cinder/rootwrap.conf env LC_ALL=C qemu-img info -f qcow2 --output=json /opt/stack/data/cinder/mnt/29061d18631494a9063a4add2edd69f4/volume-1831905a-16a5-473c-8ecd-43c8b3658b64 {{(pid=81801) execute /opt/stack/data/venv/lib/python3.10/site-packages/oslo_concurrency/processutils.py:349}}
Jan 12 12:25:25 devstack sudo[89636]: quobyte : PWD=/ ; USER=root ; COMMAND=/opt/stack/data/venv/bin/cinder-rootwrap /etc/cinder/rootwrap.conf env LC_ALL=C qemu-img info -f qcow2 --output=json /opt/stack/data/cinder/mnt/29061d18631494a9063a4add2edd69f4/volume-1831905a-16a5-473c-8ecd-43c8b3658b64
Jan 12 12:25:25 devstack sudo[89636]: pam_unix(sudo:session): session opened for user root(uid=0) by (uid=1000)
Jan 12 12:25:26 devstack sudo[89636]: pam_unix(sudo:session): session closed for user root
Jan 12 12:25:26 devstack cinder-volume[81801]: DEBUG oslo_concurrency.processutils [None req-78cea0b7-833a-46a0-82dc-1fa66432c59a tempest-VolumesActionsTest-793743865 None] CMD "/opt/stack/data/venv/bin/python3.10 -m oslo_concurrency.prlimit --as=1073741824 --cpu=60 -- sudo cinder-rootwrap /etc/cinder/rootwrap.conf env LC_ALL=C qemu-img info -f qcow2 --output=json /opt/stack/data/cinder/mnt/29061d18631494a9063a4add2edd69f4/volume-1831905a-16a5-473c-8ecd-43c8b3658b64" returned: 0 in 0.863s {{(pid=81801) execute /opt/stack/data/venv/lib/python3.10/site-packages/oslo_concurrency/processutils.py:372}}
Jan 12 12:25:26 devstack cinder-volume[81801]: DEBUG oslo_concurrency.processutils [None req-78cea0b7-833a-46a0-82dc-1fa66432c59a tempest-VolumesActionsTest-793743865 None] Running cmd (subprocess): sudo cinder-rootwrap /etc/cinder/rootwrap.conf qemu-img convert -O raw /opt/stack/data/cinder/mnt/29061d18631494a9063a4add2edd69f4/volume-1831905a-16a5-473c-8ecd-43c8b3658b64 /opt/stack/data/cinder/conversion/1831905a-16a5-473c-8ecd-43c8b3658b64.temp_image.2e679240-04dc-4d95-8309-985dcf62f377prz76k2b.img {{(pid=81801) execute /opt/stack/data/venv/lib/python3.10/site-packages/oslo_concurrency/processutils.py:349}}
Jan 12 12:25:26 devstack sudo[89717]: quobyte : PWD=/ ; USER=root ; COMMAND=/opt/stack/data/venv/bin/cinder-rootwrap /etc/cinder/rootwrap.conf qemu-img convert -O raw /opt/stack/data/cinder/mnt/29061d18631494a9063a4add2edd69f4/volume-1831905a-16a5-473c-8ecd-43c8b3658b64 /opt/stack/data/cinder/conversion/1831905a-16a5-473c-8ecd-43c8b3658b64.temp_image.2e679240-04dc-4d95-8309-985dcf62f377prz76k2b.img
Jan 12 12:25:26 devstack sudo[89717]: pam_unix(sudo:session): session opened for user root(uid=0) by (uid=1000)
Jan 12 12:25:32 devstack sudo[89717]: pam_unix(sudo:session): session closed for user root
Jan 12 12:25:32 devstack cinder-volume[81801]: DEBUG oslo_concurrency.processutils [None req-78cea0b7-833a-46a0-82dc-1fa66432c59a tempest-VolumesActionsTest-793743865 None] CMD "sudo cinder-rootwrap /etc/cinder/rootwrap.conf qemu-img convert -O raw /opt/stack/data/cinder/mnt/29061d18631494a9063a4add2edd69f4/volume-1831905a-16a5-473c-8ecd-43c8b3658b64 /opt/stack/data/cinder/conversion/1831905a-16a5-473c-8ecd-43c8b3658b64.temp_image.2e679240-04dc-4d95-8309-985dcf62f377prz76k2b.img" returned: 0 in 5.915s {{(pid=81801) execute /opt/stack/data/venv/lib/python3.10/site-packages/oslo_concurrency/processutils.py:372}}
Jan 12 12:25:32 devstack cinder-volume[81801]: DEBUG oslo.privsep.daemon [-] privsep: reply[67bd4ed1-0127-4580-bf3e-d8b5b830a544]: (4, 'qcow2') {{(pid=82474) _call_back /opt/stack/data/venv/lib/python3.10/site-packages/oslo_privsep/daemon.py:515}}
Jan 12 12:25:32 devstack cinder-volume[81801]: DEBUG oslo_concurrency.processutils [None req-78cea0b7-833a-46a0-82dc-1fa66432c59a tempest-VolumesActionsTest-793743865 None] Running cmd (subprocess): /opt/stack/data/venv/bin/python3.10 -m oslo_concurrency.prlimit --as=1073741824 --cpu=60 -- sudo cinder-rootwrap /etc/cinder/rootwrap.conf env LC_ALL=C qemu-img info -f qcow2 --output=json /opt/stack/data/cinder/mnt/29061d18631494a9063a4add2edd69f4/volume-1831905a-16a5-473c-8ecd-43c8b3658b64 {{(pid=81801) execute /opt/stack/data/venv/lib/python3.10/site-packages/oslo_concurrency/processutils.py:349}}
Jan 12 12:25:32 devstack sudo[90119]: quobyte : PWD=/ ; USER=root ; COMMAND=/opt/stack/data/venv/bin/cinder-rootwrap /etc/cinder/rootwrap.conf env LC_ALL=C qemu-img info -f qcow2 --output=json /opt/stack/data/cinder/mnt/29061d18631494a9063a4add2edd69f4/volume-1831905a-16a5-473c-8ecd-43c8b3658b64
Jan 12 12:25:32 devstack sudo[90119]: pam_unix(sudo:session): session opened for user root(uid=0) by (uid=1000)
Jan 12 12:25:33 devstack cinder-volume[81801]: DEBUG dbcounter [-] [81801] Writing DB stats cinder:UPDATE=5,cinder:DELETE=1,cinder:SELECT=4 {{(pid=81801) stat_writer /opt/stack/data/venv/lib/python3.10/site-packages/dbcounter.py:115}}
Jan 12 12:25:33 devstack cinder-volume[81801]: DEBUG dbcounter [-] [81801] Writing DB stats cinder:SELECT=9,cinder:UPDATE=4,cinder:INSERT=1 {{(pid=81801) stat_writer /opt/stack/data/venv/lib/python3.10/site-packages/dbcounter.py:115}}
Jan 12 12:25:34 devstack sudo[90119]: pam_unix(sudo:session): session closed for user root
Jan 12 12:25:34 devstack cinder-volume[81801]: DEBUG oslo_concurrency.processutils [None req-78cea0b7-833a-46a0-82dc-1fa66432c59a tempest-VolumesActionsTest-793743865 None] CMD "/opt/stack/data/venv/bin/python3.10 -m oslo_concurrency.prlimit --as=1073741824 --cpu=60 -- sudo cinder-rootwrap /etc/cinder/rootwrap.conf env LC_ALL=C qemu-img info -f qcow2 --output=json /opt/stack/data/cinder/mnt/29061d18631494a9063a4add2edd69f4/volume-1831905a-16a5-473c-8ecd-43c8b3658b64" returned: 0 in 2.490s {{(pid=81801) execute /opt/stack/data/venv/lib/python3.10/site-packages/oslo_concurrency/processutils.py:372}}
Jan 12 12:25:34 devstack cinder-volume[81801]: DEBUG cinder.image.image_utils [None req-78cea0b7-833a-46a0-82dc-1fa66432c59a tempest-VolumesActionsTest-793743865 None] Image conversion details: src /opt/stack/data/cinder/mnt/29061d18631494a9063a4add2edd69f4/volume-1831905a-16a5-473c-8ecd-43c8b3658b64, size 1024.00 MB, duration 5.92 sec, destination /opt/stack/data/cinder/conversion/1831905a-16a5-473c-8ecd-43c8b3658b64.temp_image.2e679240-04dc-4d95-8309-985dcf62f377prz76k2b.img {{(pid=81801) _convert_image /opt/stack/cinder/cinder/image/image_utils.py:537}}
Jan 12 12:25:34 devstack cinder-volume[81801]: INFO cinder.image.image_utils [None req-78cea0b7-833a-46a0-82dc-1fa66432c59a tempest-VolumesActionsTest-793743865 None] Converted 1024.00 MB image at 173.06 MB/s
Jan 12 12:25:34 devstack cinder-volume[81801]: DEBUG cinder.image.image_utils [None req-78cea0b7-833a-46a0-82dc-1fa66432c59a tempest-VolumesActionsTest-793743865 None] 2e679240-04dc-4d95-8309-985dcf62f377 was raw, converting to qcow2 {{(pid=81801) upload_volume /opt/stack/cinder/cinder/image/image_utils.py:1180}}
Jan 12 12:25:34 devstack cinder-volume[81801]: DEBUG oslo.privsep.daemon [-] privsep: reply[1e35094c-cf5c-4c3c-a593-820e28141333]: (4, 'raw') {{(pid=82474) _call_back /opt/stack/data/venv/lib/python3.10/site-packages/oslo_privsep/daemon.py:515}}
Jan 12 12:25:34 devstack cinder-volume[81801]: DEBUG oslo_concurrency.processutils [None req-78cea0b7-833a-46a0-82dc-1fa66432c59a tempest-VolumesActionsTest-793743865 None] Running cmd (subprocess): /opt/stack/data/venv/bin/python3.10 -m oslo_concurrency.prlimit --as=1073741824 --cpu=60 -- sudo cinder-rootwrap /etc/cinder/rootwrap.conf env LC_ALL=C qemu-img info -f raw --output=json /opt/stack/data/cinder/conversion/1831905a-16a5-473c-8ecd-43c8b3658b64.temp_image.2e679240-04dc-4d95-8309-985dcf62f377prz76k2b.img {{(pid=81801) execute /opt/stack/data/venv/lib/python3.10/site-packages/oslo_concurrency/processutils.py:349}}
Jan 12 12:25:35 devstack sudo[90146]: quobyte : PWD=/ ; USER=root ; COMMAND=/opt/stack/data/venv/bin/cinder-rootwrap /etc/cinder/rootwrap.conf env LC_ALL=C qemu-img info -f raw --output=json /opt/stack/data/cinder/conversion/1831905a-16a5-473c-8ecd-43c8b3658b64.temp_image.2e679240-04dc-4d95-8309-985dcf62f377prz76k2b.img
Jan 12 12:25:35 devstack sudo[90146]: pam_unix(sudo:session): session opened for user root(uid=0) by (uid=1000)
Jan 12 12:25:36 devstack sudo[90146]: pam_unix(sudo:session): session closed for user root
Jan 12 12:25:36 devstack cinder-volume[81801]: DEBUG oslo_concurrency.processutils [None req-78cea0b7-833a-46a0-82dc-1fa66432c59a tempest-VolumesActionsTest-793743865 None] CMD "/opt/stack/data/venv/bin/python3.10 -m oslo_concurrency.prlimit --as=1073741824 --cpu=60 -- sudo cinder-rootwrap /etc/cinder/rootwrap.conf env LC_ALL=C qemu-img info -f raw --output=json /opt/stack/data/cinder/conversion/1831905a-16a5-473c-8ecd-43c8b3658b64.temp_image.2e679240-04dc-4d95-8309-985dcf62f377prz76k2b.img" returned: 0 in 1.567s {{(pid=81801) execute /opt/stack/data/venv/lib/python3.10/site-packages/oslo_concurrency/processutils.py:372}}
Jan 12 12:25:36 devstack cinder-volume[81801]: DEBUG oslo_concurrency.processutils [None req-78cea0b7-833a-46a0-82dc-1fa66432c59a tempest-VolumesActionsTest-793743865 None] Running cmd (subprocess): /opt/stack/data/venv/bin/python3.10 -m oslo_concurrency.prlimit --as=1073741824 --cpu=60 -- sudo cinder-rootwrap /etc/cinder/rootwrap.conf env LC_ALL=C qemu-img info -f luks --output=json /opt/stack/data/cinder/conversion/1831905a-16a5-473c-8ecd-43c8b3658b64.temp_image.2e679240-04dc-4d95-8309-985dcf62f377prz76k2b.img {{(pid=81801) execute /opt/stack/data/venv/lib/python3.10/site-packages/oslo_concurrency/processutils.py:349}}
Jan 12 12:25:36 devstack sudo[90162]: quobyte : PWD=/ ; USER=root ; COMMAND=/opt/stack/data/venv/bin/cinder-rootwrap /etc/cinder/rootwrap.conf env LC_ALL=C qemu-img info -f luks --output=json /opt/stack/data/cinder/conversion/1831905a-16a5-473c-8ecd-43c8b3658b64.temp_image.2e679240-04dc-4d95-8309-985dcf62f377prz76k2b.img
Jan 12 12:25:36 devstack sudo[90162]: pam_unix(sudo:session): session opened for user root(uid=0) by (uid=1000)
Jan 12 12:25:37 devstack sudo[90162]: pam_unix(sudo:session): session closed for user root
Jan 12 12:25:37 devstack cinder-volume[81801]: DEBUG oslo_concurrency.processutils [None req-78cea0b7-833a-46a0-82dc-1fa66432c59a tempest-VolumesActionsTest-793743865 None] CMD "/opt/stack/data/venv/bin/python3.10 -m oslo_concurrency.prlimit --as=1073741824 --cpu=60 -- sudo cinder-rootwrap /etc/cinder/rootwrap.conf env LC_ALL=C qemu-img info -f luks --output=json /opt/stack/data/cinder/conversion/1831905a-16a5-473c-8ecd-43c8b3658b64.temp_image.2e679240-04dc-4d95-8309-985dcf62f377prz76k2b.img" returned: 1 in 1.177s {{(pid=81801) execute /opt/stack/data/venv/lib/python3.10/site-packages/oslo_concurrency/processutils.py:372}}
Jan 12 12:25:37 devstack cinder-volume[81801]: DEBUG oslo_concurrency.processutils [None req-78cea0b7-833a-46a0-82dc-1fa66432c59a tempest-VolumesActionsTest-793743865 None] '/opt/stack/data/venv/bin/python3.10 -m oslo_concurrency.prlimit --as=1073741824 --cpu=60 -- sudo cinder-rootwrap /etc/cinder/rootwrap.conf env LC_ALL=C qemu-img info -f luks --output=json /opt/stack/data/cinder/conversion/1831905a-16a5-473c-8ecd-43c8b3658b64.temp_image.2e679240-04dc-4d95-8309-985dcf62f377prz76k2b.img' failed. Not Retrying. {{(pid=81801) execute /opt/stack/data/venv/lib/python3.10/site-packages/oslo_concurrency/processutils.py:423}}
Jan 12 12:25:37 devstack cinder-volume[81801]: DEBUG oslo_concurrency.processutils [None req-78cea0b7-833a-46a0-82dc-1fa66432c59a tempest-VolumesActionsTest-793743865 None] Running cmd (subprocess): sudo cinder-rootwrap /etc/cinder/rootwrap.conf qemu-img convert -O qcow2 -c /opt/stack/data/cinder/conversion/1831905a-16a5-473c-8ecd-43c8b3658b64.temp_image.2e679240-04dc-4d95-8309-985dcf62f377prz76k2b.img /opt/stack/data/cinder/conversion/vol_upload_dpi61zg9 {{(pid=81801) execute /opt/stack/data/venv/lib/python3.10/site-packages/oslo_concurrency/processutils.py:349}}
Jan 12 12:25:37 devstack sudo[90171]: quobyte : PWD=/ ; USER=root ; COMMAND=/opt/stack/data/venv/bin/cinder-rootwrap /etc/cinder/rootwrap.conf qemu-img convert -O qcow2 -c /opt/stack/data/cinder/conversion/1831905a-16a5-473c-8ecd-43c8b3658b64.temp_image.2e679240-04dc-4d95-8309-985dcf62f377prz76k2b.img /opt/stack/data/cinder/conversion/vol_upload_dpi61zg9
Jan 12 12:25:37 devstack sudo[90171]: pam_unix(sudo:session): session opened for user root(uid=0) by (uid=1000)
Jan 12 12:25:38 devstack sudo[90171]: pam_unix(sudo:session): session closed for user root
Jan 12 12:25:38 devstack cinder-volume[81801]: DEBUG oslo_concurrency.processutils [None req-78cea0b7-833a-46a0-82dc-1fa66432c59a tempest-VolumesActionsTest-793743865 None] CMD "sudo cinder-rootwrap /etc/cinder/rootwrap.conf qemu-img convert -O qcow2 -c /opt/stack/data/cinder/conversion/1831905a-16a5-473c-8ecd-43c8b3658b64.temp_image.2e679240-04dc-4d95-8309-985dcf62f377prz76k2b.img /opt/stack/data/cinder/conversion/vol_upload_dpi61zg9" returned: 0 in 1.275s {{(pid=81801) execute /opt/stack/data/venv/lib/python3.10/site-packages/oslo_concurrency/processutils.py:372}}
Jan 12 12:25:38 devstack cinder-volume[81801]: DEBUG cinder.image.image_utils [None req-78cea0b7-833a-46a0-82dc-1fa66432c59a tempest-VolumesActionsTest-793743865 None] Image conversion details: src /opt/stack/data/cinder/conversion/1831905a-16a5-473c-8ecd-43c8b3658b64.temp_image.2e679240-04dc-4d95-8309-985dcf62f377prz76k2b.img, size 1024.00 MB, duration 1.28 sec, destination /opt/stack/data/cinder/conversion/vol_upload_dpi61zg9 {{(pid=81801) _convert_image /opt/stack/cinder/cinder/image/image_utils.py:537}}
Jan 12 12:25:38 devstack cinder-volume[81801]: INFO cinder.image.image_utils [None req-78cea0b7-833a-46a0-82dc-1fa66432c59a tempest-VolumesActionsTest-793743865 None] Converted 1024.00 MB image at 802.45 MB/s
Jan 12 12:25:38 devstack cinder-volume[81801]: DEBUG oslo.privsep.daemon [-] privsep: reply[41a63c10-ac37-418f-88c9-dd9c4e86d3d6]: (4, 'qcow2') {{(pid=82474) _call_back /opt/stack/data/venv/lib/python3.10/site-packages/oslo_privsep/daemon.py:515}}
Jan 12 12:25:38 devstack cinder-volume[81801]: DEBUG oslo_concurrency.processutils [None req-78cea0b7-833a-46a0-82dc-1fa66432c59a tempest-VolumesActionsTest-793743865 None] Running cmd (subprocess): /opt/stack/data/venv/bin/python3.10 -m oslo_concurrency.prlimit --as=1073741824 --cpu=60 -- sudo cinder-rootwrap /etc/cinder/rootwrap.conf env LC_ALL=C qemu-img info -f qcow2 --output=json /opt/stack/data/cinder/conversion/vol_upload_dpi61zg9 {{(pid=81801) execute /opt/stack/data/venv/lib/python3.10/site-packages/oslo_concurrency/processutils.py:349}}
Jan 12 12:25:38 devstack sudo[90181]: quobyte : PWD=/ ; USER=root ; COMMAND=/opt/stack/data/venv/bin/cinder-rootwrap /etc/cinder/rootwrap.conf env LC_ALL=C qemu-img info -f qcow2 --output=json /opt/stack/data/cinder/conversion/vol_upload_dpi61zg9
Jan 12 12:25:38 devstack sudo[90181]: pam_unix(sudo:session): session opened for user root(uid=0) by (uid=1000)
Jan 12 12:25:39 devstack sudo[90181]: pam_unix(sudo:session): session closed for user root
Jan 12 12:25:39 devstack cinder-volume[81801]: DEBUG oslo_concurrency.processutils [None req-78cea0b7-833a-46a0-82dc-1fa66432c59a tempest-VolumesActionsTest-793743865 None] CMD "/opt/stack/data/venv/bin/python3.10 -m oslo_concurrency.prlimit --as=1073741824 --cpu=60 -- sudo cinder-rootwrap /etc/cinder/rootwrap.conf env LC_ALL=C qemu-img info -f qcow2 --output=json /opt/stack/data/cinder/conversion/vol_upload_dpi61zg9" returned: 0 in 0.723s {{(pid=81801) execute /opt/stack/data/venv/lib/python3.10/site-packages/oslo_concurrency/processutils.py:372}}
Jan 12 12:25:41 devstack cinder-volume[81801]: DEBUG oslo_concurrency.lockutils [None req-78cea0b7-833a-46a0-82dc-1fa66432c59a tempest-VolumesActionsTest-793743865 None] Lock "quobyte" "released" by "cinder.volume.drivers.quobyte.QuobyteDriver.copy_volume_to_image" :: held 18.287s {{(pid=81801) inner /opt/stack/data/venv/lib/python3.10/site-packages/oslo_concurrency/lockutils.py:424}}
Jan 12 12:25:41 devstack cinder-volume[81801]: DEBUG cinder.volume.manager [None req-78cea0b7-833a-46a0-82dc-1fa66432c59a tempest-VolumesActionsTest-793743865 None] Uploaded volume to glance image-id: 2e679240-04dc-4d95-8309-985dcf62f377. {{(pid=81801) copy_volume_to_image /opt/stack/cinder/cinder/volume/manager.py:1781}}
Jan 12 12:25:41 devstack cinder-volume[81801]: INFO cinder.volume.manager [None req-78cea0b7-833a-46a0-82dc-1fa66432c59a tempest-VolumesActionsTest-793743865 None] Copy volume to image completed successfully.
Jan 12 12:25:44 devstack cinder-volume[81801]: DEBUG cinder.coordination [None req-611fed91-c739-40b1-88b2-aa5741a9861f tempest-VolumesActionsTest-793743865 None] Acquiring lock "cinder-1831905a-16a5-473c-8ecd-43c8b3658b64-delete_volume" by "delete_volume" {{(pid=81801) __acquire /opt/stack/cinder/cinder/coordination.py:143}}
Jan 12 12:25:44 devstack cinder-volume[81801]: DEBUG cinder.coordination [None req-611fed91-c739-40b1-88b2-aa5741a9861f tempest-VolumesActionsTest-793743865 None] Lock "cinder-1831905a-16a5-473c-8ecd-43c8b3658b64-delete_volume" acquired by "delete_volume" :: waited 0.053s {{(pid=81801) __acquire /opt/stack/cinder/cinder/coordination.py:146}}
Jan 12 12:25:44 devstack cinder-volume[81801]: WARNING cinder.volume.volume_utils [None req-611fed91-c739-40b1-88b2-aa5741a9861f tempest-VolumesActionsTest-793743865 None] Volume driver (QuobyteDriver 1.1.13) is currently unsupported and may be removed in the next release of OpenStack. Use at your own risk.
Jan 12 12:25:44 devstack cinder-volume[81801]: DEBUG cinder.coordination [None req-611fed91-c739-40b1-88b2-aa5741a9861f tempest-VolumesActionsTest-793743865 None] Acquiring lock "cinder-quobyte-1831905a-16a5-473c-8ecd-43c8b3658b64" by "delete_volume" {{(pid=81801) __acquire /opt/stack/cinder/cinder/coordination.py:143}}
Jan 12 12:25:44 devstack cinder-volume[81801]: DEBUG cinder.coordination [None req-611fed91-c739-40b1-88b2-aa5741a9861f tempest-VolumesActionsTest-793743865 None] Lock "cinder-quobyte-1831905a-16a5-473c-8ecd-43c8b3658b64" acquired by "delete_volume" :: waited 0.019s {{(pid=81801) __acquire /opt/stack/cinder/cinder/coordination.py:146}}
Jan 12 12:25:44 devstack cinder-volume[81801]: DEBUG oslo.privsep.daemon [-] privsep: reply[7a1a9f78-e55c-458d-8ed1-9a54cce36d7b]: (4, 'qcow2') {{(pid=82474) _call_back /opt/stack/data/venv/lib/python3.10/site-packages/oslo_privsep/daemon.py:515}}
Jan 12 12:25:44 devstack cinder-volume[81801]: DEBUG oslo_concurrency.processutils [None req-611fed91-c739-40b1-88b2-aa5741a9861f tempest-VolumesActionsTest-793743865 None] Running cmd (subprocess): /opt/stack/data/venv/bin/python3.10 -m oslo_concurrency.prlimit --as=1073741824 --cpu=60 -- sudo cinder-rootwrap /etc/cinder/rootwrap.conf env LC_ALL=C qemu-img info -f qcow2 --output=json --force-share /opt/stack/data/cinder/mnt/29061d18631494a9063a4add2edd69f4/volume-1831905a-16a5-473c-8ecd-43c8b3658b64 {{(pid=81801) execute /opt/stack/data/venv/lib/python3.10/site-packages/oslo_concurrency/processutils.py:349}}
Jan 12 12:25:44 devstack sudo[90297]: quobyte : PWD=/ ; USER=root ; COMMAND=/opt/stack/data/venv/bin/cinder-rootwrap /etc/cinder/rootwrap.conf env LC_ALL=C qemu-img info -f qcow2 --output=json --force-share /opt/stack/data/cinder/mnt/29061d18631494a9063a4add2edd69f4/volume-1831905a-16a5-473c-8ecd-43c8b3658b64
Jan 12 12:25:44 devstack sudo[90297]: pam_unix(sudo:session): session opened for user root(uid=0) by (uid=1000)
Jan 12 12:25:45 devstack sudo[90297]: pam_unix(sudo:session): session closed for user root
Jan 12 12:25:45 devstack cinder-volume[81801]: DEBUG oslo_concurrency.processutils [None req-611fed91-c739-40b1-88b2-aa5741a9861f tempest-VolumesActionsTest-793743865 None] CMD "/opt/stack/data/venv/bin/python3.10 -m oslo_concurrency.prlimit --as=1073741824 --cpu=60 -- sudo cinder-rootwrap /etc/cinder/rootwrap.conf env LC_ALL=C qemu-img info -f qcow2 --output=json --force-share /opt/stack/data/cinder/mnt/29061d18631494a9063a4add2edd69f4/volume-1831905a-16a5-473c-8ecd-43c8b3658b64" returned: 0 in 1.069s {{(pid=81801) execute /opt/stack/data/venv/lib/python3.10/site-packages/oslo_concurrency/processutils.py:372}}
Jan 12 12:25:45 devstack cinder-volume[81801]: DEBUG oslo_concurrency.processutils [None req-611fed91-c739-40b1-88b2-aa5741a9861f tempest-VolumesActionsTest-793743865 None] Running cmd (subprocess): sudo cinder-rootwrap /etc/cinder/rootwrap.conf rm -f /opt/stack/data/cinder/mnt/29061d18631494a9063a4add2edd69f4/volume-1831905a-16a5-473c-8ecd-43c8b3658b64 {{(pid=81801) execute /opt/stack/data/venv/lib/python3.10/site-packages/oslo_concurrency/processutils.py:349}}
Jan 12 12:25:45 devstack sudo[90313]: quobyte : PWD=/ ; USER=root ; COMMAND=/opt/stack/data/venv/bin/cinder-rootwrap /etc/cinder/rootwrap.conf rm -f /opt/stack/data/cinder/mnt/29061d18631494a9063a4add2edd69f4/volume-1831905a-16a5-473c-8ecd-43c8b3658b64
Jan 12 12:25:45 devstack sudo[90313]: pam_unix(sudo:session): session opened for user root(uid=0) by (uid=1000)
Jan 12 12:25:46 devstack sudo[90313]: pam_unix(sudo:session): session closed for user root
Jan 12 12:25:46 devstack cinder-volume[81801]: DEBUG oslo_concurrency.processutils [None req-611fed91-c739-40b1-88b2-aa5741a9861f tempest-VolumesActionsTest-793743865 None] CMD "sudo cinder-rootwrap /etc/cinder/rootwrap.conf rm -f /opt/stack/data/cinder/mnt/29061d18631494a9063a4add2edd69f4/volume-1831905a-16a5-473c-8ecd-43c8b3658b64" returned: 0 in 1.082s {{(pid=81801) execute /opt/stack/data/venv/lib/python3.10/site-packages/oslo_concurrency/processutils.py:372}}
Jan 12 12:25:46 devstack cinder-volume[81801]: DEBUG cinder.coordination [None req-611fed91-c739-40b1-88b2-aa5741a9861f tempest-VolumesActionsTest-793743865 None] Lock "cinder-quobyte-1831905a-16a5-473c-8ecd-43c8b3658b64" released by "delete_volume" :: held 2.244s {{(pid=81801) __release /opt/stack/cinder/cinder/coordination.py:157}}
Jan 12 12:25:46 devstack cinder-volume[81801]: DEBUG cinder.quota [None req-611fed91-c739-40b1-88b2-aa5741a9861f tempest-VolumesActionsTest-793743865 None] Created reservations ['17a3204d-e062-491c-9b16-c53ff402089e', '791c0c99-d2fc-43e6-bb5f-5f768ea5c342', 'cdca246c-2928-4270-b3ab-6d3ecc54a153', '2c6a9e41-37fe-44fc-8b29-b53f8bcb2596'] {{(pid=81801) reserve /opt/stack/cinder/cinder/quota.py:752}}
Jan 12 12:25:46 devstack cinder-volume[81801]: DEBUG oslo_concurrency.lockutils [None req-611fed91-c739-40b1-88b2-aa5741a9861f tempest-VolumesActionsTest-793743865 None] Acquiring lock "quobyte_ensure" by "cinder.volume.drivers.quobyte.QuobyteDriver._ensure_shares_mounted" {{(pid=81801) inner /opt/stack/data/venv/lib/python3.10/site-packages/oslo_concurrency/lockutils.py:405}}
Jan 12 12:25:46 devstack cinder-volume[81801]: DEBUG oslo_concurrency.lockutils [None req-611fed91-c739-40b1-88b2-aa5741a9861f tempest-VolumesActionsTest-793743865 None] Lock "quobyte_ensure" acquired by "cinder.volume.drivers.quobyte.QuobyteDriver._ensure_shares_mounted" :: waited 0.001s {{(pid=81801) inner /opt/stack/data/venv/lib/python3.10/site-packages/oslo_concurrency/lockutils.py:410}}
Jan 12 12:25:46 devstack cinder-volume[81801]: DEBUG cinder.volume.drivers.quobyte [None req-611fed91-c739-40b1-88b2-aa5741a9861f tempest-VolumesActionsTest-793743865 None] Quobyte Volume URL set to: {'osci02.corp.quobyte.com/cinder-vol-bcc13ddf-adbd-4b18-abb1-dd8c436bef86': None} {{(pid=81801) _load_shares_config /opt/stack/cinder/cinder/volume/drivers/quobyte.py:611}}
Jan 12 12:25:46 devstack cinder-volume[81801]: DEBUG cinder.volume.drivers.quobyte [None req-611fed91-c739-40b1-88b2-aa5741a9861f tempest-VolumesActionsTest-793743865 None] Available shares ['osci02.corp.quobyte.com/cinder-vol-bcc13ddf-adbd-4b18-abb1-dd8c436bef86'] {{(pid=81801) _ensure_shares_mounted /opt/stack/cinder/cinder/volume/drivers/quobyte.py:641}}
