Jan 12 12:14:38 devstack devstack@c-api.service[72507]: DEBUG cinder.api.extensions [-] Loaded extension: os-volume-transfer {{(pid=72507) register /opt/stack/cinder/cinder/api/extensions.py:135}}
Jan 12 12:14:38 devstack devstack@c-api.service[72507]: DEBUG cinder.api.extensions [-] Loading extension cinder.api.contrib.hosts.Hosts {{(pid=72507) load_extension /opt/stack/cinder/cinder/api/extensions.py:194}}
Jan 12 12:14:38 devstack devstack@c-api.service[72507]: DEBUG cinder.api.extensions [-] Calling extension factory cinder.api.contrib.hosts.Hosts {{(pid=72507) load_extension /opt/stack/cinder/cinder/api/extensions.py:200}}
Jan 12 12:14:38 devstack devstack@c-api.service[72507]: DEBUG cinder.api.extensions [-] Ext name: Hosts {{(pid=72507) _check_extension /opt/stack/cinder/cinder/api/extensions.py:174}}
Jan 12 12:14:38 devstack devstack@c-api.service[72507]: DEBUG cinder.api.extensions [-] Ext alias: os-hosts {{(pid=72507) _check_extension /opt/stack/cinder/cinder/api/extensions.py:175}}
Jan 12 12:14:38 devstack devstack@c-api.service[72507]: DEBUG cinder.api.extensions [-] Ext description: Admin-only host administration. {{(pid=72507) _check_extension /opt/stack/cinder/cinder/api/extensions.py:176}}
Jan 12 12:14:38 devstack devstack@c-api.service[72507]: DEBUG cinder.api.extensions [-] Ext updated: 2011-06-29T00:00:00+00:00 {{(pid=72507) _check_extension /opt/stack/cinder/cinder/api/extensions.py:178}}
Jan 12 12:14:38 devstack devstack@c-api.service[72507]: DEBUG cinder.api.extensions [-] Loaded extension: os-hosts {{(pid=72507) register /opt/stack/cinder/cinder/api/extensions.py:135}}
Jan 12 12:14:38 devstack devstack@c-api.service[72507]: DEBUG cinder.api.extensions [-] Loading extension cinder.api.contrib.volume_actions.Volume_actions {{(pid=72507) load_extension /opt/stack/cinder/cinder/api/extensions.py:194}}
Jan 12 12:14:38 devstack devstack@c-api.service[72507]: DEBUG cinder.api.extensions [-] Calling extension factory cinder.api.contrib.volume_actions.Volume_actions {{(pid=72507) load_extension /opt/stack/cinder/cinder/api/extensions.py:200}}
Jan 12 12:14:38 devstack devstack@c-api.service[72507]: DEBUG cinder.api.extensions [-] Ext name: VolumeActions {{(pid=72507) _check_extension /opt/stack/cinder/cinder/api/extensions.py:174}}
Jan 12 12:14:38 devstack devstack@c-api.service[72507]: DEBUG cinder.api.extensions [-] Ext alias: os-volume-actions {{(pid=72507) _check_extension /opt/stack/cinder/cinder/api/extensions.py:175}}
Jan 12 12:14:38 devstack devstack@c-api.service[72507]: DEBUG cinder.api.extensions [-] Ext description: Enable volume actions. {{(pid=72507) _check_extension /opt/stack/cinder/cinder/api/extensions.py:176}}
Jan 12 12:14:38 devstack devstack@c-api.service[72507]: DEBUG cinder.api.extensions [-] Ext updated: 2012-05-31T00:00:00+00:00 {{(pid=72507) _check_extension /opt/stack/cinder/cinder/api/extensions.py:178}}
Jan 12 12:14:38 devstack devstack@c-api.service[72507]: DEBUG cinder.api.extensions [-] Loaded extension: os-volume-actions {{(pid=72507) register /opt/stack/cinder/cinder/api/extensions.py:135}}
Jan 12 12:14:38 devstack devstack@c-api.service[72507]: DEBUG cinder.api.extensions [-] Loading extension cinder.api.contrib.snapshot_actions.Snapshot_actions {{(pid=72507) load_extension /opt/stack/cinder/cinder/api/extensions.py:194}}
Jan 12 12:14:38 devstack devstack@c-api.service[72507]: DEBUG cinder.api.extensions [-] Calling extension factory cinder.api.contrib.snapshot_actions.Snapshot_actions {{(pid=72507) load_extension /opt/stack/cinder/cinder/api/extensions.py:200}}
Jan 12 12:14:38 devstack devstack@c-api.service[72507]: DEBUG cinder.api.extensions [-] Ext name: SnapshotActions {{(pid=72507) _check_extension /opt/stack/cinder/cinder/api/extensions.py:174}}
Jan 12 12:14:38 devstack devstack@c-api.service[72507]: DEBUG cinder.api.extensions [-] Ext alias: os-snapshot-actions {{(pid=72507) _check_extension /opt/stack/cinder/cinder/api/extensions.py:175}}
Jan 12 12:14:38 devstack devstack@c-api.service[72507]: DEBUG cinder.api.extensions [-] Ext description: Enable snapshot manager actions. {{(pid=72507) _check_extension /opt/stack/cinder/cinder/api/extensions.py:176}}
Jan 12 12:14:38 devstack devstack@c-api.service[72507]: DEBUG cinder.api.extensions [-] Ext updated: 2013-07-16T00:00:00+00:00 {{(pid=72507) _check_extension /opt/stack/cinder/cinder/api/extensions.py:178}}
Jan 12 12:14:38 devstack devstack@c-api.service[72507]: DEBUG cinder.api.extensions [-] Loaded extension: os-snapshot-actions {{(pid=72507) register /opt/stack/cinder/cinder/api/extensions.py:135}}
Jan 12 12:14:38 devstack devstack@c-api.service[72507]: DEBUG cinder.api.extensions [-] Loading extension cinder.api.contrib.services.Services {{(pid=72507) load_extension /opt/stack/cinder/cinder/api/extensions.py:194}}
Jan 12 12:14:38 devstack devstack@c-api.service[72507]: DEBUG cinder.api.extensions [-] Calling extension factory cinder.api.contrib.services.Services {{(pid=72507) load_extension /opt/stack/cinder/cinder/api/extensions.py:200}}
Jan 12 12:14:38 devstack devstack@c-api.service[72507]: DEBUG cinder.api.extensions [-] Ext name: Services {{(pid=72507) _check_extension /opt/stack/cinder/cinder/api/extensions.py:174}}
Jan 12 12:14:38 devstack devstack@c-api.service[72507]: DEBUG cinder.api.extensions [-] Ext alias: os-services {{(pid=72507) _check_extension /opt/stack/cinder/cinder/api/extensions.py:175}}
Jan 12 12:14:38 devstack devstack@c-api.service[72507]: DEBUG cinder.api.extensions [-] Ext description: Services support. {{(pid=72507) _check_extension /opt/stack/cinder/cinder/api/extensions.py:176}}
Jan 12 12:14:38 devstack devstack@c-api.service[72507]: DEBUG cinder.api.extensions [-] Ext updated: 2012-10-28T00:00:00-00:00 {{(pid=72507) _check_extension /opt/stack/cinder/cinder/api/extensions.py:178}}
Jan 12 12:14:38 devstack devstack@c-api.service[72506]: INFO dbcounter [None req-5027af56-976b-45e6-9a26-761ddf22183d None None] Registered counter for database cinder
Jan 12 12:14:38 devstack devstack@c-api.service[72507]: DEBUG cinder.api.extensions [-] Loaded extension: os-services {{(pid=72507) register /opt/stack/cinder/cinder/api/extensions.py:135}}
Jan 12 12:14:38 devstack devstack@c-api.service[72506]: DEBUG oslo_db.sqlalchemy.engines [None req-5027af56-976b-45e6-9a26-761ddf22183d None None] MySQL server mode set to STRICT_TRANS_TABLES,STRICT_ALL_TABLES,NO_ZERO_IN_DATE,NO_ZERO_DATE,ERROR_FOR_DIVISION_BY_ZERO,TRADITIONAL,NO_ENGINE_SUBSTITUTION {{(pid=72506) _check_effective_sql_mode /opt/stack/data/venv/lib/python3.10/site-packages/oslo_db/sqlalchemy/engines.py:397}}
Jan 12 12:14:38 devstack devstack@c-api.service[72507]: INFO dbcounter [None req-3b3802ab-a9b0-448e-8156-24f6b5f765ea None None] Registered counter for database cinder
Jan 12 12:14:38 devstack devstack@c-api.service[72507]: DEBUG oslo_db.sqlalchemy.engines [None req-3b3802ab-a9b0-448e-8156-24f6b5f765ea None None] MySQL server mode set to STRICT_TRANS_TABLES,STRICT_ALL_TABLES,NO_ZERO_IN_DATE,NO_ZERO_DATE,ERROR_FOR_DIVISION_BY_ZERO,TRADITIONAL,NO_ENGINE_SUBSTITUTION {{(pid=72507) _check_effective_sql_mode /opt/stack/data/venv/lib/python3.10/site-packages/oslo_db/sqlalchemy/engines.py:397}}
Jan 12 12:14:39 devstack devstack@c-api.service[72506]: DEBUG dbcounter [-] [72506] Writer thread running {{(pid=72506) stat_writer /opt/stack/data/venv/lib/python3.10/site-packages/dbcounter.py:102}}
Jan 12 12:14:39 devstack devstack@c-api.service[72506]: INFO cinder.rpc [None req-5027af56-976b-45e6-9a26-761ddf22183d None None] Automatically selected cinder-scheduler objects version 1.39 as minimum service version.
Jan 12 12:14:39 devstack devstack@c-api.service[72506]: INFO cinder.rpc [None req-5027af56-976b-45e6-9a26-761ddf22183d None None] Automatically selected cinder-scheduler RPC version 3.12 as minimum service version.
Jan 12 12:14:39 devstack devstack@c-api.service[72506]: INFO cinder.rpc [None req-5027af56-976b-45e6-9a26-761ddf22183d None None] Automatically selected cinder-volume objects version 1.39 as minimum service version.
Jan 12 12:14:39 devstack devstack@c-api.service[72506]: INFO cinder.rpc [None req-5027af56-976b-45e6-9a26-761ddf22183d None None] Automatically selected cinder-volume RPC version 3.20 as minimum service version.
Jan 12 12:14:39 devstack devstack@c-api.service[72506]: WARNING stevedore.named [None req-5027af56-976b-45e6-9a26-761ddf22183d None None] Could not load cinder.keymgr.conf_key_mgr.ConfKeyManager
Jan 12 12:14:39 devstack devstack@c-api.service[72506]: WARNING castellan.key_manager [None req-5027af56-976b-45e6-9a26-761ddf22183d None None] Deprecation Warning : cinder.keymgr.conf_key_mgr.ConfKeyManager is not a stevedore based driver, trying to load it as a class: stevedore.exception.NoMatches: No 'castellan.drivers' driver found, looking for 'cinder.keymgr.conf_key_mgr.ConfKeyManager'
Jan 12 12:14:39 devstack devstack@c-api.service[72506]: WARNING cinder.keymgr.conf_key_mgr [None req-5027af56-976b-45e6-9a26-761ddf22183d None None] This key manager is insecure and is not recommended for production deployments: stevedore.exception.NoMatches: No 'castellan.drivers' driver found, looking for 'cinder.keymgr.conf_key_mgr.ConfKeyManager'
Jan 12 12:14:39 devstack devstack@c-api.service[72506]: WARNING stevedore.named [None req-5027af56-976b-45e6-9a26-761ddf22183d None None] Could not load cinder.keymgr.conf_key_mgr.ConfKeyManager
Jan 12 12:14:39 devstack devstack@c-api.service[72506]: WARNING castellan.key_manager [None req-5027af56-976b-45e6-9a26-761ddf22183d None None] Deprecation Warning : cinder.keymgr.conf_key_mgr.ConfKeyManager is not a stevedore based driver, trying to load it as a class: stevedore.exception.NoMatches: No 'castellan.drivers' driver found, looking for 'cinder.keymgr.conf_key_mgr.ConfKeyManager'
Jan 12 12:14:39 devstack devstack@c-api.service[72506]: DEBUG oslo_db.sqlalchemy.engines [None req-5027af56-976b-45e6-9a26-761ddf22183d None None] MySQL server mode set to STRICT_TRANS_TABLES,STRICT_ALL_TABLES,NO_ZERO_IN_DATE,NO_ZERO_DATE,ERROR_FOR_DIVISION_BY_ZERO,TRADITIONAL,NO_ENGINE_SUBSTITUTION {{(pid=72506) _check_effective_sql_mode /opt/stack/data/venv/lib/python3.10/site-packages/oslo_db/sqlalchemy/engines.py:397}}
Jan 12 12:14:39 devstack devstack@c-api.service[72506]: INFO cinder.rpc [None req-5027af56-976b-45e6-9a26-761ddf22183d None None] Automatically selected cinder-backup objects version 1.39 as minimum service version.
Jan 12 12:14:39 devstack devstack@c-api.service[72506]: INFO cinder.rpc [None req-5027af56-976b-45e6-9a26-761ddf22183d None None] Automatically selected cinder-backup RPC version 2.4 as minimum service version.
Jan 12 12:14:39 devstack devstack@c-api.service[72506]: WARNING stevedore.named [None req-5027af56-976b-45e6-9a26-761ddf22183d None None] Could not load cinder.keymgr.conf_key_mgr.ConfKeyManager
Jan 12 12:14:39 devstack devstack@c-api.service[72506]: WARNING castellan.key_manager [None req-5027af56-976b-45e6-9a26-761ddf22183d None None] Deprecation Warning : cinder.keymgr.conf_key_mgr.ConfKeyManager is not a stevedore based driver, trying to load it as a class: stevedore.exception.NoMatches: No 'castellan.drivers' driver found, looking for 'cinder.keymgr.conf_key_mgr.ConfKeyManager'
Jan 12 12:14:39 devstack devstack@c-api.service[72506]: WARNING stevedore.named [None req-5027af56-976b-45e6-9a26-761ddf22183d None None] Could not load cinder.keymgr.conf_key_mgr.ConfKeyManager
Jan 12 12:14:39 devstack devstack@c-api.service[72506]: WARNING castellan.key_manager [None req-5027af56-976b-45e6-9a26-761ddf22183d None None] Deprecation Warning : cinder.keymgr.conf_key_mgr.ConfKeyManager is not a stevedore based driver, trying to load it as a class: stevedore.exception.NoMatches: No 'castellan.drivers' driver found, looking for 'cinder.keymgr.conf_key_mgr.ConfKeyManager'
Jan 12 12:14:39 devstack devstack@c-api.service[72506]: WARNING stevedore.named [None req-5027af56-976b-45e6-9a26-761ddf22183d None None] Could not load cinder.keymgr.conf_key_mgr.ConfKeyManager
Jan 12 12:14:39 devstack devstack@c-api.service[72506]: WARNING castellan.key_manager [None req-5027af56-976b-45e6-9a26-761ddf22183d None None] Deprecation Warning : cinder.keymgr.conf_key_mgr.ConfKeyManager is not a stevedore based driver, trying to load it as a class: stevedore.exception.NoMatches: No 'castellan.drivers' driver found, looking for 'cinder.keymgr.conf_key_mgr.ConfKeyManager'
Jan 12 12:14:39 devstack devstack@c-api.service[72506]: WARNING stevedore.named [None req-5027af56-976b-45e6-9a26-761ddf22183d None None] Could not load cinder.keymgr.conf_key_mgr.ConfKeyManager
Jan 12 12:14:39 devstack devstack@c-api.service[72506]: WARNING castellan.key_manager [None req-5027af56-976b-45e6-9a26-761ddf22183d None None] Deprecation Warning : cinder.keymgr.conf_key_mgr.ConfKeyManager is not a stevedore based driver, trying to load it as a class: stevedore.exception.NoMatches: No 'castellan.drivers' driver found, looking for 'cinder.keymgr.conf_key_mgr.ConfKeyManager'
Jan 12 12:14:39 devstack devstack@c-api.service[72506]: WARNING stevedore.named [None req-5027af56-976b-45e6-9a26-761ddf22183d None None] Could not load cinder.keymgr.conf_key_mgr.ConfKeyManager
Jan 12 12:14:39 devstack devstack@c-api.service[72506]: WARNING castellan.key_manager [None req-5027af56-976b-45e6-9a26-761ddf22183d None None] Deprecation Warning : cinder.keymgr.conf_key_mgr.ConfKeyManager is not a stevedore based driver, trying to load it as a class: stevedore.exception.NoMatches: No 'castellan.drivers' driver found, looking for 'cinder.keymgr.conf_key_mgr.ConfKeyManager'
Jan 12 12:14:39 devstack devstack@c-api.service[72506]: WARNING stevedore.named [None req-5027af56-976b-45e6-9a26-761ddf22183d None None] Could not load cinder.keymgr.conf_key_mgr.ConfKeyManager
Jan 12 12:14:39 devstack devstack@c-api.service[72506]: WARNING castellan.key_manager [None req-5027af56-976b-45e6-9a26-761ddf22183d None None] Deprecation Warning : cinder.keymgr.conf_key_mgr.ConfKeyManager is not a stevedore based driver, trying to load it as a class: stevedore.exception.NoMatches: No 'castellan.drivers' driver found, looking for 'cinder.keymgr.conf_key_mgr.ConfKeyManager'
Jan 12 12:14:39 devstack devstack@c-api.service[72506]: WARNING stevedore.named [None req-5027af56-976b-45e6-9a26-761ddf22183d None None] Could not load cinder.keymgr.conf_key_mgr.ConfKeyManager
Jan 12 12:14:39 devstack devstack@c-api.service[72506]: WARNING castellan.key_manager [None req-5027af56-976b-45e6-9a26-761ddf22183d None None] Deprecation Warning : cinder.keymgr.conf_key_mgr.ConfKeyManager is not a stevedore based driver, trying to load it as a class: stevedore.exception.NoMatches: No 'castellan.drivers' driver found, looking for 'cinder.keymgr.conf_key_mgr.ConfKeyManager'
Jan 12 12:14:39 devstack devstack@c-api.service[72506]: WARNING stevedore.named [None req-5027af56-976b-45e6-9a26-761ddf22183d None None] Could not load cinder.keymgr.conf_key_mgr.ConfKeyManager
Jan 12 12:14:39 devstack devstack@c-api.service[72506]: WARNING castellan.key_manager [None req-5027af56-976b-45e6-9a26-761ddf22183d None None] Deprecation Warning : cinder.keymgr.conf_key_mgr.ConfKeyManager is not a stevedore based driver, trying to load it as a class: stevedore.exception.NoMatches: No 'castellan.drivers' driver found, looking for 'cinder.keymgr.conf_key_mgr.ConfKeyManager'
Jan 12 12:14:39 devstack devstack@c-api.service[72506]: WARNING stevedore.named [None req-5027af56-976b-45e6-9a26-761ddf22183d None None] Could not load cinder.keymgr.conf_key_mgr.ConfKeyManager
Jan 12 12:14:39 devstack devstack@c-api.service[72506]: WARNING castellan.key_manager [None req-5027af56-976b-45e6-9a26-761ddf22183d None None] Deprecation Warning : cinder.keymgr.conf_key_mgr.ConfKeyManager is not a stevedore based driver, trying to load it as a class: stevedore.exception.NoMatches: No 'castellan.drivers' driver found, looking for 'cinder.keymgr.conf_key_mgr.ConfKeyManager'
Jan 12 12:14:39 devstack devstack@c-api.service[72506]: WARNING stevedore.named [None req-5027af56-976b-45e6-9a26-761ddf22183d None None] Could not load cinder.keymgr.conf_key_mgr.ConfKeyManager
Jan 12 12:14:39 devstack devstack@c-api.service[72506]: WARNING castellan.key_manager [None req-5027af56-976b-45e6-9a26-761ddf22183d None None] Deprecation Warning : cinder.keymgr.conf_key_mgr.ConfKeyManager is not a stevedore based driver, trying to load it as a class: stevedore.exception.NoMatches: No 'castellan.drivers' driver found, looking for 'cinder.keymgr.conf_key_mgr.ConfKeyManager'
Jan 12 12:14:39 devstack devstack@c-api.service[72506]: WARNING stevedore.named [None req-5027af56-976b-45e6-9a26-761ddf22183d None None] Could not load cinder.keymgr.conf_key_mgr.ConfKeyManager
Jan 12 12:14:39 devstack devstack@c-api.service[72506]: WARNING castellan.key_manager [None req-5027af56-976b-45e6-9a26-761ddf22183d None None] Deprecation Warning : cinder.keymgr.conf_key_mgr.ConfKeyManager is not a stevedore based driver, trying to load it as a class: stevedore.exception.NoMatches: No 'castellan.drivers' driver found, looking for 'cinder.keymgr.conf_key_mgr.ConfKeyManager'
Jan 12 12:14:39 devstack devstack@c-api.service[72506]: WARNING stevedore.named [None req-5027af56-976b-45e6-9a26-761ddf22183d None None] Could not load cinder.keymgr.conf_key_mgr.ConfKeyManager
Jan 12 12:14:39 devstack devstack@c-api.service[72506]: WARNING castellan.key_manager [None req-5027af56-976b-45e6-9a26-761ddf22183d None None] Deprecation Warning : cinder.keymgr.conf_key_mgr.ConfKeyManager is not a stevedore based driver, trying to load it as a class: stevedore.exception.NoMatches: No 'castellan.drivers' driver found, looking for 'cinder.keymgr.conf_key_mgr.ConfKeyManager'
Jan 12 12:14:39 devstack devstack@c-api.service[72506]: WARNING stevedore.named [None req-5027af56-976b-45e6-9a26-761ddf22183d None None] Could not load cinder.keymgr.conf_key_mgr.ConfKeyManager
Jan 12 12:14:39 devstack devstack@c-api.service[72506]: WARNING castellan.key_manager [None req-5027af56-976b-45e6-9a26-761ddf22183d None None] Deprecation Warning : cinder.keymgr.conf_key_mgr.ConfKeyManager is not a stevedore based driver, trying to load it as a class: stevedore.exception.NoMatches: No 'castellan.drivers' driver found, looking for 'cinder.keymgr.conf_key_mgr.ConfKeyManager'
Jan 12 12:14:39 devstack devstack@c-api.service[72506]: WARNING stevedore.named [None req-5027af56-976b-45e6-9a26-761ddf22183d None None] Could not load cinder.keymgr.conf_key_mgr.ConfKeyManager
Jan 12 12:14:39 devstack devstack@c-api.service[72506]: WARNING castellan.key_manager [None req-5027af56-976b-45e6-9a26-761ddf22183d None None] Deprecation Warning : cinder.keymgr.conf_key_mgr.ConfKeyManager is not a stevedore based driver, trying to load it as a class: stevedore.exception.NoMatches: No 'castellan.drivers' driver found, looking for 'cinder.keymgr.conf_key_mgr.ConfKeyManager'
Jan 12 12:14:39 devstack devstack@c-api.service[72506]: WARNING stevedore.named [None req-5027af56-976b-45e6-9a26-761ddf22183d None None] Could not load cinder.keymgr.conf_key_mgr.ConfKeyManager
Jan 12 12:14:39 devstack devstack@c-api.service[72506]: WARNING castellan.key_manager [None req-5027af56-976b-45e6-9a26-761ddf22183d None None] Deprecation Warning : cinder.keymgr.conf_key_mgr.ConfKeyManager is not a stevedore based driver, trying to load it as a class: stevedore.exception.NoMatches: No 'castellan.drivers' driver found, looking for 'cinder.keymgr.conf_key_mgr.ConfKeyManager'
Jan 12 12:14:39 devstack devstack@c-api.service[72506]: WARNING stevedore.named [None req-5027af56-976b-45e6-9a26-761ddf22183d None None] Could not load cinder.keymgr.conf_key_mgr.ConfKeyManager
Jan 12 12:14:39 devstack devstack@c-api.service[72506]: WARNING castellan.key_manager [None req-5027af56-976b-45e6-9a26-761ddf22183d None None] Deprecation Warning : cinder.keymgr.conf_key_mgr.ConfKeyManager is not a stevedore based driver, trying to load it as a class: stevedore.exception.NoMatches: No 'castellan.drivers' driver found, looking for 'cinder.keymgr.conf_key_mgr.ConfKeyManager'
Jan 12 12:14:39 devstack devstack@c-api.service[72506]: WARNING stevedore.named [None req-5027af56-976b-45e6-9a26-761ddf22183d None None] Could not load cinder.keymgr.conf_key_mgr.ConfKeyManager
Jan 12 12:14:39 devstack devstack@c-api.service[72506]: WARNING castellan.key_manager [None req-5027af56-976b-45e6-9a26-761ddf22183d None None] Deprecation Warning : cinder.keymgr.conf_key_mgr.ConfKeyManager is not a stevedore based driver, trying to load it as a class: stevedore.exception.NoMatches: No 'castellan.drivers' driver found, looking for 'cinder.keymgr.conf_key_mgr.ConfKeyManager'
Jan 12 12:14:39 devstack devstack@c-api.service[72506]: WARNING stevedore.named [None req-5027af56-976b-45e6-9a26-761ddf22183d None None] Could not load cinder.keymgr.conf_key_mgr.ConfKeyManager
Jan 12 12:14:39 devstack devstack@c-api.service[72506]: WARNING castellan.key_manager [None req-5027af56-976b-45e6-9a26-761ddf22183d None None] Deprecation Warning : cinder.keymgr.conf_key_mgr.ConfKeyManager is not a stevedore based driver, trying to load it as a class: stevedore.exception.NoMatches: No 'castellan.drivers' driver found, looking for 'cinder.keymgr.conf_key_mgr.ConfKeyManager'
Jan 12 12:14:39 devstack devstack@c-api.service[72506]: WARNING stevedore.named [None req-5027af56-976b-45e6-9a26-761ddf22183d None None] Could not load cinder.keymgr.conf_key_mgr.ConfKeyManager
Jan 12 12:14:39 devstack devstack@c-api.service[72506]: WARNING castellan.key_manager [None req-5027af56-976b-45e6-9a26-761ddf22183d None None] Deprecation Warning : cinder.keymgr.conf_key_mgr.ConfKeyManager is not a stevedore based driver, trying to load it as a class: stevedore.exception.NoMatches: No 'castellan.drivers' driver found, looking for 'cinder.keymgr.conf_key_mgr.ConfKeyManager'
Jan 12 12:14:39 devstack devstack@c-api.service[72506]: WARNING stevedore.named [None req-5027af56-976b-45e6-9a26-761ddf22183d None None] Could not load cinder.keymgr.conf_key_mgr.ConfKeyManager
Jan 12 12:14:39 devstack devstack@c-api.service[72506]: WARNING castellan.key_manager [None req-5027af56-976b-45e6-9a26-761ddf22183d None None] Deprecation Warning : cinder.keymgr.conf_key_mgr.ConfKeyManager is not a stevedore based driver, trying to load it as a class: stevedore.exception.NoMatches: No 'castellan.drivers' driver found, looking for 'cinder.keymgr.conf_key_mgr.ConfKeyManager'
Jan 12 12:14:39 devstack devstack@c-api.service[72507]: DEBUG dbcounter [-] [72507] Writer thread running {{(pid=72507) stat_writer /opt/stack/data/venv/lib/python3.10/site-packages/dbcounter.py:102}}
Jan 12 12:14:39 devstack devstack@c-api.service[72506]: WARNING stevedore.named [None req-5027af56-976b-45e6-9a26-761ddf22183d None None] Could not load cinder.keymgr.conf_key_mgr.ConfKeyManager
Jan 12 12:14:39 devstack devstack@c-api.service[72506]: WARNING castellan.key_manager [None req-5027af56-976b-45e6-9a26-761ddf22183d None None] Deprecation Warning : cinder.keymgr.conf_key_mgr.ConfKeyManager is not a stevedore based driver, trying to load it as a class: stevedore.exception.NoMatches: No 'castellan.drivers' driver found, looking for 'cinder.keymgr.conf_key_mgr.ConfKeyManager'
Jan 12 12:14:39 devstack devstack@c-api.service[72507]: INFO cinder.rpc [None req-3b3802ab-a9b0-448e-8156-24f6b5f765ea None None] Automatically selected cinder-scheduler objects version 1.39 as minimum service version.
Jan 12 12:14:39 devstack devstack@c-api.service[72506]: WARNING stevedore.named [None req-5027af56-976b-45e6-9a26-761ddf22183d None None] Could not load cinder.keymgr.conf_key_mgr.ConfKeyManager
Jan 12 12:14:39 devstack devstack@c-api.service[72506]: WARNING castellan.key_manager [None req-5027af56-976b-45e6-9a26-761ddf22183d None None] Deprecation Warning : cinder.keymgr.conf_key_mgr.ConfKeyManager is not a stevedore based driver, trying to load it as a class: stevedore.exception.NoMatches: No 'castellan.drivers' driver found, looking for 'cinder.keymgr.conf_key_mgr.ConfKeyManager'
Jan 12 12:14:39 devstack devstack@c-api.service[72506]: WARNING cinder.api.contrib.hosts [None req-5027af56-976b-45e6-9a26-761ddf22183d None None] Deprecated: The Host API is deprecated and will be be removed in a future version.
Jan 12 12:14:39 devstack devstack@c-api.service[72506]: DEBUG cinder.api.v3.router [None req-5027af56-976b-45e6-9a26-761ddf22183d None None] Extended resource: extensions {{(pid=72506) _setup_ext_routes /opt/stack/cinder/cinder/api/v3/router.py:122}}
Jan 12 12:14:39 devstack devstack@c-api.service[72507]: INFO cinder.rpc [None req-3b3802ab-a9b0-448e-8156-24f6b5f765ea None None] Automatically selected cinder-scheduler RPC version 3.12 as minimum service version.
Jan 12 12:14:39 devstack devstack@c-api.service[72506]: DEBUG cinder.api.v3.router [None req-5027af56-976b-45e6-9a26-761ddf22183d None None] Extended resource: encryption {{(pid=72506) _setup_ext_routes /opt/stack/cinder/cinder/api/v3/router.py:122}}
Jan 12 12:14:39 devstack devstack@c-api.service[72507]: INFO cinder.rpc [None req-3b3802ab-a9b0-448e-8156-24f6b5f765ea None None] Automatically selected cinder-volume objects version 1.39 as minimum service version.
Jan 12 12:14:39 devstack devstack@c-api.service[72506]: DEBUG cinder.api.v3.router [None req-5027af56-976b-45e6-9a26-761ddf22183d None None] Extended resource: os-quota-class-sets {{(pid=72506) _setup_ext_routes /opt/stack/cinder/cinder/api/v3/router.py:122}}
Jan 12 12:14:39 devstack devstack@c-api.service[72507]: INFO cinder.rpc [None req-3b3802ab-a9b0-448e-8156-24f6b5f765ea None None] Automatically selected cinder-volume RPC version 3.20 as minimum service version.
Jan 12 12:14:39 devstack devstack@c-api.service[72507]: WARNING stevedore.named [None req-3b3802ab-a9b0-448e-8156-24f6b5f765ea None None] Could not load cinder.keymgr.conf_key_mgr.ConfKeyManager
Jan 12 12:14:39 devstack devstack@c-api.service[72506]: DEBUG cinder.api.v3.router [None req-5027af56-976b-45e6-9a26-761ddf22183d None None] Extended resource: backups {{(pid=72506) _setup_ext_routes /opt/stack/cinder/cinder/api/v3/router.py:122}}
Jan 12 12:14:39 devstack devstack@c-api.service[72507]: WARNING castellan.key_manager [None req-3b3802ab-a9b0-448e-8156-24f6b5f765ea None None] Deprecation Warning : cinder.keymgr.conf_key_mgr.ConfKeyManager is not a stevedore based driver, trying to load it as a class: stevedore.exception.NoMatches: No 'castellan.drivers' driver found, looking for 'cinder.keymgr.conf_key_mgr.ConfKeyManager'
Jan 12 12:14:39 devstack devstack@c-api.service[72507]: WARNING cinder.keymgr.conf_key_mgr [None req-3b3802ab-a9b0-448e-8156-24f6b5f765ea None None] This key manager is insecure and is not recommended for production deployments: stevedore.exception.NoMatches: No 'castellan.drivers' driver found, looking for 'cinder.keymgr.conf_key_mgr.ConfKeyManager'
Jan 12 12:14:39 devstack devstack@c-api.service[72507]: WARNING stevedore.named [None req-3b3802ab-a9b0-448e-8156-24f6b5f765ea None None] Could not load cinder.keymgr.conf_key_mgr.ConfKeyManager
Jan 12 12:14:39 devstack devstack@c-api.service[72507]: WARNING castellan.key_manager [None req-3b3802ab-a9b0-448e-8156-24f6b5f765ea None None] Deprecation Warning : cinder.keymgr.conf_key_mgr.ConfKeyManager is not a stevedore based driver, trying to load it as a class: stevedore.exception.NoMatches: No 'castellan.drivers' driver found, looking for 'cinder.keymgr.conf_key_mgr.ConfKeyManager'
Jan 12 12:14:39 devstack devstack@c-api.service[72506]: DEBUG cinder.api.v3.router [None req-5027af56-976b-45e6-9a26-761ddf22183d None None] Extended resource: extra_specs {{(pid=72506) _setup_ext_routes /opt/stack/cinder/cinder/api/v3/router.py:122}}
Jan 12 12:14:39 devstack devstack@c-api.service[72507]: DEBUG oslo_db.sqlalchemy.engines [None req-3b3802ab-a9b0-448e-8156-24f6b5f765ea None None] MySQL server mode set to STRICT_TRANS_TABLES,STRICT_ALL_TABLES,NO_ZERO_IN_DATE,NO_ZERO_DATE,ERROR_FOR_DIVISION_BY_ZERO,TRADITIONAL,NO_ENGINE_SUBSTITUTION {{(pid=72507) _check_effective_sql_mode /opt/stack/data/venv/lib/python3.10/site-packages/oslo_db/sqlalchemy/engines.py:397}}
Jan 12 12:14:39 devstack devstack@c-api.service[72506]: DEBUG cinder.api.v3.router [None req-5027af56-976b-45e6-9a26-761ddf22183d None None] Extended resource: qos-specs {{(pid=72506) _setup_ext_routes /opt/stack/cinder/cinder/api/v3/router.py:122}}
Jan 12 12:14:39 devstack devstack@c-api.service[72507]: INFO cinder.rpc [None req-3b3802ab-a9b0-448e-8156-24f6b5f765ea None None] Automatically selected cinder-backup objects version 1.39 as minimum service version.
Jan 12 12:14:39 devstack devstack@c-api.service[72506]: DEBUG cinder.api.v3.router [None req-5027af56-976b-45e6-9a26-761ddf22183d None None] Extended resource: os-availability-zone {{(pid=72506) _setup_ext_routes /opt/stack/cinder/cinder/api/v3/router.py:122}}
Jan 12 12:14:39 devstack devstack@c-api.service[72507]: INFO cinder.rpc [None req-3b3802ab-a9b0-448e-8156-24f6b5f765ea None None] Automatically selected cinder-backup RPC version 2.4 as minimum service version.
Jan 12 12:14:39 devstack devstack@c-api.service[72507]: WARNING stevedore.named [None req-3b3802ab-a9b0-448e-8156-24f6b5f765ea None None] Could not load cinder.keymgr.conf_key_mgr.ConfKeyManager
Jan 12 12:14:39 devstack devstack@c-api.service[72507]: WARNING castellan.key_manager [None req-3b3802ab-a9b0-448e-8156-24f6b5f765ea None None] Deprecation Warning : cinder.keymgr.conf_key_mgr.ConfKeyManager is not a stevedore based driver, trying to load it as a class: stevedore.exception.NoMatches: No 'castellan.drivers' driver found, looking for 'cinder.keymgr.conf_key_mgr.ConfKeyManager'
Jan 12 12:14:39 devstack devstack@c-api.service[72506]: DEBUG cinder.api.v3.router [None req-5027af56-976b-45e6-9a26-761ddf22183d None None] Extended resource: capabilities {{(pid=72506) _setup_ext_routes /opt/stack/cinder/cinder/api/v3/router.py:122}}
Jan 12 12:14:39 devstack devstack@c-api.service[72506]: DEBUG cinder.api.v3.router [None req-5027af56-976b-45e6-9a26-761ddf22183d None None] Extended resource: os-volume-type-access {{(pid=72506) _setup_ext_routes /opt/stack/cinder/cinder/api/v3/router.py:122}}
Jan 12 12:14:39 devstack devstack@c-api.service[72506]: DEBUG cinder.api.v3.router [None req-5027af56-976b-45e6-9a26-761ddf22183d None None] Extended resource: cgsnapshots {{(pid=72506) _setup_ext_routes /opt/stack/cinder/cinder/api/v3/router.py:122}}
Jan 12 12:14:39 devstack devstack@c-api.service[72506]: DEBUG cinder.api.v3.router [None req-5027af56-976b-45e6-9a26-761ddf22183d None None] Extended resource: consistencygroups {{(pid=72506) _setup_ext_routes /opt/stack/cinder/cinder/api/v3/router.py:122}}
Jan 12 12:14:39 devstack devstack@c-api.service[72506]: DEBUG cinder.api.v3.router [None req-5027af56-976b-45e6-9a26-761ddf22183d None None] Extended resource: encryption {{(pid=72506) _setup_ext_routes /opt/stack/cinder/cinder/api/v3/router.py:122}}
Jan 12 12:14:39 devstack devstack@c-api.service[72507]: WARNING stevedore.named [None req-3b3802ab-a9b0-448e-8156-24f6b5f765ea None None] Could not load cinder.keymgr.conf_key_mgr.ConfKeyManager
Jan 12 12:14:39 devstack devstack@c-api.service[72507]: WARNING castellan.key_manager [None req-3b3802ab-a9b0-448e-8156-24f6b5f765ea None None] Deprecation Warning : cinder.keymgr.conf_key_mgr.ConfKeyManager is not a stevedore based driver, trying to load it as a class: stevedore.exception.NoMatches: No 'castellan.drivers' driver found, looking for 'cinder.keymgr.conf_key_mgr.ConfKeyManager'
Jan 12 12:14:39 devstack devstack@c-api.service[72506]: DEBUG cinder.api.v3.router [None req-5027af56-976b-45e6-9a26-761ddf22183d None None] Extended resource: scheduler-stats {{(pid=72506) _setup_ext_routes /opt/stack/cinder/cinder/api/v3/router.py:122}}
Jan 12 12:14:39 devstack devstack@c-api.service[72506]: DEBUG cinder.api.v3.router [None req-5027af56-976b-45e6-9a26-761ddf22183d None None] Extended resource: os-volume-manage {{(pid=72506) _setup_ext_routes /opt/stack/cinder/cinder/api/v3/router.py:122}}
Jan 12 12:14:39 devstack devstack@c-api.service[72507]: WARNING stevedore.named [None req-3b3802ab-a9b0-448e-8156-24f6b5f765ea None None] Could not load cinder.keymgr.conf_key_mgr.ConfKeyManager
Jan 12 12:14:39 devstack devstack@c-api.service[72507]: WARNING castellan.key_manager [None req-3b3802ab-a9b0-448e-8156-24f6b5f765ea None None] Deprecation Warning : cinder.keymgr.conf_key_mgr.ConfKeyManager is not a stevedore based driver, trying to load it as a class: stevedore.exception.NoMatches: No 'castellan.drivers' driver found, looking for 'cinder.keymgr.conf_key_mgr.ConfKeyManager'
Jan 12 12:14:39 devstack devstack@c-api.service[72506]: DEBUG cinder.api.v3.router [None req-5027af56-976b-45e6-9a26-761ddf22183d None None] Extended resource: os-quota-sets {{(pid=72506) _setup_ext_routes /opt/stack/cinder/cinder/api/v3/router.py:122}}
Jan 12 12:14:39 devstack devstack@c-api.service[72506]: DEBUG cinder.api.v3.router [None req-5027af56-976b-45e6-9a26-761ddf22183d None None] Extended resource: os-snapshot-manage {{(pid=72506) _setup_ext_routes /opt/stack/cinder/cinder/api/v3/router.py:122}}
Jan 12 12:14:39 devstack devstack@c-api.service[72507]: WARNING stevedore.named [None req-3b3802ab-a9b0-448e-8156-24f6b5f765ea None None] Could not load cinder.keymgr.conf_key_mgr.ConfKeyManager
Jan 12 12:14:39 devstack devstack@c-api.service[72507]: WARNING castellan.key_manager [None req-3b3802ab-a9b0-448e-8156-24f6b5f765ea None None] Deprecation Warning : cinder.keymgr.conf_key_mgr.ConfKeyManager is not a stevedore based driver, trying to load it as a class: stevedore.exception.NoMatches: No 'castellan.drivers' driver found, looking for 'cinder.keymgr.conf_key_mgr.ConfKeyManager'
Jan 12 12:14:39 devstack devstack@c-api.service[72506]: DEBUG cinder.api.v3.router [None req-5027af56-976b-45e6-9a26-761ddf22183d None None] Extended resource: os-volume-transfer {{(pid=72506) _setup_ext_routes /opt/stack/cinder/cinder/api/v3/router.py:122}}
Jan 12 12:14:39 devstack devstack@c-api.service[72506]: DEBUG cinder.api.v3.router [None req-5027af56-976b-45e6-9a26-761ddf22183d None None] Extended resource: os-hosts {{(pid=72506) _setup_ext_routes /opt/stack/cinder/cinder/api/v3/router.py:122}}
Jan 12 12:14:39 devstack devstack@c-api.service[72507]: WARNING stevedore.named [None req-3b3802ab-a9b0-448e-8156-24f6b5f765ea None None] Could not load cinder.keymgr.conf_key_mgr.ConfKeyManager
Jan 12 12:14:39 devstack devstack@c-api.service[72506]: WARNING stevedore.named [None req-5027af56-976b-45e6-9a26-761ddf22183d None None] Could not load cinder.keymgr.conf_key_mgr.ConfKeyManager
Jan 12 12:14:39 devstack devstack@c-api.service[72507]: WARNING castellan.key_manager [None req-3b3802ab-a9b0-448e-8156-24f6b5f765ea None None] Deprecation Warning : cinder.keymgr.conf_key_mgr.ConfKeyManager is not a stevedore based driver, trying to load it as a class: stevedore.exception.NoMatches: No 'castellan.drivers' driver found, looking for 'cinder.keymgr.conf_key_mgr.ConfKeyManager'
Jan 12 12:14:39 devstack devstack@c-api.service[72506]: WARNING castellan.key_manager [None req-5027af56-976b-45e6-9a26-761ddf22183d None None] Deprecation Warning : cinder.keymgr.conf_key_mgr.ConfKeyManager is not a stevedore based driver, trying to load it as a class: stevedore.exception.NoMatches: No 'castellan.drivers' driver found, looking for 'cinder.keymgr.conf_key_mgr.ConfKeyManager'
Jan 12 12:14:39 devstack devstack@c-api.service[72506]: WARNING stevedore.named [None req-5027af56-976b-45e6-9a26-761ddf22183d None None] Could not load cinder.keymgr.conf_key_mgr.ConfKeyManager
Jan 12 12:14:39 devstack devstack@c-api.service[72506]: WARNING castellan.key_manager [None req-5027af56-976b-45e6-9a26-761ddf22183d None None] Deprecation Warning : cinder.keymgr.conf_key_mgr.ConfKeyManager is not a stevedore based driver, trying to load it as a class: stevedore.exception.NoMatches: No 'castellan.drivers' driver found, looking for 'cinder.keymgr.conf_key_mgr.ConfKeyManager'
Jan 12 12:14:39 devstack devstack@c-api.service[72506]: WARNING stevedore.named [None req-5027af56-976b-45e6-9a26-761ddf22183d None None] Could not load cinder.keymgr.conf_key_mgr.ConfKeyManager
Jan 12 12:14:39 devstack devstack@c-api.service[72506]: WARNING castellan.key_manager [None req-5027af56-976b-45e6-9a26-761ddf22183d None None] Deprecation Warning : cinder.keymgr.conf_key_mgr.ConfKeyManager is not a stevedore based driver, trying to load it as a class: stevedore.exception.NoMatches: No 'castellan.drivers' driver found, looking for 'cinder.keymgr.conf_key_mgr.ConfKeyManager'
Jan 12 12:14:39 devstack devstack@c-api.service[72507]: WARNING stevedore.named [None req-3b3802ab-a9b0-448e-8156-24f6b5f765ea None None] Could not load cinder.keymgr.conf_key_mgr.ConfKeyManager
Jan 12 12:14:39 devstack devstack@c-api.service[72507]: WARNING castellan.key_manager [None req-3b3802ab-a9b0-448e-8156-24f6b5f765ea None None] Deprecation Warning : cinder.keymgr.conf_key_mgr.ConfKeyManager is not a stevedore based driver, trying to load it as a class: stevedore.exception.NoMatches: No 'castellan.drivers' driver found, looking for 'cinder.keymgr.conf_key_mgr.ConfKeyManager'
Jan 12 12:14:39 devstack devstack@c-api.service[72506]: WARNING stevedore.named [None req-5027af56-976b-45e6-9a26-761ddf22183d None None] Could not load cinder.keymgr.conf_key_mgr.ConfKeyManager
Jan 12 12:14:39 devstack devstack@c-api.service[72506]: WARNING castellan.key_manager [None req-5027af56-976b-45e6-9a26-761ddf22183d None None] Deprecation Warning : cinder.keymgr.conf_key_mgr.ConfKeyManager is not a stevedore based driver, trying to load it as a class: stevedore.exception.NoMatches: No 'castellan.drivers' driver found, looking for 'cinder.keymgr.conf_key_mgr.ConfKeyManager'
Jan 12 12:14:39 devstack devstack@c-api.service[72506]: WARNING stevedore.named [None req-5027af56-976b-45e6-9a26-761ddf22183d None None] Could not load cinder.keymgr.conf_key_mgr.ConfKeyManager
Jan 12 12:14:39 devstack devstack@c-api.service[72506]: WARNING castellan.key_manager [None req-5027af56-976b-45e6-9a26-761ddf22183d None None] Deprecation Warning : cinder.keymgr.conf_key_mgr.ConfKeyManager is not a stevedore based driver, trying to load it as a class: stevedore.exception.NoMatches: No 'castellan.drivers' driver found, looking for 'cinder.keymgr.conf_key_mgr.ConfKeyManager'
Jan 12 12:14:39 devstack devstack@c-api.service[72506]: WARNING stevedore.named [None req-5027af56-976b-45e6-9a26-761ddf22183d None None] Could not load cinder.keymgr.conf_key_mgr.ConfKeyManager
Jan 12 12:14:39 devstack devstack@c-api.service[72506]: WARNING castellan.key_manager [None req-5027af56-976b-45e6-9a26-761ddf22183d None None] Deprecation Warning : cinder.keymgr.conf_key_mgr.ConfKeyManager is not a stevedore based driver, trying to load it as a class: stevedore.exception.NoMatches: No 'castellan.drivers' driver found, looking for 'cinder.keymgr.conf_key_mgr.ConfKeyManager'
Jan 12 12:14:39 devstack devstack@c-api.service[72507]: WARNING stevedore.named [None req-3b3802ab-a9b0-448e-8156-24f6b5f765ea None None] Could not load cinder.keymgr.conf_key_mgr.ConfKeyManager
Jan 12 12:14:39 devstack devstack@c-api.service[72507]: WARNING castellan.key_manager [None req-3b3802ab-a9b0-448e-8156-24f6b5f765ea None None] Deprecation Warning : cinder.keymgr.conf_key_mgr.ConfKeyManager is not a stevedore based driver, trying to load it as a class: stevedore.exception.NoMatches: No 'castellan.drivers' driver found, looking for 'cinder.keymgr.conf_key_mgr.ConfKeyManager'
Jan 12 12:14:39 devstack devstack@c-api.service[72506]: WARNING stevedore.named [None req-5027af56-976b-45e6-9a26-761ddf22183d None None] Could not load cinder.keymgr.conf_key_mgr.ConfKeyManager
Jan 12 12:14:39 devstack devstack@c-api.service[72506]: WARNING castellan.key_manager [None req-5027af56-976b-45e6-9a26-761ddf22183d None None] Deprecation Warning : cinder.keymgr.conf_key_mgr.ConfKeyManager is not a stevedore based driver, trying to load it as a class: stevedore.exception.NoMatches: No 'castellan.drivers' driver found, looking for 'cinder.keymgr.conf_key_mgr.ConfKeyManager'
Jan 12 12:14:39 devstack devstack@c-api.service[72506]: DEBUG cinder.api.contrib.snapshot_actions [None req-5027af56-976b-45e6-9a26-761ddf22183d None None] SnapshotActionsController initialized {{(pid=72506) __init__ /opt/stack/cinder/cinder/api/contrib/snapshot_actions.py:33}}
Jan 12 12:14:39 devstack devstack@c-api.service[72506]: DEBUG cinder.api.v3.router [None req-5027af56-976b-45e6-9a26-761ddf22183d None None] Extension ExtendedSnapshotAttributes extending resource: snapshots {{(pid=72506) _setup_extensions /opt/stack/cinder/cinder/api/v3/router.py:155}}
Jan 12 12:14:39 devstack devstack@c-api.service[72506]: DEBUG cinder.api.v3.router [None req-5027af56-976b-45e6-9a26-761ddf22183d None None] Extension AdminActions extending resource: volumes {{(pid=72506) _setup_extensions /opt/stack/cinder/cinder/api/v3/router.py:155}}
Jan 12 12:14:39 devstack devstack@c-api.service[72506]: DEBUG cinder.api.v3.router [None req-5027af56-976b-45e6-9a26-761ddf22183d None None] Extension AdminActions extending resource: snapshots {{(pid=72506) _setup_extensions /opt/stack/cinder/cinder/api/v3/router.py:155}}
Jan 12 12:14:39 devstack devstack@c-api.service[72506]: DEBUG cinder.api.v3.router [None req-5027af56-976b-45e6-9a26-761ddf22183d None None] Extension AdminActions extending resource: backups {{(pid=72506) _setup_extensions /opt/stack/cinder/cinder/api/v3/router.py:155}}
Jan 12 12:14:39 devstack devstack@c-api.service[72506]: DEBUG cinder.api.v3.router [None req-5027af56-976b-45e6-9a26-761ddf22183d None None] Extension UsedLimits extending resource: limits {{(pid=72506) _setup_extensions /opt/stack/cinder/cinder/api/v3/router.py:155}}
Jan 12 12:14:39 devstack devstack@c-api.service[72506]: DEBUG cinder.api.v3.router [None req-5027af56-976b-45e6-9a26-761ddf22183d None None] Extension VolumeTypeAccess extending resource: types {{(pid=72506) _setup_extensions /opt/stack/cinder/cinder/api/v3/router.py:155}}
Jan 12 12:14:39 devstack devstack@c-api.service[72506]: DEBUG cinder.api.v3.router [None req-5027af56-976b-45e6-9a26-761ddf22183d None None] Extension VolumeTypeEncryption extending resource: types {{(pid=72506) _setup_extensions /opt/stack/cinder/cinder/api/v3/router.py:155}}
Jan 12 12:14:39 devstack devstack@c-api.service[72506]: DEBUG cinder.api.v3.router [None req-5027af56-976b-45e6-9a26-761ddf22183d None None] Extension VolumeUnmanage extending resource: volumes {{(pid=72506) _setup_extensions /opt/stack/cinder/cinder/api/v3/router.py:155}}
Jan 12 12:14:39 devstack devstack@c-api.service[72506]: DEBUG cinder.api.v3.router [None req-5027af56-976b-45e6-9a26-761ddf22183d None None] Extension SnapshotUnmanage extending resource: snapshots {{(pid=72506) _setup_extensions /opt/stack/cinder/cinder/api/v3/router.py:155}}
Jan 12 12:14:39 devstack devstack@c-api.service[72507]: WARNING stevedore.named [None req-3b3802ab-a9b0-448e-8156-24f6b5f765ea None None] Could not load cinder.keymgr.conf_key_mgr.ConfKeyManager
Jan 12 12:14:39 devstack devstack@c-api.service[72506]: DEBUG cinder.api.v3.router [None req-5027af56-976b-45e6-9a26-761ddf22183d None None] Extension VolumeTenantAttribute extending resource: volumes {{(pid=72506) _setup_extensions /opt/stack/cinder/cinder/api/v3/router.py:155}}
Jan 12 12:14:39 devstack devstack@c-api.service[72507]: WARNING castellan.key_manager [None req-3b3802ab-a9b0-448e-8156-24f6b5f765ea None None] Deprecation Warning : cinder.keymgr.conf_key_mgr.ConfKeyManager is not a stevedore based driver, trying to load it as a class: stevedore.exception.NoMatches: No 'castellan.drivers' driver found, looking for 'cinder.keymgr.conf_key_mgr.ConfKeyManager'
Jan 12 12:14:39 devstack devstack@c-api.service[72506]: DEBUG cinder.api.v3.router [None req-5027af56-976b-45e6-9a26-761ddf22183d None None] Extension VolumeMigStatusAttribute extending resource: volumes {{(pid=72506) _setup_extensions /opt/stack/cinder/cinder/api/v3/router.py:155}}
Jan 12 12:14:39 devstack devstack@c-api.service[72506]: DEBUG cinder.api.v3.router [None req-5027af56-976b-45e6-9a26-761ddf22183d None None] Extension TypesManage extending resource: types {{(pid=72506) _setup_extensions /opt/stack/cinder/cinder/api/v3/router.py:155}}
Jan 12 12:14:39 devstack devstack@c-api.service[72506]: DEBUG cinder.api.v3.router [None req-5027af56-976b-45e6-9a26-761ddf22183d None None] Extension VolumeImageMetadata extending resource: volumes {{(pid=72506) _setup_extensions /opt/stack/cinder/cinder/api/v3/router.py:155}}
Jan 12 12:14:39 devstack devstack@c-api.service[72506]: DEBUG cinder.api.v3.router [None req-5027af56-976b-45e6-9a26-761ddf22183d None None] Extension VolumeHostAttribute extending resource: volumes {{(pid=72506) _setup_extensions /opt/stack/cinder/cinder/api/v3/router.py:155}}
Jan 12 12:14:39 devstack devstack@c-api.service[72506]: DEBUG cinder.api.v3.router [None req-5027af56-976b-45e6-9a26-761ddf22183d None None] Extension VolumeActions extending resource: volumes {{(pid=72506) _setup_extensions /opt/stack/cinder/cinder/api/v3/router.py:155}}
Jan 12 12:14:39 devstack devstack@c-api.service[72506]: DEBUG cinder.api.v3.router [None req-5027af56-976b-45e6-9a26-761ddf22183d None None] Extension SnapshotActions extending resource: snapshots {{(pid=72506) _setup_extensions /opt/stack/cinder/cinder/api/v3/router.py:155}}
Jan 12 12:14:39 devstack devstack@c-api.service[72507]: WARNING stevedore.named [None req-3b3802ab-a9b0-448e-8156-24f6b5f765ea None None] Could not load cinder.keymgr.conf_key_mgr.ConfKeyManager
Jan 12 12:14:39 devstack devstack@c-api.service[72507]: WARNING castellan.key_manager [None req-3b3802ab-a9b0-448e-8156-24f6b5f765ea None None] Deprecation Warning : cinder.keymgr.conf_key_mgr.ConfKeyManager is not a stevedore based driver, trying to load it as a class: stevedore.exception.NoMatches: No 'castellan.drivers' driver found, looking for 'cinder.keymgr.conf_key_mgr.ConfKeyManager'
Jan 12 12:14:39 devstack devstack@c-api.service[72506]: WARNING keystonemiddleware.auth_token [None req-5027af56-976b-45e6-9a26-761ddf22183d None None] AuthToken middleware is set with keystone_authtoken.service_token_roles_required set to False. This is backwards compatible but deprecated behaviour. Please set this to True.
Jan 12 12:14:39 devstack devstack@c-api.service[72507]: WARNING stevedore.named [None req-3b3802ab-a9b0-448e-8156-24f6b5f765ea None None] Could not load cinder.keymgr.conf_key_mgr.ConfKeyManager
Jan 12 12:14:39 devstack devstack@c-api.service[72506]: WARNING keystonemiddleware.auth_token [None req-5027af56-976b-45e6-9a26-761ddf22183d None None] Configuring www_authenticate_uri to point to the public identity endpoint is required; clients may not be able to authenticate against an admin endpoint
Jan 12 12:14:39 devstack devstack@c-api.service[72507]: WARNING castellan.key_manager [None req-3b3802ab-a9b0-448e-8156-24f6b5f765ea None None] Deprecation Warning : cinder.keymgr.conf_key_mgr.ConfKeyManager is not a stevedore based driver, trying to load it as a class: stevedore.exception.NoMatches: No 'castellan.drivers' driver found, looking for 'cinder.keymgr.conf_key_mgr.ConfKeyManager'
Jan 12 12:14:39 devstack devstack@c-api.service[72507]: WARNING stevedore.named [None req-3b3802ab-a9b0-448e-8156-24f6b5f765ea None None] Could not load cinder.keymgr.conf_key_mgr.ConfKeyManager
Jan 12 12:14:39 devstack devstack@c-api.service[72507]: WARNING castellan.key_manager [None req-3b3802ab-a9b0-448e-8156-24f6b5f765ea None None] Deprecation Warning : cinder.keymgr.conf_key_mgr.ConfKeyManager is not a stevedore based driver, trying to load it as a class: stevedore.exception.NoMatches: No 'castellan.drivers' driver found, looking for 'cinder.keymgr.conf_key_mgr.ConfKeyManager'
Jan 12 12:14:39 devstack devstack@c-api.service[72506]: WSGI app 0 (mountpoint='') ready in 4 seconds on interpreter 0x5591338e21c0 pid: 72506 (default app)
Jan 12 12:14:39 devstack devstack@c-api.service[72507]: WARNING stevedore.named [None req-3b3802ab-a9b0-448e-8156-24f6b5f765ea None None] Could not load cinder.keymgr.conf_key_mgr.ConfKeyManager
Jan 12 12:14:39 devstack devstack@c-api.service[72507]: WARNING castellan.key_manager [None req-3b3802ab-a9b0-448e-8156-24f6b5f765ea None None] Deprecation Warning : cinder.keymgr.conf_key_mgr.ConfKeyManager is not a stevedore based driver, trying to load it as a class: stevedore.exception.NoMatches: No 'castellan.drivers' driver found, looking for 'cinder.keymgr.conf_key_mgr.ConfKeyManager'
Jan 12 12:14:39 devstack devstack@c-api.service[72507]: WARNING stevedore.named [None req-3b3802ab-a9b0-448e-8156-24f6b5f765ea None None] Could not load cinder.keymgr.conf_key_mgr.ConfKeyManager
Jan 12 12:14:39 devstack devstack@c-api.service[72507]: WARNING castellan.key_manager [None req-3b3802ab-a9b0-448e-8156-24f6b5f765ea None None] Deprecation Warning : cinder.keymgr.conf_key_mgr.ConfKeyManager is not a stevedore based driver, trying to load it as a class: stevedore.exception.NoMatches: No 'castellan.drivers' driver found, looking for 'cinder.keymgr.conf_key_mgr.ConfKeyManager'
Jan 12 12:14:39 devstack devstack@c-api.service[72507]: WARNING stevedore.named [None req-3b3802ab-a9b0-448e-8156-24f6b5f765ea None None] Could not load cinder.keymgr.conf_key_mgr.ConfKeyManager
Jan 12 12:14:39 devstack devstack@c-api.service[72507]: WARNING castellan.key_manager [None req-3b3802ab-a9b0-448e-8156-24f6b5f765ea None None] Deprecation Warning : cinder.keymgr.conf_key_mgr.ConfKeyManager is not a stevedore based driver, trying to load it as a class: stevedore.exception.NoMatches: No 'castellan.drivers' driver found, looking for 'cinder.keymgr.conf_key_mgr.ConfKeyManager'
