Jan 21 19:52:56 devstack cinder-volume[83141]: DEBUG oslo_concurrency.lockutils [None req-6dc1d014-4428-4bcb-9cf1-db5c95088105 tempest-VolumesDeleteCascade-971395034 None] Acquiring lock "quobyte" by "cinder.volume.drivers.quobyte.QuobyteDriver.create_snapshot" {{(pid=83141) inner /opt/stack/data/venv/lib/python3.10/site-packages/oslo_concurrency/lockutils.py:405}}
Jan 21 19:52:56 devstack cinder-volume[83141]: DEBUG oslo_concurrency.lockutils [None req-6dc1d014-4428-4bcb-9cf1-db5c95088105 tempest-VolumesDeleteCascade-971395034 None] Lock "quobyte" acquired by "cinder.volume.drivers.quobyte.QuobyteDriver.create_snapshot" :: waited 0.000s {{(pid=83141) inner /opt/stack/data/venv/lib/python3.10/site-packages/oslo_concurrency/lockutils.py:410}}
Jan 21 19:52:56 devstack cinder-volume[83141]: DEBUG cinder.volume.drivers.remotefs [None req-6dc1d014-4428-4bcb-9cf1-db5c95088105 tempest-VolumesDeleteCascade-971395034 None] Creating offline snapshot 664e5392-ed3d-4e88-a6e9-d5b6f0750abb of volume 97bf3e0c-fb97-407e-a426-c347a042cf37 {{(pid=83141) _create_snapshot /opt/stack/cinder/cinder/volume/drivers/remotefs.py:1817}}
Jan 21 19:52:56 devstack cinder-volume[83141]: DEBUG oslo.privsep.daemon [-] privsep: reply[47539ca7-0efc-4db7-8989-8cb3b28bf03c]: (4, 'qcow2') {{(pid=83848) _call_back /opt/stack/data/venv/lib/python3.10/site-packages/oslo_privsep/daemon.py:515}}
Jan 21 19:52:56 devstack cinder-volume[83141]: DEBUG oslo_concurrency.processutils [None req-6dc1d014-4428-4bcb-9cf1-db5c95088105 tempest-VolumesDeleteCascade-971395034 None] Running cmd (subprocess): /opt/stack/data/venv/bin/python3.10 -m oslo_concurrency.prlimit --as=1073741824 --cpu=60 -- sudo cinder-rootwrap /etc/cinder/rootwrap.conf env LC_ALL=C qemu-img info -f qcow2 --output=json --force-share /opt/stack/data/cinder/mnt/11886a3cc117a244638e9544b48f254b/volume-97bf3e0c-fb97-407e-a426-c347a042cf37 {{(pid=83141) execute /opt/stack/data/venv/lib/python3.10/site-packages/oslo_concurrency/processutils.py:349}}
Jan 21 19:52:56 devstack sudo[87033]: quobyte : PWD=/ ; USER=root ; COMMAND=/opt/stack/data/venv/bin/cinder-rootwrap /etc/cinder/rootwrap.conf env LC_ALL=C qemu-img info -f qcow2 --output=json --force-share /opt/stack/data/cinder/mnt/11886a3cc117a244638e9544b48f254b/volume-97bf3e0c-fb97-407e-a426-c347a042cf37
Jan 21 19:52:56 devstack sudo[87033]: pam_unix(sudo:session): session opened for user root(uid=0) by (uid=1000)
Jan 21 19:52:56 devstack sudo[87033]: pam_unix(sudo:session): session closed for user root
Jan 21 19:52:56 devstack cinder-volume[83141]: DEBUG oslo_concurrency.processutils [None req-6dc1d014-4428-4bcb-9cf1-db5c95088105 tempest-VolumesDeleteCascade-971395034 None] CMD "/opt/stack/data/venv/bin/python3.10 -m oslo_concurrency.prlimit --as=1073741824 --cpu=60 -- sudo cinder-rootwrap /etc/cinder/rootwrap.conf env LC_ALL=C qemu-img info -f qcow2 --output=json --force-share /opt/stack/data/cinder/mnt/11886a3cc117a244638e9544b48f254b/volume-97bf3e0c-fb97-407e-a426-c347a042cf37" returned: 0 in 0.517s {{(pid=83141) execute /opt/stack/data/venv/lib/python3.10/site-packages/oslo_concurrency/processutils.py:372}}
Jan 21 19:52:56 devstack cinder-volume[83141]: DEBUG oslo_concurrency.processutils [None req-6dc1d014-4428-4bcb-9cf1-db5c95088105 tempest-VolumesDeleteCascade-971395034 None] Running cmd (subprocess): sudo cinder-rootwrap /etc/cinder/rootwrap.conf qemu-img create -f qcow2 -o backing_file=/opt/stack/data/cinder/mnt/11886a3cc117a244638e9544b48f254b/volume-97bf3e0c-fb97-407e-a426-c347a042cf37,backing_fmt=qcow2 /opt/stack/data/cinder/mnt/11886a3cc117a244638e9544b48f254b/volume-97bf3e0c-fb97-407e-a426-c347a042cf37.664e5392-ed3d-4e88-a6e9-d5b6f0750abb 1G {{(pid=83141) execute /opt/stack/data/venv/lib/python3.10/site-packages/oslo_concurrency/processutils.py:349}}
Jan 21 19:52:56 devstack sudo[87038]: quobyte : PWD=/ ; USER=root ; COMMAND=/opt/stack/data/venv/bin/cinder-rootwrap /etc/cinder/rootwrap.conf qemu-img create -f qcow2 -o backing_file=/opt/stack/data/cinder/mnt/11886a3cc117a244638e9544b48f254b/volume-97bf3e0c-fb97-407e-a426-c347a042cf37,backing_fmt=qcow2 /opt/stack/data/cinder/mnt/11886a3cc117a244638e9544b48f254b/volume-97bf3e0c-fb97-407e-a426-c347a042cf37.664e5392-ed3d-4e88-a6e9-d5b6f0750abb 1G
Jan 21 19:52:56 devstack sudo[87038]: pam_unix(sudo:session): session opened for user root(uid=0) by (uid=1000)
Jan 21 19:52:57 devstack sudo[87038]: pam_unix(sudo:session): session closed for user root
Jan 21 19:52:57 devstack cinder-volume[83141]: DEBUG oslo_concurrency.processutils [None req-6dc1d014-4428-4bcb-9cf1-db5c95088105 tempest-VolumesDeleteCascade-971395034 None] CMD "sudo cinder-rootwrap /etc/cinder/rootwrap.conf qemu-img create -f qcow2 -o backing_file=/opt/stack/data/cinder/mnt/11886a3cc117a244638e9544b48f254b/volume-97bf3e0c-fb97-407e-a426-c347a042cf37,backing_fmt=qcow2 /opt/stack/data/cinder/mnt/11886a3cc117a244638e9544b48f254b/volume-97bf3e0c-fb97-407e-a426-c347a042cf37.664e5392-ed3d-4e88-a6e9-d5b6f0750abb 1G" returned: 0 in 0.501s {{(pid=83141) execute /opt/stack/data/venv/lib/python3.10/site-packages/oslo_concurrency/processutils.py:372}}
Jan 21 19:52:57 devstack cinder-volume[83141]: DEBUG oslo_concurrency.processutils [None req-6dc1d014-4428-4bcb-9cf1-db5c95088105 tempest-VolumesDeleteCascade-971395034 None] Running cmd (subprocess): sudo cinder-rootwrap /etc/cinder/rootwrap.conf qemu-img rebase -u -b volume-97bf3e0c-fb97-407e-a426-c347a042cf37 -F qcow2 /opt/stack/data/cinder/mnt/11886a3cc117a244638e9544b48f254b/volume-97bf3e0c-fb97-407e-a426-c347a042cf37.664e5392-ed3d-4e88-a6e9-d5b6f0750abb {{(pid=83141) execute /opt/stack/data/venv/lib/python3.10/site-packages/oslo_concurrency/processutils.py:349}}
Jan 21 19:52:57 devstack sudo[87043]: quobyte : PWD=/ ; USER=root ; COMMAND=/opt/stack/data/venv/bin/cinder-rootwrap /etc/cinder/rootwrap.conf qemu-img rebase -u -b volume-97bf3e0c-fb97-407e-a426-c347a042cf37 -F qcow2 /opt/stack/data/cinder/mnt/11886a3cc117a244638e9544b48f254b/volume-97bf3e0c-fb97-407e-a426-c347a042cf37.664e5392-ed3d-4e88-a6e9-d5b6f0750abb
Jan 21 19:52:57 devstack sudo[87043]: pam_unix(sudo:session): session opened for user root(uid=0) by (uid=1000)
Jan 21 19:52:57 devstack sudo[87043]: pam_unix(sudo:session): session closed for user root
Jan 21 19:52:57 devstack cinder-volume[83141]: DEBUG oslo_concurrency.processutils [None req-6dc1d014-4428-4bcb-9cf1-db5c95088105 tempest-VolumesDeleteCascade-971395034 None] CMD "sudo cinder-rootwrap /etc/cinder/rootwrap.conf qemu-img rebase -u -b volume-97bf3e0c-fb97-407e-a426-c347a042cf37 -F qcow2 /opt/stack/data/cinder/mnt/11886a3cc117a244638e9544b48f254b/volume-97bf3e0c-fb97-407e-a426-c347a042cf37.664e5392-ed3d-4e88-a6e9-d5b6f0750abb" returned: 0 in 0.447s {{(pid=83141) execute /opt/stack/data/venv/lib/python3.10/site-packages/oslo_concurrency/processutils.py:372}}
Jan 21 19:52:57 devstack cinder-volume[83141]: WARNING cinder.volume.drivers.remotefs [None req-6dc1d014-4428-4bcb-9cf1-db5c95088105 tempest-VolumesDeleteCascade-971395034 None] /opt/stack/data/cinder/mnt/11886a3cc117a244638e9544b48f254b/volume-97bf3e0c-fb97-407e-a426-c347a042cf37.664e5392-ed3d-4e88-a6e9-d5b6f0750abb is being set with open permissions: ugo+rw
Jan 21 19:52:57 devstack cinder-volume[83141]: DEBUG oslo_concurrency.processutils [None req-6dc1d014-4428-4bcb-9cf1-db5c95088105 tempest-VolumesDeleteCascade-971395034 None] Running cmd (subprocess): sudo cinder-rootwrap /etc/cinder/rootwrap.conf chmod ugo+rw /opt/stack/data/cinder/mnt/11886a3cc117a244638e9544b48f254b/volume-97bf3e0c-fb97-407e-a426-c347a042cf37.664e5392-ed3d-4e88-a6e9-d5b6f0750abb {{(pid=83141) execute /opt/stack/data/venv/lib/python3.10/site-packages/oslo_concurrency/processutils.py:349}}
Jan 21 19:52:57 devstack sudo[87050]: quobyte : PWD=/ ; USER=root ; COMMAND=/opt/stack/data/venv/bin/cinder-rootwrap /etc/cinder/rootwrap.conf chmod ugo+rw /opt/stack/data/cinder/mnt/11886a3cc117a244638e9544b48f254b/volume-97bf3e0c-fb97-407e-a426-c347a042cf37.664e5392-ed3d-4e88-a6e9-d5b6f0750abb
Jan 21 19:52:57 devstack sudo[87050]: pam_unix(sudo:session): session opened for user root(uid=0) by (uid=1000)
Jan 21 19:52:57 devstack sudo[87050]: pam_unix(sudo:session): session closed for user root
Jan 21 19:52:57 devstack cinder-volume[83141]: DEBUG oslo_concurrency.processutils [None req-6dc1d014-4428-4bcb-9cf1-db5c95088105 tempest-VolumesDeleteCascade-971395034 None] CMD "sudo cinder-rootwrap /etc/cinder/rootwrap.conf chmod ugo+rw /opt/stack/data/cinder/mnt/11886a3cc117a244638e9544b48f254b/volume-97bf3e0c-fb97-407e-a426-c347a042cf37.664e5392-ed3d-4e88-a6e9-d5b6f0750abb" returned: 0 in 0.424s {{(pid=83141) execute /opt/stack/data/venv/lib/python3.10/site-packages/oslo_concurrency/processutils.py:372}}
Jan 21 19:52:58 devstack cinder-volume[83141]: DEBUG oslo_concurrency.processutils [None req-6dc1d014-4428-4bcb-9cf1-db5c95088105 tempest-VolumesDeleteCascade-971395034 None] Running cmd (subprocess): sudo cinder-rootwrap /etc/cinder/rootwrap.conf truncate -s0 /opt/stack/data/cinder/mnt/11886a3cc117a244638e9544b48f254b/volume-97bf3e0c-fb97-407e-a426-c347a042cf37.info {{(pid=83141) execute /opt/stack/data/venv/lib/python3.10/site-packages/oslo_concurrency/processutils.py:349}}
Jan 21 19:52:58 devstack sudo[87058]: quobyte : PWD=/ ; USER=root ; COMMAND=/opt/stack/data/venv/bin/cinder-rootwrap /etc/cinder/rootwrap.conf truncate -s0 /opt/stack/data/cinder/mnt/11886a3cc117a244638e9544b48f254b/volume-97bf3e0c-fb97-407e-a426-c347a042cf37.info
Jan 21 19:52:58 devstack sudo[87058]: pam_unix(sudo:session): session opened for user root(uid=0) by (uid=1000)
Jan 21 19:52:58 devstack sudo[87058]: pam_unix(sudo:session): session closed for user root
Jan 21 19:52:58 devstack cinder-volume[83141]: DEBUG oslo_concurrency.processutils [None req-6dc1d014-4428-4bcb-9cf1-db5c95088105 tempest-VolumesDeleteCascade-971395034 None] CMD "sudo cinder-rootwrap /etc/cinder/rootwrap.conf truncate -s0 /opt/stack/data/cinder/mnt/11886a3cc117a244638e9544b48f254b/volume-97bf3e0c-fb97-407e-a426-c347a042cf37.info" returned: 0 in 0.469s {{(pid=83141) execute /opt/stack/data/venv/lib/python3.10/site-packages/oslo_concurrency/processutils.py:372}}
Jan 21 19:52:58 devstack cinder-volume[83141]: WARNING cinder.volume.drivers.remotefs [None req-6dc1d014-4428-4bcb-9cf1-db5c95088105 tempest-VolumesDeleteCascade-971395034 None] /opt/stack/data/cinder/mnt/11886a3cc117a244638e9544b48f254b/volume-97bf3e0c-fb97-407e-a426-c347a042cf37.info is being set with open permissions: ugo+rw
Jan 21 19:52:58 devstack cinder-volume[83141]: DEBUG oslo_concurrency.processutils [None req-6dc1d014-4428-4bcb-9cf1-db5c95088105 tempest-VolumesDeleteCascade-971395034 None] Running cmd (subprocess): sudo cinder-rootwrap /etc/cinder/rootwrap.conf chmod ugo+rw /opt/stack/data/cinder/mnt/11886a3cc117a244638e9544b48f254b/volume-97bf3e0c-fb97-407e-a426-c347a042cf37.info {{(pid=83141) execute /opt/stack/data/venv/lib/python3.10/site-packages/oslo_concurrency/processutils.py:349}}
Jan 21 19:52:58 devstack sudo[87067]: quobyte : PWD=/ ; USER=root ; COMMAND=/opt/stack/data/venv/bin/cinder-rootwrap /etc/cinder/rootwrap.conf chmod ugo+rw /opt/stack/data/cinder/mnt/11886a3cc117a244638e9544b48f254b/volume-97bf3e0c-fb97-407e-a426-c347a042cf37.info
Jan 21 19:52:58 devstack sudo[87067]: pam_unix(sudo:session): session opened for user root(uid=0) by (uid=1000)
Jan 21 19:52:58 devstack sudo[87067]: pam_unix(sudo:session): session closed for user root
Jan 21 19:52:58 devstack cinder-volume[83141]: DEBUG oslo_concurrency.processutils [None req-6dc1d014-4428-4bcb-9cf1-db5c95088105 tempest-VolumesDeleteCascade-971395034 None] CMD "sudo cinder-rootwrap /etc/cinder/rootwrap.conf chmod ugo+rw /opt/stack/data/cinder/mnt/11886a3cc117a244638e9544b48f254b/volume-97bf3e0c-fb97-407e-a426-c347a042cf37.info" returned: 0 in 0.513s {{(pid=83141) execute /opt/stack/data/venv/lib/python3.10/site-packages/oslo_concurrency/processutils.py:372}}
Jan 21 19:52:59 devstack cinder-volume[83141]: DEBUG oslo_concurrency.lockutils [None req-6dc1d014-4428-4bcb-9cf1-db5c95088105 tempest-VolumesDeleteCascade-971395034 None] Lock "quobyte" "released" by "cinder.volume.drivers.quobyte.QuobyteDriver.create_snapshot" :: held 2.941s {{(pid=83141) inner /opt/stack/data/venv/lib/python3.10/site-packages/oslo_concurrency/lockutils.py:424}}
Jan 21 19:52:59 devstack cinder-volume[83141]: INFO cinder.volume.manager [None req-6dc1d014-4428-4bcb-9cf1-db5c95088105 tempest-VolumesDeleteCascade-971395034 None] Create snapshot completed successfully
Jan 21 19:52:59 devstack cinder-volume[83141]: WARNING cinder.volume.volume_utils [None req-b243516d-c48a-4f96-9cd9-533dc70f72c7 tempest-VolumesDeleteCascade-971395034 None] Volume driver (QuobyteDriver 1.1.13) is currently unsupported and may be removed in the next release of OpenStack. Use at your own risk.
Jan 21 19:52:59 devstack cinder-volume[83141]: DEBUG oslo_concurrency.lockutils [None req-b243516d-c48a-4f96-9cd9-533dc70f72c7 tempest-VolumesDeleteCascade-971395034 None] Acquiring lock "quobyte" by "cinder.volume.drivers.quobyte.QuobyteDriver.create_snapshot" {{(pid=83141) inner /opt/stack/data/venv/lib/python3.10/site-packages/oslo_concurrency/lockutils.py:405}}
Jan 21 19:52:59 devstack cinder-volume[83141]: DEBUG oslo_concurrency.lockutils [None req-b243516d-c48a-4f96-9cd9-533dc70f72c7 tempest-VolumesDeleteCascade-971395034 None] Lock "quobyte" acquired by "cinder.volume.drivers.quobyte.QuobyteDriver.create_snapshot" :: waited 0.001s {{(pid=83141) inner /opt/stack/data/venv/lib/python3.10/site-packages/oslo_concurrency/lockutils.py:410}}
Jan 21 19:52:59 devstack cinder-volume[83141]: DEBUG cinder.volume.drivers.remotefs [None req-b243516d-c48a-4f96-9cd9-533dc70f72c7 tempest-VolumesDeleteCascade-971395034 None] Creating offline snapshot e36301b5-5026-417a-8d1d-c80d64acb983 of volume 97bf3e0c-fb97-407e-a426-c347a042cf37 {{(pid=83141) _create_snapshot /opt/stack/cinder/cinder/volume/drivers/remotefs.py:1817}}
Jan 21 19:52:59 devstack cinder-volume[83141]: DEBUG oslo.privsep.daemon [-] privsep: reply[61d5882a-d5e9-46a8-ad84-90d1c9a8718b]: (4, 'qcow2') {{(pid=83848) _call_back /opt/stack/data/venv/lib/python3.10/site-packages/oslo_privsep/daemon.py:515}}
Jan 21 19:52:59 devstack cinder-volume[83141]: DEBUG oslo_concurrency.processutils [None req-b243516d-c48a-4f96-9cd9-533dc70f72c7 tempest-VolumesDeleteCascade-971395034 None] Running cmd (subprocess): /opt/stack/data/venv/bin/python3.10 -m oslo_concurrency.prlimit --as=1073741824 --cpu=60 -- sudo cinder-rootwrap /etc/cinder/rootwrap.conf env LC_ALL=C qemu-img info -f qcow2 --output=json --force-share /opt/stack/data/cinder/mnt/11886a3cc117a244638e9544b48f254b/volume-97bf3e0c-fb97-407e-a426-c347a042cf37.664e5392-ed3d-4e88-a6e9-d5b6f0750abb {{(pid=83141) execute /opt/stack/data/venv/lib/python3.10/site-packages/oslo_concurrency/processutils.py:349}}
Jan 21 19:52:59 devstack sudo[87239]: quobyte : PWD=/ ; USER=root ; COMMAND=/opt/stack/data/venv/bin/cinder-rootwrap /etc/cinder/rootwrap.conf env LC_ALL=C qemu-img info -f qcow2 --output=json --force-share /opt/stack/data/cinder/mnt/11886a3cc117a244638e9544b48f254b/volume-97bf3e0c-fb97-407e-a426-c347a042cf37.664e5392-ed3d-4e88-a6e9-d5b6f0750abb
Jan 21 19:52:59 devstack sudo[87239]: pam_unix(sudo:session): session opened for user root(uid=0) by (uid=1000)
Jan 21 19:53:00 devstack sudo[87239]: pam_unix(sudo:session): session closed for user root
Jan 21 19:53:00 devstack cinder-volume[83141]: DEBUG oslo_concurrency.processutils [None req-b243516d-c48a-4f96-9cd9-533dc70f72c7 tempest-VolumesDeleteCascade-971395034 None] CMD "/opt/stack/data/venv/bin/python3.10 -m oslo_concurrency.prlimit --as=1073741824 --cpu=60 -- sudo cinder-rootwrap /etc/cinder/rootwrap.conf env LC_ALL=C qemu-img info -f qcow2 --output=json --force-share /opt/stack/data/cinder/mnt/11886a3cc117a244638e9544b48f254b/volume-97bf3e0c-fb97-407e-a426-c347a042cf37.664e5392-ed3d-4e88-a6e9-d5b6f0750abb" returned: 0 in 1.116s {{(pid=83141) execute /opt/stack/data/venv/lib/python3.10/site-packages/oslo_concurrency/processutils.py:372}}
Jan 21 19:53:00 devstack cinder-volume[83141]: DEBUG cinder.volume.drivers.remotefs [None req-b243516d-c48a-4f96-9cd9-533dc70f72c7 tempest-VolumesDeleteCascade-971395034 None] Fetching qemu-img info with special backing_file_template: (/opt/stack/data/cinder/mnt/[0-9a-f]+/)?(volume-97bf3e0c-fb97-407e-a426-c347a042cf37(.(tmp-snap-)?[0-9a-f-]+)?|volume_from_snapshot_cache/(tmp-snap-)?[0-9a-f-]+(.(child-|parent-)[0-9a-f-]+)?)$ {{(pid=83141) _qemu_img_info_base /opt/stack/cinder/cinder/volume/drivers/remotefs.py:898}}
Jan 21 19:53:00 devstack cinder-volume[83141]: DEBUG oslo_concurrency.processutils [None req-b243516d-c48a-4f96-9cd9-533dc70f72c7 tempest-VolumesDeleteCascade-971395034 None] Running cmd (subprocess): sudo cinder-rootwrap /etc/cinder/rootwrap.conf qemu-img create -f qcow2 -o backing_file=/opt/stack/data/cinder/mnt/11886a3cc117a244638e9544b48f254b/volume-97bf3e0c-fb97-407e-a426-c347a042cf37.664e5392-ed3d-4e88-a6e9-d5b6f0750abb,backing_fmt=qcow2 /opt/stack/data/cinder/mnt/11886a3cc117a244638e9544b48f254b/volume-97bf3e0c-fb97-407e-a426-c347a042cf37.e36301b5-5026-417a-8d1d-c80d64acb983 1G {{(pid=83141) execute /opt/stack/data/venv/lib/python3.10/site-packages/oslo_concurrency/processutils.py:349}}
Jan 21 19:53:00 devstack sudo[87384]: quobyte : PWD=/ ; USER=root ; COMMAND=/opt/stack/data/venv/bin/cinder-rootwrap /etc/cinder/rootwrap.conf qemu-img create -f qcow2 -o backing_file=/opt/stack/data/cinder/mnt/11886a3cc117a244638e9544b48f254b/volume-97bf3e0c-fb97-407e-a426-c347a042cf37.664e5392-ed3d-4e88-a6e9-d5b6f0750abb,backing_fmt=qcow2 /opt/stack/data/cinder/mnt/11886a3cc117a244638e9544b48f254b/volume-97bf3e0c-fb97-407e-a426-c347a042cf37.e36301b5-5026-417a-8d1d-c80d64acb983 1G
Jan 21 19:53:00 devstack sudo[87384]: pam_unix(sudo:session): session opened for user root(uid=0) by (uid=1000)
Jan 21 19:53:01 devstack sudo[87384]: pam_unix(sudo:session): session closed for user root
Jan 21 19:53:01 devstack cinder-volume[83141]: DEBUG oslo_concurrency.processutils [None req-b243516d-c48a-4f96-9cd9-533dc70f72c7 tempest-VolumesDeleteCascade-971395034 None] CMD "sudo cinder-rootwrap /etc/cinder/rootwrap.conf qemu-img create -f qcow2 -o backing_file=/opt/stack/data/cinder/mnt/11886a3cc117a244638e9544b48f254b/volume-97bf3e0c-fb97-407e-a426-c347a042cf37.664e5392-ed3d-4e88-a6e9-d5b6f0750abb,backing_fmt=qcow2 /opt/stack/data/cinder/mnt/11886a3cc117a244638e9544b48f254b/volume-97bf3e0c-fb97-407e-a426-c347a042cf37.e36301b5-5026-417a-8d1d-c80d64acb983 1G" returned: 0 in 1.108s {{(pid=83141) execute /opt/stack/data/venv/lib/python3.10/site-packages/oslo_concurrency/processutils.py:372}}
Jan 21 19:53:01 devstack cinder-volume[83141]: DEBUG oslo_concurrency.processutils [None req-b243516d-c48a-4f96-9cd9-533dc70f72c7 tempest-VolumesDeleteCascade-971395034 None] Running cmd (subprocess): sudo cinder-rootwrap /etc/cinder/rootwrap.conf qemu-img rebase -u -b volume-97bf3e0c-fb97-407e-a426-c347a042cf37.664e5392-ed3d-4e88-a6e9-d5b6f0750abb -F qcow2 /opt/stack/data/cinder/mnt/11886a3cc117a244638e9544b48f254b/volume-97bf3e0c-fb97-407e-a426-c347a042cf37.e36301b5-5026-417a-8d1d-c80d64acb983 {{(pid=83141) execute /opt/stack/data/venv/lib/python3.10/site-packages/oslo_concurrency/processutils.py:349}}
Jan 21 19:53:01 devstack sudo[87464]: quobyte : PWD=/ ; USER=root ; COMMAND=/opt/stack/data/venv/bin/cinder-rootwrap /etc/cinder/rootwrap.conf qemu-img rebase -u -b volume-97bf3e0c-fb97-407e-a426-c347a042cf37.664e5392-ed3d-4e88-a6e9-d5b6f0750abb -F qcow2 /opt/stack/data/cinder/mnt/11886a3cc117a244638e9544b48f254b/volume-97bf3e0c-fb97-407e-a426-c347a042cf37.e36301b5-5026-417a-8d1d-c80d64acb983
Jan 21 19:53:01 devstack sudo[87464]: pam_unix(sudo:session): session opened for user root(uid=0) by (uid=1000)
Jan 21 19:53:02 devstack sudo[87464]: pam_unix(sudo:session): session closed for user root
Jan 21 19:53:02 devstack cinder-volume[83141]: DEBUG oslo_concurrency.processutils [None req-b243516d-c48a-4f96-9cd9-533dc70f72c7 tempest-VolumesDeleteCascade-971395034 None] CMD "sudo cinder-rootwrap /etc/cinder/rootwrap.conf qemu-img rebase -u -b volume-97bf3e0c-fb97-407e-a426-c347a042cf37.664e5392-ed3d-4e88-a6e9-d5b6f0750abb -F qcow2 /opt/stack/data/cinder/mnt/11886a3cc117a244638e9544b48f254b/volume-97bf3e0c-fb97-407e-a426-c347a042cf37.e36301b5-5026-417a-8d1d-c80d64acb983" returned: 0 in 0.773s {{(pid=83141) execute /opt/stack/data/venv/lib/python3.10/site-packages/oslo_concurrency/processutils.py:372}}
Jan 21 19:53:02 devstack cinder-volume[83141]: WARNING cinder.volume.drivers.remotefs [None req-b243516d-c48a-4f96-9cd9-533dc70f72c7 tempest-VolumesDeleteCascade-971395034 None] /opt/stack/data/cinder/mnt/11886a3cc117a244638e9544b48f254b/volume-97bf3e0c-fb97-407e-a426-c347a042cf37.e36301b5-5026-417a-8d1d-c80d64acb983 is being set with open permissions: ugo+rw
Jan 21 19:53:02 devstack cinder-volume[83141]: DEBUG oslo_concurrency.processutils [None req-b243516d-c48a-4f96-9cd9-533dc70f72c7 tempest-VolumesDeleteCascade-971395034 None] Running cmd (subprocess): sudo cinder-rootwrap /etc/cinder/rootwrap.conf chmod ugo+rw /opt/stack/data/cinder/mnt/11886a3cc117a244638e9544b48f254b/volume-97bf3e0c-fb97-407e-a426-c347a042cf37.e36301b5-5026-417a-8d1d-c80d64acb983 {{(pid=83141) execute /opt/stack/data/venv/lib/python3.10/site-packages/oslo_concurrency/processutils.py:349}}
Jan 21 19:53:02 devstack sudo[87488]: quobyte : PWD=/ ; USER=root ; COMMAND=/opt/stack/data/venv/bin/cinder-rootwrap /etc/cinder/rootwrap.conf chmod ugo+rw /opt/stack/data/cinder/mnt/11886a3cc117a244638e9544b48f254b/volume-97bf3e0c-fb97-407e-a426-c347a042cf37.e36301b5-5026-417a-8d1d-c80d64acb983
Jan 21 19:53:02 devstack sudo[87488]: pam_unix(sudo:session): session opened for user root(uid=0) by (uid=1000)
Jan 21 19:53:02 devstack sudo[87488]: pam_unix(sudo:session): session closed for user root
Jan 21 19:53:02 devstack cinder-volume[83141]: DEBUG oslo_concurrency.processutils [None req-b243516d-c48a-4f96-9cd9-533dc70f72c7 tempest-VolumesDeleteCascade-971395034 None] CMD "sudo cinder-rootwrap /etc/cinder/rootwrap.conf chmod ugo+rw /opt/stack/data/cinder/mnt/11886a3cc117a244638e9544b48f254b/volume-97bf3e0c-fb97-407e-a426-c347a042cf37.e36301b5-5026-417a-8d1d-c80d64acb983" returned: 0 in 0.431s {{(pid=83141) execute /opt/stack/data/venv/lib/python3.10/site-packages/oslo_concurrency/processutils.py:372}}
Jan 21 19:53:02 devstack cinder-volume[83141]: DEBUG oslo_concurrency.lockutils [None req-b243516d-c48a-4f96-9cd9-533dc70f72c7 tempest-VolumesDeleteCascade-971395034 None] Lock "quobyte" "released" by "cinder.volume.drivers.quobyte.QuobyteDriver.create_snapshot" :: held 3.530s {{(pid=83141) inner /opt/stack/data/venv/lib/python3.10/site-packages/oslo_concurrency/lockutils.py:424}}
Jan 21 19:53:02 devstack cinder-volume[83141]: INFO cinder.volume.manager [None req-b243516d-c48a-4f96-9cd9-533dc70f72c7 tempest-VolumesDeleteCascade-971395034 None] Create snapshot completed successfully
Jan 21 19:53:03 devstack cinder-volume[83141]: DEBUG cinder.coordination [None req-3ca004e6-95ba-4140-aabe-c865c75e76ef tempest-VolumesDeleteCascade-971395034 None] Acquiring lock "cinder-97bf3e0c-fb97-407e-a426-c347a042cf37-delete_volume" by "delete_volume" {{(pid=83141) __acquire /opt/stack/cinder/cinder/coordination.py:143}}
Jan 21 19:53:03 devstack cinder-volume[83141]: DEBUG cinder.coordination [None req-3ca004e6-95ba-4140-aabe-c865c75e76ef tempest-VolumesDeleteCascade-971395034 None] Lock "cinder-97bf3e0c-fb97-407e-a426-c347a042cf37-delete_volume" acquired by "delete_volume" :: waited 0.011s {{(pid=83141) __acquire /opt/stack/cinder/cinder/coordination.py:146}}
Jan 21 19:53:03 devstack cinder-volume[83141]: WARNING cinder.volume.volume_utils [None req-3ca004e6-95ba-4140-aabe-c865c75e76ef tempest-VolumesDeleteCascade-971395034 None] Volume driver (QuobyteDriver 1.1.13) is currently unsupported and may be removed in the next release of OpenStack. Use at your own risk.
Jan 21 19:53:03 devstack cinder-volume[83141]: DEBUG cinder.volume.manager [None req-3ca004e6-95ba-4140-aabe-c865c75e76ef tempest-VolumesDeleteCascade-971395034 None] Performing cascade delete. {{(pid=83141) delete_volume /opt/stack/cinder/cinder/volume/manager.py:995}}
Jan 21 19:53:03 devstack cinder-volume[83141]: DEBUG cinder.coordination [None req-3ca004e6-95ba-4140-aabe-c865c75e76ef tempest-VolumesDeleteCascade-971395034 None] Acquiring lock "cinder-664e5392-ed3d-4e88-a6e9-d5b6f0750abb-delete_snapshot" by "delete_snapshot" {{(pid=83141) __acquire /opt/stack/cinder/cinder/coordination.py:143}}
Jan 21 19:53:03 devstack cinder-volume[83141]: DEBUG cinder.coordination [None req-3ca004e6-95ba-4140-aabe-c865c75e76ef tempest-VolumesDeleteCascade-971395034 None] Lock "cinder-664e5392-ed3d-4e88-a6e9-d5b6f0750abb-delete_snapshot" acquired by "delete_snapshot" :: waited 0.032s {{(pid=83141) __acquire /opt/stack/cinder/cinder/coordination.py:146}}
Jan 21 19:53:03 devstack cinder-volume[83141]: WARNING cinder.volume.volume_utils [None req-3ca004e6-95ba-4140-aabe-c865c75e76ef tempest-VolumesDeleteCascade-971395034 None] Volume driver (QuobyteDriver 1.1.13) is currently unsupported and may be removed in the next release of OpenStack. Use at your own risk.
Jan 21 19:53:03 devstack cinder-volume[83141]: DEBUG cinder.coordination [None req-3ca004e6-95ba-4140-aabe-c865c75e76ef tempest-VolumesDeleteCascade-971395034 None] Acquiring lock "cinder-quobyte-97bf3e0c-fb97-407e-a426-c347a042cf37" by "delete_snapshot" {{(pid=83141) __acquire /opt/stack/cinder/cinder/coordination.py:143}}
Jan 21 19:53:03 devstack cinder-volume[83141]: DEBUG cinder.coordination [None req-3ca004e6-95ba-4140-aabe-c865c75e76ef tempest-VolumesDeleteCascade-971395034 None] Lock "cinder-quobyte-97bf3e0c-fb97-407e-a426-c347a042cf37" acquired by "delete_snapshot" :: waited 0.014s {{(pid=83141) __acquire /opt/stack/cinder/cinder/coordination.py:146}}
Jan 21 19:53:03 devstack cinder-volume[83141]: DEBUG cinder.coordination [None req-3ca004e6-95ba-4140-aabe-c865c75e76ef tempest-VolumesDeleteCascade-971395034 None] Acquiring lock "cinder-quobyte-664e5392-ed3d-4e88-a6e9-d5b6f0750abb" by "_delete_snapshot" {{(pid=83141) __acquire /opt/stack/cinder/cinder/coordination.py:143}}
Jan 21 19:53:03 devstack cinder-volume[83141]: DEBUG cinder.coordination [None req-3ca004e6-95ba-4140-aabe-c865c75e76ef tempest-VolumesDeleteCascade-971395034 None] Lock "cinder-quobyte-664e5392-ed3d-4e88-a6e9-d5b6f0750abb" acquired by "_delete_snapshot" :: waited 0.008s {{(pid=83141) __acquire /opt/stack/cinder/cinder/coordination.py:146}}
Jan 21 19:53:03 devstack cinder-volume[83141]: DEBUG cinder.volume.drivers.remotefs [None req-3ca004e6-95ba-4140-aabe-c865c75e76ef tempest-VolumesDeleteCascade-971395034 None] Deleting offline snapshot 664e5392-ed3d-4e88-a6e9-d5b6f0750abb of volume 97bf3e0c-fb97-407e-a426-c347a042cf37 {{(pid=83141) _delete_snapshot /opt/stack/cinder/cinder/volume/drivers/remotefs.py:1290}}
Jan 21 19:53:03 devstack cinder-volume[83141]: DEBUG cinder.volume.drivers.remotefs [None req-3ca004e6-95ba-4140-aabe-c865c75e76ef tempest-VolumesDeleteCascade-971395034 None] snapshot_file for this snap is: volume-97bf3e0c-fb97-407e-a426-c347a042cf37.664e5392-ed3d-4e88-a6e9-d5b6f0750abb {{(pid=83141) _delete_snapshot /opt/stack/cinder/cinder/volume/drivers/remotefs.py:1319}}
Jan 21 19:53:03 devstack cinder-volume[83141]: DEBUG oslo.privsep.daemon [-] privsep: reply[318e00cf-489d-4bfa-be4a-2797fee40f63]: (4, 'qcow2') {{(pid=83848) _call_back /opt/stack/data/venv/lib/python3.10/site-packages/oslo_privsep/daemon.py:515}}
Jan 21 19:53:03 devstack cinder-volume[83141]: DEBUG oslo_concurrency.processutils [None req-3ca004e6-95ba-4140-aabe-c865c75e76ef tempest-VolumesDeleteCascade-971395034 None] Running cmd (subprocess): /opt/stack/data/venv/bin/python3.10 -m oslo_concurrency.prlimit --as=1073741824 --cpu=60 -- sudo cinder-rootwrap /etc/cinder/rootwrap.conf env LC_ALL=C qemu-img info -f qcow2 --output=json --force-share /opt/stack/data/cinder/mnt/11886a3cc117a244638e9544b48f254b/volume-97bf3e0c-fb97-407e-a426-c347a042cf37.664e5392-ed3d-4e88-a6e9-d5b6f0750abb {{(pid=83141) execute /opt/stack/data/venv/lib/python3.10/site-packages/oslo_concurrency/processutils.py:349}}
Jan 21 19:53:03 devstack sudo[87493]: quobyte : PWD=/ ; USER=root ; COMMAND=/opt/stack/data/venv/bin/cinder-rootwrap /etc/cinder/rootwrap.conf env LC_ALL=C qemu-img info -f qcow2 --output=json --force-share /opt/stack/data/cinder/mnt/11886a3cc117a244638e9544b48f254b/volume-97bf3e0c-fb97-407e-a426-c347a042cf37.664e5392-ed3d-4e88-a6e9-d5b6f0750abb
Jan 21 19:53:03 devstack sudo[87493]: pam_unix(sudo:session): session opened for user root(uid=0) by (uid=1000)
Jan 21 19:53:04 devstack sudo[87493]: pam_unix(sudo:session): session closed for user root
Jan 21 19:53:04 devstack cinder-volume[83141]: DEBUG oslo_concurrency.processutils [None req-3ca004e6-95ba-4140-aabe-c865c75e76ef tempest-VolumesDeleteCascade-971395034 None] CMD "/opt/stack/data/venv/bin/python3.10 -m oslo_concurrency.prlimit --as=1073741824 --cpu=60 -- sudo cinder-rootwrap /etc/cinder/rootwrap.conf env LC_ALL=C qemu-img info -f qcow2 --output=json --force-share /opt/stack/data/cinder/mnt/11886a3cc117a244638e9544b48f254b/volume-97bf3e0c-fb97-407e-a426-c347a042cf37.664e5392-ed3d-4e88-a6e9-d5b6f0750abb" returned: 0 in 0.798s {{(pid=83141) execute /opt/stack/data/venv/lib/python3.10/site-packages/oslo_concurrency/processutils.py:372}}
Jan 21 19:53:04 devstack cinder-volume[83141]: DEBUG cinder.volume.drivers.remotefs [None req-3ca004e6-95ba-4140-aabe-c865c75e76ef tempest-VolumesDeleteCascade-971395034 None] Fetching qemu-img info with special backing_file_template: (/opt/stack/data/cinder/mnt/[0-9a-f]+/)?(volume-97bf3e0c-fb97-407e-a426-c347a042cf37(.(tmp-snap-)?[0-9a-f-]+)?|volume_from_snapshot_cache/(tmp-snap-)?[0-9a-f-]+(.(child-|parent-)[0-9a-f-]+)?)$ {{(pid=83141) _qemu_img_info_base /opt/stack/cinder/cinder/volume/drivers/remotefs.py:898}}
Jan 21 19:53:04 devstack cinder-volume[83141]: DEBUG oslo.privsep.daemon [-] privsep: reply[693b8f48-0d2f-45c7-9c84-71cd37278747]: (4, 'qcow2') {{(pid=83848) _call_back /opt/stack/data/venv/lib/python3.10/site-packages/oslo_privsep/daemon.py:515}}
Jan 21 19:53:04 devstack cinder-volume[83141]: DEBUG oslo_concurrency.processutils [None req-3ca004e6-95ba-4140-aabe-c865c75e76ef tempest-VolumesDeleteCascade-971395034 None] Running cmd (subprocess): /opt/stack/data/venv/bin/python3.10 -m oslo_concurrency.prlimit --as=1073741824 --cpu=60 -- sudo cinder-rootwrap /etc/cinder/rootwrap.conf env LC_ALL=C qemu-img info -f qcow2 --output=json --force-share /opt/stack/data/cinder/mnt/11886a3cc117a244638e9544b48f254b/volume-97bf3e0c-fb97-407e-a426-c347a042cf37 {{(pid=83141) execute /opt/stack/data/venv/lib/python3.10/site-packages/oslo_concurrency/processutils.py:349}}
Jan 21 19:53:04 devstack sudo[87499]: quobyte : PWD=/ ; USER=root ; COMMAND=/opt/stack/data/venv/bin/cinder-rootwrap /etc/cinder/rootwrap.conf env LC_ALL=C qemu-img info -f qcow2 --output=json --force-share /opt/stack/data/cinder/mnt/11886a3cc117a244638e9544b48f254b/volume-97bf3e0c-fb97-407e-a426-c347a042cf37
Jan 21 19:53:04 devstack sudo[87499]: pam_unix(sudo:session): session opened for user root(uid=0) by (uid=1000)
Jan 21 19:53:05 devstack sudo[87499]: pam_unix(sudo:session): session closed for user root
Jan 21 19:53:05 devstack cinder-volume[83141]: DEBUG oslo_concurrency.processutils [None req-3ca004e6-95ba-4140-aabe-c865c75e76ef tempest-VolumesDeleteCascade-971395034 None] CMD "/opt/stack/data/venv/bin/python3.10 -m oslo_concurrency.prlimit --as=1073741824 --cpu=60 -- sudo cinder-rootwrap /etc/cinder/rootwrap.conf env LC_ALL=C qemu-img info -f qcow2 --output=json --force-share /opt/stack/data/cinder/mnt/11886a3cc117a244638e9544b48f254b/volume-97bf3e0c-fb97-407e-a426-c347a042cf37" returned: 0 in 0.623s {{(pid=83141) execute /opt/stack/data/venv/lib/python3.10/site-packages/oslo_concurrency/processutils.py:372}}
Jan 21 19:53:05 devstack cinder-volume[83141]: DEBUG oslo.privsep.daemon [-] privsep: reply[9811892d-762b-4b54-8e55-2b24d2be37fa]: (4, 'qcow2') {{(pid=83848) _call_back /opt/stack/data/venv/lib/python3.10/site-packages/oslo_privsep/daemon.py:515}}
Jan 21 19:53:05 devstack cinder-volume[83141]: DEBUG oslo_concurrency.processutils [None req-3ca004e6-95ba-4140-aabe-c865c75e76ef tempest-VolumesDeleteCascade-971395034 None] Running cmd (subprocess): /opt/stack/data/venv/bin/python3.10 -m oslo_concurrency.prlimit --as=1073741824 --cpu=60 -- sudo cinder-rootwrap /etc/cinder/rootwrap.conf env LC_ALL=C qemu-img info -f qcow2 --output=json --force-share /opt/stack/data/cinder/mnt/11886a3cc117a244638e9544b48f254b/volume-97bf3e0c-fb97-407e-a426-c347a042cf37.e36301b5-5026-417a-8d1d-c80d64acb983 {{(pid=83141) execute /opt/stack/data/venv/lib/python3.10/site-packages/oslo_concurrency/processutils.py:349}}
Jan 21 19:53:05 devstack sudo[87504]: quobyte : PWD=/ ; USER=root ; COMMAND=/opt/stack/data/venv/bin/cinder-rootwrap /etc/cinder/rootwrap.conf env LC_ALL=C qemu-img info -f qcow2 --output=json --force-share /opt/stack/data/cinder/mnt/11886a3cc117a244638e9544b48f254b/volume-97bf3e0c-fb97-407e-a426-c347a042cf37.e36301b5-5026-417a-8d1d-c80d64acb983
Jan 21 19:53:05 devstack sudo[87504]: pam_unix(sudo:session): session opened for user root(uid=0) by (uid=1000)
Jan 21 19:53:06 devstack sudo[87504]: pam_unix(sudo:session): session closed for user root
Jan 21 19:53:06 devstack cinder-volume[83141]: DEBUG oslo_concurrency.processutils [None req-3ca004e6-95ba-4140-aabe-c865c75e76ef tempest-VolumesDeleteCascade-971395034 None] CMD "/opt/stack/data/venv/bin/python3.10 -m oslo_concurrency.prlimit --as=1073741824 --cpu=60 -- sudo cinder-rootwrap /etc/cinder/rootwrap.conf env LC_ALL=C qemu-img info -f qcow2 --output=json --force-share /opt/stack/data/cinder/mnt/11886a3cc117a244638e9544b48f254b/volume-97bf3e0c-fb97-407e-a426-c347a042cf37.e36301b5-5026-417a-8d1d-c80d64acb983" returned: 0 in 0.973s {{(pid=83141) execute /opt/stack/data/venv/lib/python3.10/site-packages/oslo_concurrency/processutils.py:372}}
Jan 21 19:53:06 devstack cinder-volume[83141]: DEBUG cinder.volume.drivers.remotefs [None req-3ca004e6-95ba-4140-aabe-c865c75e76ef tempest-VolumesDeleteCascade-971395034 None] Fetching qemu-img info with special backing_file_template: (/opt/stack/data/cinder/mnt/[0-9a-f]+/)?(volume-97bf3e0c-fb97-407e-a426-c347a042cf37(.(tmp-snap-)?[0-9a-f-]+)?|volume_from_snapshot_cache/(tmp-snap-)?[0-9a-f-]+(.(child-|parent-)[0-9a-f-]+)?)$ {{(pid=83141) _qemu_img_info_base /opt/stack/cinder/cinder/volume/drivers/remotefs.py:898}}
Jan 21 19:53:06 devstack cinder-volume[83141]: DEBUG oslo.privsep.daemon [-] privsep: reply[9ca3e84f-24c3-483c-8f27-2aba5fe95e87]: (4, 'qcow2') {{(pid=83848) _call_back /opt/stack/data/venv/lib/python3.10/site-packages/oslo_privsep/daemon.py:515}}
Jan 21 19:53:06 devstack cinder-volume[83141]: DEBUG oslo_concurrency.processutils [None req-3ca004e6-95ba-4140-aabe-c865c75e76ef tempest-VolumesDeleteCascade-971395034 None] Running cmd (subprocess): /opt/stack/data/venv/bin/python3.10 -m oslo_concurrency.prlimit --as=1073741824 --cpu=60 -- sudo cinder-rootwrap /etc/cinder/rootwrap.conf env LC_ALL=C qemu-img info -f qcow2 --output=json --force-share /opt/stack/data/cinder/mnt/11886a3cc117a244638e9544b48f254b/volume-97bf3e0c-fb97-407e-a426-c347a042cf37.664e5392-ed3d-4e88-a6e9-d5b6f0750abb {{(pid=83141) execute /opt/stack/data/venv/lib/python3.10/site-packages/oslo_concurrency/processutils.py:349}}
Jan 21 19:53:06 devstack sudo[87543]: quobyte : PWD=/ ; USER=root ; COMMAND=/opt/stack/data/venv/bin/cinder-rootwrap /etc/cinder/rootwrap.conf env LC_ALL=C qemu-img info -f qcow2 --output=json --force-share /opt/stack/data/cinder/mnt/11886a3cc117a244638e9544b48f254b/volume-97bf3e0c-fb97-407e-a426-c347a042cf37.664e5392-ed3d-4e88-a6e9-d5b6f0750abb
Jan 21 19:53:06 devstack sudo[87543]: pam_unix(sudo:session): session opened for user root(uid=0) by (uid=1000)
Jan 21 19:53:06 devstack sudo[87543]: pam_unix(sudo:session): session closed for user root
Jan 21 19:53:06 devstack cinder-volume[83141]: DEBUG oslo_concurrency.processutils [None req-3ca004e6-95ba-4140-aabe-c865c75e76ef tempest-VolumesDeleteCascade-971395034 None] CMD "/opt/stack/data/venv/bin/python3.10 -m oslo_concurrency.prlimit --as=1073741824 --cpu=60 -- sudo cinder-rootwrap /etc/cinder/rootwrap.conf env LC_ALL=C qemu-img info -f qcow2 --output=json --force-share /opt/stack/data/cinder/mnt/11886a3cc117a244638e9544b48f254b/volume-97bf3e0c-fb97-407e-a426-c347a042cf37.664e5392-ed3d-4e88-a6e9-d5b6f0750abb" returned: 0 in 0.684s {{(pid=83141) execute /opt/stack/data/venv/lib/python3.10/site-packages/oslo_concurrency/processutils.py:372}}
Jan 21 19:53:06 devstack cinder-volume[83141]: DEBUG cinder.volume.drivers.remotefs [None req-3ca004e6-95ba-4140-aabe-c865c75e76ef tempest-VolumesDeleteCascade-971395034 None] Fetching qemu-img info with special backing_file_template: (/opt/stack/data/cinder/mnt/[0-9a-f]+/)?(volume-97bf3e0c-fb97-407e-a426-c347a042cf37(.(tmp-snap-)?[0-9a-f-]+)?|volume_from_snapshot_cache/(tmp-snap-)?[0-9a-f-]+(.(child-|parent-)[0-9a-f-]+)?)$ {{(pid=83141) _qemu_img_info_base /opt/stack/cinder/cinder/volume/drivers/remotefs.py:898}}
Jan 21 19:53:06 devstack cinder-volume[83141]: DEBUG oslo.privsep.daemon [-] privsep: reply[91a967ee-0049-40a4-b2e5-03719607a5b1]: (4, 'qcow2') {{(pid=83848) _call_back /opt/stack/data/venv/lib/python3.10/site-packages/oslo_privsep/daemon.py:515}}
Jan 21 19:53:06 devstack cinder-volume[83141]: DEBUG oslo_concurrency.processutils [None req-3ca004e6-95ba-4140-aabe-c865c75e76ef tempest-VolumesDeleteCascade-971395034 None] Running cmd (subprocess): /opt/stack/data/venv/bin/python3.10 -m oslo_concurrency.prlimit --as=1073741824 --cpu=60 -- sudo cinder-rootwrap /etc/cinder/rootwrap.conf env LC_ALL=C qemu-img info -f qcow2 --output=json --force-share /opt/stack/data/cinder/mnt/11886a3cc117a244638e9544b48f254b/volume-97bf3e0c-fb97-407e-a426-c347a042cf37 {{(pid=83141) execute /opt/stack/data/venv/lib/python3.10/site-packages/oslo_concurrency/processutils.py:349}}
Jan 21 19:53:07 devstack sudo[87559]: quobyte : PWD=/ ; USER=root ; COMMAND=/opt/stack/data/venv/bin/cinder-rootwrap /etc/cinder/rootwrap.conf env LC_ALL=C qemu-img info -f qcow2 --output=json --force-share /opt/stack/data/cinder/mnt/11886a3cc117a244638e9544b48f254b/volume-97bf3e0c-fb97-407e-a426-c347a042cf37
Jan 21 19:53:07 devstack sudo[87559]: pam_unix(sudo:session): session opened for user root(uid=0) by (uid=1000)
Jan 21 19:53:07 devstack cinder-volume[83141]: WARNING cinder.volume.volume_utils [req-052bc389-a214-4448-9d34-e0cb40694c4c req-2b2e0611-6301-4d12-9684-0ce271305c29 tempest-ServerActionsV293TestJSON-1043068679 None] Volume driver (QuobyteDriver 1.1.13) is currently unsupported and may be removed in the next release of OpenStack. Use at your own risk.
Jan 21 19:53:07 devstack cinder-volume[83141]: DEBUG dbcounter [-] [83141] Writing DB stats cinder:SELECT=87,cinder:UPDATE=93,cinder:INSERT=22,cinder:DELETE=9 {{(pid=83141) stat_writer /opt/stack/data/venv/lib/python3.10/site-packages/dbcounter.py:115}}
Jan 21 19:53:07 devstack cinder-volume[83141]: DEBUG dbcounter [-] [83141] Writing DB stats cinder:SELECT=95,cinder:UPDATE=89,cinder:DELETE=9,cinder:INSERT=28 {{(pid=83141) stat_writer /opt/stack/data/venv/lib/python3.10/site-packages/dbcounter.py:115}}
Jan 21 19:53:07 devstack cinder-volume[83141]: WARNING cinder.volume.volume_utils [req-052bc389-a214-4448-9d34-e0cb40694c4c req-2b2e0611-6301-4d12-9684-0ce271305c29 tempest-ServerActionsV293TestJSON-1043068679 None] Volume driver (QuobyteDriver 1.1.13) is currently unsupported and may be removed in the next release of OpenStack. Use at your own risk.
Jan 21 19:53:07 devstack cinder-volume[83141]: INFO cinder.volume.manager [req-052bc389-a214-4448-9d34-e0cb40694c4c req-2b2e0611-6301-4d12-9684-0ce271305c29 tempest-ServerActionsV293TestJSON-1043068679 None] Terminate volume connection completed successfully.
Jan 21 19:53:07 devstack cinder-volume[83141]: DEBUG cinder.volume.manager [req-052bc389-a214-4448-9d34-e0cb40694c4c req-2b2e0611-6301-4d12-9684-0ce271305c29 tempest-ServerActionsV293TestJSON-1043068679 None] Deleting attachment 56768193-c13b-4ba1-af07-5221eddebab4. {{(pid=83141) attachment_delete /opt/stack/cinder/cinder/volume/manager.py:5024}}
Jan 21 19:53:07 devstack sudo[87559]: pam_unix(sudo:session): session closed for user root
Jan 21 19:53:07 devstack cinder-volume[83141]: DEBUG oslo_concurrency.processutils [None req-3ca004e6-95ba-4140-aabe-c865c75e76ef tempest-VolumesDeleteCascade-971395034 None] CMD "/opt/stack/data/venv/bin/python3.10 -m oslo_concurrency.prlimit --as=1073741824 --cpu=60 -- sudo cinder-rootwrap /etc/cinder/rootwrap.conf env LC_ALL=C qemu-img info -f qcow2 --output=json --force-share /opt/stack/data/cinder/mnt/11886a3cc117a244638e9544b48f254b/volume-97bf3e0c-fb97-407e-a426-c347a042cf37" returned: 0 in 0.561s {{(pid=83141) execute /opt/stack/data/venv/lib/python3.10/site-packages/oslo_concurrency/processutils.py:372}}
Jan 21 19:53:07 devstack cinder-volume[83141]: DEBUG oslo_concurrency.processutils [None req-3ca004e6-95ba-4140-aabe-c865c75e76ef tempest-VolumesDeleteCascade-971395034 None] Running cmd (subprocess): sudo cinder-rootwrap /etc/cinder/rootwrap.conf qemu-img commit -d /opt/stack/data/cinder/mnt/11886a3cc117a244638e9544b48f254b/volume-97bf3e0c-fb97-407e-a426-c347a042cf37.664e5392-ed3d-4e88-a6e9-d5b6f0750abb {{(pid=83141) execute /opt/stack/data/venv/lib/python3.10/site-packages/oslo_concurrency/processutils.py:349}}
Jan 21 19:53:07 devstack sudo[87565]: quobyte : PWD=/ ; USER=root ; COMMAND=/opt/stack/data/venv/bin/cinder-rootwrap /etc/cinder/rootwrap.conf qemu-img commit -d /opt/stack/data/cinder/mnt/11886a3cc117a244638e9544b48f254b/volume-97bf3e0c-fb97-407e-a426-c347a042cf37.664e5392-ed3d-4e88-a6e9-d5b6f0750abb
Jan 21 19:53:07 devstack sudo[87565]: pam_unix(sudo:session): session opened for user root(uid=0) by (uid=1000)
Jan 21 19:53:08 devstack sudo[87565]: pam_unix(sudo:session): session closed for user root
Jan 21 19:53:08 devstack cinder-volume[83141]: DEBUG oslo_concurrency.processutils [None req-3ca004e6-95ba-4140-aabe-c865c75e76ef tempest-VolumesDeleteCascade-971395034 None] CMD "sudo cinder-rootwrap /etc/cinder/rootwrap.conf qemu-img commit -d /opt/stack/data/cinder/mnt/11886a3cc117a244638e9544b48f254b/volume-97bf3e0c-fb97-407e-a426-c347a042cf37.664e5392-ed3d-4e88-a6e9-d5b6f0750abb" returned: 0 in 0.543s {{(pid=83141) execute /opt/stack/data/venv/lib/python3.10/site-packages/oslo_concurrency/processutils.py:372}}
Jan 21 19:53:08 devstack cinder-volume[83141]: DEBUG oslo_concurrency.processutils [None req-3ca004e6-95ba-4140-aabe-c865c75e76ef tempest-VolumesDeleteCascade-971395034 None] Running cmd (subprocess): sudo cinder-rootwrap /etc/cinder/rootwrap.conf rm -f /opt/stack/data/cinder/mnt/11886a3cc117a244638e9544b48f254b/volume-97bf3e0c-fb97-407e-a426-c347a042cf37.664e5392-ed3d-4e88-a6e9-d5b6f0750abb {{(pid=83141) execute /opt/stack/data/venv/lib/python3.10/site-packages/oslo_concurrency/processutils.py:349}}
Jan 21 19:53:08 devstack sudo[87570]: quobyte : PWD=/ ; USER=root ; COMMAND=/opt/stack/data/venv/bin/cinder-rootwrap /etc/cinder/rootwrap.conf rm -f /opt/stack/data/cinder/mnt/11886a3cc117a244638e9544b48f254b/volume-97bf3e0c-fb97-407e-a426-c347a042cf37.664e5392-ed3d-4e88-a6e9-d5b6f0750abb
Jan 21 19:53:08 devstack sudo[87570]: pam_unix(sudo:session): session opened for user root(uid=0) by (uid=1000)
Jan 21 19:53:08 devstack cinder-volume[83141]: DEBUG cinder.image.glance [req-052bc389-a214-4448-9d34-e0cb40694c4c req-7f0dc02e-5f6b-4c50-bd78-4dcf672483f9 tempest-ServerActionsV293TestJSON-1043068679 None] Creating Keystone auth plugin from conf {{(pid=83141) _create_glance_client /opt/stack/cinder/cinder/image/glance.py:128}}
Jan 21 19:53:08 devstack cinder-volume[83141]: DEBUG cinder.volume.volume_utils [req-052bc389-a214-4448-9d34-e0cb40694c4c req-7f0dc02e-5f6b-4c50-bd78-4dcf672483f9 tempest-ServerActionsV293TestJSON-1043068679 None] Attempting download of 7b49278b-0a6a-4e36-a6fa-d579770ff229 ((None, [{'url': 'file:///opt/stack/data/glance/images/7b49278b-0a6a-4e36-a6fa-d579770ff229', 'metadata': {}}])) to volume 523d4a27-fc55-4fdb-afc9-7106c8fadbd1. {{(pid=83141) copy_image_to_volume /opt/stack/cinder/cinder/volume/volume_utils.py:1189}}
Jan 21 19:53:08 devstack cinder-volume[83141]: DEBUG oslo.privsep.daemon [-] privsep: reply[c19682c7-2686-4d5d-9f17-b19236dd5942]: (4, 'raw') {{(pid=83848) _call_back /opt/stack/data/venv/lib/python3.10/site-packages/oslo_privsep/daemon.py:515}}
Jan 21 19:53:08 devstack cinder-volume[83141]: DEBUG oslo_concurrency.processutils [req-052bc389-a214-4448-9d34-e0cb40694c4c req-7f0dc02e-5f6b-4c50-bd78-4dcf672483f9 tempest-ServerActionsV293TestJSON-1043068679 None] Running cmd (subprocess): /opt/stack/data/venv/bin/python3.10 -m oslo_concurrency.prlimit --as=1073741824 --cpu=60 -- sudo cinder-rootwrap /etc/cinder/rootwrap.conf env LC_ALL=C qemu-img info -f raw --output=json /opt/stack/data/cinder/conversion/image_download_7b49278b-0a6a-4e36-a6fa-d579770ff229_njerc55s {{(pid=83141) execute /opt/stack/data/venv/lib/python3.10/site-packages/oslo_concurrency/processutils.py:349}}
Jan 21 19:53:08 devstack sudo[87572]: quobyte : PWD=/ ; USER=root ; COMMAND=/opt/stack/data/venv/bin/cinder-rootwrap /etc/cinder/rootwrap.conf env LC_ALL=C qemu-img info -f raw --output=json /opt/stack/data/cinder/conversion/image_download_7b49278b-0a6a-4e36-a6fa-d579770ff229_njerc55s
Jan 21 19:53:08 devstack sudo[87572]: pam_unix(sudo:session): session opened for user root(uid=0) by (uid=1000)
Jan 21 19:53:08 devstack sudo[87570]: pam_unix(sudo:session): session closed for user root
Jan 21 19:53:08 devstack cinder-volume[83141]: DEBUG oslo_concurrency.processutils [None req-3ca004e6-95ba-4140-aabe-c865c75e76ef tempest-VolumesDeleteCascade-971395034 None] CMD "sudo cinder-rootwrap /etc/cinder/rootwrap.conf rm -f /opt/stack/data/cinder/mnt/11886a3cc117a244638e9544b48f254b/volume-97bf3e0c-fb97-407e-a426-c347a042cf37.664e5392-ed3d-4e88-a6e9-d5b6f0750abb" returned: 0 in 0.523s {{(pid=83141) execute /opt/stack/data/venv/lib/python3.10/site-packages/oslo_concurrency/processutils.py:372}}
Jan 21 19:53:08 devstack cinder-volume[83141]: DEBUG oslo_concurrency.processutils [None req-3ca004e6-95ba-4140-aabe-c865c75e76ef tempest-VolumesDeleteCascade-971395034 None] Running cmd (subprocess): sudo cinder-rootwrap /etc/cinder/rootwrap.conf qemu-img rebase -u -b volume-97bf3e0c-fb97-407e-a426-c347a042cf37 /opt/stack/data/cinder/mnt/11886a3cc117a244638e9544b48f254b/volume-97bf3e0c-fb97-407e-a426-c347a042cf37.e36301b5-5026-417a-8d1d-c80d64acb983 -F qcow2 {{(pid=83141) execute /opt/stack/data/venv/lib/python3.10/site-packages/oslo_concurrency/processutils.py:349}}
Jan 21 19:53:08 devstack sudo[87575]: quobyte : PWD=/ ; USER=root ; COMMAND=/opt/stack/data/venv/bin/cinder-rootwrap /etc/cinder/rootwrap.conf qemu-img rebase -u -b volume-97bf3e0c-fb97-407e-a426-c347a042cf37 /opt/stack/data/cinder/mnt/11886a3cc117a244638e9544b48f254b/volume-97bf3e0c-fb97-407e-a426-c347a042cf37.e36301b5-5026-417a-8d1d-c80d64acb983 -F qcow2
Jan 21 19:53:08 devstack sudo[87575]: pam_unix(sudo:session): session opened for user root(uid=0) by (uid=1000)
Jan 21 19:53:08 devstack sudo[87572]: pam_unix(sudo:session): session closed for user root
Jan 21 19:53:08 devstack cinder-volume[83141]: DEBUG oslo_concurrency.processutils [req-052bc389-a214-4448-9d34-e0cb40694c4c req-7f0dc02e-5f6b-4c50-bd78-4dcf672483f9 tempest-ServerActionsV293TestJSON-1043068679 None] CMD "/opt/stack/data/venv/bin/python3.10 -m oslo_concurrency.prlimit --as=1073741824 --cpu=60 -- sudo cinder-rootwrap /etc/cinder/rootwrap.conf env LC_ALL=C qemu-img info -f raw --output=json /opt/stack/data/cinder/conversion/image_download_7b49278b-0a6a-4e36-a6fa-d579770ff229_njerc55s" returned: 0 in 0.532s {{(pid=83141) execute /opt/stack/data/venv/lib/python3.10/site-packages/oslo_concurrency/processutils.py:372}}
Jan 21 19:53:08 devstack cinder-volume[83141]: DEBUG oslo_concurrency.processutils [req-052bc389-a214-4448-9d34-e0cb40694c4c req-7f0dc02e-5f6b-4c50-bd78-4dcf672483f9 tempest-ServerActionsV293TestJSON-1043068679 None] Running cmd (subprocess): /opt/stack/data/venv/bin/python3.10 -m oslo_concurrency.prlimit --as=1073741824 --cpu=60 -- sudo cinder-rootwrap /etc/cinder/rootwrap.conf env LC_ALL=C qemu-img info -f luks --output=json /opt/stack/data/cinder/conversion/image_download_7b49278b-0a6a-4e36-a6fa-d579770ff229_njerc55s {{(pid=83141) execute /opt/stack/data/venv/lib/python3.10/site-packages/oslo_concurrency/processutils.py:349}}
Jan 21 19:53:09 devstack sudo[87575]: pam_unix(sudo:session): session closed for user root
Jan 21 19:53:09 devstack cinder-volume[83141]: DEBUG oslo_concurrency.processutils [None req-3ca004e6-95ba-4140-aabe-c865c75e76ef tempest-VolumesDeleteCascade-971395034 None] CMD "sudo cinder-rootwrap /etc/cinder/rootwrap.conf qemu-img rebase -u -b volume-97bf3e0c-fb97-407e-a426-c347a042cf37 /opt/stack/data/cinder/mnt/11886a3cc117a244638e9544b48f254b/volume-97bf3e0c-fb97-407e-a426-c347a042cf37.e36301b5-5026-417a-8d1d-c80d64acb983 -F qcow2" returned: 0 in 0.453s {{(pid=83141) execute /opt/stack/data/venv/lib/python3.10/site-packages/oslo_concurrency/processutils.py:372}}
Jan 21 19:53:09 devstack cinder-volume[83141]: DEBUG cinder.coordination [None req-3ca004e6-95ba-4140-aabe-c865c75e76ef tempest-VolumesDeleteCascade-971395034 None] Lock "cinder-quobyte-664e5392-ed3d-4e88-a6e9-d5b6f0750abb" released by "_delete_snapshot" :: held 5.308s {{(pid=83141) __release /opt/stack/cinder/cinder/coordination.py:157}}
Jan 21 19:53:09 devstack cinder-volume[83141]: DEBUG cinder.coordination [None req-3ca004e6-95ba-4140-aabe-c865c75e76ef tempest-VolumesDeleteCascade-971395034 None] Lock "cinder-quobyte-97bf3e0c-fb97-407e-a426-c347a042cf37" released by "delete_snapshot" :: held 5.320s {{(pid=83141) __release /opt/stack/cinder/cinder/coordination.py:157}}
