Jul 10 19:29:34 devstack devstack@g-api.service[76771]: DEBUG glance.common.config [None req-f1ecc6d6-3158-45b6-8d5e-56b553ec4f0b None None] barbican_service_user.split_loggers = False {{(pid=76771) log_opt_values /opt/stack/data/venv/lib/python3.12/site-packages/oslo_config/cfg.py:3253}}
Jul 10 19:29:34 devstack devstack@g-api.service[76771]: DEBUG glance.common.config [None req-f1ecc6d6-3158-45b6-8d5e-56b553ec4f0b None None] barbican_service_user.timeout = None {{(pid=76771) log_opt_values /opt/stack/data/venv/lib/python3.12/site-packages/oslo_config/cfg.py:3253}}
Jul 10 19:29:34 devstack devstack@g-api.service[76771]: DEBUG glance.common.config [None req-f1ecc6d6-3158-45b6-8d5e-56b553ec4f0b None None] database.asyncio_connection = **** {{(pid=76771) log_opt_values /opt/stack/data/venv/lib/python3.12/site-packages/oslo_config/cfg.py:3253}}
Jul 10 19:29:34 devstack devstack@g-api.service[76771]: DEBUG glance.common.config [None req-f1ecc6d6-3158-45b6-8d5e-56b553ec4f0b None None] database.asyncio_slave_connection = **** {{(pid=76771) log_opt_values /opt/stack/data/venv/lib/python3.12/site-packages/oslo_config/cfg.py:3253}}
Jul 10 19:29:34 devstack devstack@g-api.service[76771]: DEBUG glance.common.config [None req-f1ecc6d6-3158-45b6-8d5e-56b553ec4f0b None None] database.backend = sqlalchemy {{(pid=76771) log_opt_values /opt/stack/data/venv/lib/python3.12/site-packages/oslo_config/cfg.py:3253}}
Jul 10 19:29:34 devstack devstack@g-api.service[76771]: DEBUG glance.common.config [None req-f1ecc6d6-3158-45b6-8d5e-56b553ec4f0b None None] database.connection = **** {{(pid=76771) log_opt_values /opt/stack/data/venv/lib/python3.12/site-packages/oslo_config/cfg.py:3253}}
Jul 10 19:29:34 devstack devstack@g-api.service[76771]: DEBUG glance.common.config [None req-f1ecc6d6-3158-45b6-8d5e-56b553ec4f0b None None] database.connection_debug = 0 {{(pid=76771) log_opt_values /opt/stack/data/venv/lib/python3.12/site-packages/oslo_config/cfg.py:3253}}
Jul 10 19:29:34 devstack devstack@g-api.service[76771]: DEBUG glance.common.config [None req-f1ecc6d6-3158-45b6-8d5e-56b553ec4f0b None None] database.connection_parameters = {{(pid=76771) log_opt_values /opt/stack/data/venv/lib/python3.12/site-packages/oslo_config/cfg.py:3253}}
Jul 10 19:29:34 devstack devstack@g-api.service[76771]: DEBUG glance.common.config [None req-f1ecc6d6-3158-45b6-8d5e-56b553ec4f0b None None] database.connection_recycle_time = 3600 {{(pid=76771) log_opt_values /opt/stack/data/venv/lib/python3.12/site-packages/oslo_config/cfg.py:3253}}
Jul 10 19:29:34 devstack devstack@g-api.service[76771]: DEBUG glance.common.config [None req-f1ecc6d6-3158-45b6-8d5e-56b553ec4f0b None None] database.connection_trace = False {{(pid=76771) log_opt_values /opt/stack/data/venv/lib/python3.12/site-packages/oslo_config/cfg.py:3253}}
Jul 10 19:29:34 devstack devstack@g-api.service[76771]: DEBUG glance.common.config [None req-f1ecc6d6-3158-45b6-8d5e-56b553ec4f0b None None] database.db_inc_retry_interval = True {{(pid=76771) log_opt_values /opt/stack/data/venv/lib/python3.12/site-packages/oslo_config/cfg.py:3253}}
Jul 10 19:29:34 devstack devstack@g-api.service[76771]: DEBUG glance.common.config [None req-f1ecc6d6-3158-45b6-8d5e-56b553ec4f0b None None] database.db_max_retries = 20 {{(pid=76771) log_opt_values /opt/stack/data/venv/lib/python3.12/site-packages/oslo_config/cfg.py:3253}}
Jul 10 19:29:34 devstack devstack@g-api.service[76771]: DEBUG glance.common.config [None req-f1ecc6d6-3158-45b6-8d5e-56b553ec4f0b None None] database.db_max_retry_interval = 10 {{(pid=76771) log_opt_values /opt/stack/data/venv/lib/python3.12/site-packages/oslo_config/cfg.py:3253}}
Jul 10 19:29:34 devstack devstack@g-api.service[76771]: DEBUG glance.common.config [None req-f1ecc6d6-3158-45b6-8d5e-56b553ec4f0b None None] database.db_retry_interval = 1 {{(pid=76771) log_opt_values /opt/stack/data/venv/lib/python3.12/site-packages/oslo_config/cfg.py:3253}}
Jul 10 19:29:34 devstack devstack@g-api.service[76771]: DEBUG glance.common.config [None req-f1ecc6d6-3158-45b6-8d5e-56b553ec4f0b None None] database.max_overflow = 50 {{(pid=76771) log_opt_values /opt/stack/data/venv/lib/python3.12/site-packages/oslo_config/cfg.py:3253}}
Jul 10 19:29:34 devstack devstack@g-api.service[76771]: DEBUG glance.common.config [None req-f1ecc6d6-3158-45b6-8d5e-56b553ec4f0b None None] database.max_pool_size = 5 {{(pid=76771) log_opt_values /opt/stack/data/venv/lib/python3.12/site-packages/oslo_config/cfg.py:3253}}
Jul 10 19:29:34 devstack devstack@g-api.service[76771]: DEBUG glance.common.config [None req-f1ecc6d6-3158-45b6-8d5e-56b553ec4f0b None None] database.max_retries = 10 {{(pid=76771) log_opt_values /opt/stack/data/venv/lib/python3.12/site-packages/oslo_config/cfg.py:3253}}
Jul 10 19:29:34 devstack devstack@g-api.service[76771]: DEBUG glance.common.config [None req-f1ecc6d6-3158-45b6-8d5e-56b553ec4f0b None None] database.mysql_sql_mode = TRADITIONAL {{(pid=76771) log_opt_values /opt/stack/data/venv/lib/python3.12/site-packages/oslo_config/cfg.py:3253}}
Jul 10 19:29:34 devstack devstack@g-api.service[76771]: DEBUG glance.common.config [None req-f1ecc6d6-3158-45b6-8d5e-56b553ec4f0b None None] database.mysql_wsrep_sync_wait = None {{(pid=76771) log_opt_values /opt/stack/data/venv/lib/python3.12/site-packages/oslo_config/cfg.py:3253}}
Jul 10 19:29:34 devstack devstack@g-api.service[76771]: DEBUG glance.common.config [None req-f1ecc6d6-3158-45b6-8d5e-56b553ec4f0b None None] database.pool_timeout = None {{(pid=76771) log_opt_values /opt/stack/data/venv/lib/python3.12/site-packages/oslo_config/cfg.py:3253}}
Jul 10 19:29:34 devstack devstack@g-api.service[76771]: DEBUG glance.common.config [None req-f1ecc6d6-3158-45b6-8d5e-56b553ec4f0b None None] database.retry_interval = 10 {{(pid=76771) log_opt_values /opt/stack/data/venv/lib/python3.12/site-packages/oslo_config/cfg.py:3253}}
Jul 10 19:29:34 devstack devstack@g-api.service[76771]: DEBUG glance.common.config [None req-f1ecc6d6-3158-45b6-8d5e-56b553ec4f0b None None] database.slave_connection = **** {{(pid=76771) log_opt_values /opt/stack/data/venv/lib/python3.12/site-packages/oslo_config/cfg.py:3253}}
Jul 10 19:29:34 devstack devstack@g-api.service[76771]: DEBUG glance.common.config [None req-f1ecc6d6-3158-45b6-8d5e-56b553ec4f0b None None] database.sqlite_synchronous = True {{(pid=76771) log_opt_values /opt/stack/data/venv/lib/python3.12/site-packages/oslo_config/cfg.py:3253}}
Jul 10 19:29:34 devstack devstack@g-api.service[76771]: DEBUG glance.common.config [None req-f1ecc6d6-3158-45b6-8d5e-56b553ec4f0b None None] database.synchronous_reader = True {{(pid=76771) log_opt_values /opt/stack/data/venv/lib/python3.12/site-packages/oslo_config/cfg.py:3253}}
Jul 10 19:29:34 devstack devstack@g-api.service[76771]: DEBUG glance.common.config [None req-f1ecc6d6-3158-45b6-8d5e-56b553ec4f0b None None] database.use_db_reconnect = False {{(pid=76771) log_opt_values /opt/stack/data/venv/lib/python3.12/site-packages/oslo_config/cfg.py:3253}}
Jul 10 19:29:34 devstack devstack@g-api.service[76771]: DEBUG glance.common.config [None req-f1ecc6d6-3158-45b6-8d5e-56b553ec4f0b None None] healthcheck.allowed_source_ranges = [] {{(pid=76771) log_opt_values /opt/stack/data/venv/lib/python3.12/site-packages/oslo_config/cfg.py:3253}}
Jul 10 19:29:34 devstack devstack@g-api.service[76771]: DEBUG glance.common.config [None req-f1ecc6d6-3158-45b6-8d5e-56b553ec4f0b None None] healthcheck.backends = ['disable_by_file'] {{(pid=76771) log_opt_values /opt/stack/data/venv/lib/python3.12/site-packages/oslo_config/cfg.py:3253}}
Jul 10 19:29:34 devstack devstack@g-api.service[76771]: DEBUG glance.common.config [None req-f1ecc6d6-3158-45b6-8d5e-56b553ec4f0b None None] healthcheck.detailed = False {{(pid=76771) log_opt_values /opt/stack/data/venv/lib/python3.12/site-packages/oslo_config/cfg.py:3253}}
Jul 10 19:29:34 devstack devstack@g-api.service[76771]: DEBUG glance.common.config [None req-f1ecc6d6-3158-45b6-8d5e-56b553ec4f0b None None] healthcheck.disable_by_file_path = None {{(pid=76771) log_opt_values /opt/stack/data/venv/lib/python3.12/site-packages/oslo_config/cfg.py:3253}}
Jul 10 19:29:34 devstack devstack@g-api.service[76771]: DEBUG glance.common.config [None req-f1ecc6d6-3158-45b6-8d5e-56b553ec4f0b None None] healthcheck.ignore_proxied_requests = False {{(pid=76771) log_opt_values /opt/stack/data/venv/lib/python3.12/site-packages/oslo_config/cfg.py:3253}}
Jul 10 19:29:34 devstack devstack@g-api.service[76771]: DEBUG glance.common.config [None req-f1ecc6d6-3158-45b6-8d5e-56b553ec4f0b None None] ******************************************************************************** {{(pid=76771) log_opt_values /opt/stack/data/venv/lib/python3.12/site-packages/oslo_config/cfg.py:3260}}
Jul 10 19:29:34 devstack devstack@g-api.service[76771]: WSGI app 0 (mountpoint='') ready in 6 seconds on interpreter 0x7ba4854a4668 pid: 76771 (default app)
Jul 10 19:29:38 devstack devstack@g-api.service[76772]: DEBUG glance.api.middleware.version_negotiation [None req-be511534-ca4c-4e27-b84a-28528c66f5b6 None None] Determining version of request: GET / Accept: application/json {{(pid=76772) process_request /opt/stack/glance/glance/api/middleware/version_negotiation.py:44}}
Jul 10 19:29:38 devstack devstack@g-api.service[76772]: DEBUG glance.api.middleware.version_negotiation [None req-be511534-ca4c-4e27-b84a-28528c66f5b6 None None] Using url versioning {{(pid=76772) process_request /opt/stack/glance/glance/api/middleware/version_negotiation.py:57}}
Jul 10 19:29:38 devstack devstack@g-api.service[76772]: DEBUG glance.api.middleware.version_negotiation [None req-be511534-ca4c-4e27-b84a-28528c66f5b6 None None] Unknown version. Returning version choices. {{(pid=76772) process_request /opt/stack/glance/glance/api/middleware/version_negotiation.py:64}}
Jul 10 19:29:38 devstack devstack@g-api.service[76772]: [pid: 76772|app: 0|req: 2/2] 127.0.0.1 () {34 vars in 516 bytes} [Fri Jul 10 19:29:38 2026] GET / => generated 1557 bytes in 5 msecs (HTTP/1.1 300) 3 headers in 106 bytes (1 switches on core 0)
Jul 10 19:29:38 devstack devstack@g-api.service[76771]: DEBUG glance.api.middleware.version_negotiation [None req-f1ecc6d6-3158-45b6-8d5e-56b553ec4f0b None None] Determining version of request: POST /v2/images Accept: */* {{(pid=76771) process_request /opt/stack/glance/glance/api/middleware/version_negotiation.py:44}}
Jul 10 19:29:38 devstack devstack@g-api.service[76771]: DEBUG glance.api.middleware.version_negotiation [None req-f1ecc6d6-3158-45b6-8d5e-56b553ec4f0b None None] Using url versioning {{(pid=76771) process_request /opt/stack/glance/glance/api/middleware/version_negotiation.py:57}}
Jul 10 19:29:38 devstack devstack@g-api.service[76771]: DEBUG glance.api.middleware.version_negotiation [None req-f1ecc6d6-3158-45b6-8d5e-56b553ec4f0b None None] Matched version: v2 {{(pid=76771) process_request /opt/stack/glance/glance/api/middleware/version_negotiation.py:69}}
Jul 10 19:29:38 devstack devstack@g-api.service[76771]: DEBUG glance.api.middleware.version_negotiation [None req-f1ecc6d6-3158-45b6-8d5e-56b553ec4f0b None None] new path /v2/images {{(pid=76771) process_request /opt/stack/glance/glance/api/middleware/version_negotiation.py:70}}
Jul 10 19:29:39 devstack devstack@g-api.service[76771]: [pid: 76771|app: 0|req: 1/3] 127.0.0.1 () {40 vars in 779 bytes} [Fri Jul 10 19:29:38 2026] POST /v2/images => generated 807 bytes in 1159 msecs (HTTP/1.1 201) 6 headers in 314 bytes (1 switches on core 0)
Jul 10 19:29:39 devstack devstack@g-api.service[76772]: DEBUG glance.api.middleware.version_negotiation [None req-be511534-ca4c-4e27-b84a-28528c66f5b6 None None] Determining version of request: PUT /v2/images/f6bf008e-8dc3-4605-a3ec-36b1ff11d65f/file Accept: {{(pid=76772) process_request /opt/stack/glance/glance/api/middleware/version_negotiation.py:44}}
Jul 10 19:29:39 devstack devstack@g-api.service[76772]: DEBUG glance.api.middleware.version_negotiation [None req-be511534-ca4c-4e27-b84a-28528c66f5b6 None None] Using url versioning {{(pid=76772) process_request /opt/stack/glance/glance/api/middleware/version_negotiation.py:57}}
Jul 10 19:29:39 devstack devstack@g-api.service[76772]: DEBUG glance.api.middleware.version_negotiation [None req-be511534-ca4c-4e27-b84a-28528c66f5b6 None None] Matched version: v2 {{(pid=76772) process_request /opt/stack/glance/glance/api/middleware/version_negotiation.py:69}}
Jul 10 19:29:39 devstack devstack@g-api.service[76772]: DEBUG glance.api.middleware.version_negotiation [None req-be511534-ca4c-4e27-b84a-28528c66f5b6 None None] new path /v2/images/f6bf008e-8dc3-4605-a3ec-36b1ff11d65f/file {{(pid=76772) process_request /opt/stack/glance/glance/api/middleware/version_negotiation.py:70}}
Jul 10 19:29:39 devstack devstack@g-api.service[76772]: INFO glance.api.v2.image_data [None req-da213ead-9a1f-43de-ba71-2cb377cda59b admin admin] Unable to create trust: no such option collect_timing in group [keystone_authtoken] Use the existing user token.
Jul 10 19:29:40 devstack devstack@g-api.service[76772]: DEBUG glance.location [None req-da213ead-9a1f-43de-ba71-2cb377cda59b admin admin] Enabling in-flight format inspection for qcow2 {{(pid=76772) set_data /opt/stack/glance/glance/location.py:596}}
Jul 10 19:29:40 devstack devstack@g-api.service[76772]: DEBUG oslo_utils.imageutils.format_inspector [None req-da213ead-9a1f-43de-ba71-2cb377cda59b admin admin] Format inspector for vmdk does not match, excluding from consideration (Signature KDMV not found: b'QFI\xfb') {{(pid=76772) _process_chunk /opt/stack/data/venv/lib/python3.12/site-packages/oslo_utils/imageutils/format_inspector.py:1758}}
Jul 10 19:29:40 devstack devstack@g-api.service[76772]: DEBUG oslo_utils.imageutils.format_inspector [None req-da213ead-9a1f-43de-ba71-2cb377cda59b admin admin] Format inspector for vhdx does not match, excluding from consideration (Region signature not found at 30000) {{(pid=76772) _process_chunk /opt/stack/data/venv/lib/python3.12/site-packages/oslo_utils/imageutils/format_inspector.py:1758}}
Jul 10 19:29:41 devstack devstack@g-api.service[76772]: DEBUG glance_store._drivers.filesystem [None req-da213ead-9a1f-43de-ba71-2cb377cda59b admin admin] Wrote 21692416 bytes to /opt/stack/data/glance/images/f6bf008e-8dc3-4605-a3ec-36b1ff11d65f with checksum 87617e24a5e30cb3b87fda8c0764838f and multihash 9a9bce0083a00939ec17c11febbfc767aa211aaa54f51e75c5a8b271a9b5637c77205a518b7a2007cb391d23cceb01e0e4e8d64832317151bc85b734b92a7be0 {{(pid=76772) add /opt/stack/data/venv/lib/python3.12/site-packages/glance_store/_drivers/filesystem.py:899}}
Jul 10 19:29:41 devstack devstack@g-api.service[76772]: INFO glance.location [None req-da213ead-9a1f-43de-ba71-2cb377cda59b admin admin] Image format matched and virtual size computed: 117440512
Jul 10 19:29:41 devstack devstack@g-api.service[76772]: DEBUG glance_store.backend [None req-da213ead-9a1f-43de-ba71-2cb377cda59b admin admin] Skipping store.set_acls... not implemented. {{(pid=76772) set_acls /opt/stack/data/venv/lib/python3.12/site-packages/glance_store/backend.py:507}}
Jul 10 19:29:41 devstack devstack@g-api.service[76772]: [pid: 76772|app: 0|req: 3/4] 127.0.0.1 () {40 vars in 872 bytes} [Fri Jul 10 19:29:39 2026] PUT /v2/images/f6bf008e-8dc3-4605-a3ec-36b1ff11d65f/file => generated 0 bytes in 1865 msecs (HTTP/1.1 204) 4 headers in 171 bytes (1 switches on core 0)
Jul 10 19:29:41 devstack devstack@g-api.service[76771]: DEBUG glance.api.middleware.version_negotiation [None req-1db0615a-a907-4d71-8f36-87e04934af22 admin admin] Determining version of request: GET /v2/images/f6bf008e-8dc3-4605-a3ec-36b1ff11d65f Accept: */* {{(pid=76771) process_request /opt/stack/glance/glance/api/middleware/version_negotiation.py:44}}
Jul 10 19:29:41 devstack devstack@g-api.service[76771]: DEBUG glance.api.middleware.version_negotiation [None req-1db0615a-a907-4d71-8f36-87e04934af22 admin admin] Using url versioning {{(pid=76771) process_request /opt/stack/glance/glance/api/middleware/version_negotiation.py:57}}
Jul 10 19:29:41 devstack devstack@g-api.service[76771]: DEBUG glance.api.middleware.version_negotiation [None req-1db0615a-a907-4d71-8f36-87e04934af22 admin admin] Matched version: v2 {{(pid=76771) process_request /opt/stack/glance/glance/api/middleware/version_negotiation.py:69}}
Jul 10 19:29:41 devstack devstack@g-api.service[76771]: DEBUG glance.api.middleware.version_negotiation [None req-1db0615a-a907-4d71-8f36-87e04934af22 admin admin] new path /v2/images/f6bf008e-8dc3-4605-a3ec-36b1ff11d65f {{(pid=76771) process_request /opt/stack/glance/glance/api/middleware/version_negotiation.py:70}}
Jul 10 19:29:41 devstack devstack@g-api.service[76771]: [pid: 76771|app: 0|req: 2/5] 127.0.0.1 () {36 vars in 799 bytes} [Fri Jul 10 19:29:41 2026] GET /v2/images/f6bf008e-8dc3-4605-a3ec-36b1ff11d65f => generated 976 bytes in 19 msecs (HTTP/1.1 200) 4 headers in 157 bytes (1 switches on core 0)
Jul 10 19:29:51 devstack devstack@g-api.service[76772]: DEBUG dbcounter [-] [76772] Writing DB stats glance:INSERT=5,glance:SELECT=16,glance:UPDATE=2 {{(pid=76772) stat_writer /opt/stack/data/venv/lib/python3.12/site-packages/dbcounter.py:115}}
Jul 10 19:29:51 devstack devstack@g-api.service[76771]: DEBUG dbcounter [-] [76771] Writing DB stats glance:INSERT=9,glance:SELECT=6 {{(pid=76771) stat_writer /opt/stack/data/venv/lib/python3.12/site-packages/dbcounter.py:115}}
Jul 10 19:30:28 devstack devstack@g-api.service[76772]: DEBUG glance.api.middleware.version_negotiation [None req-da213ead-9a1f-43de-ba71-2cb377cda59b admin admin] Determining version of request: GET / Accept: application/json {{(pid=76772) process_request /opt/stack/glance/glance/api/middleware/version_negotiation.py:44}}
Jul 10 19:30:28 devstack devstack@g-api.service[76772]: DEBUG glance.api.middleware.version_negotiation [None req-da213ead-9a1f-43de-ba71-2cb377cda59b admin admin] Using url versioning {{(pid=76772) process_request /opt/stack/glance/glance/api/middleware/version_negotiation.py:57}}
Jul 10 19:30:28 devstack devstack@g-api.service[76772]: DEBUG glance.api.middleware.version_negotiation [None req-da213ead-9a1f-43de-ba71-2cb377cda59b admin admin] Unknown version. Returning version choices. {{(pid=76772) process_request /opt/stack/glance/glance/api/middleware/version_negotiation.py:64}}
Jul 10 19:30:28 devstack devstack@g-api.service[76772]: [pid: 76772|app: 0|req: 4/6] 127.0.0.1 () {34 vars in 516 bytes} [Fri Jul 10 19:30:28 2026] GET / => generated 1557 bytes in 2 msecs (HTTP/1.1 300) 3 headers in 106 bytes (1 switches on core 0)
Jul 10 19:30:28 devstack devstack@g-api.service[76771]: DEBUG glance.api.middleware.version_negotiation [None req-ff1dd354-a66e-4ec9-908e-10156290606f admin admin] Determining version of request: GET /v2/images Accept: application/json {{(pid=76771) process_request /opt/stack/glance/glance/api/middleware/version_negotiation.py:44}}
Jul 10 19:30:28 devstack devstack@g-api.service[76771]: DEBUG glance.api.middleware.version_negotiation [None req-ff1dd354-a66e-4ec9-908e-10156290606f admin admin] Using url versioning {{(pid=76771) process_request /opt/stack/glance/glance/api/middleware/version_negotiation.py:57}}
Jul 10 19:30:28 devstack devstack@g-api.service[76771]: DEBUG glance.api.middleware.version_negotiation [None req-ff1dd354-a66e-4ec9-908e-10156290606f admin admin] Matched version: v2 {{(pid=76771) process_request /opt/stack/glance/glance/api/middleware/version_negotiation.py:69}}
Jul 10 19:30:28 devstack devstack@g-api.service[76771]: DEBUG glance.api.middleware.version_negotiation [None req-ff1dd354-a66e-4ec9-908e-10156290606f admin admin] new path /v2/images {{(pid=76771) process_request /opt/stack/glance/glance/api/middleware/version_negotiation.py:70}}
Jul 10 19:30:28 devstack devstack@g-api.service[76771]: [pid: 76771|app: 0|req: 3/7] 127.0.0.1 () {36 vars in 738 bytes} [Fri Jul 10 19:30:28 2026] GET /v2/images => generated 1045 bytes in 90 msecs (HTTP/1.1 200) 4 headers in 158 bytes (1 switches on core 0)
Jul 10 19:30:38 devstack devstack@g-api.service[76771]: DEBUG dbcounter [-] [76771] Writing DB stats glance:SELECT=1 {{(pid=76771) stat_writer /opt/stack/data/venv/lib/python3.12/site-packages/dbcounter.py:115}}
Jul 10 19:30:38 devstack devstack@g-api.service[76772]: DEBUG glance.api.middleware.version_negotiation [None req-da213ead-9a1f-43de-ba71-2cb377cda59b admin admin] Determining version of request: GET / Accept: application/json {{(pid=76772) process_request /opt/stack/glance/glance/api/middleware/version_negotiation.py:44}}
Jul 10 19:30:38 devstack devstack@g-api.service[76772]: DEBUG glance.api.middleware.version_negotiation [None req-da213ead-9a1f-43de-ba71-2cb377cda59b admin admin] Using url versioning {{(pid=76772) process_request /opt/stack/glance/glance/api/middleware/version_negotiation.py:57}}
Jul 10 19:30:38 devstack devstack@g-api.service[76772]: DEBUG glance.api.middleware.version_negotiation [None req-da213ead-9a1f-43de-ba71-2cb377cda59b admin admin] Unknown version. Returning version choices. {{(pid=76772) process_request /opt/stack/glance/glance/api/middleware/version_negotiation.py:64}}
Jul 10 19:30:38 devstack devstack@g-api.service[76772]: [pid: 76772|app: 0|req: 5/8] 127.0.0.1 () {34 vars in 516 bytes} [Fri Jul 10 19:30:38 2026] GET / => generated 1557 bytes in 2 msecs (HTTP/1.1 300) 3 headers in 106 bytes (1 switches on core 0)
Jul 10 19:30:38 devstack devstack@g-api.service[76771]: DEBUG glance.api.middleware.version_negotiation [None req-8a90acad-575c-484c-a9d4-b1a415cf6e62 admin admin] Determining version of request: GET /v2/images/f6bf008e-8dc3-4605-a3ec-36b1ff11d65f Accept: */* {{(pid=76771) process_request /opt/stack/glance/glance/api/middleware/version_negotiation.py:44}}
Jul 10 19:30:38 devstack devstack@g-api.service[76771]: DEBUG glance.api.middleware.version_negotiation [None req-8a90acad-575c-484c-a9d4-b1a415cf6e62 admin admin] Using url versioning {{(pid=76771) process_request /opt/stack/glance/glance/api/middleware/version_negotiation.py:57}}
Jul 10 19:30:38 devstack devstack@g-api.service[76771]: DEBUG glance.api.middleware.version_negotiation [None req-8a90acad-575c-484c-a9d4-b1a415cf6e62 admin admin] Matched version: v2 {{(pid=76771) process_request /opt/stack/glance/glance/api/middleware/version_negotiation.py:69}}
Jul 10 19:30:38 devstack devstack@g-api.service[76771]: DEBUG glance.api.middleware.version_negotiation [None req-8a90acad-575c-484c-a9d4-b1a415cf6e62 admin admin] new path /v2/images/f6bf008e-8dc3-4605-a3ec-36b1ff11d65f {{(pid=76771) process_request /opt/stack/glance/glance/api/middleware/version_negotiation.py:70}}
Jul 10 19:30:38 devstack devstack@g-api.service[76771]: [pid: 76771|app: 0|req: 4/9] 127.0.0.1 () {36 vars in 799 bytes} [Fri Jul 10 19:30:38 2026] GET /v2/images/f6bf008e-8dc3-4605-a3ec-36b1ff11d65f => generated 976 bytes in 67 msecs (HTTP/1.1 200) 4 headers in 157 bytes (1 switches on core 0)
Jul 10 19:30:45 devstack devstack@g-api.service[76772]: DEBUG glance.api.middleware.version_negotiation [None req-da213ead-9a1f-43de-ba71-2cb377cda59b admin admin] Determining version of request: GET / Accept: application/json {{(pid=76772) process_request /opt/stack/glance/glance/api/middleware/version_negotiation.py:44}}
Jul 10 19:30:45 devstack devstack@g-api.service[76772]: DEBUG glance.api.middleware.version_negotiation [None req-da213ead-9a1f-43de-ba71-2cb377cda59b admin admin] Using url versioning {{(pid=76772) process_request /opt/stack/glance/glance/api/middleware/version_negotiation.py:57}}
Jul 10 19:30:45 devstack devstack@g-api.service[76772]: DEBUG glance.api.middleware.version_negotiation [None req-da213ead-9a1f-43de-ba71-2cb377cda59b admin admin] Unknown version. Returning version choices. {{(pid=76772) process_request /opt/stack/glance/glance/api/middleware/version_negotiation.py:64}}
Jul 10 19:30:45 devstack devstack@g-api.service[76772]: [pid: 76772|app: 0|req: 6/10] 127.0.0.1 () {34 vars in 516 bytes} [Fri Jul 10 19:30:45 2026] GET / => generated 1557 bytes in 2 msecs (HTTP/1.1 300) 3 headers in 106 bytes (1 switches on core 0)
Jul 10 19:30:45 devstack devstack@g-api.service[76771]: DEBUG glance.api.middleware.version_negotiation [None req-6bfd3782-f693-49e9-baff-10e7c240eb85 admin admin] Determining version of request: GET /v2/images/f6bf008e-8dc3-4605-a3ec-36b1ff11d65f Accept: */* {{(pid=76771) process_request /opt/stack/glance/glance/api/middleware/version_negotiation.py:44}}
Jul 10 19:30:45 devstack devstack@g-api.service[76771]: DEBUG glance.api.middleware.version_negotiation [None req-6bfd3782-f693-49e9-baff-10e7c240eb85 admin admin] Using url versioning {{(pid=76771) process_request /opt/stack/glance/glance/api/middleware/version_negotiation.py:57}}
Jul 10 19:30:45 devstack devstack@g-api.service[76771]: DEBUG glance.api.middleware.version_negotiation [None req-6bfd3782-f693-49e9-baff-10e7c240eb85 admin admin] Matched version: v2 {{(pid=76771) process_request /opt/stack/glance/glance/api/middleware/version_negotiation.py:69}}
Jul 10 19:30:45 devstack devstack@g-api.service[76771]: DEBUG glance.api.middleware.version_negotiation [None req-6bfd3782-f693-49e9-baff-10e7c240eb85 admin admin] new path /v2/images/f6bf008e-8dc3-4605-a3ec-36b1ff11d65f {{(pid=76771) process_request /opt/stack/glance/glance/api/middleware/version_negotiation.py:70}}
Jul 10 19:30:45 devstack devstack@g-api.service[76771]: [pid: 76771|app: 0|req: 5/11] 127.0.0.1 () {36 vars in 799 bytes} [Fri Jul 10 19:30:45 2026] GET /v2/images/f6bf008e-8dc3-4605-a3ec-36b1ff11d65f => generated 976 bytes in 70 msecs (HTTP/1.1 200) 4 headers in 157 bytes (1 switches on core 0)
Jul 10 19:30:55 devstack devstack@g-api.service[76771]: DEBUG dbcounter [-] [76771] Writing DB stats glance:SELECT=4 {{(pid=76771) stat_writer /opt/stack/data/venv/lib/python3.12/site-packages/dbcounter.py:115}}
Jul 10 19:32:02 devstack devstack@g-api.service[76772]: DEBUG glance.api.middleware.version_negotiation [None req-da213ead-9a1f-43de-ba71-2cb377cda59b admin admin] Determining version of request: GET / Accept: application/json {{(pid=76772) process_request /opt/stack/glance/glance/api/middleware/version_negotiation.py:44}}
Jul 10 19:32:02 devstack devstack@g-api.service[76772]: DEBUG glance.api.middleware.version_negotiation [None req-da213ead-9a1f-43de-ba71-2cb377cda59b admin admin] Using url versioning {{(pid=76772) process_request /opt/stack/glance/glance/api/middleware/version_negotiation.py:57}}
Jul 10 19:32:02 devstack devstack@g-api.service[76772]: DEBUG glance.api.middleware.version_negotiation [None req-da213ead-9a1f-43de-ba71-2cb377cda59b admin admin] Unknown version. Returning version choices. {{(pid=76772) process_request /opt/stack/glance/glance/api/middleware/version_negotiation.py:64}}
Jul 10 19:32:02 devstack devstack@g-api.service[76772]: [pid: 76772|app: 0|req: 7/12] 127.0.0.1 () {36 vars in 485 bytes} [Fri Jul 10 19:32:02 2026] GET / => generated 1557 bytes in 2 msecs (HTTP/1.1 300) 3 headers in 106 bytes (1 switches on core 0)
Jul 10 19:34:53 devstack devstack@g-api.service[76771]: DEBUG glance.api.middleware.version_negotiation [None req-4aeca925-69e3-463b-88b1-7fa473646d4b admin admin] Determining version of request: GET / Accept: application/json {{(pid=76771) process_request /opt/stack/glance/glance/api/middleware/version_negotiation.py:44}}
Jul 10 19:34:53 devstack devstack@g-api.service[76771]: DEBUG glance.api.middleware.version_negotiation [None req-4aeca925-69e3-463b-88b1-7fa473646d4b admin admin] Using url versioning {{(pid=76771) process_request /opt/stack/glance/glance/api/middleware/version_negotiation.py:57}}
Jul 10 19:34:53 devstack devstack@g-api.service[76771]: DEBUG glance.api.middleware.version_negotiation [None req-4aeca925-69e3-463b-88b1-7fa473646d4b admin admin] Unknown version. Returning version choices. {{(pid=76771) process_request /opt/stack/glance/glance/api/middleware/version_negotiation.py:64}}
Jul 10 19:34:53 devstack devstack@g-api.service[76771]: [pid: 76771|app: 0|req: 6/13] 127.0.0.1 () {34 vars in 502 bytes} [Fri Jul 10 19:34:53 2026] GET / => generated 1557 bytes in 5 msecs (HTTP/1.1 300) 3 headers in 106 bytes (1 switches on core 0)
Jul 10 19:34:53 devstack devstack@g-api.service[76772]: DEBUG glance.api.middleware.version_negotiation [None req-da213ead-9a1f-43de-ba71-2cb377cda59b admin admin] Determining version of request: GET /v2/images/f6bf008e-8dc3-4605-a3ec-36b1ff11d65f Accept: */* {{(pid=76772) process_request /opt/stack/glance/glance/api/middleware/version_negotiation.py:44}}
Jul 10 19:34:53 devstack devstack@g-api.service[76772]: DEBUG glance.api.middleware.version_negotiation [None req-da213ead-9a1f-43de-ba71-2cb377cda59b admin admin] Using url versioning {{(pid=76772) process_request /opt/stack/glance/glance/api/middleware/version_negotiation.py:57}}
Jul 10 19:34:53 devstack devstack@g-api.service[76772]: DEBUG glance.api.middleware.version_negotiation [None req-da213ead-9a1f-43de-ba71-2cb377cda59b admin admin] Matched version: v2 {{(pid=76772) process_request /opt/stack/glance/glance/api/middleware/version_negotiation.py:69}}
Jul 10 19:34:53 devstack devstack@g-api.service[76772]: DEBUG glance.api.middleware.version_negotiation [None req-da213ead-9a1f-43de-ba71-2cb377cda59b admin admin] new path /v2/images/f6bf008e-8dc3-4605-a3ec-36b1ff11d65f {{(pid=76772) process_request /opt/stack/glance/glance/api/middleware/version_negotiation.py:70}}
Jul 10 19:34:54 devstack devstack@g-api.service[76772]: [pid: 76772|app: 0|req: 8/14] 127.0.0.1 () {42 vars in 1058 bytes} [Fri Jul 10 19:34:53 2026] GET /v2/images/f6bf008e-8dc3-4605-a3ec-36b1ff11d65f => generated 976 bytes in 341 msecs (HTTP/1.1 200) 4 headers in 157 bytes (1 switches on core 0)
Jul 10 19:34:54 devstack devstack@g-api.service[76771]: DEBUG glance.api.middleware.version_negotiation [None req-4aeca925-69e3-463b-88b1-7fa473646d4b admin admin] Determining version of request: GET /v2/schemas/image Accept: */* {{(pid=76771) process_request /opt/stack/glance/glance/api/middleware/version_negotiation.py:44}}
Jul 10 19:34:54 devstack devstack@g-api.service[76771]: DEBUG glance.api.middleware.version_negotiation [None req-4aeca925-69e3-463b-88b1-7fa473646d4b admin admin] Using url versioning {{(pid=76771) process_request /opt/stack/glance/glance/api/middleware/version_negotiation.py:57}}
Jul 10 19:34:54 devstack devstack@g-api.service[76771]: DEBUG glance.api.middleware.version_negotiation [None req-4aeca925-69e3-463b-88b1-7fa473646d4b admin admin] Matched version: v2 {{(pid=76771) process_request /opt/stack/glance/glance/api/middleware/version_negotiation.py:69}}
Jul 10 19:34:54 devstack devstack@g-api.service[76771]: DEBUG glance.api.middleware.version_negotiation [None req-4aeca925-69e3-463b-88b1-7fa473646d4b admin admin] new path /v2/schemas/image {{(pid=76771) process_request /opt/stack/glance/glance/api/middleware/version_negotiation.py:70}}
Jul 10 19:34:54 devstack devstack@g-api.service[76771]: [pid: 76771|app: 0|req: 7/15] 127.0.0.1 () {42 vars in 998 bytes} [Fri Jul 10 19:34:54 2026] GET /v2/schemas/image => generated 6083 bytes in 10 msecs (HTTP/1.1 200) 4 headers in 158 bytes (1 switches on core 0)
Jul 10 19:35:04 devstack devstack@g-api.service[76772]: DEBUG dbcounter [-] [76772] Writing DB stats glance:SELECT=2 {{(pid=76772) stat_writer /opt/stack/data/venv/lib/python3.12/site-packages/dbcounter.py:115}}
Jul 10 19:35:07 devstack devstack@g-api.service[76772]: DEBUG glance.api.middleware.version_negotiation [None req-47c84b2e-eb07-437a-92b4-4300d015038d tempest-DeleteServersTestJSON-1216867325 tempest-DeleteServersTestJSON-1216867325-project-member] Determining version of request: GET /v2/images/f6bf008e-8dc3-4605-a3ec-36b1ff11d65f Accept: */* {{(pid=76772) process_request /opt/stack/glance/glance/api/middleware/version_negotiation.py:44}}
Jul 10 19:35:07 devstack devstack@g-api.service[76772]: DEBUG glance.api.middleware.version_negotiation [None req-47c84b2e-eb07-437a-92b4-4300d015038d tempest-DeleteServersTestJSON-1216867325 tempest-DeleteServersTestJSON-1216867325-project-member] Using url versioning {{(pid=76772) process_request /opt/stack/glance/glance/api/middleware/version_negotiation.py:57}}
Jul 10 19:35:07 devstack devstack@g-api.service[76772]: DEBUG glance.api.middleware.version_negotiation [None req-47c84b2e-eb07-437a-92b4-4300d015038d tempest-DeleteServersTestJSON-1216867325 tempest-DeleteServersTestJSON-1216867325-project-member] Matched version: v2 {{(pid=76772) process_request /opt/stack/glance/glance/api/middleware/version_negotiation.py:69}}
Jul 10 19:35:07 devstack devstack@g-api.service[76772]: DEBUG glance.api.middleware.version_negotiation [None req-47c84b2e-eb07-437a-92b4-4300d015038d tempest-DeleteServersTestJSON-1216867325 tempest-DeleteServersTestJSON-1216867325-project-member] new path /v2/images/f6bf008e-8dc3-4605-a3ec-36b1ff11d65f {{(pid=76772) process_request /opt/stack/glance/glance/api/middleware/version_negotiation.py:70}}
Jul 10 19:35:07 devstack devstack@g-api.service[76772]: [pid: 76772|app: 0|req: 9/16] 127.0.0.1 () {42 vars in 1058 bytes} [Fri Jul 10 19:35:07 2026] GET /v2/images/f6bf008e-8dc3-4605-a3ec-36b1ff11d65f => generated 976 bytes in 29 msecs (HTTP/1.1 200) 4 headers in 157 bytes (1 switches on core 0)
Jul 10 19:35:07 devstack devstack@g-api.service[76771]: DEBUG glance.api.middleware.version_negotiation [None req-47c84b2e-eb07-437a-92b4-4300d015038d tempest-DeleteServersTestJSON-1216867325 tempest-DeleteServersTestJSON-1216867325-project-member] Determining version of request: GET /v2/schemas/image Accept: */* {{(pid=76771) process_request /opt/stack/glance/glance/api/middleware/version_negotiation.py:44}}
Jul 10 19:35:07 devstack devstack@g-api.service[76771]: DEBUG glance.api.middleware.version_negotiation [None req-47c84b2e-eb07-437a-92b4-4300d015038d tempest-DeleteServersTestJSON-1216867325 tempest-DeleteServersTestJSON-1216867325-project-member] Using url versioning {{(pid=76771) process_request /opt/stack/glance/glance/api/middleware/version_negotiation.py:57}}
Jul 10 19:35:07 devstack devstack@g-api.service[76771]: DEBUG glance.api.middleware.version_negotiation [None req-47c84b2e-eb07-437a-92b4-4300d015038d tempest-DeleteServersTestJSON-1216867325 tempest-DeleteServersTestJSON-1216867325-project-member] Matched version: v2 {{(pid=76771) process_request /opt/stack/glance/glance/api/middleware/version_negotiation.py:69}}
Jul 10 19:35:07 devstack devstack@g-api.service[76771]: DEBUG glance.api.middleware.version_negotiation [None req-47c84b2e-eb07-437a-92b4-4300d015038d tempest-DeleteServersTestJSON-1216867325 tempest-DeleteServersTestJSON-1216867325-project-member] new path /v2/schemas/image {{(pid=76771) process_request /opt/stack/glance/glance/api/middleware/version_negotiation.py:70}}
Jul 10 19:35:07 devstack devstack@g-api.service[76771]: [pid: 76771|app: 0|req: 8/17] 127.0.0.1 () {42 vars in 998 bytes} [Fri Jul 10 19:35:07 2026] GET /v2/schemas/image => generated 6083 bytes in 7 msecs (HTTP/1.1 200) 4 headers in 158 bytes (1 switches on core 0)
Jul 10 19:35:15 devstack devstack@g-api.service[76772]: DEBUG glance.api.middleware.version_negotiation [None req-abb6d669-8af1-4f97-8d33-430a8f06df37 tempest-ServerActionsTestOtherA-1691401630 tempest-ServerActionsTestOtherA-1691401630-project-member] Determining version of request: GET /v2/images/f6bf008e-8dc3-4605-a3ec-36b1ff11d65f Accept: */* {{(pid=76772) process_request /opt/stack/glance/glance/api/middleware/version_negotiation.py:44}}
Jul 10 19:35:15 devstack devstack@g-api.service[76772]: DEBUG glance.api.middleware.version_negotiation [None req-abb6d669-8af1-4f97-8d33-430a8f06df37 tempest-ServerActionsTestOtherA-1691401630 tempest-ServerActionsTestOtherA-1691401630-project-member] Using url versioning {{(pid=76772) process_request /opt/stack/glance/glance/api/middleware/version_negotiation.py:57}}
Jul 10 19:35:15 devstack devstack@g-api.service[76772]: DEBUG glance.api.middleware.version_negotiation [None req-abb6d669-8af1-4f97-8d33-430a8f06df37 tempest-ServerActionsTestOtherA-1691401630 tempest-ServerActionsTestOtherA-1691401630-project-member] Matched version: v2 {{(pid=76772) process_request /opt/stack/glance/glance/api/middleware/version_negotiation.py:69}}
Jul 10 19:35:15 devstack devstack@g-api.service[76772]: DEBUG glance.api.middleware.version_negotiation [None req-abb6d669-8af1-4f97-8d33-430a8f06df37 tempest-ServerActionsTestOtherA-1691401630 tempest-ServerActionsTestOtherA-1691401630-project-member] new path /v2/images/f6bf008e-8dc3-4605-a3ec-36b1ff11d65f {{(pid=76772) process_request /opt/stack/glance/glance/api/middleware/version_negotiation.py:70}}
Jul 10 19:35:15 devstack devstack@g-api.service[76772]: [pid: 76772|app: 0|req: 10/18] 127.0.0.1 () {42 vars in 1058 bytes} [Fri Jul 10 19:35:15 2026] GET /v2/images/f6bf008e-8dc3-4605-a3ec-36b1ff11d65f => generated 976 bytes in 36 msecs (HTTP/1.1 200) 4 headers in 157 bytes (1 switches on core 0)
Jul 10 19:35:15 devstack devstack@g-api.service[76771]: DEBUG glance.api.middleware.version_negotiation [None req-abb6d669-8af1-4f97-8d33-430a8f06df37 tempest-ServerActionsTestOtherA-1691401630 tempest-ServerActionsTestOtherA-1691401630-project-member] Determining version of request: GET /v2/images/f6bf008e-8dc3-4605-a3ec-36b1ff11d65f/file Accept: */* {{(pid=76771) process_request /opt/stack/glance/glance/api/middleware/version_negotiation.py:44}}
Jul 10 19:35:15 devstack devstack@g-api.service[76771]: DEBUG glance.api.middleware.version_negotiation [None req-abb6d669-8af1-4f97-8d33-430a8f06df37 tempest-ServerActionsTestOtherA-1691401630 tempest-ServerActionsTestOtherA-1691401630-project-member] Using url versioning {{(pid=76771) process_request /opt/stack/glance/glance/api/middleware/version_negotiation.py:57}}
Jul 10 19:35:15 devstack devstack@g-api.service[76771]: DEBUG glance.api.middleware.version_negotiation [None req-abb6d669-8af1-4f97-8d33-430a8f06df37 tempest-ServerActionsTestOtherA-1691401630 tempest-ServerActionsTestOtherA-1691401630-project-member] Matched version: v2 {{(pid=76771) process_request /opt/stack/glance/glance/api/middleware/version_negotiation.py:69}}
Jul 10 19:35:15 devstack devstack@g-api.service[76771]: DEBUG glance.api.middleware.version_negotiation [None req-abb6d669-8af1-4f97-8d33-430a8f06df37 tempest-ServerActionsTestOtherA-1691401630 tempest-ServerActionsTestOtherA-1691401630-project-member] new path /v2/images/f6bf008e-8dc3-4605-a3ec-36b1ff11d65f/file {{(pid=76771) process_request /opt/stack/glance/glance/api/middleware/version_negotiation.py:70}}
Jul 10 19:35:15 devstack devstack@g-api.service[76771]: DEBUG glance_store._drivers.filesystem [None req-47c84b2e-eb07-437a-92b4-4300d015038d tempest-DeleteServersTestJSON-1216867325 tempest-DeleteServersTestJSON-1216867325-project-member] Found image at /opt/stack/data/glance/images/f6bf008e-8dc3-4605-a3ec-36b1ff11d65f. Returning in ChunkedFile. {{(pid=76771) get /opt/stack/data/venv/lib/python3.12/site-packages/glance_store/_drivers/filesystem.py:724}}
Jul 10 19:35:15 devstack devstack@g-api.service[76771]: DEBUG glance.image_cache [None req-47c84b2e-eb07-437a-92b4-4300d015038d tempest-DeleteServersTestJSON-1216867325 tempest-DeleteServersTestJSON-1216867325-project-member] Tee'ing image 'f6bf008e-8dc3-4605-a3ec-36b1ff11d65f' into cache {{(pid=76771) get_caching_iter /opt/stack/glance/glance/image_cache/__init__.py:356}}
Jul 10 19:35:15 devstack devstack@g-api.service[76771]: DEBUG glance.image_cache.drivers.centralized_db [None req-47c84b2e-eb07-437a-92b4-4300d015038d tempest-DeleteServersTestJSON-1216867325 tempest-DeleteServersTestJSON-1216867325-project-member] Fetch finished, moving '/opt/stack/data/glance/cache/incomplete/f6bf008e-8dc3-4605-a3ec-36b1ff11d65f' to '/opt/stack/data/glance/cache/f6bf008e-8dc3-4605-a3ec-36b1ff11d65f' {{(pid=76771) commit /opt/stack/glance/glance/image_cache/drivers/centralized_db.py:243}}
Jul 10 19:35:15 devstack devstack@g-api.service[76771]: DEBUG glance.image_cache.drivers.centralized_db [None req-47c84b2e-eb07-437a-92b4-4300d015038d tempest-DeleteServersTestJSON-1216867325 tempest-DeleteServersTestJSON-1216867325-project-member] Image cached successfully. {{(pid=76771) commit /opt/stack/glance/glance/image_cache/drivers/centralized_db.py:258}}
Jul 10 19:35:15 devstack devstack@g-api.service[76771]: [pid: 76771|app: 0|req: 9/19] 127.0.0.1 () {42 vars in 1068 bytes} [Fri Jul 10 19:35:15 2026] GET /v2/images/f6bf008e-8dc3-4605-a3ec-36b1ff11d65f/file => generated 21692416 bytes in 544 msecs (HTTP/1.1 200) 4 headers in 191 bytes (336 switches on core 0)
Jul 10 19:35:16 devstack devstack@g-api.service[76772]: DEBUG glance.api.middleware.version_negotiation [None req-47c84b2e-eb07-437a-92b4-4300d015038d tempest-DeleteServersTestJSON-1216867325 tempest-DeleteServersTestJSON-1216867325-project-member] Determining version of request: GET /v2/images/f6bf008e-8dc3-4605-a3ec-36b1ff11d65f Accept: */* {{(pid=76772) process_request /opt/stack/glance/glance/api/middleware/version_negotiation.py:44}}
Jul 10 19:35:16 devstack devstack@g-api.service[76772]: DEBUG glance.api.middleware.version_negotiation [None req-47c84b2e-eb07-437a-92b4-4300d015038d tempest-DeleteServersTestJSON-1216867325 tempest-DeleteServersTestJSON-1216867325-project-member] Using url versioning {{(pid=76772) process_request /opt/stack/glance/glance/api/middleware/version_negotiation.py:57}}
Jul 10 19:35:16 devstack devstack@g-api.service[76772]: DEBUG glance.api.middleware.version_negotiation [None req-47c84b2e-eb07-437a-92b4-4300d015038d tempest-DeleteServersTestJSON-1216867325 tempest-DeleteServersTestJSON-1216867325-project-member] Matched version: v2 {{(pid=76772) process_request /opt/stack/glance/glance/api/middleware/version_negotiation.py:69}}
Jul 10 19:35:16 devstack devstack@g-api.service[76772]: DEBUG glance.api.middleware.version_negotiation [None req-47c84b2e-eb07-437a-92b4-4300d015038d tempest-DeleteServersTestJSON-1216867325 tempest-DeleteServersTestJSON-1216867325-project-member] new path /v2/images/f6bf008e-8dc3-4605-a3ec-36b1ff11d65f {{(pid=76772) process_request /opt/stack/glance/glance/api/middleware/version_negotiation.py:70}}
Jul 10 19:35:16 devstack devstack@g-api.service[76772]: [pid: 76772|app: 0|req: 11/20] 127.0.0.1 () {42 vars in 1058 bytes} [Fri Jul 10 19:35:16 2026] GET /v2/images/f6bf008e-8dc3-4605-a3ec-36b1ff11d65f => generated 976 bytes in 31 msecs (HTTP/1.1 200) 4 headers in 157 bytes (1 switches on core 0)
Jul 10 19:35:16 devstack devstack@g-api.service[76771]: DEBUG glance.api.middleware.version_negotiation [None req-47c84b2e-eb07-437a-92b4-4300d015038d tempest-DeleteServersTestJSON-1216867325 tempest-DeleteServersTestJSON-1216867325-project-member] Determining version of request: GET /v2/schemas/image Accept: */* {{(pid=76771) process_request /opt/stack/glance/glance/api/middleware/version_negotiation.py:44}}
Jul 10 19:35:16 devstack devstack@g-api.service[76771]: DEBUG glance.api.middleware.version_negotiation [None req-47c84b2e-eb07-437a-92b4-4300d015038d tempest-DeleteServersTestJSON-1216867325 tempest-DeleteServersTestJSON-1216867325-project-member] Using url versioning {{(pid=76771) process_request /opt/stack/glance/glance/api/middleware/version_negotiation.py:57}}
Jul 10 19:35:16 devstack devstack@g-api.service[76771]: DEBUG glance.api.middleware.version_negotiation [None req-47c84b2e-eb07-437a-92b4-4300d015038d tempest-DeleteServersTestJSON-1216867325 tempest-DeleteServersTestJSON-1216867325-project-member] Matched version: v2 {{(pid=76771) process_request /opt/stack/glance/glance/api/middleware/version_negotiation.py:69}}
Jul 10 19:35:16 devstack devstack@g-api.service[76771]: DEBUG glance.api.middleware.version_negotiation [None req-47c84b2e-eb07-437a-92b4-4300d015038d tempest-DeleteServersTestJSON-1216867325 tempest-DeleteServersTestJSON-1216867325-project-member] new path /v2/schemas/image {{(pid=76771) process_request /opt/stack/glance/glance/api/middleware/version_negotiation.py:70}}
Jul 10 19:35:16 devstack devstack@g-api.service[76771]: [pid: 76771|app: 0|req: 10/21] 127.0.0.1 () {42 vars in 998 bytes} [Fri Jul 10 19:35:16 2026] GET /v2/schemas/image => generated 6083 bytes in 12 msecs (HTTP/1.1 200) 4 headers in 158 bytes (1 switches on core 0)
Jul 10 19:35:21 devstack devstack@g-api.service[76772]: DEBUG glance.api.middleware.version_negotiation [None req-47c84b2e-eb07-437a-92b4-4300d015038d tempest-DeleteServersTestJSON-1216867325 tempest-DeleteServersTestJSON-1216867325-project-member] Determining version of request: GET /v2/images/f6bf008e-8dc3-4605-a3ec-36b1ff11d65f Accept: */* {{(pid=76772) process_request /opt/stack/glance/glance/api/middleware/version_negotiation.py:44}}
Jul 10 19:35:21 devstack devstack@g-api.service[76772]: DEBUG glance.api.middleware.version_negotiation [None req-47c84b2e-eb07-437a-92b4-4300d015038d tempest-DeleteServersTestJSON-1216867325 tempest-DeleteServersTestJSON-1216867325-project-member] Using url versioning {{(pid=76772) process_request /opt/stack/glance/glance/api/middleware/version_negotiation.py:57}}
Jul 10 19:35:21 devstack devstack@g-api.service[76772]: DEBUG glance.api.middleware.version_negotiation [None req-47c84b2e-eb07-437a-92b4-4300d015038d tempest-DeleteServersTestJSON-1216867325 tempest-DeleteServersTestJSON-1216867325-project-member] Matched version: v2 {{(pid=76772) process_request /opt/stack/glance/glance/api/middleware/version_negotiation.py:69}}
Jul 10 19:35:21 devstack devstack@g-api.service[76772]: DEBUG glance.api.middleware.version_negotiation [None req-47c84b2e-eb07-437a-92b4-4300d015038d tempest-DeleteServersTestJSON-1216867325 tempest-DeleteServersTestJSON-1216867325-project-member] new path /v2/images/f6bf008e-8dc3-4605-a3ec-36b1ff11d65f {{(pid=76772) process_request /opt/stack/glance/glance/api/middleware/version_negotiation.py:70}}
Jul 10 19:35:21 devstack devstack@g-api.service[76772]: [pid: 76772|app: 0|req: 12/22] 127.0.0.1 () {42 vars in 1058 bytes} [Fri Jul 10 19:35:21 2026] GET /v2/images/f6bf008e-8dc3-4605-a3ec-36b1ff11d65f => generated 976 bytes in 26 msecs (HTTP/1.1 200) 4 headers in 157 bytes (1 switches on core 0)
Jul 10 19:35:21 devstack devstack@g-api.service[76771]: DEBUG glance.api.middleware.version_negotiation [None req-47c84b2e-eb07-437a-92b4-4300d015038d tempest-DeleteServersTestJSON-1216867325 tempest-DeleteServersTestJSON-1216867325-project-member] Determining version of request: GET /v2/schemas/image Accept: */* {{(pid=76771) process_request /opt/stack/glance/glance/api/middleware/version_negotiation.py:44}}
Jul 10 19:35:21 devstack devstack@g-api.service[76771]: DEBUG glance.api.middleware.version_negotiation [None req-47c84b2e-eb07-437a-92b4-4300d015038d tempest-DeleteServersTestJSON-1216867325 tempest-DeleteServersTestJSON-1216867325-project-member] Using url versioning {{(pid=76771) process_request /opt/stack/glance/glance/api/middleware/version_negotiation.py:57}}
Jul 10 19:35:21 devstack devstack@g-api.service[76771]: DEBUG glance.api.middleware.version_negotiation [None req-47c84b2e-eb07-437a-92b4-4300d015038d tempest-DeleteServersTestJSON-1216867325 tempest-DeleteServersTestJSON-1216867325-project-member] Matched version: v2 {{(pid=76771) process_request /opt/stack/glance/glance/api/middleware/version_negotiation.py:69}}
Jul 10 19:35:21 devstack devstack@g-api.service[76771]: DEBUG glance.api.middleware.version_negotiation [None req-47c84b2e-eb07-437a-92b4-4300d015038d tempest-DeleteServersTestJSON-1216867325 tempest-DeleteServersTestJSON-1216867325-project-member] new path /v2/schemas/image {{(pid=76771) process_request /opt/stack/glance/glance/api/middleware/version_negotiation.py:70}}
Jul 10 19:35:21 devstack devstack@g-api.service[76771]: [pid: 76771|app: 0|req: 11/23] 127.0.0.1 () {42 vars in 998 bytes} [Fri Jul 10 19:35:21 2026] GET /v2/schemas/image => generated 6083 bytes in 10 msecs (HTTP/1.1 200) 4 headers in 158 bytes (1 switches on core 0)
Jul 10 19:35:25 devstack devstack@g-api.service[76771]: DEBUG dbcounter [-] [76771] Writing DB stats glance:SELECT=5,glance:INSERT=1 {{(pid=76771) stat_writer /opt/stack/data/venv/lib/python3.12/site-packages/dbcounter.py:115}}
Jul 10 19:35:31 devstack devstack@g-api.service[76772]: DEBUG dbcounter [-] [76772] Writing DB stats glance:SELECT=8 {{(pid=76772) stat_writer /opt/stack/data/venv/lib/python3.12/site-packages/dbcounter.py:115}}
Jul 10 19:36:09 devstack devstack@g-api.service[76772]: DEBUG glance.api.middleware.version_negotiation [None req-80438033-9dc4-4aad-a951-2a0bad79bd13 tempest-VolumesAdminNegativeTest-1569266405 tempest-VolumesAdminNegativeTest-1569266405-project-member] Determining version of request: GET / Accept: application/json {{(pid=76772) process_request /opt/stack/glance/glance/api/middleware/version_negotiation.py:44}}
Jul 10 19:36:09 devstack devstack@g-api.service[76772]: DEBUG glance.api.middleware.version_negotiation [None req-80438033-9dc4-4aad-a951-2a0bad79bd13 tempest-VolumesAdminNegativeTest-1569266405 tempest-VolumesAdminNegativeTest-1569266405-project-member] Using url versioning {{(pid=76772) process_request /opt/stack/glance/glance/api/middleware/version_negotiation.py:57}}
Jul 10 19:36:09 devstack devstack@g-api.service[76772]: DEBUG glance.api.middleware.version_negotiation [None req-80438033-9dc4-4aad-a951-2a0bad79bd13 tempest-VolumesAdminNegativeTest-1569266405 tempest-VolumesAdminNegativeTest-1569266405-project-member] Unknown version. Returning version choices. {{(pid=76772) process_request /opt/stack/glance/glance/api/middleware/version_negotiation.py:64}}
Jul 10 19:36:09 devstack devstack@g-api.service[76772]: [pid: 76772|app: 0|req: 13/24] 127.0.0.1 () {34 vars in 502 bytes} [Fri Jul 10 19:36:09 2026] GET / => generated 1557 bytes in 2 msecs (HTTP/1.1 300) 3 headers in 106 bytes (1 switches on core 0)
