Nov 18 03:14:26 devstack cinder-volume[81241]: DEBUG cinder.volume.manager [None req-4c73e68b-5c03-44b1-8635-2224d84f40af tempest-ServerActionsV293TestJSON-646714366 None] Task 'cinder.volume.flows.manager.create_volume.CreateVolumeFromSpecTask;volume:create' (92265d6b-8ac6-4884-bca1-96e951917c0c) transitioned into state 'SUCCESS' from state 'RUNNING' with result '{'status': 'creating', 'volume_name': 'volume-4a27027a-ff68-41b1-9968-fc4c2122a848', 'volume_size': 1, 'image_id': 'e1a165b5-cf3f-492a-8aa9-4d84d317e9d4', 'image_location': (None, [{'url': 'file:///opt/stack/data/glance/images/e1a165b5-cf3f-492a-8aa9-4d84d317e9d4', 'metadata': {}}]), 'image_meta': {'name': 'cirros-0.6.3-x86_64-disk', 'disk_format': 'qcow2', 'container_format': 'bare', 'visibility': 'public', 'size': 21692416, 'virtual_size': 117440512, 'status': 'active', 'checksum': '87617e24a5e30cb3b87fda8c0764838f', 'protected': False, 'min_ram': 0, 'min_disk': 0, 'owner': '3d608cf195694445ab832c00a790e8bd', 'os_hidden': False, 'os_hash_algo': 'sha512', 'os_hash_value': '9a9bce0083a00939ec17c11febbfc767aa211aaa54f51e75c5a8b271a9b5637c77205a518b7a2007cb391d23cceb01e0e4e8d64832317151bc85b734b92a7be0', 'id': 'e1a165b5-cf3f-492a-8aa9-4d84d317e9d4', 'created_at': datetime.datetime(2025, 11, 18, 1, 59, 16, tzinfo=datetime.timezone.utc), 'updated_at': datetime.datetime(2025, 11, 18, 1, 59, 18, tzinfo=datetime.timezone.utc), 'tags': [], 'file': '/v2/images/e1a165b5-cf3f-492a-8aa9-4d84d317e9d4/file', 'properties': {'hw_rng_model': 'virtio', 'owner_specified.openstack.md5': '', 'owner_specified.openstack.object': 'images/cirros-0.6.3-x86_64-disk', 'owner_specified.openstack.sha256': ''}}, 'image_service': }' {{(pid=81241) _task_receiver /opt/stack/data/venv/lib/python3.10/site-packages/taskflow/listeners/logging.py:182}}
Nov 18 03:14:26 devstack cinder-volume[81241]: DEBUG cinder.volume.manager [None req-4c73e68b-5c03-44b1-8635-2224d84f40af tempest-ServerActionsV293TestJSON-646714366 None] Task 'cinder.volume.flows.manager.create_volume.CreateVolumeOnFinishTask;volume:create, create.end' (d5e16a0b-e158-4a33-9a6a-9035b5f4f5e5) transitioned into state 'RUNNING' from state 'PENDING' {{(pid=81241) _task_receiver /opt/stack/data/venv/lib/python3.10/site-packages/taskflow/listeners/logging.py:194}}
Nov 18 03:14:26 devstack cinder-volume[81241]: INFO cinder.volume.flows.manager.create_volume [None req-4c73e68b-5c03-44b1-8635-2224d84f40af tempest-ServerActionsV293TestJSON-646714366 None] Volume volume-4a27027a-ff68-41b1-9968-fc4c2122a848 (4a27027a-ff68-41b1-9968-fc4c2122a848): created successfully
Nov 18 03:14:26 devstack cinder-volume[81241]: DEBUG cinder.volume.manager [None req-4c73e68b-5c03-44b1-8635-2224d84f40af tempest-ServerActionsV293TestJSON-646714366 None] Task 'cinder.volume.flows.manager.create_volume.CreateVolumeOnFinishTask;volume:create, create.end' (d5e16a0b-e158-4a33-9a6a-9035b5f4f5e5) transitioned into state 'SUCCESS' from state 'RUNNING' with result 'None' {{(pid=81241) _task_receiver /opt/stack/data/venv/lib/python3.10/site-packages/taskflow/listeners/logging.py:182}}
Nov 18 03:14:26 devstack cinder-volume[81241]: DEBUG cinder.volume.manager [None req-4c73e68b-5c03-44b1-8635-2224d84f40af tempest-ServerActionsV293TestJSON-646714366 None] Flow 'volume_create_manager' (566ee789-a0d6-4bfb-a0d7-74320f4addbd) transitioned into state 'SUCCESS' from state 'RUNNING' {{(pid=81241) _flow_receiver /opt/stack/data/venv/lib/python3.10/site-packages/taskflow/listeners/logging.py:145}}
Nov 18 03:14:26 devstack cinder-volume[81241]: INFO cinder.volume.manager [None req-4c73e68b-5c03-44b1-8635-2224d84f40af tempest-ServerActionsV293TestJSON-646714366 None] Created volume successfully.
Nov 18 03:14:27 devstack sudo[90502]: pam_unix(sudo:session): session closed for user root
Nov 18 03:14:27 devstack cinder-volume[81241]: DEBUG oslo_concurrency.processutils [None req-22f239e3-0b84-4181-9cb2-51628086b530 tempest-GroupSnapshotsTest-1197421399 None] CMD "/opt/stack/data/venv/bin/python3.10 -m oslo_concurrency.prlimit --as=1073741824 --cpu=60 -- sudo cinder-rootwrap /etc/cinder/rootwrap.conf env LC_ALL=C qemu-img info -f qcow2 --output=json --force-share /opt/stack/data/cinder/mnt/9627d383da5bfd23d74d5729225d4fdc/volume-1f51b0f3-6a37-4700-9712-697ae4d08913" returned: 0 in 0.764s {{(pid=81241) execute /opt/stack/data/venv/lib/python3.10/site-packages/oslo_concurrency/processutils.py:372}}
Nov 18 03:14:27 devstack cinder-volume[81241]: DEBUG oslo_concurrency.processutils [None req-22f239e3-0b84-4181-9cb2-51628086b530 tempest-GroupSnapshotsTest-1197421399 None] Running cmd (subprocess): sudo cinder-rootwrap /etc/cinder/rootwrap.conf qemu-img create -f qcow2 -o backing_file=/opt/stack/data/cinder/mnt/9627d383da5bfd23d74d5729225d4fdc/volume-1f51b0f3-6a37-4700-9712-697ae4d08913,backing_fmt=qcow2 /opt/stack/data/cinder/mnt/9627d383da5bfd23d74d5729225d4fdc/volume-1f51b0f3-6a37-4700-9712-697ae4d08913.3b8d97a9-3f46-443b-bf7f-5d665c763dec 1G {{(pid=81241) execute /opt/stack/data/venv/lib/python3.10/site-packages/oslo_concurrency/processutils.py:349}}
Nov 18 03:14:27 devstack sudo[90507]: quobyte : PWD=/ ; USER=root ; COMMAND=/opt/stack/data/venv/bin/cinder-rootwrap /etc/cinder/rootwrap.conf qemu-img create -f qcow2 -o backing_file=/opt/stack/data/cinder/mnt/9627d383da5bfd23d74d5729225d4fdc/volume-1f51b0f3-6a37-4700-9712-697ae4d08913,backing_fmt=qcow2 /opt/stack/data/cinder/mnt/9627d383da5bfd23d74d5729225d4fdc/volume-1f51b0f3-6a37-4700-9712-697ae4d08913.3b8d97a9-3f46-443b-bf7f-5d665c763dec 1G
Nov 18 03:14:27 devstack sudo[90507]: pam_unix(sudo:session): session opened for user root(uid=0) by (uid=1000)
Nov 18 03:14:28 devstack sudo[90507]: pam_unix(sudo:session): session closed for user root
Nov 18 03:14:28 devstack cinder-volume[81241]: DEBUG oslo_concurrency.processutils [None req-22f239e3-0b84-4181-9cb2-51628086b530 tempest-GroupSnapshotsTest-1197421399 None] CMD "sudo cinder-rootwrap /etc/cinder/rootwrap.conf qemu-img create -f qcow2 -o backing_file=/opt/stack/data/cinder/mnt/9627d383da5bfd23d74d5729225d4fdc/volume-1f51b0f3-6a37-4700-9712-697ae4d08913,backing_fmt=qcow2 /opt/stack/data/cinder/mnt/9627d383da5bfd23d74d5729225d4fdc/volume-1f51b0f3-6a37-4700-9712-697ae4d08913.3b8d97a9-3f46-443b-bf7f-5d665c763dec 1G" returned: 0 in 0.791s {{(pid=81241) execute /opt/stack/data/venv/lib/python3.10/site-packages/oslo_concurrency/processutils.py:372}}
Nov 18 03:14:28 devstack cinder-volume[81241]: DEBUG oslo_concurrency.processutils [None req-22f239e3-0b84-4181-9cb2-51628086b530 tempest-GroupSnapshotsTest-1197421399 None] Running cmd (subprocess): sudo cinder-rootwrap /etc/cinder/rootwrap.conf qemu-img rebase -u -b volume-1f51b0f3-6a37-4700-9712-697ae4d08913 -F qcow2 /opt/stack/data/cinder/mnt/9627d383da5bfd23d74d5729225d4fdc/volume-1f51b0f3-6a37-4700-9712-697ae4d08913.3b8d97a9-3f46-443b-bf7f-5d665c763dec {{(pid=81241) execute /opt/stack/data/venv/lib/python3.10/site-packages/oslo_concurrency/processutils.py:349}}
Nov 18 03:14:28 devstack sudo[90512]: quobyte : PWD=/ ; USER=root ; COMMAND=/opt/stack/data/venv/bin/cinder-rootwrap /etc/cinder/rootwrap.conf qemu-img rebase -u -b volume-1f51b0f3-6a37-4700-9712-697ae4d08913 -F qcow2 /opt/stack/data/cinder/mnt/9627d383da5bfd23d74d5729225d4fdc/volume-1f51b0f3-6a37-4700-9712-697ae4d08913.3b8d97a9-3f46-443b-bf7f-5d665c763dec
Nov 18 03:14:28 devstack sudo[90512]: pam_unix(sudo:session): session opened for user root(uid=0) by (uid=1000)
Nov 18 03:14:28 devstack sudo[90512]: pam_unix(sudo:session): session closed for user root
Nov 18 03:14:28 devstack cinder-volume[81241]: DEBUG oslo_concurrency.processutils [None req-22f239e3-0b84-4181-9cb2-51628086b530 tempest-GroupSnapshotsTest-1197421399 None] CMD "sudo cinder-rootwrap /etc/cinder/rootwrap.conf qemu-img rebase -u -b volume-1f51b0f3-6a37-4700-9712-697ae4d08913 -F qcow2 /opt/stack/data/cinder/mnt/9627d383da5bfd23d74d5729225d4fdc/volume-1f51b0f3-6a37-4700-9712-697ae4d08913.3b8d97a9-3f46-443b-bf7f-5d665c763dec" returned: 0 in 0.715s {{(pid=81241) execute /opt/stack/data/venv/lib/python3.10/site-packages/oslo_concurrency/processutils.py:372}}
Nov 18 03:14:28 devstack cinder-volume[81241]: WARNING cinder.volume.drivers.remotefs [None req-22f239e3-0b84-4181-9cb2-51628086b530 tempest-GroupSnapshotsTest-1197421399 None] /opt/stack/data/cinder/mnt/9627d383da5bfd23d74d5729225d4fdc/volume-1f51b0f3-6a37-4700-9712-697ae4d08913.3b8d97a9-3f46-443b-bf7f-5d665c763dec is being set with open permissions: ugo+rw: NotImplementedError
Nov 18 03:14:28 devstack cinder-volume[81241]: DEBUG oslo_concurrency.processutils [None req-22f239e3-0b84-4181-9cb2-51628086b530 tempest-GroupSnapshotsTest-1197421399 None] Running cmd (subprocess): sudo cinder-rootwrap /etc/cinder/rootwrap.conf chmod ugo+rw /opt/stack/data/cinder/mnt/9627d383da5bfd23d74d5729225d4fdc/volume-1f51b0f3-6a37-4700-9712-697ae4d08913.3b8d97a9-3f46-443b-bf7f-5d665c763dec {{(pid=81241) execute /opt/stack/data/venv/lib/python3.10/site-packages/oslo_concurrency/processutils.py:349}}
Nov 18 03:14:28 devstack sudo[90519]: quobyte : PWD=/ ; USER=root ; COMMAND=/opt/stack/data/venv/bin/cinder-rootwrap /etc/cinder/rootwrap.conf chmod ugo+rw /opt/stack/data/cinder/mnt/9627d383da5bfd23d74d5729225d4fdc/volume-1f51b0f3-6a37-4700-9712-697ae4d08913.3b8d97a9-3f46-443b-bf7f-5d665c763dec
Nov 18 03:14:28 devstack sudo[90519]: pam_unix(sudo:session): session opened for user root(uid=0) by (uid=1000)
Nov 18 03:14:29 devstack sudo[90519]: pam_unix(sudo:session): session closed for user root
Nov 18 03:14:29 devstack cinder-volume[81241]: DEBUG oslo_concurrency.processutils [None req-22f239e3-0b84-4181-9cb2-51628086b530 tempest-GroupSnapshotsTest-1197421399 None] CMD "sudo cinder-rootwrap /etc/cinder/rootwrap.conf chmod ugo+rw /opt/stack/data/cinder/mnt/9627d383da5bfd23d74d5729225d4fdc/volume-1f51b0f3-6a37-4700-9712-697ae4d08913.3b8d97a9-3f46-443b-bf7f-5d665c763dec" returned: 0 in 0.701s {{(pid=81241) execute /opt/stack/data/venv/lib/python3.10/site-packages/oslo_concurrency/processutils.py:372}}
Nov 18 03:14:29 devstack cinder-volume[81241]: DEBUG oslo_concurrency.processutils [None req-22f239e3-0b84-4181-9cb2-51628086b530 tempest-GroupSnapshotsTest-1197421399 None] Running cmd (subprocess): sudo cinder-rootwrap /etc/cinder/rootwrap.conf truncate -s0 /opt/stack/data/cinder/mnt/9627d383da5bfd23d74d5729225d4fdc/volume-1f51b0f3-6a37-4700-9712-697ae4d08913.info {{(pid=81241) execute /opt/stack/data/venv/lib/python3.10/site-packages/oslo_concurrency/processutils.py:349}}
Nov 18 03:14:29 devstack sudo[90522]: quobyte : PWD=/ ; USER=root ; COMMAND=/opt/stack/data/venv/bin/cinder-rootwrap /etc/cinder/rootwrap.conf truncate -s0 /opt/stack/data/cinder/mnt/9627d383da5bfd23d74d5729225d4fdc/volume-1f51b0f3-6a37-4700-9712-697ae4d08913.info
Nov 18 03:14:29 devstack sudo[90522]: pam_unix(sudo:session): session opened for user root(uid=0) by (uid=1000)
Nov 18 03:14:30 devstack sudo[90522]: pam_unix(sudo:session): session closed for user root
Nov 18 03:14:30 devstack cinder-volume[81241]: DEBUG oslo_concurrency.processutils [None req-22f239e3-0b84-4181-9cb2-51628086b530 tempest-GroupSnapshotsTest-1197421399 None] CMD "sudo cinder-rootwrap /etc/cinder/rootwrap.conf truncate -s0 /opt/stack/data/cinder/mnt/9627d383da5bfd23d74d5729225d4fdc/volume-1f51b0f3-6a37-4700-9712-697ae4d08913.info" returned: 0 in 0.745s {{(pid=81241) execute /opt/stack/data/venv/lib/python3.10/site-packages/oslo_concurrency/processutils.py:372}}
Nov 18 03:14:30 devstack cinder-volume[81241]: WARNING cinder.volume.drivers.remotefs [None req-22f239e3-0b84-4181-9cb2-51628086b530 tempest-GroupSnapshotsTest-1197421399 None] /opt/stack/data/cinder/mnt/9627d383da5bfd23d74d5729225d4fdc/volume-1f51b0f3-6a37-4700-9712-697ae4d08913.info is being set with open permissions: ugo+rw: NotImplementedError
Nov 18 03:14:30 devstack cinder-volume[81241]: DEBUG oslo_concurrency.processutils [None req-22f239e3-0b84-4181-9cb2-51628086b530 tempest-GroupSnapshotsTest-1197421399 None] Running cmd (subprocess): sudo cinder-rootwrap /etc/cinder/rootwrap.conf chmod ugo+rw /opt/stack/data/cinder/mnt/9627d383da5bfd23d74d5729225d4fdc/volume-1f51b0f3-6a37-4700-9712-697ae4d08913.info {{(pid=81241) execute /opt/stack/data/venv/lib/python3.10/site-packages/oslo_concurrency/processutils.py:349}}
Nov 18 03:14:30 devstack sudo[90525]: quobyte : PWD=/ ; USER=root ; COMMAND=/opt/stack/data/venv/bin/cinder-rootwrap /etc/cinder/rootwrap.conf chmod ugo+rw /opt/stack/data/cinder/mnt/9627d383da5bfd23d74d5729225d4fdc/volume-1f51b0f3-6a37-4700-9712-697ae4d08913.info
Nov 18 03:14:30 devstack sudo[90525]: pam_unix(sudo:session): session opened for user root(uid=0) by (uid=1000)
Nov 18 03:14:30 devstack sudo[90525]: pam_unix(sudo:session): session closed for user root
Nov 18 03:14:30 devstack cinder-volume[81241]: DEBUG oslo_concurrency.processutils [None req-22f239e3-0b84-4181-9cb2-51628086b530 tempest-GroupSnapshotsTest-1197421399 None] CMD "sudo cinder-rootwrap /etc/cinder/rootwrap.conf chmod ugo+rw /opt/stack/data/cinder/mnt/9627d383da5bfd23d74d5729225d4fdc/volume-1f51b0f3-6a37-4700-9712-697ae4d08913.info" returned: 0 in 0.649s {{(pid=81241) execute /opt/stack/data/venv/lib/python3.10/site-packages/oslo_concurrency/processutils.py:372}}
Nov 18 03:14:30 devstack cinder-volume[81241]: DEBUG oslo_concurrency.lockutils [None req-22f239e3-0b84-4181-9cb2-51628086b530 tempest-GroupSnapshotsTest-1197421399 None] Lock "quobyte" "released" by "cinder.volume.drivers.quobyte.QuobyteDriver.create_snapshot" :: held 4.429s {{(pid=81241) inner /opt/stack/data/venv/lib/python3.10/site-packages/oslo_concurrency/lockutils.py:424}}
Nov 18 03:14:31 devstack cinder-volume[81241]: INFO cinder.volume.manager [None req-22f239e3-0b84-4181-9cb2-51628086b530 tempest-GroupSnapshotsTest-1197421399 None] group_snapshot d3a5b657-6f23-400e-a7c9-dce708b14abc: created successfully
Nov 18 03:14:32 devstack cinder-volume[81241]: INFO cinder.volume.manager [None req-4e4f7d81-cc09-4e50-8d7f-6905c9b8169d tempest-GroupSnapshotsTest-1197421399 None] group_snapshot d3a5b657-6f23-400e-a7c9-dce708b14abc: deleting
Nov 18 03:14:32 devstack cinder-volume[81241]: WARNING cinder.volume.volume_utils [None req-4e4f7d81-cc09-4e50-8d7f-6905c9b8169d tempest-GroupSnapshotsTest-1197421399 None] Volume driver (QuobyteDriver 1.1.13) is currently unsupported and may be removed in the next release of OpenStack. Use at your own risk.
Nov 18 03:14:32 devstack cinder-volume[81241]: DEBUG cinder.volume.manager [None req-4e4f7d81-cc09-4e50-8d7f-6905c9b8169d tempest-GroupSnapshotsTest-1197421399 None] group_snapshot d3a5b657-6f23-400e-a7c9-dce708b14abc: deleting {{(pid=81241) delete_group_snapshot /opt/stack/cinder/cinder/volume/manager.py:4318}}
Nov 18 03:14:32 devstack cinder-volume[81241]: DEBUG cinder.coordination [None req-4e4f7d81-cc09-4e50-8d7f-6905c9b8169d tempest-GroupSnapshotsTest-1197421399 None] Acquiring lock "cinder-quobyte-828bca8c-a7a4-48a7-ad01-8a58187f3cfe" by "delete_snapshot" {{(pid=81241) __acquire /opt/stack/cinder/cinder/coordination.py:143}}
Nov 18 03:14:32 devstack cinder-volume[81241]: DEBUG cinder.coordination [None req-4e4f7d81-cc09-4e50-8d7f-6905c9b8169d tempest-GroupSnapshotsTest-1197421399 None] Lock "cinder-quobyte-828bca8c-a7a4-48a7-ad01-8a58187f3cfe" acquired by "delete_snapshot" :: waited 0.015s {{(pid=81241) __acquire /opt/stack/cinder/cinder/coordination.py:146}}
Nov 18 03:14:32 devstack cinder-volume[81241]: DEBUG cinder.coordination [None req-4e4f7d81-cc09-4e50-8d7f-6905c9b8169d tempest-GroupSnapshotsTest-1197421399 None] Acquiring lock "cinder-quobyte-153876c0-02fb-4c4a-908a-0feb650e0d58" by "_delete_snapshot" {{(pid=81241) __acquire /opt/stack/cinder/cinder/coordination.py:143}}
Nov 18 03:14:32 devstack cinder-volume[81241]: DEBUG cinder.coordination [None req-4e4f7d81-cc09-4e50-8d7f-6905c9b8169d tempest-GroupSnapshotsTest-1197421399 None] Lock "cinder-quobyte-153876c0-02fb-4c4a-908a-0feb650e0d58" acquired by "_delete_snapshot" :: waited 0.013s {{(pid=81241) __acquire /opt/stack/cinder/cinder/coordination.py:146}}
Nov 18 03:14:32 devstack cinder-volume[81241]: DEBUG cinder.volume.drivers.remotefs [None req-4e4f7d81-cc09-4e50-8d7f-6905c9b8169d tempest-GroupSnapshotsTest-1197421399 None] Deleting offline snapshot 153876c0-02fb-4c4a-908a-0feb650e0d58 of volume 828bca8c-a7a4-48a7-ad01-8a58187f3cfe {{(pid=81241) _delete_snapshot /opt/stack/cinder/cinder/volume/drivers/remotefs.py:1278}}
Nov 18 03:14:32 devstack cinder-volume[81241]: DEBUG cinder.volume.drivers.remotefs [None req-4e4f7d81-cc09-4e50-8d7f-6905c9b8169d tempest-GroupSnapshotsTest-1197421399 None] snapshot_file for this snap is: volume-828bca8c-a7a4-48a7-ad01-8a58187f3cfe.153876c0-02fb-4c4a-908a-0feb650e0d58 {{(pid=81241) _delete_snapshot /opt/stack/cinder/cinder/volume/drivers/remotefs.py:1307}}
Nov 18 03:14:32 devstack cinder-volume[81241]: DEBUG oslo.privsep.daemon [-] privsep: reply[06ac99bc-1330-49ed-b895-578fd21de8da]: (4, 'qcow2') {{(pid=81774) _call_back /opt/stack/data/venv/lib/python3.10/site-packages/oslo_privsep/daemon.py:515}}
Nov 18 03:14:32 devstack cinder-volume[81241]: DEBUG oslo_concurrency.processutils [None req-4e4f7d81-cc09-4e50-8d7f-6905c9b8169d tempest-GroupSnapshotsTest-1197421399 None] Running cmd (subprocess): /opt/stack/data/venv/bin/python3.10 -m oslo_concurrency.prlimit --as=1073741824 --cpu=60 -- sudo cinder-rootwrap /etc/cinder/rootwrap.conf env LC_ALL=C qemu-img info -f qcow2 --output=json --force-share /opt/stack/data/cinder/mnt/9627d383da5bfd23d74d5729225d4fdc/volume-828bca8c-a7a4-48a7-ad01-8a58187f3cfe.153876c0-02fb-4c4a-908a-0feb650e0d58 {{(pid=81241) execute /opt/stack/data/venv/lib/python3.10/site-packages/oslo_concurrency/processutils.py:349}}
Nov 18 03:14:32 devstack sudo[90529]: quobyte : PWD=/ ; USER=root ; COMMAND=/opt/stack/data/venv/bin/cinder-rootwrap /etc/cinder/rootwrap.conf env LC_ALL=C qemu-img info -f qcow2 --output=json --force-share /opt/stack/data/cinder/mnt/9627d383da5bfd23d74d5729225d4fdc/volume-828bca8c-a7a4-48a7-ad01-8a58187f3cfe.153876c0-02fb-4c4a-908a-0feb650e0d58
Nov 18 03:14:32 devstack sudo[90529]: pam_unix(sudo:session): session opened for user root(uid=0) by (uid=1000)
Nov 18 03:14:33 devstack sudo[90529]: pam_unix(sudo:session): session closed for user root
Nov 18 03:14:33 devstack cinder-volume[81241]: DEBUG oslo_concurrency.processutils [None req-4e4f7d81-cc09-4e50-8d7f-6905c9b8169d tempest-GroupSnapshotsTest-1197421399 None] CMD "/opt/stack/data/venv/bin/python3.10 -m oslo_concurrency.prlimit --as=1073741824 --cpu=60 -- sudo cinder-rootwrap /etc/cinder/rootwrap.conf env LC_ALL=C qemu-img info -f qcow2 --output=json --force-share /opt/stack/data/cinder/mnt/9627d383da5bfd23d74d5729225d4fdc/volume-828bca8c-a7a4-48a7-ad01-8a58187f3cfe.153876c0-02fb-4c4a-908a-0feb650e0d58" returned: 0 in 1.040s {{(pid=81241) execute /opt/stack/data/venv/lib/python3.10/site-packages/oslo_concurrency/processutils.py:372}}
Nov 18 03:14:33 devstack cinder-volume[81241]: DEBUG cinder.volume.drivers.remotefs [None req-4e4f7d81-cc09-4e50-8d7f-6905c9b8169d tempest-GroupSnapshotsTest-1197421399 None] Fetching qemu-img info with special backing_file_template: (/opt/stack/data/cinder/mnt/[0-9a-f]+/)?(volume-828bca8c-a7a4-48a7-ad01-8a58187f3cfe(.(tmp-snap-)?[0-9a-f-]+)?|volume_from_snapshot_cache/(tmp-snap-)?[0-9a-f-]+(.(child-|parent-)[0-9a-f-]+)?)$ {{(pid=81241) _qemu_img_info_base /opt/stack/cinder/cinder/volume/drivers/remotefs.py:886}}
Nov 18 03:14:33 devstack cinder-volume[81241]: DEBUG oslo.privsep.daemon [-] privsep: reply[d82fb056-58ac-4480-917f-378b6e3b75a1]: (4, 'qcow2') {{(pid=81774) _call_back /opt/stack/data/venv/lib/python3.10/site-packages/oslo_privsep/daemon.py:515}}
Nov 18 03:14:33 devstack cinder-volume[81241]: DEBUG oslo_concurrency.processutils [None req-4e4f7d81-cc09-4e50-8d7f-6905c9b8169d tempest-GroupSnapshotsTest-1197421399 None] Running cmd (subprocess): /opt/stack/data/venv/bin/python3.10 -m oslo_concurrency.prlimit --as=1073741824 --cpu=60 -- sudo cinder-rootwrap /etc/cinder/rootwrap.conf env LC_ALL=C qemu-img info -f qcow2 --output=json --force-share /opt/stack/data/cinder/mnt/9627d383da5bfd23d74d5729225d4fdc/volume-828bca8c-a7a4-48a7-ad01-8a58187f3cfe {{(pid=81241) execute /opt/stack/data/venv/lib/python3.10/site-packages/oslo_concurrency/processutils.py:349}}
Nov 18 03:14:33 devstack sudo[90535]: quobyte : PWD=/ ; USER=root ; COMMAND=/opt/stack/data/venv/bin/cinder-rootwrap /etc/cinder/rootwrap.conf env LC_ALL=C qemu-img info -f qcow2 --output=json --force-share /opt/stack/data/cinder/mnt/9627d383da5bfd23d74d5729225d4fdc/volume-828bca8c-a7a4-48a7-ad01-8a58187f3cfe
Nov 18 03:14:33 devstack sudo[90535]: pam_unix(sudo:session): session opened for user root(uid=0) by (uid=1000)
Nov 18 03:14:34 devstack sudo[90535]: pam_unix(sudo:session): session closed for user root
Nov 18 03:14:34 devstack cinder-volume[81241]: DEBUG oslo_concurrency.processutils [None req-4e4f7d81-cc09-4e50-8d7f-6905c9b8169d tempest-GroupSnapshotsTest-1197421399 None] CMD "/opt/stack/data/venv/bin/python3.10 -m oslo_concurrency.prlimit --as=1073741824 --cpu=60 -- sudo cinder-rootwrap /etc/cinder/rootwrap.conf env LC_ALL=C qemu-img info -f qcow2 --output=json --force-share /opt/stack/data/cinder/mnt/9627d383da5bfd23d74d5729225d4fdc/volume-828bca8c-a7a4-48a7-ad01-8a58187f3cfe" returned: 0 in 1.201s {{(pid=81241) execute /opt/stack/data/venv/lib/python3.10/site-packages/oslo_concurrency/processutils.py:372}}
Nov 18 03:14:34 devstack cinder-volume[81241]: DEBUG oslo_concurrency.processutils [None req-4e4f7d81-cc09-4e50-8d7f-6905c9b8169d tempest-GroupSnapshotsTest-1197421399 None] Running cmd (subprocess): sudo cinder-rootwrap /etc/cinder/rootwrap.conf qemu-img commit -d /opt/stack/data/cinder/mnt/9627d383da5bfd23d74d5729225d4fdc/volume-828bca8c-a7a4-48a7-ad01-8a58187f3cfe.153876c0-02fb-4c4a-908a-0feb650e0d58 {{(pid=81241) execute /opt/stack/data/venv/lib/python3.10/site-packages/oslo_concurrency/processutils.py:349}}
Nov 18 03:14:34 devstack sudo[90542]: quobyte : PWD=/ ; USER=root ; COMMAND=/opt/stack/data/venv/bin/cinder-rootwrap /etc/cinder/rootwrap.conf qemu-img commit -d /opt/stack/data/cinder/mnt/9627d383da5bfd23d74d5729225d4fdc/volume-828bca8c-a7a4-48a7-ad01-8a58187f3cfe.153876c0-02fb-4c4a-908a-0feb650e0d58
Nov 18 03:14:34 devstack sudo[90542]: pam_unix(sudo:session): session opened for user root(uid=0) by (uid=1000)
Nov 18 03:14:34 devstack cinder-volume[81241]: DEBUG oslo_concurrency.lockutils [req-69bd6c84-e367-481c-ba4a-a80c08c45be8 req-f75c6aa5-a626-4b6e-9a6e-3b416d86fb73 tempest-ServerActionsV293TestJSON-646714366 None] Acquiring lock "quobyte" by "cinder.volume.drivers.quobyte.QuobyteDriver.initialize_connection" {{(pid=81241) inner /opt/stack/data/venv/lib/python3.10/site-packages/oslo_concurrency/lockutils.py:405}}
Nov 18 03:14:34 devstack cinder-volume[81241]: DEBUG oslo_concurrency.lockutils [req-69bd6c84-e367-481c-ba4a-a80c08c45be8 req-f75c6aa5-a626-4b6e-9a6e-3b416d86fb73 tempest-ServerActionsV293TestJSON-646714366 None] Lock "quobyte" acquired by "cinder.volume.drivers.quobyte.QuobyteDriver.initialize_connection" :: waited 0.002s {{(pid=81241) inner /opt/stack/data/venv/lib/python3.10/site-packages/oslo_concurrency/lockutils.py:410}}
Nov 18 03:14:35 devstack cinder-volume[81241]: DEBUG oslo.privsep.daemon [-] privsep: reply[d564e904-e992-4c68-8b55-076d96ca826f]: (4, 'raw') {{(pid=81774) _call_back /opt/stack/data/venv/lib/python3.10/site-packages/oslo_privsep/daemon.py:515}}
Nov 18 03:14:35 devstack cinder-volume[81241]: DEBUG oslo_concurrency.processutils [req-69bd6c84-e367-481c-ba4a-a80c08c45be8 req-f75c6aa5-a626-4b6e-9a6e-3b416d86fb73 tempest-ServerActionsV293TestJSON-646714366 None] Running cmd (subprocess): /opt/stack/data/venv/bin/python3.10 -m oslo_concurrency.prlimit --as=1073741824 --cpu=60 -- sudo cinder-rootwrap /etc/cinder/rootwrap.conf env LC_ALL=C qemu-img info -f raw --output=json --force-share /opt/stack/data/cinder/mnt/9627d383da5bfd23d74d5729225d4fdc/volume-4a27027a-ff68-41b1-9968-fc4c2122a848 {{(pid=81241) execute /opt/stack/data/venv/lib/python3.10/site-packages/oslo_concurrency/processutils.py:349}}
Nov 18 03:14:35 devstack sudo[90542]: pam_unix(sudo:session): session closed for user root
Nov 18 03:14:35 devstack sudo[90552]: quobyte : PWD=/ ; USER=root ; COMMAND=/opt/stack/data/venv/bin/cinder-rootwrap /etc/cinder/rootwrap.conf env LC_ALL=C qemu-img info -f raw --output=json --force-share /opt/stack/data/cinder/mnt/9627d383da5bfd23d74d5729225d4fdc/volume-4a27027a-ff68-41b1-9968-fc4c2122a848
Nov 18 03:14:35 devstack sudo[90552]: pam_unix(sudo:session): session opened for user root(uid=0) by (uid=1000)
Nov 18 03:14:35 devstack cinder-volume[81241]: DEBUG oslo_concurrency.processutils [None req-4e4f7d81-cc09-4e50-8d7f-6905c9b8169d tempest-GroupSnapshotsTest-1197421399 None] CMD "sudo cinder-rootwrap /etc/cinder/rootwrap.conf qemu-img commit -d /opt/stack/data/cinder/mnt/9627d383da5bfd23d74d5729225d4fdc/volume-828bca8c-a7a4-48a7-ad01-8a58187f3cfe.153876c0-02fb-4c4a-908a-0feb650e0d58" returned: 0 in 0.873s {{(pid=81241) execute /opt/stack/data/venv/lib/python3.10/site-packages/oslo_concurrency/processutils.py:372}}
Nov 18 03:14:35 devstack cinder-volume[81241]: DEBUG oslo_concurrency.processutils [None req-4e4f7d81-cc09-4e50-8d7f-6905c9b8169d tempest-GroupSnapshotsTest-1197421399 None] Running cmd (subprocess): sudo cinder-rootwrap /etc/cinder/rootwrap.conf rm -f /opt/stack/data/cinder/mnt/9627d383da5bfd23d74d5729225d4fdc/volume-828bca8c-a7a4-48a7-ad01-8a58187f3cfe.153876c0-02fb-4c4a-908a-0feb650e0d58 {{(pid=81241) execute /opt/stack/data/venv/lib/python3.10/site-packages/oslo_concurrency/processutils.py:349}}
Nov 18 03:14:35 devstack sudo[90557]: quobyte : PWD=/ ; USER=root ; COMMAND=/opt/stack/data/venv/bin/cinder-rootwrap /etc/cinder/rootwrap.conf rm -f /opt/stack/data/cinder/mnt/9627d383da5bfd23d74d5729225d4fdc/volume-828bca8c-a7a4-48a7-ad01-8a58187f3cfe.153876c0-02fb-4c4a-908a-0feb650e0d58
Nov 18 03:14:35 devstack sudo[90557]: pam_unix(sudo:session): session opened for user root(uid=0) by (uid=1000)
Nov 18 03:14:36 devstack sudo[90557]: pam_unix(sudo:session): session closed for user root
Nov 18 03:14:36 devstack cinder-volume[81241]: DEBUG oslo_concurrency.processutils [None req-4e4f7d81-cc09-4e50-8d7f-6905c9b8169d tempest-GroupSnapshotsTest-1197421399 None] CMD "sudo cinder-rootwrap /etc/cinder/rootwrap.conf rm -f /opt/stack/data/cinder/mnt/9627d383da5bfd23d74d5729225d4fdc/volume-828bca8c-a7a4-48a7-ad01-8a58187f3cfe.153876c0-02fb-4c4a-908a-0feb650e0d58" returned: 0 in 0.898s {{(pid=81241) execute /opt/stack/data/venv/lib/python3.10/site-packages/oslo_concurrency/processutils.py:372}}
Nov 18 03:14:36 devstack cinder-volume[81241]: DEBUG cinder.coordination [None req-4e4f7d81-cc09-4e50-8d7f-6905c9b8169d tempest-GroupSnapshotsTest-1197421399 None] Lock "cinder-quobyte-153876c0-02fb-4c4a-908a-0feb650e0d58" released by "_delete_snapshot" :: held 4.124s {{(pid=81241) __release /opt/stack/cinder/cinder/coordination.py:157}}
Nov 18 03:14:36 devstack cinder-volume[81241]: DEBUG cinder.coordination [None req-4e4f7d81-cc09-4e50-8d7f-6905c9b8169d tempest-GroupSnapshotsTest-1197421399 None] Lock "cinder-quobyte-828bca8c-a7a4-48a7-ad01-8a58187f3cfe" released by "delete_snapshot" :: held 4.148s {{(pid=81241) __release /opt/stack/cinder/cinder/coordination.py:157}}
Nov 18 03:14:36 devstack sudo[90552]: pam_unix(sudo:session): session closed for user root
Nov 18 03:14:36 devstack cinder-volume[81241]: DEBUG cinder.coordination [None req-4e4f7d81-cc09-4e50-8d7f-6905c9b8169d tempest-GroupSnapshotsTest-1197421399 None] Acquiring lock "cinder-quobyte-1f51b0f3-6a37-4700-9712-697ae4d08913" by "delete_snapshot" {{(pid=81241) __acquire /opt/stack/cinder/cinder/coordination.py:143}}
Nov 18 03:14:36 devstack cinder-volume[81241]: DEBUG oslo_concurrency.processutils [req-69bd6c84-e367-481c-ba4a-a80c08c45be8 req-f75c6aa5-a626-4b6e-9a6e-3b416d86fb73 tempest-ServerActionsV293TestJSON-646714366 None] CMD "/opt/stack/data/venv/bin/python3.10 -m oslo_concurrency.prlimit --as=1073741824 --cpu=60 -- sudo cinder-rootwrap /etc/cinder/rootwrap.conf env LC_ALL=C qemu-img info -f raw --output=json --force-share /opt/stack/data/cinder/mnt/9627d383da5bfd23d74d5729225d4fdc/volume-4a27027a-ff68-41b1-9968-fc4c2122a848" returned: 0 in 1.282s {{(pid=81241) execute /opt/stack/data/venv/lib/python3.10/site-packages/oslo_concurrency/processutils.py:372}}
Nov 18 03:14:36 devstack cinder-volume[81241]: DEBUG oslo_concurrency.processutils [req-69bd6c84-e367-481c-ba4a-a80c08c45be8 req-f75c6aa5-a626-4b6e-9a6e-3b416d86fb73 tempest-ServerActionsV293TestJSON-646714366 None] Running cmd (subprocess): /opt/stack/data/venv/bin/python3.10 -m oslo_concurrency.prlimit --as=1073741824 --cpu=60 -- sudo cinder-rootwrap /etc/cinder/rootwrap.conf env LC_ALL=C qemu-img info -f luks --output=json --force-share /opt/stack/data/cinder/mnt/9627d383da5bfd23d74d5729225d4fdc/volume-4a27027a-ff68-41b1-9968-fc4c2122a848 {{(pid=81241) execute /opt/stack/data/venv/lib/python3.10/site-packages/oslo_concurrency/processutils.py:349}}
Nov 18 03:14:36 devstack cinder-volume[81241]: DEBUG cinder.coordination [None req-4e4f7d81-cc09-4e50-8d7f-6905c9b8169d tempest-GroupSnapshotsTest-1197421399 None] Lock "cinder-quobyte-1f51b0f3-6a37-4700-9712-697ae4d08913" acquired by "delete_snapshot" :: waited 0.030s {{(pid=81241) __acquire /opt/stack/cinder/cinder/coordination.py:146}}
Nov 18 03:14:36 devstack cinder-volume[81241]: DEBUG cinder.coordination [None req-4e4f7d81-cc09-4e50-8d7f-6905c9b8169d tempest-GroupSnapshotsTest-1197421399 None] Acquiring lock "cinder-quobyte-3b8d97a9-3f46-443b-bf7f-5d665c763dec" by "_delete_snapshot" {{(pid=81241) __acquire /opt/stack/cinder/cinder/coordination.py:143}}
Nov 18 03:14:36 devstack cinder-volume[81241]: DEBUG cinder.coordination [None req-4e4f7d81-cc09-4e50-8d7f-6905c9b8169d tempest-GroupSnapshotsTest-1197421399 None] Lock "cinder-quobyte-3b8d97a9-3f46-443b-bf7f-5d665c763dec" acquired by "_delete_snapshot" :: waited 0.011s {{(pid=81241) __acquire /opt/stack/cinder/cinder/coordination.py:146}}
Nov 18 03:14:36 devstack cinder-volume[81241]: DEBUG cinder.volume.drivers.remotefs [None req-4e4f7d81-cc09-4e50-8d7f-6905c9b8169d tempest-GroupSnapshotsTest-1197421399 None] Deleting offline snapshot 3b8d97a9-3f46-443b-bf7f-5d665c763dec of volume 1f51b0f3-6a37-4700-9712-697ae4d08913 {{(pid=81241) _delete_snapshot /opt/stack/cinder/cinder/volume/drivers/remotefs.py:1278}}
Nov 18 03:14:36 devstack cinder-volume[81241]: DEBUG cinder.volume.drivers.remotefs [None req-4e4f7d81-cc09-4e50-8d7f-6905c9b8169d tempest-GroupSnapshotsTest-1197421399 None] snapshot_file for this snap is: volume-1f51b0f3-6a37-4700-9712-697ae4d08913.3b8d97a9-3f46-443b-bf7f-5d665c763dec {{(pid=81241) _delete_snapshot /opt/stack/cinder/cinder/volume/drivers/remotefs.py:1307}}
Nov 18 03:14:36 devstack cinder-volume[81241]: DEBUG oslo.privsep.daemon [-] privsep: reply[1b262064-f997-41bd-8c26-301d3b7cb356]: (4, 'qcow2') {{(pid=81774) _call_back /opt/stack/data/venv/lib/python3.10/site-packages/oslo_privsep/daemon.py:515}}
Nov 18 03:14:36 devstack cinder-volume[81241]: DEBUG oslo_concurrency.processutils [None req-4e4f7d81-cc09-4e50-8d7f-6905c9b8169d tempest-GroupSnapshotsTest-1197421399 None] Running cmd (subprocess): /opt/stack/data/venv/bin/python3.10 -m oslo_concurrency.prlimit --as=1073741824 --cpu=60 -- sudo cinder-rootwrap /etc/cinder/rootwrap.conf env LC_ALL=C qemu-img info -f qcow2 --output=json --force-share /opt/stack/data/cinder/mnt/9627d383da5bfd23d74d5729225d4fdc/volume-1f51b0f3-6a37-4700-9712-697ae4d08913.3b8d97a9-3f46-443b-bf7f-5d665c763dec {{(pid=81241) execute /opt/stack/data/venv/lib/python3.10/site-packages/oslo_concurrency/processutils.py:349}}
Nov 18 03:14:36 devstack sudo[90563]: quobyte : PWD=/ ; USER=root ; COMMAND=/opt/stack/data/venv/bin/cinder-rootwrap /etc/cinder/rootwrap.conf env LC_ALL=C qemu-img info -f luks --output=json --force-share /opt/stack/data/cinder/mnt/9627d383da5bfd23d74d5729225d4fdc/volume-4a27027a-ff68-41b1-9968-fc4c2122a848
Nov 18 03:14:36 devstack sudo[90563]: pam_unix(sudo:session): session opened for user root(uid=0) by (uid=1000)
Nov 18 03:14:36 devstack sudo[90564]: quobyte : PWD=/ ; USER=root ; COMMAND=/opt/stack/data/venv/bin/cinder-rootwrap /etc/cinder/rootwrap.conf env LC_ALL=C qemu-img info -f qcow2 --output=json --force-share /opt/stack/data/cinder/mnt/9627d383da5bfd23d74d5729225d4fdc/volume-1f51b0f3-6a37-4700-9712-697ae4d08913.3b8d97a9-3f46-443b-bf7f-5d665c763dec
Nov 18 03:14:36 devstack sudo[90564]: pam_unix(sudo:session): session opened for user root(uid=0) by (uid=1000)
Nov 18 03:14:37 devstack sudo[90563]: pam_unix(sudo:session): session closed for user root
Nov 18 03:14:37 devstack cinder-volume[81241]: DEBUG oslo_concurrency.processutils [req-69bd6c84-e367-481c-ba4a-a80c08c45be8 req-f75c6aa5-a626-4b6e-9a6e-3b416d86fb73 tempest-ServerActionsV293TestJSON-646714366 None] CMD "/opt/stack/data/venv/bin/python3.10 -m oslo_concurrency.prlimit --as=1073741824 --cpu=60 -- sudo cinder-rootwrap /etc/cinder/rootwrap.conf env LC_ALL=C qemu-img info -f luks --output=json --force-share /opt/stack/data/cinder/mnt/9627d383da5bfd23d74d5729225d4fdc/volume-4a27027a-ff68-41b1-9968-fc4c2122a848" returned: 1 in 0.855s {{(pid=81241) execute /opt/stack/data/venv/lib/python3.10/site-packages/oslo_concurrency/processutils.py:372}}
Nov 18 03:14:37 devstack cinder-volume[81241]: DEBUG oslo_concurrency.processutils [req-69bd6c84-e367-481c-ba4a-a80c08c45be8 req-f75c6aa5-a626-4b6e-9a6e-3b416d86fb73 tempest-ServerActionsV293TestJSON-646714366 None] '/opt/stack/data/venv/bin/python3.10 -m oslo_concurrency.prlimit --as=1073741824 --cpu=60 -- sudo cinder-rootwrap /etc/cinder/rootwrap.conf env LC_ALL=C qemu-img info -f luks --output=json --force-share /opt/stack/data/cinder/mnt/9627d383da5bfd23d74d5729225d4fdc/volume-4a27027a-ff68-41b1-9968-fc4c2122a848' failed. Not Retrying. {{(pid=81241) execute /opt/stack/data/venv/lib/python3.10/site-packages/oslo_concurrency/processutils.py:423}}
Nov 18 03:14:37 devstack cinder-volume[81241]: DEBUG oslo_concurrency.lockutils [req-69bd6c84-e367-481c-ba4a-a80c08c45be8 req-f75c6aa5-a626-4b6e-9a6e-3b416d86fb73 tempest-ServerActionsV293TestJSON-646714366 None] Lock "quobyte" "released" by "cinder.volume.drivers.quobyte.QuobyteDriver.initialize_connection" :: held 2.185s {{(pid=81241) inner /opt/stack/data/venv/lib/python3.10/site-packages/oslo_concurrency/lockutils.py:424}}
Nov 18 03:14:37 devstack cinder-volume[81241]: DEBUG cinder.volume.manager [req-69bd6c84-e367-481c-ba4a-a80c08c45be8 req-f75c6aa5-a626-4b6e-9a6e-3b416d86fb73 tempest-ServerActionsV293TestJSON-646714366 None] Connection info returned from driver {'export': 'osci02.corp.quobyte.com/cinder-vol-e1d41747-373e-4201-b76a-be9a64dd2645', 'name': 'volume-4a27027a-ff68-41b1-9968-fc4c2122a848', 'options': None, 'format': 'raw', 'qos_specs': None, 'access_mode': 'rw', 'encrypted': False, 'cacheable': False, 'driver_volume_type': 'quobyte', 'mount_point_base': '/opt/stack/data/cinder/mnt', 'attachment_id': 'eceebb95-6319-44bd-a469-ecb87340edba', 'enforce_multipath': True} {{(pid=81241) _connection_create /opt/stack/cinder/cinder/volume/manager.py:4892}}
Nov 18 03:14:37 devstack cinder-volume[81241]: WARNING cinder.volume.volume_utils [req-69bd6c84-e367-481c-ba4a-a80c08c45be8 req-f75c6aa5-a626-4b6e-9a6e-3b416d86fb73 tempest-ServerActionsV293TestJSON-646714366 None] Volume driver (QuobyteDriver 1.1.13) is currently unsupported and may be removed in the next release of OpenStack. Use at your own risk.
Nov 18 03:14:37 devstack sudo[90564]: pam_unix(sudo:session): session closed for user root
Nov 18 03:14:37 devstack cinder-volume[81241]: DEBUG oslo_concurrency.processutils [None req-4e4f7d81-cc09-4e50-8d7f-6905c9b8169d tempest-GroupSnapshotsTest-1197421399 None] CMD "/opt/stack/data/venv/bin/python3.10 -m oslo_concurrency.prlimit --as=1073741824 --cpu=60 -- sudo cinder-rootwrap /etc/cinder/rootwrap.conf env LC_ALL=C qemu-img info -f qcow2 --output=json --force-share /opt/stack/data/cinder/mnt/9627d383da5bfd23d74d5729225d4fdc/volume-1f51b0f3-6a37-4700-9712-697ae4d08913.3b8d97a9-3f46-443b-bf7f-5d665c763dec" returned: 0 in 0.856s {{(pid=81241) execute /opt/stack/data/venv/lib/python3.10/site-packages/oslo_concurrency/processutils.py:372}}
Nov 18 03:14:37 devstack cinder-volume[81241]: DEBUG cinder.volume.drivers.remotefs [None req-4e4f7d81-cc09-4e50-8d7f-6905c9b8169d tempest-GroupSnapshotsTest-1197421399 None] Fetching qemu-img info with special backing_file_template: (/opt/stack/data/cinder/mnt/[0-9a-f]+/)?(volume-1f51b0f3-6a37-4700-9712-697ae4d08913(.(tmp-snap-)?[0-9a-f-]+)?|volume_from_snapshot_cache/(tmp-snap-)?[0-9a-f-]+(.(child-|parent-)[0-9a-f-]+)?)$ {{(pid=81241) _qemu_img_info_base /opt/stack/cinder/cinder/volume/drivers/remotefs.py:886}}
Nov 18 03:14:37 devstack cinder-volume[81241]: DEBUG oslo.privsep.daemon [-] privsep: reply[1b9d74b1-0362-41fd-8985-086e66ccee25]: (4, 'qcow2') {{(pid=81774) _call_back /opt/stack/data/venv/lib/python3.10/site-packages/oslo_privsep/daemon.py:515}}
Nov 18 03:14:37 devstack cinder-volume[81241]: INFO cinder.volume.manager [req-69bd6c84-e367-481c-ba4a-a80c08c45be8 req-f75c6aa5-a626-4b6e-9a6e-3b416d86fb73 tempest-ServerActionsV293TestJSON-646714366 None] attachment_update completed successfully.
Nov 18 03:14:37 devstack cinder-volume[81241]: DEBUG oslo_concurrency.processutils [None req-4e4f7d81-cc09-4e50-8d7f-6905c9b8169d tempest-GroupSnapshotsTest-1197421399 None] Running cmd (subprocess): /opt/stack/data/venv/bin/python3.10 -m oslo_concurrency.prlimit --as=1073741824 --cpu=60 -- sudo cinder-rootwrap /etc/cinder/rootwrap.conf env LC_ALL=C qemu-img info -f qcow2 --output=json --force-share /opt/stack/data/cinder/mnt/9627d383da5bfd23d74d5729225d4fdc/volume-1f51b0f3-6a37-4700-9712-697ae4d08913 {{(pid=81241) execute /opt/stack/data/venv/lib/python3.10/site-packages/oslo_concurrency/processutils.py:349}}
Nov 18 03:14:37 devstack sudo[90573]: quobyte : PWD=/ ; USER=root ; COMMAND=/opt/stack/data/venv/bin/cinder-rootwrap /etc/cinder/rootwrap.conf env LC_ALL=C qemu-img info -f qcow2 --output=json --force-share /opt/stack/data/cinder/mnt/9627d383da5bfd23d74d5729225d4fdc/volume-1f51b0f3-6a37-4700-9712-697ae4d08913
Nov 18 03:14:37 devstack sudo[90573]: pam_unix(sudo:session): session opened for user root(uid=0) by (uid=1000)
Nov 18 03:14:38 devstack sudo[90573]: pam_unix(sudo:session): session closed for user root
Nov 18 03:14:38 devstack cinder-volume[81241]: DEBUG oslo_concurrency.processutils [None req-4e4f7d81-cc09-4e50-8d7f-6905c9b8169d tempest-GroupSnapshotsTest-1197421399 None] CMD "/opt/stack/data/venv/bin/python3.10 -m oslo_concurrency.prlimit --as=1073741824 --cpu=60 -- sudo cinder-rootwrap /etc/cinder/rootwrap.conf env LC_ALL=C qemu-img info -f qcow2 --output=json --force-share /opt/stack/data/cinder/mnt/9627d383da5bfd23d74d5729225d4fdc/volume-1f51b0f3-6a37-4700-9712-697ae4d08913" returned: 0 in 0.779s {{(pid=81241) execute /opt/stack/data/venv/lib/python3.10/site-packages/oslo_concurrency/processutils.py:372}}
Nov 18 03:14:38 devstack cinder-volume[81241]: DEBUG oslo_concurrency.processutils [None req-4e4f7d81-cc09-4e50-8d7f-6905c9b8169d tempest-GroupSnapshotsTest-1197421399 None] Running cmd (subprocess): sudo cinder-rootwrap /etc/cinder/rootwrap.conf qemu-img commit -d /opt/stack/data/cinder/mnt/9627d383da5bfd23d74d5729225d4fdc/volume-1f51b0f3-6a37-4700-9712-697ae4d08913.3b8d97a9-3f46-443b-bf7f-5d665c763dec {{(pid=81241) execute /opt/stack/data/venv/lib/python3.10/site-packages/oslo_concurrency/processutils.py:349}}
Nov 18 03:14:38 devstack sudo[90578]: quobyte : PWD=/ ; USER=root ; COMMAND=/opt/stack/data/venv/bin/cinder-rootwrap /etc/cinder/rootwrap.conf qemu-img commit -d /opt/stack/data/cinder/mnt/9627d383da5bfd23d74d5729225d4fdc/volume-1f51b0f3-6a37-4700-9712-697ae4d08913.3b8d97a9-3f46-443b-bf7f-5d665c763dec
Nov 18 03:14:38 devstack sudo[90578]: pam_unix(sudo:session): session opened for user root(uid=0) by (uid=1000)
Nov 18 03:14:38 devstack sudo[90578]: pam_unix(sudo:session): session closed for user root
Nov 18 03:14:38 devstack cinder-volume[81241]: DEBUG oslo_concurrency.processutils [None req-4e4f7d81-cc09-4e50-8d7f-6905c9b8169d tempest-GroupSnapshotsTest-1197421399 None] CMD "sudo cinder-rootwrap /etc/cinder/rootwrap.conf qemu-img commit -d /opt/stack/data/cinder/mnt/9627d383da5bfd23d74d5729225d4fdc/volume-1f51b0f3-6a37-4700-9712-697ae4d08913.3b8d97a9-3f46-443b-bf7f-5d665c763dec" returned: 0 in 0.867s {{(pid=81241) execute /opt/stack/data/venv/lib/python3.10/site-packages/oslo_concurrency/processutils.py:372}}
Nov 18 03:14:38 devstack cinder-volume[81241]: DEBUG oslo_concurrency.processutils [None req-4e4f7d81-cc09-4e50-8d7f-6905c9b8169d tempest-GroupSnapshotsTest-1197421399 None] Running cmd (subprocess): sudo cinder-rootwrap /etc/cinder/rootwrap.conf rm -f /opt/stack/data/cinder/mnt/9627d383da5bfd23d74d5729225d4fdc/volume-1f51b0f3-6a37-4700-9712-697ae4d08913.3b8d97a9-3f46-443b-bf7f-5d665c763dec {{(pid=81241) execute /opt/stack/data/venv/lib/python3.10/site-packages/oslo_concurrency/processutils.py:349}}
Nov 18 03:14:38 devstack sudo[90583]: quobyte : PWD=/ ; USER=root ; COMMAND=/opt/stack/data/venv/bin/cinder-rootwrap /etc/cinder/rootwrap.conf rm -f /opt/stack/data/cinder/mnt/9627d383da5bfd23d74d5729225d4fdc/volume-1f51b0f3-6a37-4700-9712-697ae4d08913.3b8d97a9-3f46-443b-bf7f-5d665c763dec
Nov 18 03:14:38 devstack sudo[90583]: pam_unix(sudo:session): session opened for user root(uid=0) by (uid=1000)
Nov 18 03:14:39 devstack sudo[90583]: pam_unix(sudo:session): session closed for user root
Nov 18 03:14:39 devstack cinder-volume[81241]: DEBUG oslo_concurrency.processutils [None req-4e4f7d81-cc09-4e50-8d7f-6905c9b8169d tempest-GroupSnapshotsTest-1197421399 None] CMD "sudo cinder-rootwrap /etc/cinder/rootwrap.conf rm -f /opt/stack/data/cinder/mnt/9627d383da5bfd23d74d5729225d4fdc/volume-1f51b0f3-6a37-4700-9712-697ae4d08913.3b8d97a9-3f46-443b-bf7f-5d665c763dec" returned: 0 in 0.776s {{(pid=81241) execute /opt/stack/data/venv/lib/python3.10/site-packages/oslo_concurrency/processutils.py:372}}
Nov 18 03:14:39 devstack cinder-volume[81241]: DEBUG cinder.coordination [None req-4e4f7d81-cc09-4e50-8d7f-6905c9b8169d tempest-GroupSnapshotsTest-1197421399 None] Lock "cinder-quobyte-3b8d97a9-3f46-443b-bf7f-5d665c763dec" released by "_delete_snapshot" :: held 3.422s {{(pid=81241) __release /opt/stack/cinder/cinder/coordination.py:157}}
Nov 18 03:14:39 devstack cinder-volume[81241]: DEBUG cinder.coordination [None req-4e4f7d81-cc09-4e50-8d7f-6905c9b8169d tempest-GroupSnapshotsTest-1197421399 None] Lock "cinder-quobyte-1f51b0f3-6a37-4700-9712-697ae4d08913" released by "delete_snapshot" :: held 3.441s {{(pid=81241) __release /opt/stack/cinder/cinder/coordination.py:157}}
Nov 18 03:14:39 devstack cinder-volume[81241]: WARNING cinder.quota [None req-4e4f7d81-cc09-4e50-8d7f-6905c9b8169d tempest-GroupSnapshotsTest-1197421399 None] Deprecated: Default quota for resource: gigabytes_tempest-GroupSnapshotsTest-volume-type-836846314 is set by the default quota flag: quota_gigabytes_tempest-GroupSnapshotsTest-volume-type-836846314, it is now deprecated. Please use the default quota class for default quota.
Nov 18 03:14:39 devstack cinder-volume[81241]: WARNING cinder.quota [None req-4e4f7d81-cc09-4e50-8d7f-6905c9b8169d tempest-GroupSnapshotsTest-1197421399 None] Deprecated: Default quota for resource: snapshots_tempest-GroupSnapshotsTest-volume-type-836846314 is set by the default quota flag: quota_snapshots_tempest-GroupSnapshotsTest-volume-type-836846314, it is now deprecated. Please use the default quota class for default quota.
Nov 18 03:14:39 devstack cinder-volume[81241]: DEBUG cinder.quota [None req-4e4f7d81-cc09-4e50-8d7f-6905c9b8169d tempest-GroupSnapshotsTest-1197421399 None] Created reservations ['a6813f1c-e778-49c8-a1e1-76ddb2d6ca1b', '7db00e8a-6d0a-4ccf-bf87-be953b3fe54f', '238adb45-97a7-4ea2-8b95-289741f8d67c', '93d7b32c-0b13-4863-a6b7-fda36fc5f25d'] {{(pid=81241) reserve /opt/stack/cinder/cinder/quota.py:752}}
Nov 18 03:14:40 devstack cinder-volume[81241]: DEBUG cinder.quota [None req-4e4f7d81-cc09-4e50-8d7f-6905c9b8169d tempest-GroupSnapshotsTest-1197421399 None] Created reservations ['38ed40ef-2a1a-4fa7-949f-3af206d62ef3', 'bc482cb8-5902-4a72-a1b0-398840914c71', '968de1f2-089f-4ff9-9a26-ec72b46fdb29', '26fa8da5-79c1-4281-bf91-5b59d3a02240'] {{(pid=81241) reserve /opt/stack/cinder/cinder/quota.py:752}}
Nov 18 03:14:40 devstack cinder-volume[81241]: INFO cinder.volume.manager [None req-4e4f7d81-cc09-4e50-8d7f-6905c9b8169d tempest-GroupSnapshotsTest-1197421399 None] group_snapshot d3a5b657-6f23-400e-a7c9-dce708b14abc: deleted successfully
Nov 18 03:14:41 devstack cinder-volume[81241]: WARNING cinder.volume.volume_utils [None req-cde911d6-ce3e-447f-a46e-baf76e3038f7 tempest-GroupSnapshotsTest-1197421399 None] Volume driver (QuobyteDriver 1.1.13) is currently unsupported and may be removed in the next release of OpenStack. Use at your own risk.
Nov 18 03:14:41 devstack cinder-volume[81241]: DEBUG cinder.coordination [None req-cde911d6-ce3e-447f-a46e-baf76e3038f7 tempest-GroupSnapshotsTest-1197421399 None] Acquiring lock "cinder-quobyte-1f51b0f3-6a37-4700-9712-697ae4d08913" by "delete_volume" {{(pid=81241) __acquire /opt/stack/cinder/cinder/coordination.py:143}}
Nov 18 03:14:41 devstack cinder-volume[81241]: DEBUG cinder.coordination [None req-cde911d6-ce3e-447f-a46e-baf76e3038f7 tempest-GroupSnapshotsTest-1197421399 None] Lock "cinder-quobyte-1f51b0f3-6a37-4700-9712-697ae4d08913" acquired by "delete_volume" :: waited 0.022s {{(pid=81241) __acquire /opt/stack/cinder/cinder/coordination.py:146}}
Nov 18 03:14:41 devstack cinder-volume[81241]: DEBUG oslo.privsep.daemon [-] privsep: reply[87e833e5-3284-4f93-986f-67d41f784312]: (4, 'qcow2') {{(pid=81774) _call_back /opt/stack/data/venv/lib/python3.10/site-packages/oslo_privsep/daemon.py:515}}
Nov 18 03:14:41 devstack cinder-volume[81241]: DEBUG oslo_concurrency.processutils [None req-cde911d6-ce3e-447f-a46e-baf76e3038f7 tempest-GroupSnapshotsTest-1197421399 None] Running cmd (subprocess): /opt/stack/data/venv/bin/python3.10 -m oslo_concurrency.prlimit --as=1073741824 --cpu=60 -- sudo cinder-rootwrap /etc/cinder/rootwrap.conf env LC_ALL=C qemu-img info -f qcow2 --output=json --force-share /opt/stack/data/cinder/mnt/9627d383da5bfd23d74d5729225d4fdc/volume-1f51b0f3-6a37-4700-9712-697ae4d08913 {{(pid=81241) execute /opt/stack/data/venv/lib/python3.10/site-packages/oslo_concurrency/processutils.py:349}}
Nov 18 03:14:41 devstack sudo[90672]: quobyte : PWD=/ ; USER=root ; COMMAND=/opt/stack/data/venv/bin/cinder-rootwrap /etc/cinder/rootwrap.conf env LC_ALL=C qemu-img info -f qcow2 --output=json --force-share /opt/stack/data/cinder/mnt/9627d383da5bfd23d74d5729225d4fdc/volume-1f51b0f3-6a37-4700-9712-697ae4d08913
Nov 18 03:14:41 devstack sudo[90672]: pam_unix(sudo:session): session opened for user root(uid=0) by (uid=1000)
Nov 18 03:14:42 devstack sudo[90672]: pam_unix(sudo:session): session closed for user root
Nov 18 03:14:42 devstack cinder-volume[81241]: DEBUG oslo_concurrency.processutils [None req-cde911d6-ce3e-447f-a46e-baf76e3038f7 tempest-GroupSnapshotsTest-1197421399 None] CMD "/opt/stack/data/venv/bin/python3.10 -m oslo_concurrency.prlimit --as=1073741824 --cpu=60 -- sudo cinder-rootwrap /etc/cinder/rootwrap.conf env LC_ALL=C qemu-img info -f qcow2 --output=json --force-share /opt/stack/data/cinder/mnt/9627d383da5bfd23d74d5729225d4fdc/volume-1f51b0f3-6a37-4700-9712-697ae4d08913" returned: 0 in 0.711s {{(pid=81241) execute /opt/stack/data/venv/lib/python3.10/site-packages/oslo_concurrency/processutils.py:372}}
Nov 18 03:14:42 devstack cinder-volume[81241]: DEBUG oslo_concurrency.processutils [None req-cde911d6-ce3e-447f-a46e-baf76e3038f7 tempest-GroupSnapshotsTest-1197421399 None] Running cmd (subprocess): sudo cinder-rootwrap /etc/cinder/rootwrap.conf rm -f /opt/stack/data/cinder/mnt/9627d383da5bfd23d74d5729225d4fdc/volume-1f51b0f3-6a37-4700-9712-697ae4d08913 {{(pid=81241) execute /opt/stack/data/venv/lib/python3.10/site-packages/oslo_concurrency/processutils.py:349}}
Nov 18 03:14:42 devstack sudo[90679]: quobyte : PWD=/ ; USER=root ; COMMAND=/opt/stack/data/venv/bin/cinder-rootwrap /etc/cinder/rootwrap.conf rm -f /opt/stack/data/cinder/mnt/9627d383da5bfd23d74d5729225d4fdc/volume-1f51b0f3-6a37-4700-9712-697ae4d08913
Nov 18 03:14:42 devstack sudo[90679]: pam_unix(sudo:session): session opened for user root(uid=0) by (uid=1000)
Nov 18 03:14:43 devstack sudo[90679]: pam_unix(sudo:session): session closed for user root
Nov 18 03:14:43 devstack cinder-volume[81241]: DEBUG oslo_concurrency.processutils [None req-cde911d6-ce3e-447f-a46e-baf76e3038f7 tempest-GroupSnapshotsTest-1197421399 None] CMD "sudo cinder-rootwrap /etc/cinder/rootwrap.conf rm -f /opt/stack/data/cinder/mnt/9627d383da5bfd23d74d5729225d4fdc/volume-1f51b0f3-6a37-4700-9712-697ae4d08913" returned: 0 in 1.539s {{(pid=81241) execute /opt/stack/data/venv/lib/python3.10/site-packages/oslo_concurrency/processutils.py:372}}
Nov 18 03:14:43 devstack cinder-volume[81241]: DEBUG cinder.coordination [None req-cde911d6-ce3e-447f-a46e-baf76e3038f7 tempest-GroupSnapshotsTest-1197421399 None] Lock "cinder-quobyte-1f51b0f3-6a37-4700-9712-697ae4d08913" released by "delete_volume" :: held 2.366s {{(pid=81241) __release /opt/stack/cinder/cinder/coordination.py:157}}
Nov 18 03:14:43 devstack cinder-volume[81241]: DEBUG cinder.coordination [None req-cde911d6-ce3e-447f-a46e-baf76e3038f7 tempest-GroupSnapshotsTest-1197421399 None] Acquiring lock "cinder-quobyte-828bca8c-a7a4-48a7-ad01-8a58187f3cfe" by "delete_volume" {{(pid=81241) __acquire /opt/stack/cinder/cinder/coordination.py:143}}
