Nov 18 03:16:25 devstack cinder-volume[81241]: DEBUG oslo_concurrency.processutils [None req-75471445-17db-44b5-8d04-14b3e0703639 tempest-SnapshotsActionsTest-506256416 None] Running cmd (subprocess): sudo cinder-rootwrap /etc/cinder/rootwrap.conf qemu-img create -f qcow2 -o backing_file=/opt/stack/data/cinder/mnt/9627d383da5bfd23d74d5729225d4fdc/volume-5c0b1478-78dd-4fad-b79e-4fa495d0e834.313a8074-0a1b-43a5-beac-9d4820bf97ce,backing_fmt=qcow2 /opt/stack/data/cinder/mnt/9627d383da5bfd23d74d5729225d4fdc/volume-5c0b1478-78dd-4fad-b79e-4fa495d0e834.068f1a1e-c8e3-4624-90dc-774624d233e3 1G {{(pid=81241) execute /opt/stack/data/venv/lib/python3.10/site-packages/oslo_concurrency/processutils.py:349}}
Nov 18 03:16:25 devstack sudo[92337]: quobyte : PWD=/ ; USER=root ; COMMAND=/opt/stack/data/venv/bin/cinder-rootwrap /etc/cinder/rootwrap.conf qemu-img create -f qcow2 -o backing_file=/opt/stack/data/cinder/mnt/9627d383da5bfd23d74d5729225d4fdc/volume-5c0b1478-78dd-4fad-b79e-4fa495d0e834.313a8074-0a1b-43a5-beac-9d4820bf97ce,backing_fmt=qcow2 /opt/stack/data/cinder/mnt/9627d383da5bfd23d74d5729225d4fdc/volume-5c0b1478-78dd-4fad-b79e-4fa495d0e834.068f1a1e-c8e3-4624-90dc-774624d233e3 1G
Nov 18 03:16:25 devstack sudo[92337]: pam_unix(sudo:session): session opened for user root(uid=0) by (uid=1000)
Nov 18 03:16:26 devstack sudo[92337]: pam_unix(sudo:session): session closed for user root
Nov 18 03:16:26 devstack cinder-volume[81241]: DEBUG oslo_concurrency.processutils [None req-75471445-17db-44b5-8d04-14b3e0703639 tempest-SnapshotsActionsTest-506256416 None] CMD "sudo cinder-rootwrap /etc/cinder/rootwrap.conf qemu-img create -f qcow2 -o backing_file=/opt/stack/data/cinder/mnt/9627d383da5bfd23d74d5729225d4fdc/volume-5c0b1478-78dd-4fad-b79e-4fa495d0e834.313a8074-0a1b-43a5-beac-9d4820bf97ce,backing_fmt=qcow2 /opt/stack/data/cinder/mnt/9627d383da5bfd23d74d5729225d4fdc/volume-5c0b1478-78dd-4fad-b79e-4fa495d0e834.068f1a1e-c8e3-4624-90dc-774624d233e3 1G" returned: 0 in 0.719s {{(pid=81241) execute /opt/stack/data/venv/lib/python3.10/site-packages/oslo_concurrency/processutils.py:372}}
Nov 18 03:16:26 devstack cinder-volume[81241]: DEBUG oslo_concurrency.processutils [None req-75471445-17db-44b5-8d04-14b3e0703639 tempest-SnapshotsActionsTest-506256416 None] Running cmd (subprocess): sudo cinder-rootwrap /etc/cinder/rootwrap.conf qemu-img rebase -u -b volume-5c0b1478-78dd-4fad-b79e-4fa495d0e834.313a8074-0a1b-43a5-beac-9d4820bf97ce -F qcow2 /opt/stack/data/cinder/mnt/9627d383da5bfd23d74d5729225d4fdc/volume-5c0b1478-78dd-4fad-b79e-4fa495d0e834.068f1a1e-c8e3-4624-90dc-774624d233e3 {{(pid=81241) execute /opt/stack/data/venv/lib/python3.10/site-packages/oslo_concurrency/processutils.py:349}}
Nov 18 03:16:26 devstack sudo[92344]: quobyte : PWD=/ ; USER=root ; COMMAND=/opt/stack/data/venv/bin/cinder-rootwrap /etc/cinder/rootwrap.conf qemu-img rebase -u -b volume-5c0b1478-78dd-4fad-b79e-4fa495d0e834.313a8074-0a1b-43a5-beac-9d4820bf97ce -F qcow2 /opt/stack/data/cinder/mnt/9627d383da5bfd23d74d5729225d4fdc/volume-5c0b1478-78dd-4fad-b79e-4fa495d0e834.068f1a1e-c8e3-4624-90dc-774624d233e3
Nov 18 03:16:26 devstack sudo[92344]: pam_unix(sudo:session): session opened for user root(uid=0) by (uid=1000)
Nov 18 03:16:26 devstack cinder-volume[81241]: WARNING cinder.volume.volume_utils [req-dbe96c2e-4a19-4f29-907d-e76cfea1ef8b req-378bc0d5-8831-4870-b753-07fb3e22f023 tempest-AttachVolumeNegativeTest-980860121 None] Volume driver (QuobyteDriver 1.1.13) is currently unsupported and may be removed in the next release of OpenStack. Use at your own risk.
Nov 18 03:16:26 devstack cinder-volume[81241]: WARNING cinder.volume.volume_utils [req-dbe96c2e-4a19-4f29-907d-e76cfea1ef8b req-378bc0d5-8831-4870-b753-07fb3e22f023 tempest-AttachVolumeNegativeTest-980860121 None] Volume driver (QuobyteDriver 1.1.13) is currently unsupported and may be removed in the next release of OpenStack. Use at your own risk.
Nov 18 03:16:26 devstack cinder-volume[81241]: INFO cinder.volume.manager [req-dbe96c2e-4a19-4f29-907d-e76cfea1ef8b req-378bc0d5-8831-4870-b753-07fb3e22f023 tempest-AttachVolumeNegativeTest-980860121 None] Terminate volume connection completed successfully.
Nov 18 03:16:26 devstack cinder-volume[81241]: DEBUG cinder.volume.manager [req-dbe96c2e-4a19-4f29-907d-e76cfea1ef8b req-378bc0d5-8831-4870-b753-07fb3e22f023 tempest-AttachVolumeNegativeTest-980860121 None] Deleting attachment 54d32e50-3c3b-4d49-bae6-d6d58ce5da01. {{(pid=81241) attachment_delete /opt/stack/cinder/cinder/volume/manager.py:5023}}
Nov 18 03:16:26 devstack sudo[92344]: pam_unix(sudo:session): session closed for user root
Nov 18 03:16:26 devstack cinder-volume[81241]: DEBUG oslo_concurrency.processutils [None req-75471445-17db-44b5-8d04-14b3e0703639 tempest-SnapshotsActionsTest-506256416 None] CMD "sudo cinder-rootwrap /etc/cinder/rootwrap.conf qemu-img rebase -u -b volume-5c0b1478-78dd-4fad-b79e-4fa495d0e834.313a8074-0a1b-43a5-beac-9d4820bf97ce -F qcow2 /opt/stack/data/cinder/mnt/9627d383da5bfd23d74d5729225d4fdc/volume-5c0b1478-78dd-4fad-b79e-4fa495d0e834.068f1a1e-c8e3-4624-90dc-774624d233e3" returned: 0 in 0.698s {{(pid=81241) execute /opt/stack/data/venv/lib/python3.10/site-packages/oslo_concurrency/processutils.py:372}}
Nov 18 03:16:26 devstack cinder-volume[81241]: WARNING cinder.volume.drivers.remotefs [None req-75471445-17db-44b5-8d04-14b3e0703639 tempest-SnapshotsActionsTest-506256416 None] /opt/stack/data/cinder/mnt/9627d383da5bfd23d74d5729225d4fdc/volume-5c0b1478-78dd-4fad-b79e-4fa495d0e834.068f1a1e-c8e3-4624-90dc-774624d233e3 is being set with open permissions: ugo+rw
Nov 18 03:16:26 devstack cinder-volume[81241]: DEBUG oslo_concurrency.processutils [None req-75471445-17db-44b5-8d04-14b3e0703639 tempest-SnapshotsActionsTest-506256416 None] Running cmd (subprocess): sudo cinder-rootwrap /etc/cinder/rootwrap.conf chmod ugo+rw /opt/stack/data/cinder/mnt/9627d383da5bfd23d74d5729225d4fdc/volume-5c0b1478-78dd-4fad-b79e-4fa495d0e834.068f1a1e-c8e3-4624-90dc-774624d233e3 {{(pid=81241) execute /opt/stack/data/venv/lib/python3.10/site-packages/oslo_concurrency/processutils.py:349}}
Nov 18 03:16:26 devstack sudo[92349]: quobyte : PWD=/ ; USER=root ; COMMAND=/opt/stack/data/venv/bin/cinder-rootwrap /etc/cinder/rootwrap.conf chmod ugo+rw /opt/stack/data/cinder/mnt/9627d383da5bfd23d74d5729225d4fdc/volume-5c0b1478-78dd-4fad-b79e-4fa495d0e834.068f1a1e-c8e3-4624-90dc-774624d233e3
Nov 18 03:16:26 devstack sudo[92349]: pam_unix(sudo:session): session opened for user root(uid=0) by (uid=1000)
Nov 18 03:16:27 devstack sudo[92349]: pam_unix(sudo:session): session closed for user root
Nov 18 03:16:27 devstack cinder-volume[81241]: DEBUG oslo_concurrency.processutils [None req-75471445-17db-44b5-8d04-14b3e0703639 tempest-SnapshotsActionsTest-506256416 None] CMD "sudo cinder-rootwrap /etc/cinder/rootwrap.conf chmod ugo+rw /opt/stack/data/cinder/mnt/9627d383da5bfd23d74d5729225d4fdc/volume-5c0b1478-78dd-4fad-b79e-4fa495d0e834.068f1a1e-c8e3-4624-90dc-774624d233e3" returned: 0 in 0.614s {{(pid=81241) execute /opt/stack/data/venv/lib/python3.10/site-packages/oslo_concurrency/processutils.py:372}}
Nov 18 03:16:27 devstack cinder-volume[81241]: DEBUG oslo_concurrency.lockutils [None req-75471445-17db-44b5-8d04-14b3e0703639 tempest-SnapshotsActionsTest-506256416 None] Lock "quobyte" "released" by "cinder.volume.drivers.quobyte.QuobyteDriver.create_snapshot" :: held 3.052s {{(pid=81241) inner /opt/stack/data/venv/lib/python3.10/site-packages/oslo_concurrency/lockutils.py:424}}
Nov 18 03:16:27 devstack cinder-volume[81241]: INFO cinder.volume.manager [None req-75471445-17db-44b5-8d04-14b3e0703639 tempest-SnapshotsActionsTest-506256416 None] Create snapshot completed successfully
Nov 18 03:16:28 devstack cinder-volume[81241]: DEBUG cinder.coordination [None req-dc6a71c9-039e-48be-8e4d-11930ce4b117 tempest-SnapshotsActionsTest-1338702013 None] Acquiring lock "cinder-068f1a1e-c8e3-4624-90dc-774624d233e3-delete_snapshot" by "delete_snapshot" {{(pid=81241) __acquire /opt/stack/cinder/cinder/coordination.py:143}}
Nov 18 03:16:28 devstack cinder-volume[81241]: DEBUG cinder.coordination [None req-dc6a71c9-039e-48be-8e4d-11930ce4b117 tempest-SnapshotsActionsTest-1338702013 None] Lock "cinder-068f1a1e-c8e3-4624-90dc-774624d233e3-delete_snapshot" acquired by "delete_snapshot" :: waited 0.029s {{(pid=81241) __acquire /opt/stack/cinder/cinder/coordination.py:146}}
Nov 18 03:16:28 devstack cinder-volume[81241]: WARNING cinder.volume.volume_utils [None req-dc6a71c9-039e-48be-8e4d-11930ce4b117 tempest-SnapshotsActionsTest-1338702013 None] Volume driver (QuobyteDriver 1.1.13) is currently unsupported and may be removed in the next release of OpenStack. Use at your own risk.
Nov 18 03:16:28 devstack cinder-volume[81241]: DEBUG cinder.coordination [None req-dc6a71c9-039e-48be-8e4d-11930ce4b117 tempest-SnapshotsActionsTest-1338702013 None] Acquiring lock "cinder-quobyte-5c0b1478-78dd-4fad-b79e-4fa495d0e834" by "delete_snapshot" {{(pid=81241) __acquire /opt/stack/cinder/cinder/coordination.py:143}}
Nov 18 03:16:28 devstack cinder-volume[81241]: DEBUG cinder.coordination [None req-dc6a71c9-039e-48be-8e4d-11930ce4b117 tempest-SnapshotsActionsTest-1338702013 None] Lock "cinder-quobyte-5c0b1478-78dd-4fad-b79e-4fa495d0e834" acquired by "delete_snapshot" :: waited 0.029s {{(pid=81241) __acquire /opt/stack/cinder/cinder/coordination.py:146}}
Nov 18 03:16:28 devstack cinder-volume[81241]: DEBUG cinder.coordination [None req-dc6a71c9-039e-48be-8e4d-11930ce4b117 tempest-SnapshotsActionsTest-1338702013 None] Acquiring lock "cinder-quobyte-068f1a1e-c8e3-4624-90dc-774624d233e3" by "_delete_snapshot" {{(pid=81241) __acquire /opt/stack/cinder/cinder/coordination.py:143}}
Nov 18 03:16:28 devstack cinder-volume[81241]: DEBUG cinder.coordination [None req-dc6a71c9-039e-48be-8e4d-11930ce4b117 tempest-SnapshotsActionsTest-1338702013 None] Lock "cinder-quobyte-068f1a1e-c8e3-4624-90dc-774624d233e3" acquired by "_delete_snapshot" :: waited 0.028s {{(pid=81241) __acquire /opt/stack/cinder/cinder/coordination.py:146}}
Nov 18 03:16:28 devstack cinder-volume[81241]: DEBUG cinder.volume.drivers.remotefs [None req-dc6a71c9-039e-48be-8e4d-11930ce4b117 tempest-SnapshotsActionsTest-1338702013 None] Deleting offline snapshot 068f1a1e-c8e3-4624-90dc-774624d233e3 of volume 5c0b1478-78dd-4fad-b79e-4fa495d0e834 {{(pid=81241) _delete_snapshot /opt/stack/cinder/cinder/volume/drivers/remotefs.py:1278}}
Nov 18 03:16:28 devstack cinder-volume[81241]: DEBUG cinder.volume.drivers.remotefs [None req-dc6a71c9-039e-48be-8e4d-11930ce4b117 tempest-SnapshotsActionsTest-1338702013 None] snapshot_file for this snap is: volume-5c0b1478-78dd-4fad-b79e-4fa495d0e834.068f1a1e-c8e3-4624-90dc-774624d233e3 {{(pid=81241) _delete_snapshot /opt/stack/cinder/cinder/volume/drivers/remotefs.py:1307}}
Nov 18 03:16:28 devstack cinder-volume[81241]: DEBUG oslo.privsep.daemon [-] privsep: reply[bc3cce12-6119-4711-a9e2-519779750ee8]: (4, 'qcow2') {{(pid=81774) _call_back /opt/stack/data/venv/lib/python3.10/site-packages/oslo_privsep/daemon.py:515}}
Nov 18 03:16:28 devstack cinder-volume[81241]: DEBUG oslo_concurrency.processutils [None req-dc6a71c9-039e-48be-8e4d-11930ce4b117 tempest-SnapshotsActionsTest-1338702013 None] Running cmd (subprocess): /opt/stack/data/venv/bin/python3.10 -m oslo_concurrency.prlimit --as=1073741824 --cpu=60 -- sudo cinder-rootwrap /etc/cinder/rootwrap.conf env LC_ALL=C qemu-img info -f qcow2 --output=json --force-share /opt/stack/data/cinder/mnt/9627d383da5bfd23d74d5729225d4fdc/volume-5c0b1478-78dd-4fad-b79e-4fa495d0e834.068f1a1e-c8e3-4624-90dc-774624d233e3 {{(pid=81241) execute /opt/stack/data/venv/lib/python3.10/site-packages/oslo_concurrency/processutils.py:349}}
Nov 18 03:16:29 devstack sudo[92352]: quobyte : PWD=/ ; USER=root ; COMMAND=/opt/stack/data/venv/bin/cinder-rootwrap /etc/cinder/rootwrap.conf env LC_ALL=C qemu-img info -f qcow2 --output=json --force-share /opt/stack/data/cinder/mnt/9627d383da5bfd23d74d5729225d4fdc/volume-5c0b1478-78dd-4fad-b79e-4fa495d0e834.068f1a1e-c8e3-4624-90dc-774624d233e3
Nov 18 03:16:29 devstack sudo[92352]: pam_unix(sudo:session): session opened for user root(uid=0) by (uid=1000)
Nov 18 03:16:29 devstack sudo[92352]: pam_unix(sudo:session): session closed for user root
Nov 18 03:16:29 devstack cinder-volume[81241]: DEBUG oslo_concurrency.processutils [None req-dc6a71c9-039e-48be-8e4d-11930ce4b117 tempest-SnapshotsActionsTest-1338702013 None] CMD "/opt/stack/data/venv/bin/python3.10 -m oslo_concurrency.prlimit --as=1073741824 --cpu=60 -- sudo cinder-rootwrap /etc/cinder/rootwrap.conf env LC_ALL=C qemu-img info -f qcow2 --output=json --force-share /opt/stack/data/cinder/mnt/9627d383da5bfd23d74d5729225d4fdc/volume-5c0b1478-78dd-4fad-b79e-4fa495d0e834.068f1a1e-c8e3-4624-90dc-774624d233e3" returned: 0 in 1.107s {{(pid=81241) execute /opt/stack/data/venv/lib/python3.10/site-packages/oslo_concurrency/processutils.py:372}}
Nov 18 03:16:29 devstack cinder-volume[81241]: DEBUG cinder.volume.drivers.remotefs [None req-dc6a71c9-039e-48be-8e4d-11930ce4b117 tempest-SnapshotsActionsTest-1338702013 None] Fetching qemu-img info with special backing_file_template: (/opt/stack/data/cinder/mnt/[0-9a-f]+/)?(volume-5c0b1478-78dd-4fad-b79e-4fa495d0e834(.(tmp-snap-)?[0-9a-f-]+)?|volume_from_snapshot_cache/(tmp-snap-)?[0-9a-f-]+(.(child-|parent-)[0-9a-f-]+)?)$ {{(pid=81241) _qemu_img_info_base /opt/stack/cinder/cinder/volume/drivers/remotefs.py:886}}
Nov 18 03:16:29 devstack cinder-volume[81241]: DEBUG oslo.privsep.daemon [-] privsep: reply[46f2a363-6920-4819-963e-d8975e2e7f07]: (4, 'qcow2') {{(pid=81774) _call_back /opt/stack/data/venv/lib/python3.10/site-packages/oslo_privsep/daemon.py:515}}
Nov 18 03:16:29 devstack cinder-volume[81241]: DEBUG oslo_concurrency.processutils [None req-dc6a71c9-039e-48be-8e4d-11930ce4b117 tempest-SnapshotsActionsTest-1338702013 None] Running cmd (subprocess): /opt/stack/data/venv/bin/python3.10 -m oslo_concurrency.prlimit --as=1073741824 --cpu=60 -- sudo cinder-rootwrap /etc/cinder/rootwrap.conf env LC_ALL=C qemu-img info -f qcow2 --output=json --force-share /opt/stack/data/cinder/mnt/9627d383da5bfd23d74d5729225d4fdc/volume-5c0b1478-78dd-4fad-b79e-4fa495d0e834.313a8074-0a1b-43a5-beac-9d4820bf97ce {{(pid=81241) execute /opt/stack/data/venv/lib/python3.10/site-packages/oslo_concurrency/processutils.py:349}}
Nov 18 03:16:30 devstack sudo[92386]: quobyte : PWD=/ ; USER=root ; COMMAND=/opt/stack/data/venv/bin/cinder-rootwrap /etc/cinder/rootwrap.conf env LC_ALL=C qemu-img info -f qcow2 --output=json --force-share /opt/stack/data/cinder/mnt/9627d383da5bfd23d74d5729225d4fdc/volume-5c0b1478-78dd-4fad-b79e-4fa495d0e834.313a8074-0a1b-43a5-beac-9d4820bf97ce
Nov 18 03:16:30 devstack sudo[92386]: pam_unix(sudo:session): session opened for user root(uid=0) by (uid=1000)
Nov 18 03:16:31 devstack sudo[92386]: pam_unix(sudo:session): session closed for user root
Nov 18 03:16:31 devstack cinder-volume[81241]: DEBUG oslo_concurrency.processutils [None req-dc6a71c9-039e-48be-8e4d-11930ce4b117 tempest-SnapshotsActionsTest-1338702013 None] CMD "/opt/stack/data/venv/bin/python3.10 -m oslo_concurrency.prlimit --as=1073741824 --cpu=60 -- sudo cinder-rootwrap /etc/cinder/rootwrap.conf env LC_ALL=C qemu-img info -f qcow2 --output=json --force-share /opt/stack/data/cinder/mnt/9627d383da5bfd23d74d5729225d4fdc/volume-5c0b1478-78dd-4fad-b79e-4fa495d0e834.313a8074-0a1b-43a5-beac-9d4820bf97ce" returned: 0 in 1.136s {{(pid=81241) execute /opt/stack/data/venv/lib/python3.10/site-packages/oslo_concurrency/processutils.py:372}}
Nov 18 03:16:31 devstack cinder-volume[81241]: DEBUG cinder.volume.drivers.remotefs [None req-dc6a71c9-039e-48be-8e4d-11930ce4b117 tempest-SnapshotsActionsTest-1338702013 None] Fetching qemu-img info with special backing_file_template: (/opt/stack/data/cinder/mnt/[0-9a-f]+/)?(volume-5c0b1478-78dd-4fad-b79e-4fa495d0e834(.(tmp-snap-)?[0-9a-f-]+)?|volume_from_snapshot_cache/(tmp-snap-)?[0-9a-f-]+(.(child-|parent-)[0-9a-f-]+)?)$ {{(pid=81241) _qemu_img_info_base /opt/stack/cinder/cinder/volume/drivers/remotefs.py:886}}
Nov 18 03:16:31 devstack cinder-volume[81241]: DEBUG oslo_concurrency.processutils [None req-dc6a71c9-039e-48be-8e4d-11930ce4b117 tempest-SnapshotsActionsTest-1338702013 None] Running cmd (subprocess): sudo cinder-rootwrap /etc/cinder/rootwrap.conf qemu-img commit -d /opt/stack/data/cinder/mnt/9627d383da5bfd23d74d5729225d4fdc/volume-5c0b1478-78dd-4fad-b79e-4fa495d0e834.068f1a1e-c8e3-4624-90dc-774624d233e3 {{(pid=81241) execute /opt/stack/data/venv/lib/python3.10/site-packages/oslo_concurrency/processutils.py:349}}
Nov 18 03:16:31 devstack sudo[92395]: quobyte : PWD=/ ; USER=root ; COMMAND=/opt/stack/data/venv/bin/cinder-rootwrap /etc/cinder/rootwrap.conf qemu-img commit -d /opt/stack/data/cinder/mnt/9627d383da5bfd23d74d5729225d4fdc/volume-5c0b1478-78dd-4fad-b79e-4fa495d0e834.068f1a1e-c8e3-4624-90dc-774624d233e3
Nov 18 03:16:31 devstack sudo[92395]: pam_unix(sudo:session): session opened for user root(uid=0) by (uid=1000)
Nov 18 03:16:32 devstack sudo[92395]: pam_unix(sudo:session): session closed for user root
Nov 18 03:16:32 devstack cinder-volume[81241]: DEBUG oslo_concurrency.processutils [None req-dc6a71c9-039e-48be-8e4d-11930ce4b117 tempest-SnapshotsActionsTest-1338702013 None] CMD "sudo cinder-rootwrap /etc/cinder/rootwrap.conf qemu-img commit -d /opt/stack/data/cinder/mnt/9627d383da5bfd23d74d5729225d4fdc/volume-5c0b1478-78dd-4fad-b79e-4fa495d0e834.068f1a1e-c8e3-4624-90dc-774624d233e3" returned: 0 in 1.001s {{(pid=81241) execute /opt/stack/data/venv/lib/python3.10/site-packages/oslo_concurrency/processutils.py:372}}
Nov 18 03:16:32 devstack cinder-volume[81241]: DEBUG oslo_concurrency.processutils [None req-dc6a71c9-039e-48be-8e4d-11930ce4b117 tempest-SnapshotsActionsTest-1338702013 None] Running cmd (subprocess): sudo cinder-rootwrap /etc/cinder/rootwrap.conf rm -f /opt/stack/data/cinder/mnt/9627d383da5bfd23d74d5729225d4fdc/volume-5c0b1478-78dd-4fad-b79e-4fa495d0e834.068f1a1e-c8e3-4624-90dc-774624d233e3 {{(pid=81241) execute /opt/stack/data/venv/lib/python3.10/site-packages/oslo_concurrency/processutils.py:349}}
Nov 18 03:16:32 devstack sudo[92401]: quobyte : PWD=/ ; USER=root ; COMMAND=/opt/stack/data/venv/bin/cinder-rootwrap /etc/cinder/rootwrap.conf rm -f /opt/stack/data/cinder/mnt/9627d383da5bfd23d74d5729225d4fdc/volume-5c0b1478-78dd-4fad-b79e-4fa495d0e834.068f1a1e-c8e3-4624-90dc-774624d233e3
Nov 18 03:16:32 devstack sudo[92401]: pam_unix(sudo:session): session opened for user root(uid=0) by (uid=1000)
Nov 18 03:16:32 devstack sudo[92401]: pam_unix(sudo:session): session closed for user root
Nov 18 03:16:32 devstack cinder-volume[81241]: DEBUG oslo_concurrency.processutils [None req-dc6a71c9-039e-48be-8e4d-11930ce4b117 tempest-SnapshotsActionsTest-1338702013 None] CMD "sudo cinder-rootwrap /etc/cinder/rootwrap.conf rm -f /opt/stack/data/cinder/mnt/9627d383da5bfd23d74d5729225d4fdc/volume-5c0b1478-78dd-4fad-b79e-4fa495d0e834.068f1a1e-c8e3-4624-90dc-774624d233e3" returned: 0 in 0.771s {{(pid=81241) execute /opt/stack/data/venv/lib/python3.10/site-packages/oslo_concurrency/processutils.py:372}}
Nov 18 03:16:33 devstack cinder-volume[81241]: DEBUG cinder.coordination [None req-dc6a71c9-039e-48be-8e4d-11930ce4b117 tempest-SnapshotsActionsTest-1338702013 None] Lock "cinder-quobyte-068f1a1e-c8e3-4624-90dc-774624d233e3" released by "_delete_snapshot" :: held 4.203s {{(pid=81241) __release /opt/stack/cinder/cinder/coordination.py:157}}
Nov 18 03:16:33 devstack cinder-volume[81241]: DEBUG cinder.coordination [None req-dc6a71c9-039e-48be-8e4d-11930ce4b117 tempest-SnapshotsActionsTest-1338702013 None] Lock "cinder-quobyte-5c0b1478-78dd-4fad-b79e-4fa495d0e834" released by "delete_snapshot" :: held 4.263s {{(pid=81241) __release /opt/stack/cinder/cinder/coordination.py:157}}
Nov 18 03:16:33 devstack cinder-volume[81241]: DEBUG cinder.quota [None req-dc6a71c9-039e-48be-8e4d-11930ce4b117 tempest-SnapshotsActionsTest-1338702013 None] Created reservations ['c7822c04-cf6f-473b-b340-c3ff8b2a0520', '8e5c3755-39cb-4eea-b27c-430c617a8fde', 'd47d80ef-89a6-43ef-aaf3-8f8b6978fe5f', 'fa4ecc4b-b9d8-4251-bb02-9192a8afb30f'] {{(pid=81241) reserve /opt/stack/cinder/cinder/quota.py:752}}
Nov 18 03:16:33 devstack cinder-volume[81241]: INFO cinder.volume.manager [None req-dc6a71c9-039e-48be-8e4d-11930ce4b117 tempest-SnapshotsActionsTest-1338702013 None] Delete snapshot completed successfully.
Nov 18 03:16:33 devstack cinder-volume[81241]: DEBUG cinder.coordination [None req-dc6a71c9-039e-48be-8e4d-11930ce4b117 tempest-SnapshotsActionsTest-1338702013 None] Lock "cinder-068f1a1e-c8e3-4624-90dc-774624d233e3-delete_snapshot" released by "delete_snapshot" :: held 4.525s {{(pid=81241) __release /opt/stack/cinder/cinder/coordination.py:157}}
Nov 18 03:16:34 devstack cinder-volume[81241]: WARNING cinder.volume.volume_utils [None req-9f0e6131-9778-4f62-9c53-5241e7336a52 tempest-SnapshotsActionsTest-506256416 None] Volume driver (QuobyteDriver 1.1.13) is currently unsupported and may be removed in the next release of OpenStack. Use at your own risk.
Nov 18 03:16:34 devstack cinder-volume[81241]: DEBUG oslo_concurrency.lockutils [None req-9f0e6131-9778-4f62-9c53-5241e7336a52 tempest-SnapshotsActionsTest-506256416 None] Acquiring lock "quobyte" by "cinder.volume.drivers.quobyte.QuobyteDriver.create_snapshot" {{(pid=81241) inner /opt/stack/data/venv/lib/python3.10/site-packages/oslo_concurrency/lockutils.py:405}}
Nov 18 03:16:34 devstack cinder-volume[81241]: DEBUG oslo_concurrency.lockutils [None req-9f0e6131-9778-4f62-9c53-5241e7336a52 tempest-SnapshotsActionsTest-506256416 None] Lock "quobyte" acquired by "cinder.volume.drivers.quobyte.QuobyteDriver.create_snapshot" :: waited 0.001s {{(pid=81241) inner /opt/stack/data/venv/lib/python3.10/site-packages/oslo_concurrency/lockutils.py:410}}
Nov 18 03:16:34 devstack cinder-volume[81241]: DEBUG cinder.volume.drivers.remotefs [None req-9f0e6131-9778-4f62-9c53-5241e7336a52 tempest-SnapshotsActionsTest-506256416 None] Creating offline snapshot 8e5ac21b-5046-46a3-acf0-2b0ec52ac5ab of volume 5c0b1478-78dd-4fad-b79e-4fa495d0e834 {{(pid=81241) _create_snapshot /opt/stack/cinder/cinder/volume/drivers/remotefs.py:1694}}
Nov 18 03:16:34 devstack cinder-volume[81241]: DEBUG oslo.privsep.daemon [-] privsep: reply[dd09d1e3-aee4-4c9c-89b3-2ff0792b7870]: (4, 'qcow2') {{(pid=81774) _call_back /opt/stack/data/venv/lib/python3.10/site-packages/oslo_privsep/daemon.py:515}}
Nov 18 03:16:34 devstack cinder-volume[81241]: DEBUG oslo_concurrency.processutils [None req-9f0e6131-9778-4f62-9c53-5241e7336a52 tempest-SnapshotsActionsTest-506256416 None] Running cmd (subprocess): /opt/stack/data/venv/bin/python3.10 -m oslo_concurrency.prlimit --as=1073741824 --cpu=60 -- sudo cinder-rootwrap /etc/cinder/rootwrap.conf env LC_ALL=C qemu-img info -f qcow2 --output=json --force-share /opt/stack/data/cinder/mnt/9627d383da5bfd23d74d5729225d4fdc/volume-5c0b1478-78dd-4fad-b79e-4fa495d0e834.313a8074-0a1b-43a5-beac-9d4820bf97ce {{(pid=81241) execute /opt/stack/data/venv/lib/python3.10/site-packages/oslo_concurrency/processutils.py:349}}
Nov 18 03:16:34 devstack sudo[92409]: quobyte : PWD=/ ; USER=root ; COMMAND=/opt/stack/data/venv/bin/cinder-rootwrap /etc/cinder/rootwrap.conf env LC_ALL=C qemu-img info -f qcow2 --output=json --force-share /opt/stack/data/cinder/mnt/9627d383da5bfd23d74d5729225d4fdc/volume-5c0b1478-78dd-4fad-b79e-4fa495d0e834.313a8074-0a1b-43a5-beac-9d4820bf97ce
Nov 18 03:16:34 devstack sudo[92409]: pam_unix(sudo:session): session opened for user root(uid=0) by (uid=1000)
Nov 18 03:16:35 devstack sudo[92409]: pam_unix(sudo:session): session closed for user root
Nov 18 03:16:35 devstack cinder-volume[81241]: DEBUG oslo_concurrency.processutils [None req-9f0e6131-9778-4f62-9c53-5241e7336a52 tempest-SnapshotsActionsTest-506256416 None] CMD "/opt/stack/data/venv/bin/python3.10 -m oslo_concurrency.prlimit --as=1073741824 --cpu=60 -- sudo cinder-rootwrap /etc/cinder/rootwrap.conf env LC_ALL=C qemu-img info -f qcow2 --output=json --force-share /opt/stack/data/cinder/mnt/9627d383da5bfd23d74d5729225d4fdc/volume-5c0b1478-78dd-4fad-b79e-4fa495d0e834.313a8074-0a1b-43a5-beac-9d4820bf97ce" returned: 0 in 0.842s {{(pid=81241) execute /opt/stack/data/venv/lib/python3.10/site-packages/oslo_concurrency/processutils.py:372}}
Nov 18 03:16:35 devstack cinder-volume[81241]: DEBUG cinder.volume.drivers.remotefs [None req-9f0e6131-9778-4f62-9c53-5241e7336a52 tempest-SnapshotsActionsTest-506256416 None] Fetching qemu-img info with special backing_file_template: (/opt/stack/data/cinder/mnt/[0-9a-f]+/)?(volume-5c0b1478-78dd-4fad-b79e-4fa495d0e834(.(tmp-snap-)?[0-9a-f-]+)?|volume_from_snapshot_cache/(tmp-snap-)?[0-9a-f-]+(.(child-|parent-)[0-9a-f-]+)?)$ {{(pid=81241) _qemu_img_info_base /opt/stack/cinder/cinder/volume/drivers/remotefs.py:886}}
Nov 18 03:16:35 devstack cinder-volume[81241]: DEBUG oslo_concurrency.processutils [None req-9f0e6131-9778-4f62-9c53-5241e7336a52 tempest-SnapshotsActionsTest-506256416 None] Running cmd (subprocess): sudo cinder-rootwrap /etc/cinder/rootwrap.conf qemu-img create -f qcow2 -o backing_file=/opt/stack/data/cinder/mnt/9627d383da5bfd23d74d5729225d4fdc/volume-5c0b1478-78dd-4fad-b79e-4fa495d0e834.313a8074-0a1b-43a5-beac-9d4820bf97ce,backing_fmt=qcow2 /opt/stack/data/cinder/mnt/9627d383da5bfd23d74d5729225d4fdc/volume-5c0b1478-78dd-4fad-b79e-4fa495d0e834.8e5ac21b-5046-46a3-acf0-2b0ec52ac5ab 1G {{(pid=81241) execute /opt/stack/data/venv/lib/python3.10/site-packages/oslo_concurrency/processutils.py:349}}
Nov 18 03:16:35 devstack sudo[92415]: quobyte : PWD=/ ; USER=root ; COMMAND=/opt/stack/data/venv/bin/cinder-rootwrap /etc/cinder/rootwrap.conf qemu-img create -f qcow2 -o backing_file=/opt/stack/data/cinder/mnt/9627d383da5bfd23d74d5729225d4fdc/volume-5c0b1478-78dd-4fad-b79e-4fa495d0e834.313a8074-0a1b-43a5-beac-9d4820bf97ce,backing_fmt=qcow2 /opt/stack/data/cinder/mnt/9627d383da5bfd23d74d5729225d4fdc/volume-5c0b1478-78dd-4fad-b79e-4fa495d0e834.8e5ac21b-5046-46a3-acf0-2b0ec52ac5ab 1G
Nov 18 03:16:35 devstack sudo[92415]: pam_unix(sudo:session): session opened for user root(uid=0) by (uid=1000)
Nov 18 03:16:36 devstack sudo[92415]: pam_unix(sudo:session): session closed for user root
Nov 18 03:16:36 devstack cinder-volume[81241]: DEBUG oslo_concurrency.processutils [None req-9f0e6131-9778-4f62-9c53-5241e7336a52 tempest-SnapshotsActionsTest-506256416 None] CMD "sudo cinder-rootwrap /etc/cinder/rootwrap.conf qemu-img create -f qcow2 -o backing_file=/opt/stack/data/cinder/mnt/9627d383da5bfd23d74d5729225d4fdc/volume-5c0b1478-78dd-4fad-b79e-4fa495d0e834.313a8074-0a1b-43a5-beac-9d4820bf97ce,backing_fmt=qcow2 /opt/stack/data/cinder/mnt/9627d383da5bfd23d74d5729225d4fdc/volume-5c0b1478-78dd-4fad-b79e-4fa495d0e834.8e5ac21b-5046-46a3-acf0-2b0ec52ac5ab 1G" returned: 0 in 0.768s {{(pid=81241) execute /opt/stack/data/venv/lib/python3.10/site-packages/oslo_concurrency/processutils.py:372}}
Nov 18 03:16:36 devstack cinder-volume[81241]: DEBUG oslo_concurrency.processutils [None req-9f0e6131-9778-4f62-9c53-5241e7336a52 tempest-SnapshotsActionsTest-506256416 None] Running cmd (subprocess): sudo cinder-rootwrap /etc/cinder/rootwrap.conf qemu-img rebase -u -b volume-5c0b1478-78dd-4fad-b79e-4fa495d0e834.313a8074-0a1b-43a5-beac-9d4820bf97ce -F qcow2 /opt/stack/data/cinder/mnt/9627d383da5bfd23d74d5729225d4fdc/volume-5c0b1478-78dd-4fad-b79e-4fa495d0e834.8e5ac21b-5046-46a3-acf0-2b0ec52ac5ab {{(pid=81241) execute /opt/stack/data/venv/lib/python3.10/site-packages/oslo_concurrency/processutils.py:349}}
Nov 18 03:16:36 devstack sudo[92420]: quobyte : PWD=/ ; USER=root ; COMMAND=/opt/stack/data/venv/bin/cinder-rootwrap /etc/cinder/rootwrap.conf qemu-img rebase -u -b volume-5c0b1478-78dd-4fad-b79e-4fa495d0e834.313a8074-0a1b-43a5-beac-9d4820bf97ce -F qcow2 /opt/stack/data/cinder/mnt/9627d383da5bfd23d74d5729225d4fdc/volume-5c0b1478-78dd-4fad-b79e-4fa495d0e834.8e5ac21b-5046-46a3-acf0-2b0ec52ac5ab
Nov 18 03:16:36 devstack sudo[92420]: pam_unix(sudo:session): session opened for user root(uid=0) by (uid=1000)
Nov 18 03:16:36 devstack sudo[92420]: pam_unix(sudo:session): session closed for user root
Nov 18 03:16:36 devstack cinder-volume[81241]: DEBUG oslo_concurrency.processutils [None req-9f0e6131-9778-4f62-9c53-5241e7336a52 tempest-SnapshotsActionsTest-506256416 None] CMD "sudo cinder-rootwrap /etc/cinder/rootwrap.conf qemu-img rebase -u -b volume-5c0b1478-78dd-4fad-b79e-4fa495d0e834.313a8074-0a1b-43a5-beac-9d4820bf97ce -F qcow2 /opt/stack/data/cinder/mnt/9627d383da5bfd23d74d5729225d4fdc/volume-5c0b1478-78dd-4fad-b79e-4fa495d0e834.8e5ac21b-5046-46a3-acf0-2b0ec52ac5ab" returned: 0 in 0.713s {{(pid=81241) execute /opt/stack/data/venv/lib/python3.10/site-packages/oslo_concurrency/processutils.py:372}}
Nov 18 03:16:36 devstack cinder-volume[81241]: WARNING cinder.volume.drivers.remotefs [None req-9f0e6131-9778-4f62-9c53-5241e7336a52 tempest-SnapshotsActionsTest-506256416 None] /opt/stack/data/cinder/mnt/9627d383da5bfd23d74d5729225d4fdc/volume-5c0b1478-78dd-4fad-b79e-4fa495d0e834.8e5ac21b-5046-46a3-acf0-2b0ec52ac5ab is being set with open permissions: ugo+rw
Nov 18 03:16:36 devstack cinder-volume[81241]: DEBUG oslo_concurrency.processutils [None req-9f0e6131-9778-4f62-9c53-5241e7336a52 tempest-SnapshotsActionsTest-506256416 None] Running cmd (subprocess): sudo cinder-rootwrap /etc/cinder/rootwrap.conf chmod ugo+rw /opt/stack/data/cinder/mnt/9627d383da5bfd23d74d5729225d4fdc/volume-5c0b1478-78dd-4fad-b79e-4fa495d0e834.8e5ac21b-5046-46a3-acf0-2b0ec52ac5ab {{(pid=81241) execute /opt/stack/data/venv/lib/python3.10/site-packages/oslo_concurrency/processutils.py:349}}
Nov 18 03:16:36 devstack sudo[92425]: quobyte : PWD=/ ; USER=root ; COMMAND=/opt/stack/data/venv/bin/cinder-rootwrap /etc/cinder/rootwrap.conf chmod ugo+rw /opt/stack/data/cinder/mnt/9627d383da5bfd23d74d5729225d4fdc/volume-5c0b1478-78dd-4fad-b79e-4fa495d0e834.8e5ac21b-5046-46a3-acf0-2b0ec52ac5ab
Nov 18 03:16:36 devstack sudo[92425]: pam_unix(sudo:session): session opened for user root(uid=0) by (uid=1000)
Nov 18 03:16:37 devstack sudo[92425]: pam_unix(sudo:session): session closed for user root
Nov 18 03:16:37 devstack cinder-volume[81241]: DEBUG oslo_concurrency.processutils [None req-9f0e6131-9778-4f62-9c53-5241e7336a52 tempest-SnapshotsActionsTest-506256416 None] CMD "sudo cinder-rootwrap /etc/cinder/rootwrap.conf chmod ugo+rw /opt/stack/data/cinder/mnt/9627d383da5bfd23d74d5729225d4fdc/volume-5c0b1478-78dd-4fad-b79e-4fa495d0e834.8e5ac21b-5046-46a3-acf0-2b0ec52ac5ab" returned: 0 in 0.636s {{(pid=81241) execute /opt/stack/data/venv/lib/python3.10/site-packages/oslo_concurrency/processutils.py:372}}
Nov 18 03:16:37 devstack cinder-volume[81241]: DEBUG oslo_concurrency.lockutils [None req-9f0e6131-9778-4f62-9c53-5241e7336a52 tempest-SnapshotsActionsTest-506256416 None] Lock "quobyte" "released" by "cinder.volume.drivers.quobyte.QuobyteDriver.create_snapshot" :: held 3.040s {{(pid=81241) inner /opt/stack/data/venv/lib/python3.10/site-packages/oslo_concurrency/lockutils.py:424}}
Nov 18 03:16:37 devstack cinder-volume[81241]: INFO cinder.volume.manager [None req-9f0e6131-9778-4f62-9c53-5241e7336a52 tempest-SnapshotsActionsTest-506256416 None] Create snapshot completed successfully
Nov 18 03:16:38 devstack cinder-volume[81241]: DEBUG cinder.coordination [None req-62e63c02-3080-48e6-9db1-809f8bbefbf3 tempest-SnapshotsActionsTest-1338702013 None] Acquiring lock "cinder-8e5ac21b-5046-46a3-acf0-2b0ec52ac5ab-delete_snapshot" by "delete_snapshot" {{(pid=81241) __acquire /opt/stack/cinder/cinder/coordination.py:143}}
Nov 18 03:16:38 devstack cinder-volume[81241]: DEBUG cinder.coordination [None req-62e63c02-3080-48e6-9db1-809f8bbefbf3 tempest-SnapshotsActionsTest-1338702013 None] Lock "cinder-8e5ac21b-5046-46a3-acf0-2b0ec52ac5ab-delete_snapshot" acquired by "delete_snapshot" :: waited 0.017s {{(pid=81241) __acquire /opt/stack/cinder/cinder/coordination.py:146}}
Nov 18 03:16:38 devstack cinder-volume[81241]: WARNING cinder.volume.volume_utils [None req-62e63c02-3080-48e6-9db1-809f8bbefbf3 tempest-SnapshotsActionsTest-1338702013 None] Volume driver (QuobyteDriver 1.1.13) is currently unsupported and may be removed in the next release of OpenStack. Use at your own risk.
Nov 18 03:16:38 devstack cinder-volume[81241]: DEBUG cinder.coordination [None req-62e63c02-3080-48e6-9db1-809f8bbefbf3 tempest-SnapshotsActionsTest-1338702013 None] Acquiring lock "cinder-quobyte-5c0b1478-78dd-4fad-b79e-4fa495d0e834" by "delete_snapshot" {{(pid=81241) __acquire /opt/stack/cinder/cinder/coordination.py:143}}
Nov 18 03:16:38 devstack cinder-volume[81241]: DEBUG cinder.coordination [None req-a0e33fdf-c033-47ee-bc3a-d18d4f770231 tempest-AttachVolumeNegativeTest-980860121 None] Acquiring lock "cinder-b36c6105-e559-4353-ba12-0f07f4f84f30-delete_volume" by "delete_volume" {{(pid=81241) __acquire /opt/stack/cinder/cinder/coordination.py:143}}
Nov 18 03:16:38 devstack cinder-volume[81241]: DEBUG cinder.coordination [None req-62e63c02-3080-48e6-9db1-809f8bbefbf3 tempest-SnapshotsActionsTest-1338702013 None] Lock "cinder-quobyte-5c0b1478-78dd-4fad-b79e-4fa495d0e834" acquired by "delete_snapshot" :: waited 0.028s {{(pid=81241) __acquire /opt/stack/cinder/cinder/coordination.py:146}}
Nov 18 03:16:38 devstack cinder-volume[81241]: DEBUG cinder.coordination [None req-62e63c02-3080-48e6-9db1-809f8bbefbf3 tempest-SnapshotsActionsTest-1338702013 None] Acquiring lock "cinder-quobyte-8e5ac21b-5046-46a3-acf0-2b0ec52ac5ab" by "_delete_snapshot" {{(pid=81241) __acquire /opt/stack/cinder/cinder/coordination.py:143}}
Nov 18 03:16:38 devstack cinder-volume[81241]: DEBUG cinder.coordination [None req-a0e33fdf-c033-47ee-bc3a-d18d4f770231 tempest-AttachVolumeNegativeTest-980860121 None] Lock "cinder-b36c6105-e559-4353-ba12-0f07f4f84f30-delete_volume" acquired by "delete_volume" :: waited 0.028s {{(pid=81241) __acquire /opt/stack/cinder/cinder/coordination.py:146}}
Nov 18 03:16:38 devstack cinder-volume[81241]: DEBUG cinder.coordination [None req-62e63c02-3080-48e6-9db1-809f8bbefbf3 tempest-SnapshotsActionsTest-1338702013 None] Lock "cinder-quobyte-8e5ac21b-5046-46a3-acf0-2b0ec52ac5ab" acquired by "_delete_snapshot" :: waited 0.023s {{(pid=81241) __acquire /opt/stack/cinder/cinder/coordination.py:146}}
Nov 18 03:16:38 devstack cinder-volume[81241]: DEBUG cinder.volume.drivers.remotefs [None req-62e63c02-3080-48e6-9db1-809f8bbefbf3 tempest-SnapshotsActionsTest-1338702013 None] Deleting offline snapshot 8e5ac21b-5046-46a3-acf0-2b0ec52ac5ab of volume 5c0b1478-78dd-4fad-b79e-4fa495d0e834 {{(pid=81241) _delete_snapshot /opt/stack/cinder/cinder/volume/drivers/remotefs.py:1278}}
Nov 18 03:16:38 devstack cinder-volume[81241]: DEBUG cinder.volume.drivers.remotefs [None req-62e63c02-3080-48e6-9db1-809f8bbefbf3 tempest-SnapshotsActionsTest-1338702013 None] snapshot_file for this snap is: volume-5c0b1478-78dd-4fad-b79e-4fa495d0e834.8e5ac21b-5046-46a3-acf0-2b0ec52ac5ab {{(pid=81241) _delete_snapshot /opt/stack/cinder/cinder/volume/drivers/remotefs.py:1307}}
Nov 18 03:16:38 devstack cinder-volume[81241]: DEBUG oslo.privsep.daemon [-] privsep: reply[aed32797-108d-45de-842b-8504a467cd48]: (4, 'qcow2') {{(pid=81774) _call_back /opt/stack/data/venv/lib/python3.10/site-packages/oslo_privsep/daemon.py:515}}
Nov 18 03:16:38 devstack cinder-volume[81241]: DEBUG oslo_concurrency.processutils [None req-62e63c02-3080-48e6-9db1-809f8bbefbf3 tempest-SnapshotsActionsTest-1338702013 None] Running cmd (subprocess): /opt/stack/data/venv/bin/python3.10 -m oslo_concurrency.prlimit --as=1073741824 --cpu=60 -- sudo cinder-rootwrap /etc/cinder/rootwrap.conf env LC_ALL=C qemu-img info -f qcow2 --output=json --force-share /opt/stack/data/cinder/mnt/9627d383da5bfd23d74d5729225d4fdc/volume-5c0b1478-78dd-4fad-b79e-4fa495d0e834.8e5ac21b-5046-46a3-acf0-2b0ec52ac5ab {{(pid=81241) execute /opt/stack/data/venv/lib/python3.10/site-packages/oslo_concurrency/processutils.py:349}}
Nov 18 03:16:38 devstack cinder-volume[81241]: WARNING cinder.volume.volume_utils [None req-a0e33fdf-c033-47ee-bc3a-d18d4f770231 tempest-AttachVolumeNegativeTest-980860121 None] Volume driver (QuobyteDriver 1.1.13) is currently unsupported and may be removed in the next release of OpenStack. Use at your own risk.
Nov 18 03:16:38 devstack cinder-volume[81241]: DEBUG cinder.coordination [None req-a0e33fdf-c033-47ee-bc3a-d18d4f770231 tempest-AttachVolumeNegativeTest-980860121 None] Acquiring lock "cinder-quobyte-b36c6105-e559-4353-ba12-0f07f4f84f30" by "delete_volume" {{(pid=81241) __acquire /opt/stack/cinder/cinder/coordination.py:143}}
Nov 18 03:16:38 devstack cinder-volume[81241]: DEBUG cinder.coordination [None req-a0e33fdf-c033-47ee-bc3a-d18d4f770231 tempest-AttachVolumeNegativeTest-980860121 None] Lock "cinder-quobyte-b36c6105-e559-4353-ba12-0f07f4f84f30" acquired by "delete_volume" :: waited 0.013s {{(pid=81241) __acquire /opt/stack/cinder/cinder/coordination.py:146}}
Nov 18 03:16:39 devstack cinder-volume[81241]: DEBUG oslo.privsep.daemon [-] privsep: reply[c876d3a5-4a71-4c86-ae55-b27324050152]: (4, 'qcow2') {{(pid=81774) _call_back /opt/stack/data/venv/lib/python3.10/site-packages/oslo_privsep/daemon.py:515}}
Nov 18 03:16:39 devstack cinder-volume[81241]: DEBUG oslo_concurrency.processutils [None req-a0e33fdf-c033-47ee-bc3a-d18d4f770231 tempest-AttachVolumeNegativeTest-980860121 None] Running cmd (subprocess): /opt/stack/data/venv/bin/python3.10 -m oslo_concurrency.prlimit --as=1073741824 --cpu=60 -- sudo cinder-rootwrap /etc/cinder/rootwrap.conf env LC_ALL=C qemu-img info -f qcow2 --output=json --force-share /opt/stack/data/cinder/mnt/9627d383da5bfd23d74d5729225d4fdc/volume-b36c6105-e559-4353-ba12-0f07f4f84f30 {{(pid=81241) execute /opt/stack/data/venv/lib/python3.10/site-packages/oslo_concurrency/processutils.py:349}}
Nov 18 03:16:39 devstack sudo[92454]: quobyte : PWD=/ ; USER=root ; COMMAND=/opt/stack/data/venv/bin/cinder-rootwrap /etc/cinder/rootwrap.conf env LC_ALL=C qemu-img info -f qcow2 --output=json --force-share /opt/stack/data/cinder/mnt/9627d383da5bfd23d74d5729225d4fdc/volume-5c0b1478-78dd-4fad-b79e-4fa495d0e834.8e5ac21b-5046-46a3-acf0-2b0ec52ac5ab
Nov 18 03:16:39 devstack sudo[92454]: pam_unix(sudo:session): session opened for user root(uid=0) by (uid=1000)
Nov 18 03:16:39 devstack sudo[92455]: quobyte : PWD=/ ; USER=root ; COMMAND=/opt/stack/data/venv/bin/cinder-rootwrap /etc/cinder/rootwrap.conf env LC_ALL=C qemu-img info -f qcow2 --output=json --force-share /opt/stack/data/cinder/mnt/9627d383da5bfd23d74d5729225d4fdc/volume-b36c6105-e559-4353-ba12-0f07f4f84f30
Nov 18 03:16:39 devstack sudo[92455]: pam_unix(sudo:session): session opened for user root(uid=0) by (uid=1000)
Nov 18 03:16:39 devstack sudo[92454]: pam_unix(sudo:session): session closed for user root
Nov 18 03:16:39 devstack cinder-volume[81241]: DEBUG oslo_concurrency.processutils [None req-62e63c02-3080-48e6-9db1-809f8bbefbf3 tempest-SnapshotsActionsTest-1338702013 None] CMD "/opt/stack/data/venv/bin/python3.10 -m oslo_concurrency.prlimit --as=1073741824 --cpu=60 -- sudo cinder-rootwrap /etc/cinder/rootwrap.conf env LC_ALL=C qemu-img info -f qcow2 --output=json --force-share /opt/stack/data/cinder/mnt/9627d383da5bfd23d74d5729225d4fdc/volume-5c0b1478-78dd-4fad-b79e-4fa495d0e834.8e5ac21b-5046-46a3-acf0-2b0ec52ac5ab" returned: 0 in 0.745s {{(pid=81241) execute /opt/stack/data/venv/lib/python3.10/site-packages/oslo_concurrency/processutils.py:372}}
Nov 18 03:16:39 devstack cinder-volume[81241]: DEBUG cinder.volume.drivers.remotefs [None req-62e63c02-3080-48e6-9db1-809f8bbefbf3 tempest-SnapshotsActionsTest-1338702013 None] Fetching qemu-img info with special backing_file_template: (/opt/stack/data/cinder/mnt/[0-9a-f]+/)?(volume-5c0b1478-78dd-4fad-b79e-4fa495d0e834(.(tmp-snap-)?[0-9a-f-]+)?|volume_from_snapshot_cache/(tmp-snap-)?[0-9a-f-]+(.(child-|parent-)[0-9a-f-]+)?)$ {{(pid=81241) _qemu_img_info_base /opt/stack/cinder/cinder/volume/drivers/remotefs.py:886}}
Nov 18 03:16:39 devstack cinder-volume[81241]: DEBUG oslo.privsep.daemon [-] privsep: reply[a60e9118-301d-468c-8233-5fc0836cb0ae]: (4, 'qcow2') {{(pid=81774) _call_back /opt/stack/data/venv/lib/python3.10/site-packages/oslo_privsep/daemon.py:515}}
Nov 18 03:16:39 devstack cinder-volume[81241]: DEBUG oslo_concurrency.processutils [None req-62e63c02-3080-48e6-9db1-809f8bbefbf3 tempest-SnapshotsActionsTest-1338702013 None] Running cmd (subprocess): /opt/stack/data/venv/bin/python3.10 -m oslo_concurrency.prlimit --as=1073741824 --cpu=60 -- sudo cinder-rootwrap /etc/cinder/rootwrap.conf env LC_ALL=C qemu-img info -f qcow2 --output=json --force-share /opt/stack/data/cinder/mnt/9627d383da5bfd23d74d5729225d4fdc/volume-5c0b1478-78dd-4fad-b79e-4fa495d0e834.313a8074-0a1b-43a5-beac-9d4820bf97ce {{(pid=81241) execute /opt/stack/data/venv/lib/python3.10/site-packages/oslo_concurrency/processutils.py:349}}
Nov 18 03:16:39 devstack sudo[92463]: quobyte : PWD=/ ; USER=root ; COMMAND=/opt/stack/data/venv/bin/cinder-rootwrap /etc/cinder/rootwrap.conf env LC_ALL=C qemu-img info -f qcow2 --output=json --force-share /opt/stack/data/cinder/mnt/9627d383da5bfd23d74d5729225d4fdc/volume-5c0b1478-78dd-4fad-b79e-4fa495d0e834.313a8074-0a1b-43a5-beac-9d4820bf97ce
Nov 18 03:16:39 devstack sudo[92463]: pam_unix(sudo:session): session opened for user root(uid=0) by (uid=1000)
Nov 18 03:16:39 devstack sudo[92455]: pam_unix(sudo:session): session closed for user root
Nov 18 03:16:39 devstack cinder-volume[81241]: DEBUG oslo_concurrency.processutils [None req-a0e33fdf-c033-47ee-bc3a-d18d4f770231 tempest-AttachVolumeNegativeTest-980860121 None] CMD "/opt/stack/data/venv/bin/python3.10 -m oslo_concurrency.prlimit --as=1073741824 --cpu=60 -- sudo cinder-rootwrap /etc/cinder/rootwrap.conf env LC_ALL=C qemu-img info -f qcow2 --output=json --force-share /opt/stack/data/cinder/mnt/9627d383da5bfd23d74d5729225d4fdc/volume-b36c6105-e559-4353-ba12-0f07f4f84f30" returned: 0 in 0.829s {{(pid=81241) execute /opt/stack/data/venv/lib/python3.10/site-packages/oslo_concurrency/processutils.py:372}}
Nov 18 03:16:39 devstack cinder-volume[81241]: DEBUG oslo_concurrency.processutils [None req-a0e33fdf-c033-47ee-bc3a-d18d4f770231 tempest-AttachVolumeNegativeTest-980860121 None] Running cmd (subprocess): sudo cinder-rootwrap /etc/cinder/rootwrap.conf rm -f /opt/stack/data/cinder/mnt/9627d383da5bfd23d74d5729225d4fdc/volume-b36c6105-e559-4353-ba12-0f07f4f84f30 {{(pid=81241) execute /opt/stack/data/venv/lib/python3.10/site-packages/oslo_concurrency/processutils.py:349}}
Nov 18 03:16:39 devstack sudo[92466]: quobyte : PWD=/ ; USER=root ; COMMAND=/opt/stack/data/venv/bin/cinder-rootwrap /etc/cinder/rootwrap.conf rm -f /opt/stack/data/cinder/mnt/9627d383da5bfd23d74d5729225d4fdc/volume-b36c6105-e559-4353-ba12-0f07f4f84f30
Nov 18 03:16:39 devstack sudo[92466]: pam_unix(sudo:session): session opened for user root(uid=0) by (uid=1000)
Nov 18 03:16:40 devstack sudo[92463]: pam_unix(sudo:session): session closed for user root
Nov 18 03:16:40 devstack sudo[92466]: pam_unix(sudo:session): session closed for user root
Nov 18 03:16:40 devstack cinder-volume[81241]: DEBUG oslo_concurrency.processutils [None req-62e63c02-3080-48e6-9db1-809f8bbefbf3 tempest-SnapshotsActionsTest-1338702013 None] CMD "/opt/stack/data/venv/bin/python3.10 -m oslo_concurrency.prlimit --as=1073741824 --cpu=60 -- sudo cinder-rootwrap /etc/cinder/rootwrap.conf env LC_ALL=C qemu-img info -f qcow2 --output=json --force-share /opt/stack/data/cinder/mnt/9627d383da5bfd23d74d5729225d4fdc/volume-5c0b1478-78dd-4fad-b79e-4fa495d0e834.313a8074-0a1b-43a5-beac-9d4820bf97ce" returned: 0 in 0.787s {{(pid=81241) execute /opt/stack/data/venv/lib/python3.10/site-packages/oslo_concurrency/processutils.py:372}}
Nov 18 03:16:40 devstack cinder-volume[81241]: DEBUG cinder.volume.drivers.remotefs [None req-62e63c02-3080-48e6-9db1-809f8bbefbf3 tempest-SnapshotsActionsTest-1338702013 None] Fetching qemu-img info with special backing_file_template: (/opt/stack/data/cinder/mnt/[0-9a-f]+/)?(volume-5c0b1478-78dd-4fad-b79e-4fa495d0e834(.(tmp-snap-)?[0-9a-f-]+)?|volume_from_snapshot_cache/(tmp-snap-)?[0-9a-f-]+(.(child-|parent-)[0-9a-f-]+)?)$ {{(pid=81241) _qemu_img_info_base /opt/stack/cinder/cinder/volume/drivers/remotefs.py:886}}
Nov 18 03:16:40 devstack cinder-volume[81241]: DEBUG oslo_concurrency.processutils [None req-62e63c02-3080-48e6-9db1-809f8bbefbf3 tempest-SnapshotsActionsTest-1338702013 None] Running cmd (subprocess): sudo cinder-rootwrap /etc/cinder/rootwrap.conf qemu-img commit -d /opt/stack/data/cinder/mnt/9627d383da5bfd23d74d5729225d4fdc/volume-5c0b1478-78dd-4fad-b79e-4fa495d0e834.8e5ac21b-5046-46a3-acf0-2b0ec52ac5ab {{(pid=81241) execute /opt/stack/data/venv/lib/python3.10/site-packages/oslo_concurrency/processutils.py:349}}
Nov 18 03:16:40 devstack cinder-volume[81241]: DEBUG oslo_concurrency.processutils [None req-a0e33fdf-c033-47ee-bc3a-d18d4f770231 tempest-AttachVolumeNegativeTest-980860121 None] CMD "sudo cinder-rootwrap /etc/cinder/rootwrap.conf rm -f /opt/stack/data/cinder/mnt/9627d383da5bfd23d74d5729225d4fdc/volume-b36c6105-e559-4353-ba12-0f07f4f84f30" returned: 0 in 0.643s {{(pid=81241) execute /opt/stack/data/venv/lib/python3.10/site-packages/oslo_concurrency/processutils.py:372}}
Nov 18 03:16:40 devstack cinder-volume[81241]: DEBUG cinder.coordination [None req-a0e33fdf-c033-47ee-bc3a-d18d4f770231 tempest-AttachVolumeNegativeTest-980860121 None] Lock "cinder-quobyte-b36c6105-e559-4353-ba12-0f07f4f84f30" released by "delete_volume" :: held 1.534s {{(pid=81241) __release /opt/stack/cinder/cinder/coordination.py:157}}
Nov 18 03:16:40 devstack sudo[92474]: quobyte : PWD=/ ; USER=root ; COMMAND=/opt/stack/data/venv/bin/cinder-rootwrap /etc/cinder/rootwrap.conf qemu-img commit -d /opt/stack/data/cinder/mnt/9627d383da5bfd23d74d5729225d4fdc/volume-5c0b1478-78dd-4fad-b79e-4fa495d0e834.8e5ac21b-5046-46a3-acf0-2b0ec52ac5ab
Nov 18 03:16:40 devstack sudo[92474]: pam_unix(sudo:session): session opened for user root(uid=0) by (uid=1000)
Nov 18 03:16:40 devstack cinder-volume[81241]: DEBUG cinder.quota [None req-a0e33fdf-c033-47ee-bc3a-d18d4f770231 tempest-AttachVolumeNegativeTest-980860121 None] Created reservations ['7af4b11f-d8c1-48b9-9528-32d77841ef72', '3a47166a-4c59-4506-9320-23cca1400c72', '0e716625-fb78-4391-ad89-3b66cc2a5ce5', '53915492-6f2f-429f-afa1-1e8d84764ee9'] {{(pid=81241) reserve /opt/stack/cinder/cinder/quota.py:752}}
Nov 18 03:16:40 devstack cinder-volume[81241]: DEBUG oslo_concurrency.lockutils [None req-a0e33fdf-c033-47ee-bc3a-d18d4f770231 tempest-AttachVolumeNegativeTest-980860121 None] Acquiring lock "quobyte_ensure" by "cinder.volume.drivers.quobyte.QuobyteDriver._ensure_shares_mounted" {{(pid=81241) inner /opt/stack/data/venv/lib/python3.10/site-packages/oslo_concurrency/lockutils.py:405}}
Nov 18 03:16:40 devstack cinder-volume[81241]: DEBUG oslo_concurrency.lockutils [None req-a0e33fdf-c033-47ee-bc3a-d18d4f770231 tempest-AttachVolumeNegativeTest-980860121 None] Lock "quobyte_ensure" acquired by "cinder.volume.drivers.quobyte.QuobyteDriver._ensure_shares_mounted" :: waited 0.001s {{(pid=81241) inner /opt/stack/data/venv/lib/python3.10/site-packages/oslo_concurrency/lockutils.py:410}}
Nov 18 03:16:40 devstack cinder-volume[81241]: DEBUG cinder.volume.drivers.quobyte [None req-a0e33fdf-c033-47ee-bc3a-d18d4f770231 tempest-AttachVolumeNegativeTest-980860121 None] Quobyte Volume URL set to: {'osci02.corp.quobyte.com/cinder-vol-e1d41747-373e-4201-b76a-be9a64dd2645': None} {{(pid=81241) _load_shares_config /opt/stack/cinder/cinder/volume/drivers/quobyte.py:604}}
Nov 18 03:16:40 devstack cinder-volume[81241]: DEBUG cinder.volume.drivers.quobyte [None req-a0e33fdf-c033-47ee-bc3a-d18d4f770231 tempest-AttachVolumeNegativeTest-980860121 None] Available shares ['osci02.corp.quobyte.com/cinder-vol-e1d41747-373e-4201-b76a-be9a64dd2645'] {{(pid=81241) _ensure_shares_mounted /opt/stack/cinder/cinder/volume/drivers/quobyte.py:634}}
Nov 18 03:16:40 devstack cinder-volume[81241]: DEBUG oslo_concurrency.lockutils [None req-a0e33fdf-c033-47ee-bc3a-d18d4f770231 tempest-AttachVolumeNegativeTest-980860121 None] Lock "quobyte_ensure" "released" by "cinder.volume.drivers.quobyte.QuobyteDriver._ensure_shares_mounted" :: held 0.006s {{(pid=81241) inner /opt/stack/data/venv/lib/python3.10/site-packages/oslo_concurrency/lockutils.py:424}}
Nov 18 03:16:40 devstack cinder-volume[81241]: DEBUG oslo_concurrency.processutils [None req-a0e33fdf-c033-47ee-bc3a-d18d4f770231 tempest-AttachVolumeNegativeTest-980860121 None] Running cmd (subprocess): sudo cinder-rootwrap /etc/cinder/rootwrap.conf df --portability --block-size 1 /opt/stack/data/cinder/mnt/9627d383da5bfd23d74d5729225d4fdc {{(pid=81241) execute /opt/stack/data/venv/lib/python3.10/site-packages/oslo_concurrency/processutils.py:349}}
Nov 18 03:16:40 devstack sudo[92476]: quobyte : PWD=/ ; USER=root ; COMMAND=/opt/stack/data/venv/bin/cinder-rootwrap /etc/cinder/rootwrap.conf df --portability --block-size 1 /opt/stack/data/cinder/mnt/9627d383da5bfd23d74d5729225d4fdc
Nov 18 03:16:40 devstack sudo[92476]: pam_unix(sudo:session): session opened for user root(uid=0) by (uid=1000)
Nov 18 03:16:41 devstack cinder-volume[81241]: DEBUG cinder.coordination [None req-8a76323c-53e6-402b-8393-0815d7f2fb02 tempest-AttachVolumeNegativeTest-980860121 None] Acquiring lock "cinder-65353b0b-61e2-4429-9c61-c0cbae7213e0-delete_volume" by "delete_volume" {{(pid=81241) __acquire /opt/stack/cinder/cinder/coordination.py:143}}
Nov 18 03:16:41 devstack cinder-volume[81241]: DEBUG cinder.coordination [None req-8a76323c-53e6-402b-8393-0815d7f2fb02 tempest-AttachVolumeNegativeTest-980860121 None] Lock "cinder-65353b0b-61e2-4429-9c61-c0cbae7213e0-delete_volume" acquired by "delete_volume" :: waited 0.033s {{(pid=81241) __acquire /opt/stack/cinder/cinder/coordination.py:146}}
