Apr 16 13:27:10 devstack cinder-volume[83606]: DEBUG oslo_concurrency.lockutils [None req-3f37931e-6dcd-472f-9c0b-82077f7053c5 tempest-VolumesTestJSON-2017820125 None] Lock "quobyte_ensure" "released" by "cinder.volume.drivers.quobyte.QuobyteDriver._ensure_shares_mounted" :: held 0.006s {{(pid=83606) inner /opt/stack/data/venv/lib/python3.10/site-packages/oslo_concurrency/lockutils.py:538}}
Apr 16 13:27:10 devstack cinder-volume[83606]: DEBUG oslo_concurrency.processutils [None req-3f37931e-6dcd-472f-9c0b-82077f7053c5 tempest-VolumesTestJSON-2017820125 None] Running cmd (subprocess): sudo cinder-rootwrap /etc/cinder/rootwrap.conf df --portability --block-size 1 /opt/stack/data/cinder/mnt/4298d7eaf83952f6156b382a6973492e {{(pid=83606) execute /opt/stack/data/venv/lib/python3.10/site-packages/oslo_concurrency/processutils.py:440}}
Apr 16 13:27:10 devstack sudo[85310]: quobyte : PWD=/ ; USER=root ; COMMAND=/opt/stack/data/venv/bin/cinder-rootwrap /etc/cinder/rootwrap.conf df --portability --block-size 1 /opt/stack/data/cinder/mnt/4298d7eaf83952f6156b382a6973492e
Apr 16 13:27:10 devstack sudo[85310]: pam_unix(sudo:session): session opened for user root(uid=0) by (uid=1000)
Apr 16 13:27:10 devstack cinder-volume[83606]: INFO cinder.volume.manager [None req-4b26bdd4-670b-45cc-b600-572e85bf25f9 tempest-GroupSnapshotsTest-1532467286 None] GroupSnapshot 1a46dbdc-bdbd-4244-81bf-0743224c32fc: creating.
Apr 16 13:27:10 devstack cinder-volume[83606]: DEBUG cinder.volume.manager [None req-4b26bdd4-670b-45cc-b600-572e85bf25f9 tempest-GroupSnapshotsTest-1532467286 None] Group snapshot 1a46dbdc-bdbd-4244-81bf-0743224c32fc: creating. {{(pid=83606) create_group_snapshot /opt/stack/cinder/cinder/volume/manager.py:4175}}
Apr 16 13:27:10 devstack cinder-volume[83606]: DEBUG oslo_concurrency.lockutils [None req-4b26bdd4-670b-45cc-b600-572e85bf25f9 tempest-GroupSnapshotsTest-1532467286 None] Acquiring lock "quobyte" by "cinder.volume.drivers.quobyte.QuobyteDriver.create_snapshot" {{(pid=83606) inner /opt/stack/data/venv/lib/python3.10/site-packages/oslo_concurrency/lockutils.py:506}}
Apr 16 13:27:10 devstack cinder-volume[83606]: DEBUG oslo_concurrency.lockutils [None req-4b26bdd4-670b-45cc-b600-572e85bf25f9 tempest-GroupSnapshotsTest-1532467286 None] Lock "quobyte" acquired by "cinder.volume.drivers.quobyte.QuobyteDriver.create_snapshot" :: waited 0.001s {{(pid=83606) inner /opt/stack/data/venv/lib/python3.10/site-packages/oslo_concurrency/lockutils.py:519}}
Apr 16 13:27:10 devstack cinder-volume[83606]: DEBUG cinder.volume.drivers.remotefs [None req-4b26bdd4-670b-45cc-b600-572e85bf25f9 tempest-GroupSnapshotsTest-1532467286 None] Creating offline snapshot 10bb6937-61fe-4214-87e0-91d7ff0f6fa0 of volume 66b72ef9-662c-46a2-9abb-7fcfe188c4f8 {{(pid=83606) _create_snapshot /opt/stack/cinder/cinder/volume/drivers/remotefs.py:1816}}
Apr 16 13:27:10 devstack cinder-volume[83606]: DEBUG oslo.privsep.daemon [-] privsep: reply[71719037-91b5-4889-941a-845ee0a7ca7c]: (4, 'qcow2') {{(pid=84391) _call_back /opt/stack/data/venv/lib/python3.10/site-packages/oslo_privsep/daemon.py:573}}
Apr 16 13:27:10 devstack cinder-volume[83606]: DEBUG oslo_concurrency.processutils [None req-4b26bdd4-670b-45cc-b600-572e85bf25f9 tempest-GroupSnapshotsTest-1532467286 None] Running cmd (subprocess): /opt/stack/data/venv/bin/python3.10 -m oslo_concurrency.prlimit --as=1073741824 --cpu=60 -- sudo cinder-rootwrap /etc/cinder/rootwrap.conf env LC_ALL=C qemu-img info -f qcow2 --output=json --force-share /opt/stack/data/cinder/mnt/4298d7eaf83952f6156b382a6973492e/volume-66b72ef9-662c-46a2-9abb-7fcfe188c4f8 {{(pid=83606) execute /opt/stack/data/venv/lib/python3.10/site-packages/oslo_concurrency/processutils.py:440}}
Apr 16 13:27:10 devstack sudo[85312]: quobyte : PWD=/ ; USER=root ; COMMAND=/opt/stack/data/venv/bin/cinder-rootwrap /etc/cinder/rootwrap.conf env LC_ALL=C qemu-img info -f qcow2 --output=json --force-share /opt/stack/data/cinder/mnt/4298d7eaf83952f6156b382a6973492e/volume-66b72ef9-662c-46a2-9abb-7fcfe188c4f8
Apr 16 13:27:10 devstack sudo[85312]: pam_unix(sudo:session): session opened for user root(uid=0) by (uid=1000)
Apr 16 13:27:11 devstack sudo[85310]: pam_unix(sudo:session): session closed for user root
Apr 16 13:27:11 devstack cinder-volume[83606]: DEBUG oslo_concurrency.processutils [None req-3f37931e-6dcd-472f-9c0b-82077f7053c5 tempest-VolumesTestJSON-2017820125 None] CMD "sudo cinder-rootwrap /etc/cinder/rootwrap.conf df --portability --block-size 1 /opt/stack/data/cinder/mnt/4298d7eaf83952f6156b382a6973492e" returned: 0 in 0.534s {{(pid=83606) execute /opt/stack/data/venv/lib/python3.10/site-packages/oslo_concurrency/processutils.py:468}}
Apr 16 13:27:11 devstack cinder-volume[83606]: DEBUG cinder.manager [None req-3f37931e-6dcd-472f-9c0b-82077f7053c5 tempest-VolumesTestJSON-2017820125 None] Notifying Schedulers of capabilities ... {{(pid=83606) _publish_service_capabilities /opt/stack/cinder/cinder/manager.py:202}}
Apr 16 13:27:11 devstack cinder-volume[83606]: INFO cinder.volume.manager [None req-3f37931e-6dcd-472f-9c0b-82077f7053c5 tempest-VolumesTestJSON-2017820125 None] Deleted volume successfully.
Apr 16 13:27:11 devstack cinder-volume[83606]: DEBUG cinder.coordination [None req-3f37931e-6dcd-472f-9c0b-82077f7053c5 tempest-VolumesTestJSON-2017820125 None] Lock "cinder-49f1c4d0-a2af-4418-9d3b-9d83e21cf052-delete_volume" released by "delete_volume" :: held 1.843s {{(pid=83606) __release /opt/stack/cinder/cinder/coordination.py:152}}
Apr 16 13:27:11 devstack sudo[85312]: pam_unix(sudo:session): session closed for user root
Apr 16 13:27:11 devstack cinder-volume[83606]: DEBUG oslo_concurrency.processutils [None req-4b26bdd4-670b-45cc-b600-572e85bf25f9 tempest-GroupSnapshotsTest-1532467286 None] CMD "/opt/stack/data/venv/bin/python3.10 -m oslo_concurrency.prlimit --as=1073741824 --cpu=60 -- sudo cinder-rootwrap /etc/cinder/rootwrap.conf env LC_ALL=C qemu-img info -f qcow2 --output=json --force-share /opt/stack/data/cinder/mnt/4298d7eaf83952f6156b382a6973492e/volume-66b72ef9-662c-46a2-9abb-7fcfe188c4f8" returned: 0 in 0.576s {{(pid=83606) execute /opt/stack/data/venv/lib/python3.10/site-packages/oslo_concurrency/processutils.py:468}}
Apr 16 13:27:11 devstack cinder-volume[83606]: DEBUG oslo_concurrency.processutils [None req-4b26bdd4-670b-45cc-b600-572e85bf25f9 tempest-GroupSnapshotsTest-1532467286 None] Running cmd (subprocess): sudo cinder-rootwrap /etc/cinder/rootwrap.conf qemu-img create -f qcow2 -o backing_file=/opt/stack/data/cinder/mnt/4298d7eaf83952f6156b382a6973492e/volume-66b72ef9-662c-46a2-9abb-7fcfe188c4f8,backing_fmt=qcow2 /opt/stack/data/cinder/mnt/4298d7eaf83952f6156b382a6973492e/volume-66b72ef9-662c-46a2-9abb-7fcfe188c4f8.10bb6937-61fe-4214-87e0-91d7ff0f6fa0 1G {{(pid=83606) execute /opt/stack/data/venv/lib/python3.10/site-packages/oslo_concurrency/processutils.py:440}}
Apr 16 13:27:11 devstack sudo[85318]: quobyte : PWD=/ ; USER=root ; COMMAND=/opt/stack/data/venv/bin/cinder-rootwrap /etc/cinder/rootwrap.conf qemu-img create -f qcow2 -o backing_file=/opt/stack/data/cinder/mnt/4298d7eaf83952f6156b382a6973492e/volume-66b72ef9-662c-46a2-9abb-7fcfe188c4f8,backing_fmt=qcow2 /opt/stack/data/cinder/mnt/4298d7eaf83952f6156b382a6973492e/volume-66b72ef9-662c-46a2-9abb-7fcfe188c4f8.10bb6937-61fe-4214-87e0-91d7ff0f6fa0 1G
Apr 16 13:27:11 devstack sudo[85318]: pam_unix(sudo:session): session opened for user root(uid=0) by (uid=1000)
Apr 16 13:27:11 devstack sudo[85318]: pam_unix(sudo:session): session closed for user root
Apr 16 13:27:11 devstack cinder-volume[83606]: DEBUG oslo_concurrency.processutils [None req-4b26bdd4-670b-45cc-b600-572e85bf25f9 tempest-GroupSnapshotsTest-1532467286 None] CMD "sudo cinder-rootwrap /etc/cinder/rootwrap.conf qemu-img create -f qcow2 -o backing_file=/opt/stack/data/cinder/mnt/4298d7eaf83952f6156b382a6973492e/volume-66b72ef9-662c-46a2-9abb-7fcfe188c4f8,backing_fmt=qcow2 /opt/stack/data/cinder/mnt/4298d7eaf83952f6156b382a6973492e/volume-66b72ef9-662c-46a2-9abb-7fcfe188c4f8.10bb6937-61fe-4214-87e0-91d7ff0f6fa0 1G" returned: 0 in 0.647s {{(pid=83606) execute /opt/stack/data/venv/lib/python3.10/site-packages/oslo_concurrency/processutils.py:468}}
Apr 16 13:27:11 devstack cinder-volume[83606]: DEBUG oslo_concurrency.processutils [None req-4b26bdd4-670b-45cc-b600-572e85bf25f9 tempest-GroupSnapshotsTest-1532467286 None] Running cmd (subprocess): sudo cinder-rootwrap /etc/cinder/rootwrap.conf qemu-img rebase -u -b volume-66b72ef9-662c-46a2-9abb-7fcfe188c4f8 -F qcow2 /opt/stack/data/cinder/mnt/4298d7eaf83952f6156b382a6973492e/volume-66b72ef9-662c-46a2-9abb-7fcfe188c4f8.10bb6937-61fe-4214-87e0-91d7ff0f6fa0 {{(pid=83606) execute /opt/stack/data/venv/lib/python3.10/site-packages/oslo_concurrency/processutils.py:440}}
Apr 16 13:27:11 devstack sudo[85324]: quobyte : PWD=/ ; USER=root ; COMMAND=/opt/stack/data/venv/bin/cinder-rootwrap /etc/cinder/rootwrap.conf qemu-img rebase -u -b volume-66b72ef9-662c-46a2-9abb-7fcfe188c4f8 -F qcow2 /opt/stack/data/cinder/mnt/4298d7eaf83952f6156b382a6973492e/volume-66b72ef9-662c-46a2-9abb-7fcfe188c4f8.10bb6937-61fe-4214-87e0-91d7ff0f6fa0
Apr 16 13:27:11 devstack sudo[85324]: pam_unix(sudo:session): session opened for user root(uid=0) by (uid=1000)
Apr 16 13:27:12 devstack sudo[85324]: pam_unix(sudo:session): session closed for user root
Apr 16 13:27:12 devstack cinder-volume[83606]: DEBUG oslo_concurrency.processutils [None req-4b26bdd4-670b-45cc-b600-572e85bf25f9 tempest-GroupSnapshotsTest-1532467286 None] CMD "sudo cinder-rootwrap /etc/cinder/rootwrap.conf qemu-img rebase -u -b volume-66b72ef9-662c-46a2-9abb-7fcfe188c4f8 -F qcow2 /opt/stack/data/cinder/mnt/4298d7eaf83952f6156b382a6973492e/volume-66b72ef9-662c-46a2-9abb-7fcfe188c4f8.10bb6937-61fe-4214-87e0-91d7ff0f6fa0" returned: 0 in 0.497s {{(pid=83606) execute /opt/stack/data/venv/lib/python3.10/site-packages/oslo_concurrency/processutils.py:468}}
Apr 16 13:27:12 devstack cinder-volume[83606]: WARNING cinder.volume.drivers.remotefs [None req-4b26bdd4-670b-45cc-b600-572e85bf25f9 tempest-GroupSnapshotsTest-1532467286 None] /opt/stack/data/cinder/mnt/4298d7eaf83952f6156b382a6973492e/volume-66b72ef9-662c-46a2-9abb-7fcfe188c4f8.10bb6937-61fe-4214-87e0-91d7ff0f6fa0 is being set with open permissions: ugo+rw: NotImplementedError
Apr 16 13:27:12 devstack cinder-volume[83606]: DEBUG oslo_concurrency.processutils [None req-4b26bdd4-670b-45cc-b600-572e85bf25f9 tempest-GroupSnapshotsTest-1532467286 None] Running cmd (subprocess): sudo cinder-rootwrap /etc/cinder/rootwrap.conf chmod ugo+rw /opt/stack/data/cinder/mnt/4298d7eaf83952f6156b382a6973492e/volume-66b72ef9-662c-46a2-9abb-7fcfe188c4f8.10bb6937-61fe-4214-87e0-91d7ff0f6fa0 {{(pid=83606) execute /opt/stack/data/venv/lib/python3.10/site-packages/oslo_concurrency/processutils.py:440}}
Apr 16 13:27:12 devstack sudo[85329]: quobyte : PWD=/ ; USER=root ; COMMAND=/opt/stack/data/venv/bin/cinder-rootwrap /etc/cinder/rootwrap.conf chmod ugo+rw /opt/stack/data/cinder/mnt/4298d7eaf83952f6156b382a6973492e/volume-66b72ef9-662c-46a2-9abb-7fcfe188c4f8.10bb6937-61fe-4214-87e0-91d7ff0f6fa0
Apr 16 13:27:12 devstack sudo[85329]: pam_unix(sudo:session): session opened for user root(uid=0) by (uid=1000)
Apr 16 13:27:12 devstack sudo[85329]: pam_unix(sudo:session): session closed for user root
Apr 16 13:27:12 devstack cinder-volume[83606]: DEBUG oslo_concurrency.processutils [None req-4b26bdd4-670b-45cc-b600-572e85bf25f9 tempest-GroupSnapshotsTest-1532467286 None] CMD "sudo cinder-rootwrap /etc/cinder/rootwrap.conf chmod ugo+rw /opt/stack/data/cinder/mnt/4298d7eaf83952f6156b382a6973492e/volume-66b72ef9-662c-46a2-9abb-7fcfe188c4f8.10bb6937-61fe-4214-87e0-91d7ff0f6fa0" returned: 0 in 0.495s {{(pid=83606) execute /opt/stack/data/venv/lib/python3.10/site-packages/oslo_concurrency/processutils.py:468}}
Apr 16 13:27:12 devstack cinder-volume[83606]: DEBUG oslo_concurrency.processutils [None req-4b26bdd4-670b-45cc-b600-572e85bf25f9 tempest-GroupSnapshotsTest-1532467286 None] Running cmd (subprocess): sudo cinder-rootwrap /etc/cinder/rootwrap.conf truncate -s0 /opt/stack/data/cinder/mnt/4298d7eaf83952f6156b382a6973492e/volume-66b72ef9-662c-46a2-9abb-7fcfe188c4f8.info {{(pid=83606) execute /opt/stack/data/venv/lib/python3.10/site-packages/oslo_concurrency/processutils.py:440}}
Apr 16 13:27:12 devstack sudo[85332]: quobyte : PWD=/ ; USER=root ; COMMAND=/opt/stack/data/venv/bin/cinder-rootwrap /etc/cinder/rootwrap.conf truncate -s0 /opt/stack/data/cinder/mnt/4298d7eaf83952f6156b382a6973492e/volume-66b72ef9-662c-46a2-9abb-7fcfe188c4f8.info
Apr 16 13:27:12 devstack sudo[85332]: pam_unix(sudo:session): session opened for user root(uid=0) by (uid=1000)
Apr 16 13:27:13 devstack sudo[85332]: pam_unix(sudo:session): session closed for user root
Apr 16 13:27:13 devstack cinder-volume[83606]: DEBUG oslo_concurrency.processutils [None req-4b26bdd4-670b-45cc-b600-572e85bf25f9 tempest-GroupSnapshotsTest-1532467286 None] CMD "sudo cinder-rootwrap /etc/cinder/rootwrap.conf truncate -s0 /opt/stack/data/cinder/mnt/4298d7eaf83952f6156b382a6973492e/volume-66b72ef9-662c-46a2-9abb-7fcfe188c4f8.info" returned: 0 in 0.504s {{(pid=83606) execute /opt/stack/data/venv/lib/python3.10/site-packages/oslo_concurrency/processutils.py:468}}
Apr 16 13:27:13 devstack cinder-volume[83606]: WARNING cinder.volume.drivers.remotefs [None req-4b26bdd4-670b-45cc-b600-572e85bf25f9 tempest-GroupSnapshotsTest-1532467286 None] /opt/stack/data/cinder/mnt/4298d7eaf83952f6156b382a6973492e/volume-66b72ef9-662c-46a2-9abb-7fcfe188c4f8.info is being set with open permissions: ugo+rw: NotImplementedError
Apr 16 13:27:13 devstack cinder-volume[83606]: DEBUG oslo_concurrency.processutils [None req-4b26bdd4-670b-45cc-b600-572e85bf25f9 tempest-GroupSnapshotsTest-1532467286 None] Running cmd (subprocess): sudo cinder-rootwrap /etc/cinder/rootwrap.conf chmod ugo+rw /opt/stack/data/cinder/mnt/4298d7eaf83952f6156b382a6973492e/volume-66b72ef9-662c-46a2-9abb-7fcfe188c4f8.info {{(pid=83606) execute /opt/stack/data/venv/lib/python3.10/site-packages/oslo_concurrency/processutils.py:440}}
Apr 16 13:27:13 devstack sudo[85335]: quobyte : PWD=/ ; USER=root ; COMMAND=/opt/stack/data/venv/bin/cinder-rootwrap /etc/cinder/rootwrap.conf chmod ugo+rw /opt/stack/data/cinder/mnt/4298d7eaf83952f6156b382a6973492e/volume-66b72ef9-662c-46a2-9abb-7fcfe188c4f8.info
Apr 16 13:27:13 devstack sudo[85335]: pam_unix(sudo:session): session opened for user root(uid=0) by (uid=1000)
Apr 16 13:27:13 devstack sudo[85335]: pam_unix(sudo:session): session closed for user root
Apr 16 13:27:13 devstack cinder-volume[83606]: DEBUG oslo_concurrency.processutils [None req-4b26bdd4-670b-45cc-b600-572e85bf25f9 tempest-GroupSnapshotsTest-1532467286 None] CMD "sudo cinder-rootwrap /etc/cinder/rootwrap.conf chmod ugo+rw /opt/stack/data/cinder/mnt/4298d7eaf83952f6156b382a6973492e/volume-66b72ef9-662c-46a2-9abb-7fcfe188c4f8.info" returned: 0 in 0.499s {{(pid=83606) execute /opt/stack/data/venv/lib/python3.10/site-packages/oslo_concurrency/processutils.py:468}}
Apr 16 13:27:13 devstack cinder-volume[83606]: DEBUG oslo_concurrency.lockutils [None req-4b26bdd4-670b-45cc-b600-572e85bf25f9 tempest-GroupSnapshotsTest-1532467286 None] Lock "quobyte" "released" by "cinder.volume.drivers.quobyte.QuobyteDriver.create_snapshot" :: held 3.272s {{(pid=83606) inner /opt/stack/data/venv/lib/python3.10/site-packages/oslo_concurrency/lockutils.py:538}}
Apr 16 13:27:13 devstack cinder-volume[83606]: DEBUG oslo_concurrency.lockutils [None req-4b26bdd4-670b-45cc-b600-572e85bf25f9 tempest-GroupSnapshotsTest-1532467286 None] Acquiring lock "quobyte" by "cinder.volume.drivers.quobyte.QuobyteDriver.create_snapshot" {{(pid=83606) inner /opt/stack/data/venv/lib/python3.10/site-packages/oslo_concurrency/lockutils.py:506}}
Apr 16 13:27:13 devstack cinder-volume[83606]: DEBUG oslo_concurrency.lockutils [None req-4b26bdd4-670b-45cc-b600-572e85bf25f9 tempest-GroupSnapshotsTest-1532467286 None] Lock "quobyte" acquired by "cinder.volume.drivers.quobyte.QuobyteDriver.create_snapshot" :: waited 0.001s {{(pid=83606) inner /opt/stack/data/venv/lib/python3.10/site-packages/oslo_concurrency/lockutils.py:519}}
Apr 16 13:27:14 devstack cinder-volume[83606]: DEBUG cinder.volume.drivers.remotefs [None req-4b26bdd4-670b-45cc-b600-572e85bf25f9 tempest-GroupSnapshotsTest-1532467286 None] Creating offline snapshot 60e13e74-1785-4a62-8b9a-6233ce8ad35d of volume df93440f-93a5-4426-adca-d09fe5a787c4 {{(pid=83606) _create_snapshot /opt/stack/cinder/cinder/volume/drivers/remotefs.py:1816}}
Apr 16 13:27:14 devstack cinder-volume[83606]: DEBUG oslo.privsep.daemon [-] privsep: reply[c3f5fd42-aa9e-4f54-a739-59bbee3e9cff]: (4, 'qcow2') {{(pid=84391) _call_back /opt/stack/data/venv/lib/python3.10/site-packages/oslo_privsep/daemon.py:573}}
Apr 16 13:27:14 devstack cinder-volume[83606]: DEBUG oslo_concurrency.processutils [None req-4b26bdd4-670b-45cc-b600-572e85bf25f9 tempest-GroupSnapshotsTest-1532467286 None] Running cmd (subprocess): /opt/stack/data/venv/bin/python3.10 -m oslo_concurrency.prlimit --as=1073741824 --cpu=60 -- sudo cinder-rootwrap /etc/cinder/rootwrap.conf env LC_ALL=C qemu-img info -f qcow2 --output=json --force-share /opt/stack/data/cinder/mnt/4298d7eaf83952f6156b382a6973492e/volume-df93440f-93a5-4426-adca-d09fe5a787c4 {{(pid=83606) execute /opt/stack/data/venv/lib/python3.10/site-packages/oslo_concurrency/processutils.py:440}}
Apr 16 13:27:14 devstack sudo[85339]: quobyte : PWD=/ ; USER=root ; COMMAND=/opt/stack/data/venv/bin/cinder-rootwrap /etc/cinder/rootwrap.conf env LC_ALL=C qemu-img info -f qcow2 --output=json --force-share /opt/stack/data/cinder/mnt/4298d7eaf83952f6156b382a6973492e/volume-df93440f-93a5-4426-adca-d09fe5a787c4
Apr 16 13:27:14 devstack sudo[85339]: pam_unix(sudo:session): session opened for user root(uid=0) by (uid=1000)
Apr 16 13:27:14 devstack cinder-volume[83606]: DEBUG cinder.volume.flows.manager.create_volume [req-98a6a237-877c-4917-98ef-ac313eaa3d4c req-74a54538-23d8-489f-8e54-fb4ff02a53a0 tempest-VolumesSnapshotsTestJSON-566728988 None] Volume reschedule parameters: True retry: {'num_attempts': 1, 'backends': ['devstack@QuobyteHD#QuobyteHD'], 'hosts': ['devstack@QuobyteHD#QuobyteHD']} {{(pid=83606) get_flow /opt/stack/cinder/cinder/volume/flows/manager/create_volume.py:1395}}
Apr 16 13:27:14 devstack cinder-volume[83606]: DEBUG cinder.volume.manager [req-98a6a237-877c-4917-98ef-ac313eaa3d4c req-74a54538-23d8-489f-8e54-fb4ff02a53a0 tempest-VolumesSnapshotsTestJSON-566728988 None] Flow 'volume_create_manager' (5cf42130-d2e1-4e3f-a60a-2995be342f32) transitioned into state 'RUNNING' from state 'PENDING' {{(pid=83606) _flow_receiver /opt/stack/data/venv/lib/python3.10/site-packages/taskflow/listeners/logging.py:145}}
Apr 16 13:27:14 devstack cinder-volume[83606]: DEBUG cinder.volume.manager [req-98a6a237-877c-4917-98ef-ac313eaa3d4c req-74a54538-23d8-489f-8e54-fb4ff02a53a0 tempest-VolumesSnapshotsTestJSON-566728988 None] Task 'cinder.volume.flows.manager.create_volume.ExtractVolumeRefTask;volume:create' (ed607f2e-4079-440e-b6c3-b59268d39685) transitioned into state 'RUNNING' from state 'PENDING' {{(pid=83606) _task_receiver /opt/stack/data/venv/lib/python3.10/site-packages/taskflow/listeners/logging.py:194}}
Apr 16 13:27:14 devstack cinder-volume[83606]: DEBUG cinder.volume.manager [req-98a6a237-877c-4917-98ef-ac313eaa3d4c req-74a54538-23d8-489f-8e54-fb4ff02a53a0 tempest-VolumesSnapshotsTestJSON-566728988 None] Task 'cinder.volume.flows.manager.create_volume.ExtractVolumeRefTask;volume:create' (ed607f2e-4079-440e-b6c3-b59268d39685) transitioned into state 'SUCCESS' from state 'RUNNING' with result 'Volume(_name_id=None,admin_metadata=,attach_status='detached',availability_zone='nova',bootable=False,cluster=,cluster_name=None,consistencygroup=,consistencygroup_id=None,created_at=2026-04-16T11:27:14Z,deleted=False,deleted_at=None,display_description=None,display_name='tempest-VolumesSnapshotsTestJSON-volume-1880607051',ec2_id=None,encryption_key_id=None,glance_metadata=,group=,group_id=None,host='devstack@QuobyteHD#QuobyteHD',id=63812327-7a59-4f80-b7bf-604671245b2b,launched_at=None,metadata={},migration_status=None,multiattach=False,previous_status=None,project_id='bc83411cbf5d4caa9741ac1ca643a29b',provider_auth=None,provider_geometry=None,provider_id=None,provider_location=None,replication_driver_data=None,replication_extended_status=None,replication_status=None,scheduled_at=2026-04-16T11:27:14Z,service_uuid=None,shared_targets=True,size=1,snapshot_id=None,snapshots=,source_volid=None,status='creating',terminated_at=None,updated_at=2026-04-16T11:27:14Z,use_quota=True,user_id='df4ae9d406b344bcb84a302da3e214ab',volume_attachment=VolumeAttachmentList,volume_type=VolumeType(41b39c01-0cb7-4d4d-ab2d-0d96ec5d143b),volume_type_id=41b39c01-0cb7-4d4d-ab2d-0d96ec5d143b)' {{(pid=83606) _task_receiver /opt/stack/data/venv/lib/python3.10/site-packages/taskflow/listeners/logging.py:182}}
Apr 16 13:27:14 devstack cinder-volume[83606]: DEBUG cinder.volume.manager [req-98a6a237-877c-4917-98ef-ac313eaa3d4c req-74a54538-23d8-489f-8e54-fb4ff02a53a0 tempest-VolumesSnapshotsTestJSON-566728988 None] Task 'cinder.volume.flows.manager.create_volume.OnFailureRescheduleTask;volume:create' (fe32c7d8-4fc1-4cdf-9551-d2058dfdc58b) transitioned into state 'RUNNING' from state 'PENDING' {{(pid=83606) _task_receiver /opt/stack/data/venv/lib/python3.10/site-packages/taskflow/listeners/logging.py:194}}
Apr 16 13:27:14 devstack cinder-volume[83606]: DEBUG cinder.volume.manager [req-98a6a237-877c-4917-98ef-ac313eaa3d4c req-74a54538-23d8-489f-8e54-fb4ff02a53a0 tempest-VolumesSnapshotsTestJSON-566728988 None] Task 'cinder.volume.flows.manager.create_volume.OnFailureRescheduleTask;volume:create' (fe32c7d8-4fc1-4cdf-9551-d2058dfdc58b) transitioned into state 'SUCCESS' from state 'RUNNING' with result 'None' {{(pid=83606) _task_receiver /opt/stack/data/venv/lib/python3.10/site-packages/taskflow/listeners/logging.py:182}}
Apr 16 13:27:14 devstack cinder-volume[83606]: DEBUG cinder.volume.manager [req-98a6a237-877c-4917-98ef-ac313eaa3d4c req-74a54538-23d8-489f-8e54-fb4ff02a53a0 tempest-VolumesSnapshotsTestJSON-566728988 None] Task 'cinder.volume.flows.manager.create_volume.ExtractVolumeSpecTask;volume:create' (edf446c7-c649-43c8-81f6-d402fbcb44a0) transitioned into state 'RUNNING' from state 'PENDING' {{(pid=83606) _task_receiver /opt/stack/data/venv/lib/python3.10/site-packages/taskflow/listeners/logging.py:194}}
Apr 16 13:27:14 devstack cinder-volume[83606]: DEBUG cinder.volume.manager [req-98a6a237-877c-4917-98ef-ac313eaa3d4c req-74a54538-23d8-489f-8e54-fb4ff02a53a0 tempest-VolumesSnapshotsTestJSON-566728988 None] Task 'cinder.volume.flows.manager.create_volume.ExtractVolumeSpecTask;volume:create' (edf446c7-c649-43c8-81f6-d402fbcb44a0) transitioned into state 'SUCCESS' from state 'RUNNING' with result '{'status': 'creating', 'type': 'raw', 'volume_id': '63812327-7a59-4f80-b7bf-604671245b2b', 'volume_name': 'volume-63812327-7a59-4f80-b7bf-604671245b2b', 'volume_size': 1}' {{(pid=83606) _task_receiver /opt/stack/data/venv/lib/python3.10/site-packages/taskflow/listeners/logging.py:182}}
Apr 16 13:27:14 devstack cinder-volume[83606]: DEBUG cinder.volume.manager [req-98a6a237-877c-4917-98ef-ac313eaa3d4c req-74a54538-23d8-489f-8e54-fb4ff02a53a0 tempest-VolumesSnapshotsTestJSON-566728988 None] Task 'cinder.volume.flows.manager.create_volume.NotifyVolumeActionTask;volume:create, create.start' (f78168c2-587c-419b-ad83-9073c67e4c4c) transitioned into state 'RUNNING' from state 'PENDING' {{(pid=83606) _task_receiver /opt/stack/data/venv/lib/python3.10/site-packages/taskflow/listeners/logging.py:194}}
Apr 16 13:27:14 devstack cinder-volume[83606]: DEBUG cinder.volume.manager [req-98a6a237-877c-4917-98ef-ac313eaa3d4c req-74a54538-23d8-489f-8e54-fb4ff02a53a0 tempest-VolumesSnapshotsTestJSON-566728988 None] Task 'cinder.volume.flows.manager.create_volume.NotifyVolumeActionTask;volume:create, create.start' (f78168c2-587c-419b-ad83-9073c67e4c4c) transitioned into state 'SUCCESS' from state 'RUNNING' with result 'None' {{(pid=83606) _task_receiver /opt/stack/data/venv/lib/python3.10/site-packages/taskflow/listeners/logging.py:182}}
Apr 16 13:27:14 devstack cinder-volume[83606]: DEBUG cinder.volume.manager [req-98a6a237-877c-4917-98ef-ac313eaa3d4c req-74a54538-23d8-489f-8e54-fb4ff02a53a0 tempest-VolumesSnapshotsTestJSON-566728988 None] Task 'cinder.volume.flows.manager.create_volume.CreateVolumeFromSpecTask;volume:create' (ac10bc7d-1147-4c6b-a86c-00db0f08aec5) transitioned into state 'RUNNING' from state 'PENDING' {{(pid=83606) _task_receiver /opt/stack/data/venv/lib/python3.10/site-packages/taskflow/listeners/logging.py:194}}
Apr 16 13:27:14 devstack cinder-volume[83606]: INFO cinder.volume.flows.manager.create_volume [req-98a6a237-877c-4917-98ef-ac313eaa3d4c req-74a54538-23d8-489f-8e54-fb4ff02a53a0 tempest-VolumesSnapshotsTestJSON-566728988 None] Volume 63812327-7a59-4f80-b7bf-604671245b2b: being created as raw with specification: {'status': 'creating', 'volume_name': 'volume-63812327-7a59-4f80-b7bf-604671245b2b', 'volume_size': 1}
Apr 16 13:27:14 devstack cinder-volume[83606]: DEBUG oslo_concurrency.lockutils [req-98a6a237-877c-4917-98ef-ac313eaa3d4c req-74a54538-23d8-489f-8e54-fb4ff02a53a0 tempest-VolumesSnapshotsTestJSON-566728988 None] Acquiring lock "quobyte" by "cinder.volume.drivers.quobyte.QuobyteDriver.create_volume" {{(pid=83606) inner /opt/stack/data/venv/lib/python3.10/site-packages/oslo_concurrency/lockutils.py:506}}
Apr 16 13:27:14 devstack sudo[85339]: pam_unix(sudo:session): session closed for user root
Apr 16 13:27:14 devstack cinder-volume[83606]: DEBUG oslo_concurrency.processutils [None req-4b26bdd4-670b-45cc-b600-572e85bf25f9 tempest-GroupSnapshotsTest-1532467286 None] CMD "/opt/stack/data/venv/bin/python3.10 -m oslo_concurrency.prlimit --as=1073741824 --cpu=60 -- sudo cinder-rootwrap /etc/cinder/rootwrap.conf env LC_ALL=C qemu-img info -f qcow2 --output=json --force-share /opt/stack/data/cinder/mnt/4298d7eaf83952f6156b382a6973492e/volume-df93440f-93a5-4426-adca-d09fe5a787c4" returned: 0 in 0.640s {{(pid=83606) execute /opt/stack/data/venv/lib/python3.10/site-packages/oslo_concurrency/processutils.py:468}}
Apr 16 13:27:14 devstack cinder-volume[83606]: DEBUG oslo_concurrency.processutils [None req-4b26bdd4-670b-45cc-b600-572e85bf25f9 tempest-GroupSnapshotsTest-1532467286 None] Running cmd (subprocess): sudo cinder-rootwrap /etc/cinder/rootwrap.conf qemu-img create -f qcow2 -o backing_file=/opt/stack/data/cinder/mnt/4298d7eaf83952f6156b382a6973492e/volume-df93440f-93a5-4426-adca-d09fe5a787c4,backing_fmt=qcow2 /opt/stack/data/cinder/mnt/4298d7eaf83952f6156b382a6973492e/volume-df93440f-93a5-4426-adca-d09fe5a787c4.60e13e74-1785-4a62-8b9a-6233ce8ad35d 1G {{(pid=83606) execute /opt/stack/data/venv/lib/python3.10/site-packages/oslo_concurrency/processutils.py:440}}
Apr 16 13:27:14 devstack sudo[85344]: quobyte : PWD=/ ; USER=root ; COMMAND=/opt/stack/data/venv/bin/cinder-rootwrap /etc/cinder/rootwrap.conf qemu-img create -f qcow2 -o backing_file=/opt/stack/data/cinder/mnt/4298d7eaf83952f6156b382a6973492e/volume-df93440f-93a5-4426-adca-d09fe5a787c4,backing_fmt=qcow2 /opt/stack/data/cinder/mnt/4298d7eaf83952f6156b382a6973492e/volume-df93440f-93a5-4426-adca-d09fe5a787c4.60e13e74-1785-4a62-8b9a-6233ce8ad35d 1G
Apr 16 13:27:14 devstack sudo[85344]: pam_unix(sudo:session): session opened for user root(uid=0) by (uid=1000)
Apr 16 13:27:15 devstack sudo[85344]: pam_unix(sudo:session): session closed for user root
Apr 16 13:27:15 devstack cinder-volume[83606]: DEBUG oslo_concurrency.processutils [None req-4b26bdd4-670b-45cc-b600-572e85bf25f9 tempest-GroupSnapshotsTest-1532467286 None] CMD "sudo cinder-rootwrap /etc/cinder/rootwrap.conf qemu-img create -f qcow2 -o backing_file=/opt/stack/data/cinder/mnt/4298d7eaf83952f6156b382a6973492e/volume-df93440f-93a5-4426-adca-d09fe5a787c4,backing_fmt=qcow2 /opt/stack/data/cinder/mnt/4298d7eaf83952f6156b382a6973492e/volume-df93440f-93a5-4426-adca-d09fe5a787c4.60e13e74-1785-4a62-8b9a-6233ce8ad35d 1G" returned: 0 in 0.590s {{(pid=83606) execute /opt/stack/data/venv/lib/python3.10/site-packages/oslo_concurrency/processutils.py:468}}
Apr 16 13:27:15 devstack cinder-volume[83606]: DEBUG oslo_concurrency.processutils [None req-4b26bdd4-670b-45cc-b600-572e85bf25f9 tempest-GroupSnapshotsTest-1532467286 None] Running cmd (subprocess): sudo cinder-rootwrap /etc/cinder/rootwrap.conf qemu-img rebase -u -b volume-df93440f-93a5-4426-adca-d09fe5a787c4 -F qcow2 /opt/stack/data/cinder/mnt/4298d7eaf83952f6156b382a6973492e/volume-df93440f-93a5-4426-adca-d09fe5a787c4.60e13e74-1785-4a62-8b9a-6233ce8ad35d {{(pid=83606) execute /opt/stack/data/venv/lib/python3.10/site-packages/oslo_concurrency/processutils.py:440}}
Apr 16 13:27:15 devstack sudo[85349]: quobyte : PWD=/ ; USER=root ; COMMAND=/opt/stack/data/venv/bin/cinder-rootwrap /etc/cinder/rootwrap.conf qemu-img rebase -u -b volume-df93440f-93a5-4426-adca-d09fe5a787c4 -F qcow2 /opt/stack/data/cinder/mnt/4298d7eaf83952f6156b382a6973492e/volume-df93440f-93a5-4426-adca-d09fe5a787c4.60e13e74-1785-4a62-8b9a-6233ce8ad35d
Apr 16 13:27:15 devstack sudo[85349]: pam_unix(sudo:session): session opened for user root(uid=0) by (uid=1000)
Apr 16 13:27:15 devstack sudo[85349]: pam_unix(sudo:session): session closed for user root
Apr 16 13:27:15 devstack cinder-volume[83606]: DEBUG oslo_concurrency.processutils [None req-4b26bdd4-670b-45cc-b600-572e85bf25f9 tempest-GroupSnapshotsTest-1532467286 None] CMD "sudo cinder-rootwrap /etc/cinder/rootwrap.conf qemu-img rebase -u -b volume-df93440f-93a5-4426-adca-d09fe5a787c4 -F qcow2 /opt/stack/data/cinder/mnt/4298d7eaf83952f6156b382a6973492e/volume-df93440f-93a5-4426-adca-d09fe5a787c4.60e13e74-1785-4a62-8b9a-6233ce8ad35d" returned: 0 in 0.569s {{(pid=83606) execute /opt/stack/data/venv/lib/python3.10/site-packages/oslo_concurrency/processutils.py:468}}
Apr 16 13:27:15 devstack cinder-volume[83606]: WARNING cinder.volume.drivers.remotefs [None req-4b26bdd4-670b-45cc-b600-572e85bf25f9 tempest-GroupSnapshotsTest-1532467286 None] /opt/stack/data/cinder/mnt/4298d7eaf83952f6156b382a6973492e/volume-df93440f-93a5-4426-adca-d09fe5a787c4.60e13e74-1785-4a62-8b9a-6233ce8ad35d is being set with open permissions: ugo+rw: NotImplementedError
Apr 16 13:27:15 devstack cinder-volume[83606]: DEBUG oslo_concurrency.processutils [None req-4b26bdd4-670b-45cc-b600-572e85bf25f9 tempest-GroupSnapshotsTest-1532467286 None] Running cmd (subprocess): sudo cinder-rootwrap /etc/cinder/rootwrap.conf chmod ugo+rw /opt/stack/data/cinder/mnt/4298d7eaf83952f6156b382a6973492e/volume-df93440f-93a5-4426-adca-d09fe5a787c4.60e13e74-1785-4a62-8b9a-6233ce8ad35d {{(pid=83606) execute /opt/stack/data/venv/lib/python3.10/site-packages/oslo_concurrency/processutils.py:440}}
Apr 16 13:27:15 devstack sudo[85354]: quobyte : PWD=/ ; USER=root ; COMMAND=/opt/stack/data/venv/bin/cinder-rootwrap /etc/cinder/rootwrap.conf chmod ugo+rw /opt/stack/data/cinder/mnt/4298d7eaf83952f6156b382a6973492e/volume-df93440f-93a5-4426-adca-d09fe5a787c4.60e13e74-1785-4a62-8b9a-6233ce8ad35d
Apr 16 13:27:15 devstack sudo[85354]: pam_unix(sudo:session): session opened for user root(uid=0) by (uid=1000)
Apr 16 13:27:16 devstack sudo[85354]: pam_unix(sudo:session): session closed for user root
Apr 16 13:27:16 devstack cinder-volume[83606]: DEBUG oslo_concurrency.processutils [None req-4b26bdd4-670b-45cc-b600-572e85bf25f9 tempest-GroupSnapshotsTest-1532467286 None] CMD "sudo cinder-rootwrap /etc/cinder/rootwrap.conf chmod ugo+rw /opt/stack/data/cinder/mnt/4298d7eaf83952f6156b382a6973492e/volume-df93440f-93a5-4426-adca-d09fe5a787c4.60e13e74-1785-4a62-8b9a-6233ce8ad35d" returned: 0 in 0.622s {{(pid=83606) execute /opt/stack/data/venv/lib/python3.10/site-packages/oslo_concurrency/processutils.py:468}}
Apr 16 13:27:16 devstack cinder-volume[83606]: DEBUG dbcounter [-] [83606] Writing DB stats cinder:SELECT=117,cinder:UPDATE=131,cinder:INSERT=35,cinder:DELETE=7 {{(pid=83606) stat_writer /opt/stack/data/venv/lib/python3.10/site-packages/dbcounter.py:115}}
Apr 16 13:27:16 devstack cinder-volume[83606]: DEBUG oslo_concurrency.processutils [None req-4b26bdd4-670b-45cc-b600-572e85bf25f9 tempest-GroupSnapshotsTest-1532467286 None] Running cmd (subprocess): sudo cinder-rootwrap /etc/cinder/rootwrap.conf truncate -s0 /opt/stack/data/cinder/mnt/4298d7eaf83952f6156b382a6973492e/volume-df93440f-93a5-4426-adca-d09fe5a787c4.info {{(pid=83606) execute /opt/stack/data/venv/lib/python3.10/site-packages/oslo_concurrency/processutils.py:440}}
Apr 16 13:27:16 devstack sudo[85358]: quobyte : PWD=/ ; USER=root ; COMMAND=/opt/stack/data/venv/bin/cinder-rootwrap /etc/cinder/rootwrap.conf truncate -s0 /opt/stack/data/cinder/mnt/4298d7eaf83952f6156b382a6973492e/volume-df93440f-93a5-4426-adca-d09fe5a787c4.info
Apr 16 13:27:16 devstack sudo[85358]: pam_unix(sudo:session): session opened for user root(uid=0) by (uid=1000)
Apr 16 13:27:16 devstack sudo[85358]: pam_unix(sudo:session): session closed for user root
Apr 16 13:27:16 devstack cinder-volume[83606]: DEBUG oslo_concurrency.processutils [None req-4b26bdd4-670b-45cc-b600-572e85bf25f9 tempest-GroupSnapshotsTest-1532467286 None] CMD "sudo cinder-rootwrap /etc/cinder/rootwrap.conf truncate -s0 /opt/stack/data/cinder/mnt/4298d7eaf83952f6156b382a6973492e/volume-df93440f-93a5-4426-adca-d09fe5a787c4.info" returned: 0 in 0.514s {{(pid=83606) execute /opt/stack/data/venv/lib/python3.10/site-packages/oslo_concurrency/processutils.py:468}}
Apr 16 13:27:16 devstack cinder-volume[83606]: WARNING cinder.volume.drivers.remotefs [None req-4b26bdd4-670b-45cc-b600-572e85bf25f9 tempest-GroupSnapshotsTest-1532467286 None] /opt/stack/data/cinder/mnt/4298d7eaf83952f6156b382a6973492e/volume-df93440f-93a5-4426-adca-d09fe5a787c4.info is being set with open permissions: ugo+rw: NotImplementedError
Apr 16 13:27:16 devstack cinder-volume[83606]: DEBUG oslo_concurrency.processutils [None req-4b26bdd4-670b-45cc-b600-572e85bf25f9 tempest-GroupSnapshotsTest-1532467286 None] Running cmd (subprocess): sudo cinder-rootwrap /etc/cinder/rootwrap.conf chmod ugo+rw /opt/stack/data/cinder/mnt/4298d7eaf83952f6156b382a6973492e/volume-df93440f-93a5-4426-adca-d09fe5a787c4.info {{(pid=83606) execute /opt/stack/data/venv/lib/python3.10/site-packages/oslo_concurrency/processutils.py:440}}
Apr 16 13:27:16 devstack sudo[85371]: quobyte : PWD=/ ; USER=root ; COMMAND=/opt/stack/data/venv/bin/cinder-rootwrap /etc/cinder/rootwrap.conf chmod ugo+rw /opt/stack/data/cinder/mnt/4298d7eaf83952f6156b382a6973492e/volume-df93440f-93a5-4426-adca-d09fe5a787c4.info
Apr 16 13:27:17 devstack sudo[85371]: pam_unix(sudo:session): session opened for user root(uid=0) by (uid=1000)
Apr 16 13:27:17 devstack sudo[85371]: pam_unix(sudo:session): session closed for user root
Apr 16 13:27:17 devstack cinder-volume[83606]: DEBUG oslo_concurrency.processutils [None req-4b26bdd4-670b-45cc-b600-572e85bf25f9 tempest-GroupSnapshotsTest-1532467286 None] CMD "sudo cinder-rootwrap /etc/cinder/rootwrap.conf chmod ugo+rw /opt/stack/data/cinder/mnt/4298d7eaf83952f6156b382a6973492e/volume-df93440f-93a5-4426-adca-d09fe5a787c4.info" returned: 0 in 0.509s {{(pid=83606) execute /opt/stack/data/venv/lib/python3.10/site-packages/oslo_concurrency/processutils.py:468}}
Apr 16 13:27:17 devstack cinder-volume[83606]: DEBUG oslo_concurrency.lockutils [None req-4b26bdd4-670b-45cc-b600-572e85bf25f9 tempest-GroupSnapshotsTest-1532467286 None] Lock "quobyte" "released" by "cinder.volume.drivers.quobyte.QuobyteDriver.create_snapshot" :: held 3.509s {{(pid=83606) inner /opt/stack/data/venv/lib/python3.10/site-packages/oslo_concurrency/lockutils.py:538}}
Apr 16 13:27:17 devstack cinder-volume[83606]: DEBUG oslo_concurrency.lockutils [req-98a6a237-877c-4917-98ef-ac313eaa3d4c req-74a54538-23d8-489f-8e54-fb4ff02a53a0 tempest-VolumesSnapshotsTestJSON-566728988 None] Lock "quobyte" acquired by "cinder.volume.drivers.quobyte.QuobyteDriver.create_volume" :: waited 3.061s {{(pid=83606) inner /opt/stack/data/venv/lib/python3.10/site-packages/oslo_concurrency/lockutils.py:519}}
Apr 16 13:27:17 devstack cinder-volume[83606]: DEBUG cinder.volume.drivers.quobyte [req-98a6a237-877c-4917-98ef-ac313eaa3d4c req-74a54538-23d8-489f-8e54-fb4ff02a53a0 tempest-VolumesSnapshotsTestJSON-566728988 None] ==> create_volume: call "{'self': , 'volume': Volume(_name_id=None,admin_metadata=,attach_status='detached',availability_zone='nova',bootable=False,cluster=,cluster_name=None,consistencygroup=,consistencygroup_id=None,created_at=2026-04-16T11:27:14Z,deleted=False,deleted_at=None,display_description=None,display_name='tempest-VolumesSnapshotsTestJSON-volume-1880607051',ec2_id=None,encryption_key_id=None,glance_metadata=,group=,group_id=None,host='devstack@QuobyteHD#QuobyteHD',id=63812327-7a59-4f80-b7bf-604671245b2b,launched_at=None,metadata={},migration_status=None,multiattach=False,previous_status=None,project_id='bc83411cbf5d4caa9741ac1ca643a29b',provider_auth=None,provider_geometry=None,provider_id=None,provider_location=None,replication_driver_data=None,replication_extended_status=None,replication_status=None,scheduled_at=2026-04-16T11:27:14Z,service_uuid=None,shared_targets=True,size=1,snapshot_id=None,snapshots=,source_volid=None,status='creating',terminated_at=None,updated_at=2026-04-16T11:27:14Z,use_quota=True,user_id='df4ae9d406b344bcb84a302da3e214ab',volume_attachment=VolumeAttachmentList,volume_type=VolumeType(41b39c01-0cb7-4d4d-ab2d-0d96ec5d143b),volume_type_id=41b39c01-0cb7-4d4d-ab2d-0d96ec5d143b)}" {{(pid=83606) trace_logging_wrapper /opt/stack/cinder/cinder/volume/volume_utils.py:1498}}
Apr 16 13:27:17 devstack cinder-volume[83606]: DEBUG cinder.volume.drivers.remotefs [req-98a6a237-877c-4917-98ef-ac313eaa3d4c req-74a54538-23d8-489f-8e54-fb4ff02a53a0 tempest-VolumesSnapshotsTestJSON-566728988 None] Creating volume 63812327-7a59-4f80-b7bf-604671245b2b {{(pid=83606) create_volume /opt/stack/cinder/cinder/volume/drivers/remotefs.py:292}}
Apr 16 13:27:17 devstack cinder-volume[83606]: DEBUG oslo_concurrency.lockutils [req-98a6a237-877c-4917-98ef-ac313eaa3d4c req-74a54538-23d8-489f-8e54-fb4ff02a53a0 tempest-VolumesSnapshotsTestJSON-566728988 None] Acquiring lock "quobyte_ensure" by "cinder.volume.drivers.quobyte.QuobyteDriver._ensure_shares_mounted" {{(pid=83606) inner /opt/stack/data/venv/lib/python3.10/site-packages/oslo_concurrency/lockutils.py:506}}
Apr 16 13:27:17 devstack cinder-volume[83606]: DEBUG oslo_concurrency.lockutils [req-98a6a237-877c-4917-98ef-ac313eaa3d4c req-74a54538-23d8-489f-8e54-fb4ff02a53a0 tempest-VolumesSnapshotsTestJSON-566728988 None] Lock "quobyte_ensure" acquired by "cinder.volume.drivers.quobyte.QuobyteDriver._ensure_shares_mounted" :: waited 0.000s {{(pid=83606) inner /opt/stack/data/venv/lib/python3.10/site-packages/oslo_concurrency/lockutils.py:519}}
Apr 16 13:27:17 devstack cinder-volume[83606]: DEBUG cinder.volume.drivers.quobyte [req-98a6a237-877c-4917-98ef-ac313eaa3d4c req-74a54538-23d8-489f-8e54-fb4ff02a53a0 tempest-VolumesSnapshotsTestJSON-566728988 None] Quobyte Volume URL set to: {'osci02.corp.quobyte.com/cinder-vol-c02f8dd9-9041-4c43-ac56-a01995982912': None} {{(pid=83606) _load_shares_config /opt/stack/cinder/cinder/volume/drivers/quobyte.py:617}}
Apr 16 13:27:17 devstack cinder-volume[83606]: DEBUG cinder.volume.drivers.quobyte [req-98a6a237-877c-4917-98ef-ac313eaa3d4c req-74a54538-23d8-489f-8e54-fb4ff02a53a0 tempest-VolumesSnapshotsTestJSON-566728988 None] Available shares ['osci02.corp.quobyte.com/cinder-vol-c02f8dd9-9041-4c43-ac56-a01995982912'] {{(pid=83606) _ensure_shares_mounted /opt/stack/cinder/cinder/volume/drivers/quobyte.py:647}}
Apr 16 13:27:17 devstack cinder-volume[83606]: DEBUG oslo_concurrency.lockutils [req-98a6a237-877c-4917-98ef-ac313eaa3d4c req-74a54538-23d8-489f-8e54-fb4ff02a53a0 tempest-VolumesSnapshotsTestJSON-566728988 None] Lock "quobyte_ensure" "released" by "cinder.volume.drivers.quobyte.QuobyteDriver._ensure_shares_mounted" :: held 0.004s {{(pid=83606) inner /opt/stack/data/venv/lib/python3.10/site-packages/oslo_concurrency/lockutils.py:538}}
Apr 16 13:27:17 devstack cinder-volume[83606]: DEBUG cinder.volume.drivers.quobyte [req-98a6a237-877c-4917-98ef-ac313eaa3d4c req-74a54538-23d8-489f-8e54-fb4ff02a53a0 tempest-VolumesSnapshotsTestJSON-566728988 None] Selected osci02.corp.quobyte.com/cinder-vol-c02f8dd9-9041-4c43-ac56-a01995982912 as target Quobyte volume. {{(pid=83606) _find_share /opt/stack/cinder/cinder/volume/drivers/quobyte.py:668}}
Apr 16 13:27:17 devstack cinder-volume[83606]: INFO cinder.volume.drivers.remotefs [req-98a6a237-877c-4917-98ef-ac313eaa3d4c req-74a54538-23d8-489f-8e54-fb4ff02a53a0 tempest-VolumesSnapshotsTestJSON-566728988 None] casted to osci02.corp.quobyte.com/cinder-vol-c02f8dd9-9041-4c43-ac56-a01995982912
Apr 16 13:27:17 devstack cinder-volume[83606]: DEBUG oslo_concurrency.processutils [req-98a6a237-877c-4917-98ef-ac313eaa3d4c req-74a54538-23d8-489f-8e54-fb4ff02a53a0 tempest-VolumesSnapshotsTestJSON-566728988 None] Running cmd (subprocess): sudo cinder-rootwrap /etc/cinder/rootwrap.conf qemu-img create -f qcow2 -o preallocation=metadata /opt/stack/data/cinder/mnt/4298d7eaf83952f6156b382a6973492e/volume-63812327-7a59-4f80-b7bf-604671245b2b 1073741824 {{(pid=83606) execute /opt/stack/data/venv/lib/python3.10/site-packages/oslo_concurrency/processutils.py:440}}
Apr 16 13:27:17 devstack cinder-volume[83606]: DEBUG dbcounter [-] [83606] Writing DB stats cinder:SELECT=111,cinder:UPDATE=121,cinder:DELETE=10,cinder:INSERT=20 {{(pid=83606) stat_writer /opt/stack/data/venv/lib/python3.10/site-packages/dbcounter.py:115}}
Apr 16 13:27:17 devstack sudo[85379]: quobyte : PWD=/ ; USER=root ; COMMAND=/opt/stack/data/venv/bin/cinder-rootwrap /etc/cinder/rootwrap.conf qemu-img create -f qcow2 -o preallocation=metadata /opt/stack/data/cinder/mnt/4298d7eaf83952f6156b382a6973492e/volume-63812327-7a59-4f80-b7bf-604671245b2b 1073741824
Apr 16 13:27:17 devstack sudo[85379]: pam_unix(sudo:session): session opened for user root(uid=0) by (uid=1000)
Apr 16 13:27:17 devstack cinder-volume[83606]: INFO cinder.volume.manager [None req-4b26bdd4-670b-45cc-b600-572e85bf25f9 tempest-GroupSnapshotsTest-1532467286 None] group_snapshot 1a46dbdc-bdbd-4244-81bf-0743224c32fc: created successfully
Apr 16 13:27:18 devstack cinder-volume[83606]: INFO cinder.volume.manager [None req-c2a1e2eb-497d-4539-abc9-3a37c8b3c4ea tempest-GroupSnapshotsTest-1532467286 None] group_snapshot 1a46dbdc-bdbd-4244-81bf-0743224c32fc: deleting
Apr 16 13:27:18 devstack cinder-volume[83606]: DEBUG cinder.volume.manager [None req-c2a1e2eb-497d-4539-abc9-3a37c8b3c4ea tempest-GroupSnapshotsTest-1532467286 None] group_snapshot 1a46dbdc-bdbd-4244-81bf-0743224c32fc: deleting {{(pid=83606) delete_group_snapshot /opt/stack/cinder/cinder/volume/manager.py:4350}}
Apr 16 13:27:18 devstack cinder-volume[83606]: DEBUG cinder.coordination [None req-c2a1e2eb-497d-4539-abc9-3a37c8b3c4ea tempest-GroupSnapshotsTest-1532467286 None] Acquiring lock "cinder-quobyte-66b72ef9-662c-46a2-9abb-7fcfe188c4f8" by "delete_snapshot" {{(pid=83606) __acquire /opt/stack/cinder/cinder/coordination.py:138}}
Apr 16 13:27:18 devstack cinder-volume[83606]: DEBUG cinder.coordination [None req-c2a1e2eb-497d-4539-abc9-3a37c8b3c4ea tempest-GroupSnapshotsTest-1532467286 None] Lock "cinder-quobyte-66b72ef9-662c-46a2-9abb-7fcfe188c4f8" acquired by "delete_snapshot" :: waited 0.017s {{(pid=83606) __acquire /opt/stack/cinder/cinder/coordination.py:141}}
Apr 16 13:27:18 devstack cinder-volume[83606]: DEBUG cinder.coordination [None req-c2a1e2eb-497d-4539-abc9-3a37c8b3c4ea tempest-GroupSnapshotsTest-1532467286 None] Acquiring lock "cinder-quobyte-10bb6937-61fe-4214-87e0-91d7ff0f6fa0" by "_delete_snapshot" {{(pid=83606) __acquire /opt/stack/cinder/cinder/coordination.py:138}}
Apr 16 13:27:18 devstack cinder-volume[83606]: DEBUG cinder.coordination [None req-c2a1e2eb-497d-4539-abc9-3a37c8b3c4ea tempest-GroupSnapshotsTest-1532467286 None] Lock "cinder-quobyte-10bb6937-61fe-4214-87e0-91d7ff0f6fa0" acquired by "_delete_snapshot" :: waited 0.011s {{(pid=83606) __acquire /opt/stack/cinder/cinder/coordination.py:141}}
Apr 16 13:27:18 devstack cinder-volume[83606]: DEBUG cinder.volume.drivers.remotefs [None req-c2a1e2eb-497d-4539-abc9-3a37c8b3c4ea tempest-GroupSnapshotsTest-1532467286 None] Deleting offline snapshot 10bb6937-61fe-4214-87e0-91d7ff0f6fa0 of volume 66b72ef9-662c-46a2-9abb-7fcfe188c4f8 {{(pid=83606) _delete_snapshot /opt/stack/cinder/cinder/volume/drivers/remotefs.py:1288}}
Apr 16 13:27:18 devstack cinder-volume[83606]: DEBUG cinder.volume.drivers.remotefs [None req-c2a1e2eb-497d-4539-abc9-3a37c8b3c4ea tempest-GroupSnapshotsTest-1532467286 None] snapshot_file for this snap is: volume-66b72ef9-662c-46a2-9abb-7fcfe188c4f8.10bb6937-61fe-4214-87e0-91d7ff0f6fa0 {{(pid=83606) _delete_snapshot /opt/stack/cinder/cinder/volume/drivers/remotefs.py:1317}}
Apr 16 13:27:18 devstack cinder-volume[83606]: DEBUG oslo.privsep.daemon [-] privsep: reply[443f52a7-acfb-48ee-8806-e3f2515c8659]: (4, 'qcow2') {{(pid=84391) _call_back /opt/stack/data/venv/lib/python3.10/site-packages/oslo_privsep/daemon.py:573}}
Apr 16 13:27:18 devstack cinder-volume[83606]: DEBUG oslo_concurrency.processutils [None req-c2a1e2eb-497d-4539-abc9-3a37c8b3c4ea tempest-GroupSnapshotsTest-1532467286 None] Running cmd (subprocess): /opt/stack/data/venv/bin/python3.10 -m oslo_concurrency.prlimit --as=1073741824 --cpu=60 -- sudo cinder-rootwrap /etc/cinder/rootwrap.conf env LC_ALL=C qemu-img info -f qcow2 --output=json --force-share /opt/stack/data/cinder/mnt/4298d7eaf83952f6156b382a6973492e/volume-66b72ef9-662c-46a2-9abb-7fcfe188c4f8.10bb6937-61fe-4214-87e0-91d7ff0f6fa0 {{(pid=83606) execute /opt/stack/data/venv/lib/python3.10/site-packages/oslo_concurrency/processutils.py:440}}
Apr 16 13:27:18 devstack sudo[85379]: pam_unix(sudo:session): session closed for user root
Apr 16 13:27:18 devstack cinder-volume[83606]: DEBUG oslo_concurrency.processutils [req-98a6a237-877c-4917-98ef-ac313eaa3d4c req-74a54538-23d8-489f-8e54-fb4ff02a53a0 tempest-VolumesSnapshotsTestJSON-566728988 None] CMD "sudo cinder-rootwrap /etc/cinder/rootwrap.conf qemu-img create -f qcow2 -o preallocation=metadata /opt/stack/data/cinder/mnt/4298d7eaf83952f6156b382a6973492e/volume-63812327-7a59-4f80-b7bf-604671245b2b 1073741824" returned: 0 in 0.745s {{(pid=83606) execute /opt/stack/data/venv/lib/python3.10/site-packages/oslo_concurrency/processutils.py:468}}
Apr 16 13:27:18 devstack cinder-volume[83606]: DEBUG oslo_concurrency.processutils [req-98a6a237-877c-4917-98ef-ac313eaa3d4c req-74a54538-23d8-489f-8e54-fb4ff02a53a0 tempest-VolumesSnapshotsTestJSON-566728988 None] Running cmd (subprocess): sudo cinder-rootwrap /etc/cinder/rootwrap.conf chmod ugo+rw /opt/stack/data/cinder/mnt/4298d7eaf83952f6156b382a6973492e/volume-63812327-7a59-4f80-b7bf-604671245b2b {{(pid=83606) execute /opt/stack/data/venv/lib/python3.10/site-packages/oslo_concurrency/processutils.py:440}}
Apr 16 13:27:18 devstack sudo[85385]: quobyte : PWD=/ ; USER=root ; COMMAND=/opt/stack/data/venv/bin/cinder-rootwrap /etc/cinder/rootwrap.conf chmod ugo+rw /opt/stack/data/cinder/mnt/4298d7eaf83952f6156b382a6973492e/volume-63812327-7a59-4f80-b7bf-604671245b2b
Apr 16 13:27:18 devstack sudo[85385]: pam_unix(sudo:session): session opened for user root(uid=0) by (uid=1000)
Apr 16 13:27:18 devstack sudo[85384]: quobyte : PWD=/ ; USER=root ; COMMAND=/opt/stack/data/venv/bin/cinder-rootwrap /etc/cinder/rootwrap.conf env LC_ALL=C qemu-img info -f qcow2 --output=json --force-share /opt/stack/data/cinder/mnt/4298d7eaf83952f6156b382a6973492e/volume-66b72ef9-662c-46a2-9abb-7fcfe188c4f8.10bb6937-61fe-4214-87e0-91d7ff0f6fa0
Apr 16 13:27:18 devstack sudo[85384]: pam_unix(sudo:session): session opened for user root(uid=0) by (uid=1000)
Apr 16 13:27:18 devstack sudo[85385]: pam_unix(sudo:session): session closed for user root
Apr 16 13:27:18 devstack cinder-volume[83606]: DEBUG oslo_concurrency.processutils [req-98a6a237-877c-4917-98ef-ac313eaa3d4c req-74a54538-23d8-489f-8e54-fb4ff02a53a0 tempest-VolumesSnapshotsTestJSON-566728988 None] CMD "sudo cinder-rootwrap /etc/cinder/rootwrap.conf chmod ugo+rw /opt/stack/data/cinder/mnt/4298d7eaf83952f6156b382a6973492e/volume-63812327-7a59-4f80-b7bf-604671245b2b" returned: 0 in 0.564s {{(pid=83606) execute /opt/stack/data/venv/lib/python3.10/site-packages/oslo_concurrency/processutils.py:468}}
Apr 16 13:27:18 devstack cinder-volume[83606]: DEBUG cinder.volume.drivers.quobyte [req-98a6a237-877c-4917-98ef-ac313eaa3d4c req-74a54538-23d8-489f-8e54-fb4ff02a53a0 tempest-VolumesSnapshotsTestJSON-566728988 None] <== create_volume: return (1336ms) {'provider_location': 'osci02.corp.quobyte.com/cinder-vol-c02f8dd9-9041-4c43-ac56-a01995982912'} {{(pid=83606) trace_logging_wrapper /opt/stack/cinder/cinder/volume/volume_utils.py:1523}}
Apr 16 13:27:18 devstack cinder-volume[83606]: DEBUG oslo_concurrency.lockutils [req-98a6a237-877c-4917-98ef-ac313eaa3d4c req-74a54538-23d8-489f-8e54-fb4ff02a53a0 tempest-VolumesSnapshotsTestJSON-566728988 None] Lock "quobyte" "released" by "cinder.volume.drivers.quobyte.QuobyteDriver.create_volume" :: held 1.339s {{(pid=83606) inner /opt/stack/data/venv/lib/python3.10/site-packages/oslo_concurrency/lockutils.py:538}}
Apr 16 13:27:18 devstack cinder-volume[83606]: DEBUG cinder.volume.manager [req-98a6a237-877c-4917-98ef-ac313eaa3d4c req-74a54538-23d8-489f-8e54-fb4ff02a53a0 tempest-VolumesSnapshotsTestJSON-566728988 None] Task 'cinder.volume.flows.manager.create_volume.CreateVolumeFromSpecTask;volume:create' (ac10bc7d-1147-4c6b-a86c-00db0f08aec5) transitioned into state 'SUCCESS' from state 'RUNNING' with result '{'status': 'creating', 'volume_name': 'volume-63812327-7a59-4f80-b7bf-604671245b2b', 'volume_size': 1}' {{(pid=83606) _task_receiver /opt/stack/data/venv/lib/python3.10/site-packages/taskflow/listeners/logging.py:182}}
