Aug 09 11:19:09 devstack devstack@c-api.service[89411]: INFO cinder.api.openstack.wsgi [None req-acd2b1c7-2ad5-44cb-9c5c-9091e5cc70cc tempest-ServersNegativeTestJSON-278762084 tempest-ServersNegativeTestJSON-278762084-project-member] GET http://192.168.122.209/volume/v3/volumes/1a9677c5-37b0-472f-a5bb-a009730c43f8
Aug 09 11:19:09 devstack devstack@c-api.service[89411]: DEBUG cinder.api.openstack.wsgi [None req-acd2b1c7-2ad5-44cb-9c5c-9091e5cc70cc tempest-ServersNegativeTestJSON-278762084 tempest-ServersNegativeTestJSON-278762084-project-member] Empty body provided in request {{(pid=89411) get_body /opt/stack/cinder/cinder/api/openstack/wsgi.py:725}}
Aug 09 11:19:09 devstack devstack@c-api.service[89411]: DEBUG cinder.api.openstack.wsgi [None req-acd2b1c7-2ad5-44cb-9c5c-9091e5cc70cc tempest-ServersNegativeTestJSON-278762084 tempest-ServersNegativeTestJSON-278762084-project-member] Calling method 'show' {{(pid=89411) _process_stack /opt/stack/cinder/cinder/api/openstack/wsgi.py:878}}
Aug 09 11:19:09 devstack devstack@c-api.service[89411]: /opt/stack/data/venv/lib/python3.12/site-packages/oslo_context/context.py:102: DeprecationWarning: Policy enforcement is depending on the value of is_admin. This key is deprecated. Please update your policy file to use the standard policy values.
Aug 09 11:19:09 devstack devstack@c-api.service[89411]: warnings.warn(
Aug 09 11:19:09 devstack devstack@c-api.service[89411]: INFO cinder.volume.api [None req-acd2b1c7-2ad5-44cb-9c5c-9091e5cc70cc tempest-ServersNegativeTestJSON-278762084 tempest-ServersNegativeTestJSON-278762084-project-member] Volume info retrieved successfully.
Aug 09 11:19:09 devstack devstack@c-api.service[89411]: INFO cinder.api.openstack.wsgi [None req-acd2b1c7-2ad5-44cb-9c5c-9091e5cc70cc tempest-ServersNegativeTestJSON-278762084 tempest-ServersNegativeTestJSON-278762084-project-member] http://192.168.122.209/volume/v3/volumes/1a9677c5-37b0-472f-a5bb-a009730c43f8 returned with HTTP 200
Aug 09 11:19:09 devstack devstack@c-api.service[89411]: [pid: 89411|app: 0|req: 36/71] 192.168.122.209 () {58 vars in 1232 bytes} [Sun Aug 9 11:19:09 2026] GET /volume/v3/volumes/1a9677c5-37b0-472f-a5bb-a009730c43f8 => generated 855 bytes in 163 msecs (HTTP/1.1 200) 7 headers in 285 bytes (1 switches on core 0)
Aug 09 11:19:10 devstack devstack@c-api.service[89410]: DEBUG cinder.api.middleware.request_id [None req-05a48444-8645-4b7b-9441-949214a57536 None None] RequestId filter calling following filter/app {{(pid=89410) _context_setter /opt/stack/cinder/cinder/api/middleware/request_id.py:62}}
Aug 09 11:19:10 devstack devstack@c-api.service[89410]: INFO cinder.api.openstack.wsgi [None req-05a48444-8645-4b7b-9441-949214a57536 tempest-ServersNegativeTestJSON-278762084 tempest-ServersNegativeTestJSON-278762084-project-member] GET http://192.168.122.209/volume/v3/volumes/1a9677c5-37b0-472f-a5bb-a009730c43f8
Aug 09 11:19:10 devstack devstack@c-api.service[89410]: DEBUG cinder.api.openstack.wsgi [None req-05a48444-8645-4b7b-9441-949214a57536 tempest-ServersNegativeTestJSON-278762084 tempest-ServersNegativeTestJSON-278762084-project-member] Empty body provided in request {{(pid=89410) get_body /opt/stack/cinder/cinder/api/openstack/wsgi.py:725}}
Aug 09 11:19:10 devstack devstack@c-api.service[89410]: DEBUG cinder.api.openstack.wsgi [None req-05a48444-8645-4b7b-9441-949214a57536 tempest-ServersNegativeTestJSON-278762084 tempest-ServersNegativeTestJSON-278762084-project-member] Calling method 'show' {{(pid=89410) _process_stack /opt/stack/cinder/cinder/api/openstack/wsgi.py:878}}
Aug 09 11:19:10 devstack devstack@c-api.service[89410]: /opt/stack/data/venv/lib/python3.12/site-packages/oslo_context/context.py:102: DeprecationWarning: Policy enforcement is depending on the value of is_admin. This key is deprecated. Please update your policy file to use the standard policy values.
Aug 09 11:19:10 devstack devstack@c-api.service[89410]: warnings.warn(
Aug 09 11:19:10 devstack devstack@c-api.service[89410]: INFO cinder.volume.api [None req-05a48444-8645-4b7b-9441-949214a57536 tempest-ServersNegativeTestJSON-278762084 tempest-ServersNegativeTestJSON-278762084-project-member] Volume info retrieved successfully.
Aug 09 11:19:10 devstack devstack@c-api.service[89410]: INFO cinder.api.openstack.wsgi [None req-05a48444-8645-4b7b-9441-949214a57536 tempest-ServersNegativeTestJSON-278762084 tempest-ServersNegativeTestJSON-278762084-project-member] http://192.168.122.209/volume/v3/volumes/1a9677c5-37b0-472f-a5bb-a009730c43f8 returned with HTTP 200
Aug 09 11:19:10 devstack devstack@c-api.service[89410]: [pid: 89410|app: 0|req: 36/72] 192.168.122.209 () {58 vars in 1232 bytes} [Sun Aug 9 11:19:10 2026] GET /volume/v3/volumes/1a9677c5-37b0-472f-a5bb-a009730c43f8 => generated 856 bytes in 116 msecs (HTTP/1.1 200) 7 headers in 285 bytes (1 switches on core 0)
Aug 09 11:19:10 devstack devstack@c-api.service[89411]: DEBUG cinder.api.middleware.request_id [None req-94abe720-b5fb-4ff1-987e-6be4e3fd6546 None None] RequestId filter calling following filter/app {{(pid=89411) _context_setter /opt/stack/cinder/cinder/api/middleware/request_id.py:62}}
Aug 09 11:19:10 devstack devstack@c-api.service[89411]: INFO cinder.api.openstack.wsgi [None req-94abe720-b5fb-4ff1-987e-6be4e3fd6546 tempest-ServersNegativeTestJSON-278762084 tempest-ServersNegativeTestJSON-278762084-project-member] POST http://192.168.122.209/volume/v3/volumes/1a9677c5-37b0-472f-a5bb-a009730c43f8/action
Aug 09 11:19:10 devstack devstack@c-api.service[89411]: DEBUG cinder.api.openstack.wsgi [None req-94abe720-b5fb-4ff1-987e-6be4e3fd6546 tempest-ServersNegativeTestJSON-278762084 tempest-ServersNegativeTestJSON-278762084-project-member] Action body: b'{"os-set_bootable": {"bootable": false}}' {{(pid=89411) get_method /opt/stack/cinder/cinder/api/openstack/wsgi.py:993}}
Aug 09 11:19:10 devstack devstack@c-api.service[89411]: DEBUG cinder.api.openstack.wsgi [None req-94abe720-b5fb-4ff1-987e-6be4e3fd6546 tempest-ServersNegativeTestJSON-278762084 tempest-ServersNegativeTestJSON-278762084-project-member] Action: 'action', calling method: _set_bootable, body: {"os-set_bootable": {"bootable": false}} {{(pid=89411) _process_stack /opt/stack/cinder/cinder/api/openstack/wsgi.py:876}}
Aug 09 11:19:11 devstack devstack@c-api.service[89411]: /opt/stack/data/venv/lib/python3.12/site-packages/oslo_context/context.py:102: DeprecationWarning: Policy enforcement is depending on the value of is_admin. This key is deprecated. Please update your policy file to use the standard policy values.
Aug 09 11:19:11 devstack devstack@c-api.service[89411]: warnings.warn(
Aug 09 11:19:11 devstack devstack@c-api.service[89411]: INFO cinder.volume.api [None req-94abe720-b5fb-4ff1-987e-6be4e3fd6546 tempest-ServersNegativeTestJSON-278762084 tempest-ServersNegativeTestJSON-278762084-project-member] Volume info retrieved successfully.
Aug 09 11:19:11 devstack devstack@c-api.service[89410]: DEBUG cinder.api.middleware.request_id [None req-155b6878-f6fe-4e94-8c1a-538bbf9571ba None None] RequestId filter calling following filter/app {{(pid=89410) _context_setter /opt/stack/cinder/cinder/api/middleware/request_id.py:62}}
Aug 09 11:19:11 devstack devstack@c-api.service[89411]: INFO cinder.volume.api [None req-94abe720-b5fb-4ff1-987e-6be4e3fd6546 tempest-ServersNegativeTestJSON-278762084 tempest-ServersNegativeTestJSON-278762084-project-member] Volume updated successfully.
Aug 09 11:19:11 devstack devstack@c-api.service[89411]: INFO cinder.api.openstack.wsgi [None req-94abe720-b5fb-4ff1-987e-6be4e3fd6546 tempest-ServersNegativeTestJSON-278762084 tempest-ServersNegativeTestJSON-278762084-project-member] http://192.168.122.209/volume/v3/volumes/1a9677c5-37b0-472f-a5bb-a009730c43f8/action returned with HTTP 200
Aug 09 11:19:11 devstack devstack@c-api.service[89411]: [pid: 89411|app: 0|req: 37/73] 192.168.122.209 () {60 vars in 1274 bytes} [Sun Aug 9 11:19:10 2026] POST /volume/v3/volumes/1a9677c5-37b0-472f-a5bb-a009730c43f8/action => generated 0 bytes in 674 msecs (HTTP/1.1 200) 7 headers in 283 bytes (1 switches on core 0)
Aug 09 11:19:11 devstack devstack@c-api.service[89410]: INFO cinder.api.openstack.wsgi [None req-155b6878-f6fe-4e94-8c1a-538bbf9571ba tempest-ServerRescueNegativeTestJSON-67184960 tempest-ServerRescueNegativeTestJSON-67184960-project-member] POST http://192.168.122.209/volume/v3/volumes
Aug 09 11:19:11 devstack devstack@c-api.service[89410]: DEBUG cinder.api.openstack.wsgi [None req-155b6878-f6fe-4e94-8c1a-538bbf9571ba tempest-ServerRescueNegativeTestJSON-67184960 tempest-ServerRescueNegativeTestJSON-67184960-project-member] Action: 'create', calling method: create, body: {"volume": {"size": 1, "display_name": "tempest-ServerRescueNegativeTestJSON-volume-1392988041"}} {{(pid=89410) _process_stack /opt/stack/cinder/cinder/api/openstack/wsgi.py:876}}
Aug 09 11:19:11 devstack devstack@c-api.service[89410]: DEBUG cinder.api.v3.volumes [None req-155b6878-f6fe-4e94-8c1a-538bbf9571ba tempest-ServerRescueNegativeTestJSON-67184960 tempest-ServerRescueNegativeTestJSON-67184960-project-member] Create volume request body: {'volume': {'size': 1, 'display_name': 'tempest-ServerRescueNegativeTestJSON-volume-1392988041'}} {{(pid=89410) create /opt/stack/cinder/cinder/api/v3/volumes.py:368}}
Aug 09 11:19:11 devstack devstack@c-api.service[89410]: INFO cinder.api.v3.volumes [None req-155b6878-f6fe-4e94-8c1a-538bbf9571ba tempest-ServerRescueNegativeTestJSON-67184960 tempest-ServerRescueNegativeTestJSON-67184960-project-member] Create volume of 1 GB
Aug 09 11:19:11 devstack devstack@c-api.service[89411]: DEBUG cinder.api.middleware.request_id [None req-bc20d851-2fbf-42ce-abaa-347749fb8a68 None None] RequestId filter calling following filter/app {{(pid=89411) _context_setter /opt/stack/cinder/cinder/api/middleware/request_id.py:62}}
Aug 09 11:19:11 devstack devstack@c-api.service[89410]: INFO cinder.volume.api [None req-155b6878-f6fe-4e94-8c1a-538bbf9571ba tempest-ServerRescueNegativeTestJSON-67184960 tempest-ServerRescueNegativeTestJSON-67184960-project-member] Availability Zones retrieved successfully.
Aug 09 11:19:11 devstack devstack@c-api.service[89411]: INFO cinder.api.openstack.wsgi [None req-bc20d851-2fbf-42ce-abaa-347749fb8a68 tempest-ServersNegativeTestJSON-278762084 tempest-ServersNegativeTestJSON-278762084-project-member] GET http://192.168.122.209/volume/v3/volumes/1a9677c5-37b0-472f-a5bb-a009730c43f8
Aug 09 11:19:11 devstack devstack@c-api.service[89411]: DEBUG cinder.api.openstack.wsgi [None req-bc20d851-2fbf-42ce-abaa-347749fb8a68 tempest-ServersNegativeTestJSON-278762084 tempest-ServersNegativeTestJSON-278762084-project-member] Empty body provided in request {{(pid=89411) get_body /opt/stack/cinder/cinder/api/openstack/wsgi.py:725}}
Aug 09 11:19:11 devstack devstack@c-api.service[89411]: DEBUG cinder.api.openstack.wsgi [None req-bc20d851-2fbf-42ce-abaa-347749fb8a68 tempest-ServersNegativeTestJSON-278762084 tempest-ServersNegativeTestJSON-278762084-project-member] Calling method 'show' {{(pid=89411) _process_stack /opt/stack/cinder/cinder/api/openstack/wsgi.py:878}}
Aug 09 11:19:11 devstack devstack@c-api.service[89410]: DEBUG cinder.volume.api [None req-155b6878-f6fe-4e94-8c1a-538bbf9571ba tempest-ServerRescueNegativeTestJSON-67184960 tempest-ServerRescueNegativeTestJSON-67184960-project-member] Flow 'volume_create_api' (4cdd96b6-99f2-4197-bf0a-23994ec3d5ca) transitioned into state 'RUNNING' from state 'PENDING' {{(pid=89410) _flow_receiver /opt/stack/data/venv/lib/python3.12/site-packages/taskflow/listeners/logging.py:160}}
Aug 09 11:19:11 devstack devstack@c-api.service[89410]: DEBUG cinder.volume.api [None req-155b6878-f6fe-4e94-8c1a-538bbf9571ba tempest-ServerRescueNegativeTestJSON-67184960 tempest-ServerRescueNegativeTestJSON-67184960-project-member] Task 'cinder.volume.flows.api.create_volume.ExtractVolumeRequestTask;volume:create' (bed3f663-be0d-43c4-947b-f44e4f938542) transitioned into state 'RUNNING' from state 'PENDING' {{(pid=89410) _task_receiver /opt/stack/data/venv/lib/python3.12/site-packages/taskflow/listeners/logging.py:242}}
Aug 09 11:19:11 devstack devstack@c-api.service[89410]: DEBUG cinder.volume.flows.api.create_volume [None req-155b6878-f6fe-4e94-8c1a-538bbf9571ba tempest-ServerRescueNegativeTestJSON-67184960 tempest-ServerRescueNegativeTestJSON-67184960-project-member] Validating volume size '1' using validate_int {{(pid=89410) _extract_size /opt/stack/cinder/cinder/volume/flows/api/create_volume.py:226}}
Aug 09 11:19:11 devstack devstack@c-api.service[89411]: /opt/stack/data/venv/lib/python3.12/site-packages/oslo_context/context.py:102: DeprecationWarning: Policy enforcement is depending on the value of is_admin. This key is deprecated. Please update your policy file to use the standard policy values.
Aug 09 11:19:11 devstack devstack@c-api.service[89411]: warnings.warn(
Aug 09 11:19:11 devstack devstack@c-api.service[89411]: INFO cinder.volume.api [None req-bc20d851-2fbf-42ce-abaa-347749fb8a68 tempest-ServersNegativeTestJSON-278762084 tempest-ServersNegativeTestJSON-278762084-project-member] Volume info retrieved successfully.
Aug 09 11:19:11 devstack devstack@c-api.service[89411]: INFO cinder.api.openstack.wsgi [None req-bc20d851-2fbf-42ce-abaa-347749fb8a68 tempest-ServersNegativeTestJSON-278762084 tempest-ServersNegativeTestJSON-278762084-project-member] http://192.168.122.209/volume/v3/volumes/1a9677c5-37b0-472f-a5bb-a009730c43f8 returned with HTTP 200
Aug 09 11:19:11 devstack devstack@c-api.service[89411]: [pid: 89411|app: 0|req: 38/74] 192.168.122.209 () {58 vars in 1232 bytes} [Sun Aug 9 11:19:11 2026] GET /volume/v3/volumes/1a9677c5-37b0-472f-a5bb-a009730c43f8 => generated 856 bytes in 267 msecs (HTTP/1.1 200) 7 headers in 285 bytes (1 switches on core 0)
Aug 09 11:19:11 devstack devstack@c-api.service[89410]: DEBUG cinder.volume.api [None req-155b6878-f6fe-4e94-8c1a-538bbf9571ba tempest-ServerRescueNegativeTestJSON-67184960 tempest-ServerRescueNegativeTestJSON-67184960-project-member] Task 'cinder.volume.flows.api.create_volume.ExtractVolumeRequestTask;volume:create' (bed3f663-be0d-43c4-947b-f44e4f938542) transitioned into state 'SUCCESS' from state 'RUNNING' with result '{'size': 1, 'snapshot_id': None, 'source_volid': None, 'volume_type': VolumeType(created_at=2026-08-09T09:12:24Z,deleted=False,deleted_at=None,description=None,extra_specs={},id=b7026e86-423f-4178-aa42-5cc9c2c34c1e,is_public=True,name='QuobyteHD',projects=[],qos_specs=,qos_specs_id=None,updated_at=None), 'volume_type_id': 'b7026e86-423f-4178-aa42-5cc9c2c34c1e', 'encryption_key_id': None, 'qos_specs': None, 'consistencygroup_id': None, 'cgsnapshot_id': None, 'group_id': None, 'replication_status': 'disabled', 'refresh_az': False, 'backup_id': None, 'multiattach': False, 'availability_zones': ['nova']}' {{(pid=89410) _task_receiver /opt/stack/data/venv/lib/python3.12/site-packages/taskflow/listeners/logging.py:218}}
Aug 09 11:19:11 devstack devstack@c-api.service[89410]: DEBUG cinder.volume.api [None req-155b6878-f6fe-4e94-8c1a-538bbf9571ba tempest-ServerRescueNegativeTestJSON-67184960 tempest-ServerRescueNegativeTestJSON-67184960-project-member] Task 'cinder.volume.flows.api.create_volume.QuotaReserveTask;volume:create' (90b5f0a1-90d6-48bf-a6a0-92e3cb8323c8) transitioned into state 'RUNNING' from state 'PENDING' {{(pid=89410) _task_receiver /opt/stack/data/venv/lib/python3.12/site-packages/taskflow/listeners/logging.py:242}}
Aug 09 11:19:11 devstack devstack@c-api.service[89410]: DEBUG cinder.quota [None req-155b6878-f6fe-4e94-8c1a-538bbf9571ba tempest-ServerRescueNegativeTestJSON-67184960 tempest-ServerRescueNegativeTestJSON-67184960-project-member] Created reservations ['be11a55f-f1cf-49c2-8813-3ec2622a702d', '9ba0a57d-54a7-4e89-9ad1-3860f7052636', '232e2fc8-29e8-4522-9b0b-4579df0112c1', '5e0bc5b5-87c7-456a-a579-ec550e534bf8'] {{(pid=89410) reserve /opt/stack/cinder/cinder/quota.py:752}}
Aug 09 11:19:11 devstack devstack@c-api.service[89410]: DEBUG cinder.volume.api [None req-155b6878-f6fe-4e94-8c1a-538bbf9571ba tempest-ServerRescueNegativeTestJSON-67184960 tempest-ServerRescueNegativeTestJSON-67184960-project-member] Task 'cinder.volume.flows.api.create_volume.QuotaReserveTask;volume:create' (90b5f0a1-90d6-48bf-a6a0-92e3cb8323c8) transitioned into state 'SUCCESS' from state 'RUNNING' with result '{'reservations': ['be11a55f-f1cf-49c2-8813-3ec2622a702d', '9ba0a57d-54a7-4e89-9ad1-3860f7052636', '232e2fc8-29e8-4522-9b0b-4579df0112c1', '5e0bc5b5-87c7-456a-a579-ec550e534bf8']}' {{(pid=89410) _task_receiver /opt/stack/data/venv/lib/python3.12/site-packages/taskflow/listeners/logging.py:218}}
Aug 09 11:19:12 devstack devstack@c-api.service[89411]: DEBUG cinder.api.middleware.request_id [req-bc53e1a9-d541-44ad-b55e-4f43fa877d24 req-5ece347f-d0e3-4cda-88d7-2d6ca0245e3b None None] RequestId filter calling following filter/app {{(pid=89411) _context_setter /opt/stack/cinder/cinder/api/middleware/request_id.py:62}}
Aug 09 11:19:12 devstack devstack@c-api.service[89410]: DEBUG cinder.volume.api [None req-155b6878-f6fe-4e94-8c1a-538bbf9571ba tempest-ServerRescueNegativeTestJSON-67184960 tempest-ServerRescueNegativeTestJSON-67184960-project-member] Task 'cinder.volume.flows.api.create_volume.EntryCreateTask;volume:create' (0d58cc20-fa9d-4882-8fcc-a345d2647cde) transitioned into state 'RUNNING' from state 'PENDING' {{(pid=89410) _task_receiver /opt/stack/data/venv/lib/python3.12/site-packages/taskflow/listeners/logging.py:242}}
Aug 09 11:19:12 devstack devstack@c-api.service[89411]: INFO cinder.api.openstack.wsgi [req-bc53e1a9-d541-44ad-b55e-4f43fa877d24 req-5ece347f-d0e3-4cda-88d7-2d6ca0245e3b tempest-ServersNegativeTestJSON-278762084 tempest-ServersNegativeTestJSON-278762084-project-member] GET http://192.168.122.209/volume/v3/volumes/1a9677c5-37b0-472f-a5bb-a009730c43f8
Aug 09 11:19:12 devstack devstack@c-api.service[89411]: DEBUG cinder.api.openstack.wsgi [req-bc53e1a9-d541-44ad-b55e-4f43fa877d24 req-5ece347f-d0e3-4cda-88d7-2d6ca0245e3b tempest-ServersNegativeTestJSON-278762084 tempest-ServersNegativeTestJSON-278762084-project-member] Empty body provided in request {{(pid=89411) get_body /opt/stack/cinder/cinder/api/openstack/wsgi.py:725}}
Aug 09 11:19:12 devstack devstack@c-api.service[89411]: DEBUG cinder.api.openstack.wsgi [req-bc53e1a9-d541-44ad-b55e-4f43fa877d24 req-5ece347f-d0e3-4cda-88d7-2d6ca0245e3b tempest-ServersNegativeTestJSON-278762084 tempest-ServersNegativeTestJSON-278762084-project-member] Calling method 'show' {{(pid=89411) _process_stack /opt/stack/cinder/cinder/api/openstack/wsgi.py:878}}
Aug 09 11:19:12 devstack devstack@c-api.service[89411]: /opt/stack/data/venv/lib/python3.12/site-packages/oslo_context/context.py:102: DeprecationWarning: Policy enforcement is depending on the value of is_admin. This key is deprecated. Please update your policy file to use the standard policy values.
Aug 09 11:19:12 devstack devstack@c-api.service[89411]: warnings.warn(
Aug 09 11:19:12 devstack devstack@c-api.service[89411]: INFO cinder.volume.api [req-bc53e1a9-d541-44ad-b55e-4f43fa877d24 req-5ece347f-d0e3-4cda-88d7-2d6ca0245e3b tempest-ServersNegativeTestJSON-278762084 tempest-ServersNegativeTestJSON-278762084-project-member] Volume info retrieved successfully.
Aug 09 11:19:12 devstack devstack@c-api.service[89411]: INFO cinder.api.openstack.wsgi [req-bc53e1a9-d541-44ad-b55e-4f43fa877d24 req-5ece347f-d0e3-4cda-88d7-2d6ca0245e3b tempest-ServersNegativeTestJSON-278762084 tempest-ServersNegativeTestJSON-278762084-project-member] http://192.168.122.209/volume/v3/volumes/1a9677c5-37b0-472f-a5bb-a009730c43f8 returned with HTTP 200
Aug 09 11:19:12 devstack devstack@c-api.service[89411]: [pid: 89411|app: 0|req: 39/75] 192.168.122.209 () {60 vars in 1487 bytes} [Sun Aug 9 11:19:11 2026] GET /volume/v3/volumes/1a9677c5-37b0-472f-a5bb-a009730c43f8 => generated 856 bytes in 80 msecs (HTTP/1.1 200) 7 headers in 285 bytes (1 switches on core 0)
Aug 09 11:19:12 devstack devstack@c-api.service[89410]: DEBUG cinder.volume.api [None req-155b6878-f6fe-4e94-8c1a-538bbf9571ba tempest-ServerRescueNegativeTestJSON-67184960 tempest-ServerRescueNegativeTestJSON-67184960-project-member] Task 'cinder.volume.flows.api.create_volume.EntryCreateTask;volume:create' (0d58cc20-fa9d-4882-8fcc-a345d2647cde) transitioned into state 'SUCCESS' from state 'RUNNING' with result '{'volume_id': 'b8d3ff6f-5d09-4af4-a03b-f7f27a5d3058', 'volume_properties': VolumeProperties(attach_status='detached',availability_zone='nova',cgsnapshot_id=None,consistencygroup_id=None,display_description=None,display_name='tempest-ServerRescueNegativeTestJSON-volume-1392988041',encryption_key_id=None,group_id=None,group_type_id=,metadata={},multiattach=False,project_id='2ea442e3bf2348d9bc5ecfeaffc85538',qos_specs=None,replication_status=,reservations=['be11a55f-f1cf-49c2-8813-3ec2622a702d','9ba0a57d-54a7-4e89-9ad1-3860f7052636','232e2fc8-29e8-4522-9b0b-4579df0112c1','5e0bc5b5-87c7-456a-a579-ec550e534bf8'],size=1,snapshot_id=None,source_replicaid=,source_volid=None,status='creating',user_id='16e5e58d3cd44d368bcd9d66f8a8b906',volume_type_id=b7026e86-423f-4178-aa42-5cc9c2c34c1e), 'volume': Volume(_name_id=None,admin_metadata=,attach_status='detached',availability_zone='nova',bootable=False,cluster=,cluster_name=None,consistencygroup=,consistencygroup_id=None,created_at=2026-08-09T09:19:12Z,deleted=False,deleted_at=None,display_description=None,display_name='tempest-ServerRescueNegativeTestJSON-volume-1392988041',ec2_id=None,encryption_key_id=None,glance_metadata=,group=,group_id=None,host=None,id=b8d3ff6f-5d09-4af4-a03b-f7f27a5d3058,launched_at=None,metadata={},migration_status=None,multiattach=False,previous_status=None,project_id='2ea442e3bf2348d9bc5ecfeaffc85538',provider_auth=None,provider_geometry=None,provider_id=None,provider_location=None,replication_driver_data=None,replication_extended_status=None,replication_status=None,scheduled_at=None,service_uuid=None,shared_targets=True,size=1,snapshot_id=None,snapshots=,source_volid=None,status='creating',terminated_at=None,updated_at=None,use_quota=True,user_id='16e5e58d3cd44d368bcd9d66f8a8b906',volume_attachment=VolumeAttachmentList,volume_type=VolumeType(b7026e86-423f-4178-aa42-5cc9c2c34c1e),volume_type_id=b7026e86-423f-4178-aa42-5cc9c2c34c1e)}' {{(pid=89410) _task_receiver /opt/stack/data/venv/lib/python3.12/site-packages/taskflow/listeners/logging.py:218}}
Aug 09 11:19:12 devstack devstack@c-api.service[89410]: DEBUG cinder.volume.api [None req-155b6878-f6fe-4e94-8c1a-538bbf9571ba tempest-ServerRescueNegativeTestJSON-67184960 tempest-ServerRescueNegativeTestJSON-67184960-project-member] Task 'cinder.volume.flows.api.create_volume.QuotaCommitTask;volume:create' (32d64881-f0ae-4c1b-900d-7a11f6a3a6c4) transitioned into state 'RUNNING' from state 'PENDING' {{(pid=89410) _task_receiver /opt/stack/data/venv/lib/python3.12/site-packages/taskflow/listeners/logging.py:242}}
Aug 09 11:19:12 devstack devstack@c-api.service[89410]: DEBUG cinder.volume.api [None req-155b6878-f6fe-4e94-8c1a-538bbf9571ba tempest-ServerRescueNegativeTestJSON-67184960 tempest-ServerRescueNegativeTestJSON-67184960-project-member] Task 'cinder.volume.flows.api.create_volume.QuotaCommitTask;volume:create' (32d64881-f0ae-4c1b-900d-7a11f6a3a6c4) transitioned into state 'SUCCESS' from state 'RUNNING' with result '{'volume_properties': VolumeProperties(attach_status='detached',availability_zone='nova',cgsnapshot_id=None,consistencygroup_id=None,display_description=None,display_name='tempest-ServerRescueNegativeTestJSON-volume-1392988041',encryption_key_id=None,group_id=None,group_type_id=,metadata={},multiattach=False,project_id='2ea442e3bf2348d9bc5ecfeaffc85538',qos_specs=None,replication_status=,reservations=['be11a55f-f1cf-49c2-8813-3ec2622a702d','9ba0a57d-54a7-4e89-9ad1-3860f7052636','232e2fc8-29e8-4522-9b0b-4579df0112c1','5e0bc5b5-87c7-456a-a579-ec550e534bf8'],size=1,snapshot_id=None,source_replicaid=,source_volid=None,status='creating',user_id='16e5e58d3cd44d368bcd9d66f8a8b906',volume_type_id=b7026e86-423f-4178-aa42-5cc9c2c34c1e)}' {{(pid=89410) _task_receiver /opt/stack/data/venv/lib/python3.12/site-packages/taskflow/listeners/logging.py:218}}
Aug 09 11:19:12 devstack devstack@c-api.service[89410]: DEBUG cinder.volume.api [None req-155b6878-f6fe-4e94-8c1a-538bbf9571ba tempest-ServerRescueNegativeTestJSON-67184960 tempest-ServerRescueNegativeTestJSON-67184960-project-member] Task 'cinder.volume.flows.api.create_volume.VolumeCastTask;volume:create' (3a845c52-9853-4a45-9495-a47541b9b53c) transitioned into state 'RUNNING' from state 'PENDING' {{(pid=89410) _task_receiver /opt/stack/data/venv/lib/python3.12/site-packages/taskflow/listeners/logging.py:242}}
Aug 09 11:19:12 devstack devstack@c-api.service[89410]: DEBUG cinder.volume.api [None req-155b6878-f6fe-4e94-8c1a-538bbf9571ba tempest-ServerRescueNegativeTestJSON-67184960 tempest-ServerRescueNegativeTestJSON-67184960-project-member] Task 'cinder.volume.flows.api.create_volume.VolumeCastTask;volume:create' (3a845c52-9853-4a45-9495-a47541b9b53c) transitioned into state 'SUCCESS' from state 'RUNNING' with result 'None' {{(pid=89410) _task_receiver /opt/stack/data/venv/lib/python3.12/site-packages/taskflow/listeners/logging.py:218}}
Aug 09 11:19:12 devstack devstack@c-api.service[89410]: DEBUG cinder.volume.api [None req-155b6878-f6fe-4e94-8c1a-538bbf9571ba tempest-ServerRescueNegativeTestJSON-67184960 tempest-ServerRescueNegativeTestJSON-67184960-project-member] Flow 'volume_create_api' (4cdd96b6-99f2-4197-bf0a-23994ec3d5ca) transitioned into state 'SUCCESS' from state 'RUNNING' {{(pid=89410) _flow_receiver /opt/stack/data/venv/lib/python3.12/site-packages/taskflow/listeners/logging.py:160}}
Aug 09 11:19:12 devstack devstack@c-api.service[89410]: INFO cinder.volume.api [None req-155b6878-f6fe-4e94-8c1a-538bbf9571ba tempest-ServerRescueNegativeTestJSON-67184960 tempest-ServerRescueNegativeTestJSON-67184960-project-member] Create volume request issued successfully.
Aug 09 11:19:12 devstack devstack@c-api.service[89410]: INFO cinder.api.openstack.wsgi [None req-155b6878-f6fe-4e94-8c1a-538bbf9571ba tempest-ServerRescueNegativeTestJSON-67184960 tempest-ServerRescueNegativeTestJSON-67184960-project-member] http://192.168.122.209/volume/v3/volumes returned with HTTP 202
Aug 09 11:19:12 devstack devstack@c-api.service[89410]: [pid: 89410|app: 0|req: 37/76] 192.168.122.209 () {60 vars in 1142 bytes} [Sun Aug 9 11:19:11 2026] POST /volume/v3/volumes => generated 768 bytes in 1068 msecs (HTTP/1.1 202) 7 headers in 291 bytes (1 switches on core 0)
Aug 09 11:19:12 devstack devstack@c-api.service[89411]: DEBUG cinder.api.middleware.request_id [None req-e4007ffb-8b80-4b8a-a73a-561c26431577 None None] RequestId filter calling following filter/app {{(pid=89411) _context_setter /opt/stack/cinder/cinder/api/middleware/request_id.py:62}}
Aug 09 11:19:12 devstack devstack@c-api.service[89411]: INFO cinder.api.openstack.wsgi [None req-e4007ffb-8b80-4b8a-a73a-561c26431577 tempest-ServerRescueNegativeTestJSON-67184960 tempest-ServerRescueNegativeTestJSON-67184960-project-member] GET http://192.168.122.209/volume/v3/volumes/b8d3ff6f-5d09-4af4-a03b-f7f27a5d3058
Aug 09 11:19:12 devstack devstack@c-api.service[89411]: DEBUG cinder.api.openstack.wsgi [None req-e4007ffb-8b80-4b8a-a73a-561c26431577 tempest-ServerRescueNegativeTestJSON-67184960 tempest-ServerRescueNegativeTestJSON-67184960-project-member] Empty body provided in request {{(pid=89411) get_body /opt/stack/cinder/cinder/api/openstack/wsgi.py:725}}
Aug 09 11:19:12 devstack devstack@c-api.service[89411]: DEBUG cinder.api.openstack.wsgi [None req-e4007ffb-8b80-4b8a-a73a-561c26431577 tempest-ServerRescueNegativeTestJSON-67184960 tempest-ServerRescueNegativeTestJSON-67184960-project-member] Calling method 'show' {{(pid=89411) _process_stack /opt/stack/cinder/cinder/api/openstack/wsgi.py:878}}
Aug 09 11:19:12 devstack devstack@c-api.service[89411]: /opt/stack/data/venv/lib/python3.12/site-packages/oslo_context/context.py:102: DeprecationWarning: Policy enforcement is depending on the value of is_admin. This key is deprecated. Please update your policy file to use the standard policy values.
Aug 09 11:19:12 devstack devstack@c-api.service[89411]: warnings.warn(
Aug 09 11:19:12 devstack devstack@c-api.service[89411]: INFO cinder.volume.api [None req-e4007ffb-8b80-4b8a-a73a-561c26431577 tempest-ServerRescueNegativeTestJSON-67184960 tempest-ServerRescueNegativeTestJSON-67184960-project-member] Volume info retrieved successfully.
Aug 09 11:19:12 devstack devstack@c-api.service[89411]: INFO cinder.api.openstack.wsgi [None req-e4007ffb-8b80-4b8a-a73a-561c26431577 tempest-ServerRescueNegativeTestJSON-67184960 tempest-ServerRescueNegativeTestJSON-67184960-project-member] http://192.168.122.209/volume/v3/volumes/b8d3ff6f-5d09-4af4-a03b-f7f27a5d3058 returned with HTTP 200
Aug 09 11:19:12 devstack devstack@c-api.service[89411]: [pid: 89411|app: 0|req: 40/77] 192.168.122.209 () {58 vars in 1232 bytes} [Sun Aug 9 11:19:12 2026] GET /volume/v3/volumes/b8d3ff6f-5d09-4af4-a03b-f7f27a5d3058 => generated 836 bytes in 107 msecs (HTTP/1.1 200) 7 headers in 285 bytes (1 switches on core 0)
Aug 09 11:19:13 devstack devstack@c-api.service[89410]: DEBUG cinder.api.middleware.request_id [None req-bdcb2744-bd50-4d19-9635-6491e5695da0 None None] RequestId filter calling following filter/app {{(pid=89410) _context_setter /opt/stack/cinder/cinder/api/middleware/request_id.py:62}}
Aug 09 11:19:13 devstack devstack@c-api.service[89410]: INFO cinder.api.openstack.wsgi [None req-bdcb2744-bd50-4d19-9635-6491e5695da0 tempest-ServerRescueNegativeTestJSON-67184960 tempest-ServerRescueNegativeTestJSON-67184960-project-member] GET http://192.168.122.209/volume/v3/volumes/b8d3ff6f-5d09-4af4-a03b-f7f27a5d3058
Aug 09 11:19:13 devstack devstack@c-api.service[89410]: DEBUG cinder.api.openstack.wsgi [None req-bdcb2744-bd50-4d19-9635-6491e5695da0 tempest-ServerRescueNegativeTestJSON-67184960 tempest-ServerRescueNegativeTestJSON-67184960-project-member] Empty body provided in request {{(pid=89410) get_body /opt/stack/cinder/cinder/api/openstack/wsgi.py:725}}
Aug 09 11:19:13 devstack devstack@c-api.service[89410]: DEBUG cinder.api.openstack.wsgi [None req-bdcb2744-bd50-4d19-9635-6491e5695da0 tempest-ServerRescueNegativeTestJSON-67184960 tempest-ServerRescueNegativeTestJSON-67184960-project-member] Calling method 'show' {{(pid=89410) _process_stack /opt/stack/cinder/cinder/api/openstack/wsgi.py:878}}
Aug 09 11:19:13 devstack devstack@c-api.service[89410]: /opt/stack/data/venv/lib/python3.12/site-packages/oslo_context/context.py:102: DeprecationWarning: Policy enforcement is depending on the value of is_admin. This key is deprecated. Please update your policy file to use the standard policy values.
Aug 09 11:19:13 devstack devstack@c-api.service[89410]: warnings.warn(
Aug 09 11:19:13 devstack devstack@c-api.service[89410]: INFO cinder.volume.api [None req-bdcb2744-bd50-4d19-9635-6491e5695da0 tempest-ServerRescueNegativeTestJSON-67184960 tempest-ServerRescueNegativeTestJSON-67184960-project-member] Volume info retrieved successfully.
Aug 09 11:19:13 devstack devstack@c-api.service[89410]: INFO cinder.api.openstack.wsgi [None req-bdcb2744-bd50-4d19-9635-6491e5695da0 tempest-ServerRescueNegativeTestJSON-67184960 tempest-ServerRescueNegativeTestJSON-67184960-project-member] http://192.168.122.209/volume/v3/volumes/b8d3ff6f-5d09-4af4-a03b-f7f27a5d3058 returned with HTTP 200
Aug 09 11:19:13 devstack devstack@c-api.service[89410]: [pid: 89410|app: 0|req: 38/78] 192.168.122.209 () {58 vars in 1232 bytes} [Sun Aug 9 11:19:13 2026] GET /volume/v3/volumes/b8d3ff6f-5d09-4af4-a03b-f7f27a5d3058 => generated 860 bytes in 133 msecs (HTTP/1.1 200) 7 headers in 285 bytes (1 switches on core 0)
Aug 09 11:19:14 devstack devstack@c-api.service[89411]: DEBUG cinder.api.middleware.request_id [None req-ac45d4a9-7fdf-4e2e-8b41-ed7e229b60af None None] RequestId filter calling following filter/app {{(pid=89411) _context_setter /opt/stack/cinder/cinder/api/middleware/request_id.py:62}}
Aug 09 11:19:14 devstack devstack@c-api.service[89411]: INFO cinder.api.openstack.wsgi [None req-ac45d4a9-7fdf-4e2e-8b41-ed7e229b60af tempest-ServerRescueNegativeTestJSON-67184960 tempest-ServerRescueNegativeTestJSON-67184960-project-member] GET http://192.168.122.209/volume/v3/volumes/b8d3ff6f-5d09-4af4-a03b-f7f27a5d3058
Aug 09 11:19:14 devstack devstack@c-api.service[89411]: DEBUG cinder.api.openstack.wsgi [None req-ac45d4a9-7fdf-4e2e-8b41-ed7e229b60af tempest-ServerRescueNegativeTestJSON-67184960 tempest-ServerRescueNegativeTestJSON-67184960-project-member] Empty body provided in request {{(pid=89411) get_body /opt/stack/cinder/cinder/api/openstack/wsgi.py:725}}
Aug 09 11:19:14 devstack devstack@c-api.service[89411]: DEBUG cinder.api.openstack.wsgi [None req-ac45d4a9-7fdf-4e2e-8b41-ed7e229b60af tempest-ServerRescueNegativeTestJSON-67184960 tempest-ServerRescueNegativeTestJSON-67184960-project-member] Calling method 'show' {{(pid=89411) _process_stack /opt/stack/cinder/cinder/api/openstack/wsgi.py:878}}
Aug 09 11:19:14 devstack devstack@c-api.service[89411]: /opt/stack/data/venv/lib/python3.12/site-packages/oslo_context/context.py:102: DeprecationWarning: Policy enforcement is depending on the value of is_admin. This key is deprecated. Please update your policy file to use the standard policy values.
Aug 09 11:19:14 devstack devstack@c-api.service[89411]: warnings.warn(
Aug 09 11:19:14 devstack devstack@c-api.service[89411]: INFO cinder.volume.api [None req-ac45d4a9-7fdf-4e2e-8b41-ed7e229b60af tempest-ServerRescueNegativeTestJSON-67184960 tempest-ServerRescueNegativeTestJSON-67184960-project-member] Volume info retrieved successfully.
Aug 09 11:19:14 devstack devstack@c-api.service[89411]: INFO cinder.api.openstack.wsgi [None req-ac45d4a9-7fdf-4e2e-8b41-ed7e229b60af tempest-ServerRescueNegativeTestJSON-67184960 tempest-ServerRescueNegativeTestJSON-67184960-project-member] http://192.168.122.209/volume/v3/volumes/b8d3ff6f-5d09-4af4-a03b-f7f27a5d3058 returned with HTTP 200
Aug 09 11:19:14 devstack devstack@c-api.service[89411]: [pid: 89411|app: 0|req: 41/79] 192.168.122.209 () {58 vars in 1232 bytes} [Sun Aug 9 11:19:14 2026] GET /volume/v3/volumes/b8d3ff6f-5d09-4af4-a03b-f7f27a5d3058 => generated 861 bytes in 121 msecs (HTTP/1.1 200) 7 headers in 285 bytes (1 switches on core 0)
Aug 09 11:19:15 devstack devstack@c-api.service[89410]: DEBUG cinder.api.middleware.request_id [None req-aac5725c-d37d-4612-89ee-1d112c31d3cd None None] RequestId filter calling following filter/app {{(pid=89410) _context_setter /opt/stack/cinder/cinder/api/middleware/request_id.py:62}}
Aug 09 11:19:15 devstack devstack@c-api.service[89410]: INFO cinder.api.openstack.wsgi [None req-aac5725c-d37d-4612-89ee-1d112c31d3cd tempest-ServersNegativeTestJSON-278762084 tempest-ServersNegativeTestJSON-278762084-project-member] POST http://192.168.122.209/volume/v3/volumes
Aug 09 11:19:15 devstack devstack@c-api.service[89410]: DEBUG cinder.api.openstack.wsgi [None req-aac5725c-d37d-4612-89ee-1d112c31d3cd tempest-ServersNegativeTestJSON-278762084 tempest-ServersNegativeTestJSON-278762084-project-member] Action: 'create', calling method: create, body: {"volume": {"size": 1, "display_name": "tempest-ServersNegativeTestJSON-volume-1185104058"}} {{(pid=89410) _process_stack /opt/stack/cinder/cinder/api/openstack/wsgi.py:876}}
Aug 09 11:19:15 devstack devstack@c-api.service[89410]: DEBUG cinder.api.v3.volumes [None req-aac5725c-d37d-4612-89ee-1d112c31d3cd tempest-ServersNegativeTestJSON-278762084 tempest-ServersNegativeTestJSON-278762084-project-member] Create volume request body: {'volume': {'size': 1, 'display_name': 'tempest-ServersNegativeTestJSON-volume-1185104058'}} {{(pid=89410) create /opt/stack/cinder/cinder/api/v3/volumes.py:368}}
Aug 09 11:19:15 devstack devstack@c-api.service[89410]: INFO cinder.api.v3.volumes [None req-aac5725c-d37d-4612-89ee-1d112c31d3cd tempest-ServersNegativeTestJSON-278762084 tempest-ServersNegativeTestJSON-278762084-project-member] Create volume of 1 GB
Aug 09 11:19:15 devstack devstack@c-api.service[89410]: INFO cinder.volume.api [None req-aac5725c-d37d-4612-89ee-1d112c31d3cd tempest-ServersNegativeTestJSON-278762084 tempest-ServersNegativeTestJSON-278762084-project-member] Availability Zones retrieved successfully.
Aug 09 11:19:15 devstack devstack@c-api.service[89410]: DEBUG cinder.volume.api [None req-aac5725c-d37d-4612-89ee-1d112c31d3cd tempest-ServersNegativeTestJSON-278762084 tempest-ServersNegativeTestJSON-278762084-project-member] Flow 'volume_create_api' (c3b4a355-6b0c-46e7-99ce-1b0b46776edf) transitioned into state 'RUNNING' from state 'PENDING' {{(pid=89410) _flow_receiver /opt/stack/data/venv/lib/python3.12/site-packages/taskflow/listeners/logging.py:160}}
Aug 09 11:19:15 devstack devstack@c-api.service[89410]: DEBUG cinder.volume.api [None req-aac5725c-d37d-4612-89ee-1d112c31d3cd tempest-ServersNegativeTestJSON-278762084 tempest-ServersNegativeTestJSON-278762084-project-member] Task 'cinder.volume.flows.api.create_volume.ExtractVolumeRequestTask;volume:create' (823f3a21-b79f-49fb-aaf2-ede575205511) transitioned into state 'RUNNING' from state 'PENDING' {{(pid=89410) _task_receiver /opt/stack/data/venv/lib/python3.12/site-packages/taskflow/listeners/logging.py:242}}
Aug 09 11:19:15 devstack devstack@c-api.service[89410]: DEBUG cinder.volume.flows.api.create_volume [None req-aac5725c-d37d-4612-89ee-1d112c31d3cd tempest-ServersNegativeTestJSON-278762084 tempest-ServersNegativeTestJSON-278762084-project-member] Validating volume size '1' using validate_int {{(pid=89410) _extract_size /opt/stack/cinder/cinder/volume/flows/api/create_volume.py:226}}
Aug 09 11:19:15 devstack devstack@c-api.service[89410]: DEBUG cinder.volume.api [None req-aac5725c-d37d-4612-89ee-1d112c31d3cd tempest-ServersNegativeTestJSON-278762084 tempest-ServersNegativeTestJSON-278762084-project-member] Task 'cinder.volume.flows.api.create_volume.ExtractVolumeRequestTask;volume:create' (823f3a21-b79f-49fb-aaf2-ede575205511) transitioned into state 'SUCCESS' from state 'RUNNING' with result '{'size': 1, 'snapshot_id': None, 'source_volid': None, 'volume_type': VolumeType(created_at=2026-08-09T09:12:24Z,deleted=False,deleted_at=None,description=None,extra_specs={},id=b7026e86-423f-4178-aa42-5cc9c2c34c1e,is_public=True,name='QuobyteHD',projects=[],qos_specs=,qos_specs_id=None,updated_at=None), 'volume_type_id': 'b7026e86-423f-4178-aa42-5cc9c2c34c1e', 'encryption_key_id': None, 'qos_specs': None, 'consistencygroup_id': None, 'cgsnapshot_id': None, 'group_id': None, 'replication_status': 'disabled', 'refresh_az': False, 'backup_id': None, 'multiattach': False, 'availability_zones': ['nova']}' {{(pid=89410) _task_receiver /opt/stack/data/venv/lib/python3.12/site-packages/taskflow/listeners/logging.py:218}}
Aug 09 11:19:15 devstack devstack@c-api.service[89410]: DEBUG cinder.volume.api [None req-aac5725c-d37d-4612-89ee-1d112c31d3cd tempest-ServersNegativeTestJSON-278762084 tempest-ServersNegativeTestJSON-278762084-project-member] Task 'cinder.volume.flows.api.create_volume.QuotaReserveTask;volume:create' (93787519-5d8c-43bc-8c95-ae2296cc577c) transitioned into state 'RUNNING' from state 'PENDING' {{(pid=89410) _task_receiver /opt/stack/data/venv/lib/python3.12/site-packages/taskflow/listeners/logging.py:242}}
Aug 09 11:19:16 devstack devstack@c-api.service[89410]: DEBUG cinder.quota [None req-aac5725c-d37d-4612-89ee-1d112c31d3cd tempest-ServersNegativeTestJSON-278762084 tempest-ServersNegativeTestJSON-278762084-project-member] Created reservations ['7c773847-8dda-456f-85dd-2822fad91f26', 'cde2e107-4d12-4c4e-bee0-154bc9861a58', 'e6a78223-9f5b-4ba1-9eaf-66c9cbc4bfb9', '88df1ed8-d3a6-4403-8d7f-40711052e6ea'] {{(pid=89410) reserve /opt/stack/cinder/cinder/quota.py:752}}
Aug 09 11:19:16 devstack devstack@c-api.service[89410]: DEBUG cinder.volume.api [None req-aac5725c-d37d-4612-89ee-1d112c31d3cd tempest-ServersNegativeTestJSON-278762084 tempest-ServersNegativeTestJSON-278762084-project-member] Task 'cinder.volume.flows.api.create_volume.QuotaReserveTask;volume:create' (93787519-5d8c-43bc-8c95-ae2296cc577c) transitioned into state 'SUCCESS' from state 'RUNNING' with result '{'reservations': ['7c773847-8dda-456f-85dd-2822fad91f26', 'cde2e107-4d12-4c4e-bee0-154bc9861a58', 'e6a78223-9f5b-4ba1-9eaf-66c9cbc4bfb9', '88df1ed8-d3a6-4403-8d7f-40711052e6ea']}' {{(pid=89410) _task_receiver /opt/stack/data/venv/lib/python3.12/site-packages/taskflow/listeners/logging.py:218}}
Aug 09 11:19:16 devstack devstack@c-api.service[89410]: DEBUG cinder.volume.api [None req-aac5725c-d37d-4612-89ee-1d112c31d3cd tempest-ServersNegativeTestJSON-278762084 tempest-ServersNegativeTestJSON-278762084-project-member] Task 'cinder.volume.flows.api.create_volume.EntryCreateTask;volume:create' (50c3499a-1d07-4ae8-a81a-b50806c45e26) transitioned into state 'RUNNING' from state 'PENDING' {{(pid=89410) _task_receiver /opt/stack/data/venv/lib/python3.12/site-packages/taskflow/listeners/logging.py:242}}
Aug 09 11:19:16 devstack devstack@c-api.service[89410]: DEBUG cinder.volume.api [None req-aac5725c-d37d-4612-89ee-1d112c31d3cd tempest-ServersNegativeTestJSON-278762084 tempest-ServersNegativeTestJSON-278762084-project-member] Task 'cinder.volume.flows.api.create_volume.EntryCreateTask;volume:create' (50c3499a-1d07-4ae8-a81a-b50806c45e26) transitioned into state 'SUCCESS' from state 'RUNNING' with result '{'volume_id': '685b18b9-b661-484f-9579-40fdbbc68333', 'volume_properties': VolumeProperties(attach_status='detached',availability_zone='nova',cgsnapshot_id=None,consistencygroup_id=None,display_description=None,display_name='tempest-ServersNegativeTestJSON-volume-1185104058',encryption_key_id=None,group_id=None,group_type_id=,metadata={},multiattach=False,project_id='4c360a1da465403db6aedac2ad5d23e0',qos_specs=None,replication_status=,reservations=['7c773847-8dda-456f-85dd-2822fad91f26','cde2e107-4d12-4c4e-bee0-154bc9861a58','e6a78223-9f5b-4ba1-9eaf-66c9cbc4bfb9','88df1ed8-d3a6-4403-8d7f-40711052e6ea'],size=1,snapshot_id=None,source_replicaid=,source_volid=None,status='creating',user_id='b3657f4f448844fc95d280cfe069943c',volume_type_id=b7026e86-423f-4178-aa42-5cc9c2c34c1e), 'volume': Volume(_name_id=None,admin_metadata=,attach_status='detached',availability_zone='nova',bootable=False,cluster=,cluster_name=None,consistencygroup=,consistencygroup_id=None,created_at=2026-08-09T09:19:16Z,deleted=False,deleted_at=None,display_description=None,display_name='tempest-ServersNegativeTestJSON-volume-1185104058',ec2_id=None,encryption_key_id=None,glance_metadata=,group=,group_id=None,host=None,id=685b18b9-b661-484f-9579-40fdbbc68333,launched_at=None,metadata={},migration_status=None,multiattach=False,previous_status=None,project_id='4c360a1da465403db6aedac2ad5d23e0',provider_auth=None,provider_geometry=None,provider_id=None,provider_location=None,replication_driver_data=None,replication_extended_status=None,replication_status=None,scheduled_at=None,service_uuid=None,shared_targets=True,size=1,snapshot_id=None,snapshots=,source_volid=None,status='creating',terminated_at=None,updated_at=None,use_quota=True,user_id='b3657f4f448844fc95d280cfe069943c',volume_attachment=VolumeAttachmentList,volume_type=VolumeType(b7026e86-423f-4178-aa42-5cc9c2c34c1e),volume_type_id=b7026e86-423f-4178-aa42-5cc9c2c34c1e)}' {{(pid=89410) _task_receiver /opt/stack/data/venv/lib/python3.12/site-packages/taskflow/listeners/logging.py:218}}
Aug 09 11:19:16 devstack devstack@c-api.service[89410]: DEBUG cinder.volume.api [None req-aac5725c-d37d-4612-89ee-1d112c31d3cd tempest-ServersNegativeTestJSON-278762084 tempest-ServersNegativeTestJSON-278762084-project-member] Task 'cinder.volume.flows.api.create_volume.QuotaCommitTask;volume:create' (0908989f-c1c0-4989-8bf2-652c669f5bdf) transitioned into state 'RUNNING' from state 'PENDING' {{(pid=89410) _task_receiver /opt/stack/data/venv/lib/python3.12/site-packages/taskflow/listeners/logging.py:242}}
Aug 09 11:19:16 devstack devstack@c-api.service[89410]: DEBUG cinder.volume.api [None req-aac5725c-d37d-4612-89ee-1d112c31d3cd tempest-ServersNegativeTestJSON-278762084 tempest-ServersNegativeTestJSON-278762084-project-member] Task 'cinder.volume.flows.api.create_volume.QuotaCommitTask;volume:create' (0908989f-c1c0-4989-8bf2-652c669f5bdf) transitioned into state 'SUCCESS' from state 'RUNNING' with result '{'volume_properties': VolumeProperties(attach_status='detached',availability_zone='nova',cgsnapshot_id=None,consistencygroup_id=None,display_description=None,display_name='tempest-ServersNegativeTestJSON-volume-1185104058',encryption_key_id=None,group_id=None,group_type_id=,metadata={},multiattach=False,project_id='4c360a1da465403db6aedac2ad5d23e0',qos_specs=None,replication_status=,reservations=['7c773847-8dda-456f-85dd-2822fad91f26','cde2e107-4d12-4c4e-bee0-154bc9861a58','e6a78223-9f5b-4ba1-9eaf-66c9cbc4bfb9','88df1ed8-d3a6-4403-8d7f-40711052e6ea'],size=1,snapshot_id=None,source_replicaid=,source_volid=None,status='creating',user_id='b3657f4f448844fc95d280cfe069943c',volume_type_id=b7026e86-423f-4178-aa42-5cc9c2c34c1e)}' {{(pid=89410) _task_receiver /opt/stack/data/venv/lib/python3.12/site-packages/taskflow/listeners/logging.py:218}}
Aug 09 11:19:16 devstack devstack@c-api.service[89410]: DEBUG cinder.volume.api [None req-aac5725c-d37d-4612-89ee-1d112c31d3cd tempest-ServersNegativeTestJSON-278762084 tempest-ServersNegativeTestJSON-278762084-project-member] Task 'cinder.volume.flows.api.create_volume.VolumeCastTask;volume:create' (7dfb26f5-772f-4bcd-9538-77fa985707a8) transitioned into state 'RUNNING' from state 'PENDING' {{(pid=89410) _task_receiver /opt/stack/data/venv/lib/python3.12/site-packages/taskflow/listeners/logging.py:242}}
Aug 09 11:19:16 devstack devstack@c-api.service[89410]: DEBUG cinder.volume.api [None req-aac5725c-d37d-4612-89ee-1d112c31d3cd tempest-ServersNegativeTestJSON-278762084 tempest-ServersNegativeTestJSON-278762084-project-member] Task 'cinder.volume.flows.api.create_volume.VolumeCastTask;volume:create' (7dfb26f5-772f-4bcd-9538-77fa985707a8) transitioned into state 'SUCCESS' from state 'RUNNING' with result 'None' {{(pid=89410) _task_receiver /opt/stack/data/venv/lib/python3.12/site-packages/taskflow/listeners/logging.py:218}}
Aug 09 11:19:16 devstack devstack@c-api.service[89410]: DEBUG cinder.volume.api [None req-aac5725c-d37d-4612-89ee-1d112c31d3cd tempest-ServersNegativeTestJSON-278762084 tempest-ServersNegativeTestJSON-278762084-project-member] Flow 'volume_create_api' (c3b4a355-6b0c-46e7-99ce-1b0b46776edf) transitioned into state 'SUCCESS' from state 'RUNNING' {{(pid=89410) _flow_receiver /opt/stack/data/venv/lib/python3.12/site-packages/taskflow/listeners/logging.py:160}}
Aug 09 11:19:16 devstack devstack@c-api.service[89410]: INFO cinder.volume.api [None req-aac5725c-d37d-4612-89ee-1d112c31d3cd tempest-ServersNegativeTestJSON-278762084 tempest-ServersNegativeTestJSON-278762084-project-member] Create volume request issued successfully.
Aug 09 11:19:16 devstack devstack@c-api.service[89410]: INFO cinder.api.openstack.wsgi [None req-aac5725c-d37d-4612-89ee-1d112c31d3cd tempest-ServersNegativeTestJSON-278762084 tempest-ServersNegativeTestJSON-278762084-project-member] http://192.168.122.209/volume/v3/volumes returned with HTTP 202
Aug 09 11:19:16 devstack devstack@c-api.service[89410]: [pid: 89410|app: 0|req: 39/80] 192.168.122.209 () {60 vars in 1142 bytes} [Sun Aug 9 11:19:15 2026] POST /volume/v3/volumes => generated 763 bytes in 984 msecs (HTTP/1.1 202) 7 headers in 291 bytes (1 switches on core 0)
Aug 09 11:19:16 devstack devstack@c-api.service[89411]: DEBUG cinder.api.middleware.request_id [None req-62aea0a1-e17c-4227-8f2b-b40abcf651d3 None None] RequestId filter calling following filter/app {{(pid=89411) _context_setter /opt/stack/cinder/cinder/api/middleware/request_id.py:62}}
Aug 09 11:19:16 devstack devstack@c-api.service[89411]: INFO cinder.api.openstack.wsgi [None req-62aea0a1-e17c-4227-8f2b-b40abcf651d3 tempest-ServersNegativeTestJSON-278762084 tempest-ServersNegativeTestJSON-278762084-project-member] GET http://192.168.122.209/volume/v3/volumes/685b18b9-b661-484f-9579-40fdbbc68333
Aug 09 11:19:16 devstack devstack@c-api.service[89411]: DEBUG cinder.api.openstack.wsgi [None req-62aea0a1-e17c-4227-8f2b-b40abcf651d3 tempest-ServersNegativeTestJSON-278762084 tempest-ServersNegativeTestJSON-278762084-project-member] Empty body provided in request {{(pid=89411) get_body /opt/stack/cinder/cinder/api/openstack/wsgi.py:725}}
Aug 09 11:19:16 devstack devstack@c-api.service[89411]: DEBUG cinder.api.openstack.wsgi [None req-62aea0a1-e17c-4227-8f2b-b40abcf651d3 tempest-ServersNegativeTestJSON-278762084 tempest-ServersNegativeTestJSON-278762084-project-member] Calling method 'show' {{(pid=89411) _process_stack /opt/stack/cinder/cinder/api/openstack/wsgi.py:878}}
Aug 09 11:19:16 devstack devstack@c-api.service[89411]: /opt/stack/data/venv/lib/python3.12/site-packages/oslo_context/context.py:102: DeprecationWarning: Policy enforcement is depending on the value of is_admin. This key is deprecated. Please update your policy file to use the standard policy values.
Aug 09 11:19:16 devstack devstack@c-api.service[89411]: warnings.warn(
Aug 09 11:19:16 devstack devstack@c-api.service[89411]: INFO cinder.volume.api [None req-62aea0a1-e17c-4227-8f2b-b40abcf651d3 tempest-ServersNegativeTestJSON-278762084 tempest-ServersNegativeTestJSON-278762084-project-member] Volume info retrieved successfully.
Aug 09 11:19:16 devstack devstack@c-api.service[89411]: INFO cinder.api.openstack.wsgi [None req-62aea0a1-e17c-4227-8f2b-b40abcf651d3 tempest-ServersNegativeTestJSON-278762084 tempest-ServersNegativeTestJSON-278762084-project-member] http://192.168.122.209/volume/v3/volumes/685b18b9-b661-484f-9579-40fdbbc68333 returned with HTTP 200
