Apr 29 09:00:08 devstack cinder-volume[83712]: DEBUG oslo_concurrency.processutils [req-7c5b0752-2102-41a2-b5fb-662babe63c16 req-3653ba7b-8d94-4bb4-87a9-b8c556ebd67d tempest-ServerBootFromVolumeStableRescueTest-1455155775 None] Running cmd (subprocess): sudo cinder-rootwrap /etc/cinder/rootwrap.conf rm -f /opt/stack/data/cinder/mnt/d0257eb115692b30d5f6066d63e740ce/volume-77844384-edbd-4aa3-b71a-a07e4282f45e {{(pid=83712) execute /opt/stack/data/venv/lib/python3.12/site-packages/oslo_concurrency/processutils.py:440}}
Apr 29 09:00:08 devstack cinder-volume[83712]: DEBUG oslo_concurrency.processutils [None req-a6b7485a-b7c0-414d-a37b-87690ce48cb6 tempest-VolumesNegativeTest-582836208 None] Running cmd (subprocess): sudo cinder-rootwrap /etc/cinder/rootwrap.conf chmod ugo+rw /opt/stack/data/cinder/mnt/d0257eb115692b30d5f6066d63e740ce/volume-e9c7eebd-0b95-4f91-b4ea-b05719c060f3 {{(pid=83712) execute /opt/stack/data/venv/lib/python3.12/site-packages/oslo_concurrency/processutils.py:440}}
Apr 29 09:00:08 devstack sudo[88992]: quobyte : PWD=/ ; USER=root ; COMMAND=/opt/stack/data/venv/bin/cinder-rootwrap /etc/cinder/rootwrap.conf rm -f /opt/stack/data/cinder/mnt/d0257eb115692b30d5f6066d63e740ce/volume-77844384-edbd-4aa3-b71a-a07e4282f45e
Apr 29 09:00:08 devstack sudo[88992]: pam_unix(sudo:session): session opened for user root(uid=0) by (uid=1000)
Apr 29 09:00:09 devstack sudo[88993]: quobyte : PWD=/ ; USER=root ; COMMAND=/opt/stack/data/venv/bin/cinder-rootwrap /etc/cinder/rootwrap.conf chmod ugo+rw /opt/stack/data/cinder/mnt/d0257eb115692b30d5f6066d63e740ce/volume-e9c7eebd-0b95-4f91-b4ea-b05719c060f3
Apr 29 09:00:09 devstack sudo[88993]: pam_unix(sudo:session): session opened for user root(uid=0) by (uid=1000)
Apr 29 09:00:09 devstack cinder-volume[83712]: INFO cinder.volume.manager [None req-f5bc84c3-160f-48ef-b6b8-02944e3a1188 tempest-GroupSnapshotsTest-1688921557 None] GroupSnapshot 2e1ec4f0-0815-40b1-9067-1a5c314257a4: creating.
Apr 29 09:00:09 devstack cinder-volume[83712]: DEBUG cinder.volume.manager [None req-f5bc84c3-160f-48ef-b6b8-02944e3a1188 tempest-GroupSnapshotsTest-1688921557 None] Group snapshot 2e1ec4f0-0815-40b1-9067-1a5c314257a4: creating. {{(pid=83712) create_group_snapshot /opt/stack/cinder/cinder/volume/manager.py:4175}}
Apr 29 09:00:09 devstack cinder-volume[83712]: DEBUG oslo_concurrency.lockutils [None req-f5bc84c3-160f-48ef-b6b8-02944e3a1188 tempest-GroupSnapshotsTest-1688921557 None] Acquiring lock "quobyte" by "cinder.volume.drivers.quobyte.QuobyteDriver.create_snapshot" {{(pid=83712) inner /opt/stack/data/venv/lib/python3.12/site-packages/oslo_concurrency/lockutils.py:506}}
Apr 29 09:00:09 devstack sudo[88992]: pam_unix(sudo:session): session closed for user root
Apr 29 09:00:09 devstack cinder-volume[83712]: DEBUG oslo_concurrency.processutils [req-7c5b0752-2102-41a2-b5fb-662babe63c16 req-3653ba7b-8d94-4bb4-87a9-b8c556ebd67d tempest-ServerBootFromVolumeStableRescueTest-1455155775 None] CMD "sudo cinder-rootwrap /etc/cinder/rootwrap.conf rm -f /opt/stack/data/cinder/mnt/d0257eb115692b30d5f6066d63e740ce/volume-77844384-edbd-4aa3-b71a-a07e4282f45e" returned: 0 in 0.993s {{(pid=83712) execute /opt/stack/data/venv/lib/python3.12/site-packages/oslo_concurrency/processutils.py:468}}
Apr 29 09:00:09 devstack cinder-volume[83712]: DEBUG cinder.coordination [req-7c5b0752-2102-41a2-b5fb-662babe63c16 req-3653ba7b-8d94-4bb4-87a9-b8c556ebd67d tempest-ServerBootFromVolumeStableRescueTest-1455155775 None] Lock "cinder-quobyte-77844384-edbd-4aa3-b71a-a07e4282f45e" released by "delete_volume" :: held 2.887s {{(pid=83712) __release /opt/stack/cinder/cinder/coordination.py:152}}
Apr 29 09:00:10 devstack sudo[88993]: pam_unix(sudo:session): session closed for user root
Apr 29 09:00:10 devstack cinder-volume[83712]: DEBUG oslo_concurrency.processutils [None req-a6b7485a-b7c0-414d-a37b-87690ce48cb6 tempest-VolumesNegativeTest-582836208 None] CMD "sudo cinder-rootwrap /etc/cinder/rootwrap.conf chmod ugo+rw /opt/stack/data/cinder/mnt/d0257eb115692b30d5f6066d63e740ce/volume-e9c7eebd-0b95-4f91-b4ea-b05719c060f3" returned: 0 in 1.068s {{(pid=83712) execute /opt/stack/data/venv/lib/python3.12/site-packages/oslo_concurrency/processutils.py:468}}
Apr 29 09:00:10 devstack cinder-volume[83712]: DEBUG cinder.volume.drivers.quobyte [None req-a6b7485a-b7c0-414d-a37b-87690ce48cb6 tempest-VolumesNegativeTest-582836208 None] <== create_volume: return (2333ms) {'provider_location': 'osci02.corp.quobyte.com/cinder-vol-847b07f3-4f35-4cfe-a830-d362cb0358fa'} {{(pid=83712) trace_logging_wrapper /opt/stack/cinder/cinder/volume/volume_utils.py:1523}}
Apr 29 09:00:10 devstack cinder-volume[83712]: DEBUG oslo_concurrency.lockutils [None req-a6b7485a-b7c0-414d-a37b-87690ce48cb6 tempest-VolumesNegativeTest-582836208 None] Lock "quobyte" "released" by "cinder.volume.drivers.quobyte.QuobyteDriver.create_volume" :: held 2.340s {{(pid=83712) inner /opt/stack/data/venv/lib/python3.12/site-packages/oslo_concurrency/lockutils.py:538}}
Apr 29 09:00:10 devstack cinder-volume[83712]: DEBUG oslo_concurrency.lockutils [None req-f5bc84c3-160f-48ef-b6b8-02944e3a1188 tempest-GroupSnapshotsTest-1688921557 None] Lock "quobyte" acquired by "cinder.volume.drivers.quobyte.QuobyteDriver.create_snapshot" :: waited 0.291s {{(pid=83712) inner /opt/stack/data/venv/lib/python3.12/site-packages/oslo_concurrency/lockutils.py:519}}
Apr 29 09:00:10 devstack cinder-volume[83712]: DEBUG cinder.volume.manager [None req-a6b7485a-b7c0-414d-a37b-87690ce48cb6 tempest-VolumesNegativeTest-582836208 None] Task 'cinder.volume.flows.manager.create_volume.CreateVolumeFromSpecTask;volume:create' (d2882ddd-15c6-455d-b6a3-878e4ee3157b) transitioned into state 'SUCCESS' from state 'RUNNING' with result '{'status': 'creating', 'volume_name': 'volume-e9c7eebd-0b95-4f91-b4ea-b05719c060f3', 'volume_size': 1}' {{(pid=83712) _task_receiver /opt/stack/data/venv/lib/python3.12/site-packages/taskflow/listeners/logging.py:182}}
Apr 29 09:00:10 devstack cinder-volume[83712]: DEBUG cinder.volume.manager [None req-a6b7485a-b7c0-414d-a37b-87690ce48cb6 tempest-VolumesNegativeTest-582836208 None] Task 'cinder.volume.flows.manager.create_volume.CreateVolumeOnFinishTask;volume:create, create.end' (4e9f9829-19d4-4194-a256-9ee8bade996a) transitioned into state 'RUNNING' from state 'PENDING' {{(pid=83712) _task_receiver /opt/stack/data/venv/lib/python3.12/site-packages/taskflow/listeners/logging.py:194}}
Apr 29 09:00:10 devstack cinder-volume[83712]: DEBUG cinder.volume.drivers.remotefs [None req-f5bc84c3-160f-48ef-b6b8-02944e3a1188 tempest-GroupSnapshotsTest-1688921557 None] Creating offline snapshot a156d130-ecef-4865-8a03-416dc2a62132 of volume 88ae88df-e26b-4870-ac11-84a663c6e733 {{(pid=83712) _create_snapshot /opt/stack/cinder/cinder/volume/drivers/remotefs.py:1815}}
Apr 29 09:00:10 devstack cinder-volume[83712]: INFO cinder.volume.flows.manager.create_volume [None req-a6b7485a-b7c0-414d-a37b-87690ce48cb6 tempest-VolumesNegativeTest-582836208 None] Volume volume-e9c7eebd-0b95-4f91-b4ea-b05719c060f3 (e9c7eebd-0b95-4f91-b4ea-b05719c060f3): created successfully
Apr 29 09:00:10 devstack cinder-volume[83712]: DEBUG cinder.volume.manager [None req-a6b7485a-b7c0-414d-a37b-87690ce48cb6 tempest-VolumesNegativeTest-582836208 None] Task 'cinder.volume.flows.manager.create_volume.CreateVolumeOnFinishTask;volume:create, create.end' (4e9f9829-19d4-4194-a256-9ee8bade996a) transitioned into state 'SUCCESS' from state 'RUNNING' with result 'None' {{(pid=83712) _task_receiver /opt/stack/data/venv/lib/python3.12/site-packages/taskflow/listeners/logging.py:182}}
Apr 29 09:00:10 devstack cinder-volume[83712]: DEBUG cinder.volume.manager [None req-a6b7485a-b7c0-414d-a37b-87690ce48cb6 tempest-VolumesNegativeTest-582836208 None] Flow 'volume_create_manager' (e2d475e1-2a0f-411d-9cba-fd19d3aa47e2) transitioned into state 'SUCCESS' from state 'RUNNING' {{(pid=83712) _flow_receiver /opt/stack/data/venv/lib/python3.12/site-packages/taskflow/listeners/logging.py:145}}
Apr 29 09:00:10 devstack cinder-volume[83712]: DEBUG oslo.privsep.daemon [-] privsep: reply[35dfe8a4-d2f7-41c9-9803-7e52ee635781]: (4, 'qcow2') {{(pid=85293) _call_back /opt/stack/data/venv/lib/python3.12/site-packages/oslo_privsep/daemon.py:573}}
Apr 29 09:00:10 devstack cinder-volume[83712]: DEBUG oslo_concurrency.processutils [None req-f5bc84c3-160f-48ef-b6b8-02944e3a1188 tempest-GroupSnapshotsTest-1688921557 None] Running cmd (subprocess): /opt/stack/data/venv/bin/python3.12 -m oslo_concurrency.prlimit --as=1073741824 --cpu=60 -- sudo cinder-rootwrap /etc/cinder/rootwrap.conf env LC_ALL=C qemu-img info -f qcow2 --output=json --force-share /opt/stack/data/cinder/mnt/d0257eb115692b30d5f6066d63e740ce/volume-88ae88df-e26b-4870-ac11-84a663c6e733 {{(pid=83712) execute /opt/stack/data/venv/lib/python3.12/site-packages/oslo_concurrency/processutils.py:440}}
Apr 29 09:00:10 devstack cinder-volume[83712]: INFO cinder.volume.manager [None req-a6b7485a-b7c0-414d-a37b-87690ce48cb6 tempest-VolumesNegativeTest-582836208 None] Created volume successfully.
Apr 29 09:00:10 devstack cinder-volume[83712]: DEBUG cinder.quota [req-7c5b0752-2102-41a2-b5fb-662babe63c16 req-3653ba7b-8d94-4bb4-87a9-b8c556ebd67d tempest-ServerBootFromVolumeStableRescueTest-1455155775 None] Created reservations ['6f43c905-9510-4130-88bc-c0a3ac5c0591', '95b99126-0ccf-432f-bc23-8fb558e9d330', '539d31f6-1b48-40c0-8c2f-1efaf26f24f4', 'a5f3bef1-c268-4397-b151-001b98bc8efc'] {{(pid=83712) reserve /opt/stack/cinder/cinder/quota.py:752}}
Apr 29 09:00:10 devstack cinder-volume[83712]: DEBUG oslo_concurrency.lockutils [req-7c5b0752-2102-41a2-b5fb-662babe63c16 req-3653ba7b-8d94-4bb4-87a9-b8c556ebd67d tempest-ServerBootFromVolumeStableRescueTest-1455155775 None] Acquiring lock "quobyte_ensure" by "cinder.volume.drivers.quobyte.QuobyteDriver._ensure_shares_mounted" {{(pid=83712) inner /opt/stack/data/venv/lib/python3.12/site-packages/oslo_concurrency/lockutils.py:506}}
Apr 29 09:00:10 devstack sudo[88998]: quobyte : PWD=/ ; USER=root ; COMMAND=/opt/stack/data/venv/bin/cinder-rootwrap /etc/cinder/rootwrap.conf env LC_ALL=C qemu-img info -f qcow2 --output=json --force-share /opt/stack/data/cinder/mnt/d0257eb115692b30d5f6066d63e740ce/volume-88ae88df-e26b-4870-ac11-84a663c6e733
Apr 29 09:00:10 devstack cinder-volume[83712]: DEBUG oslo_concurrency.lockutils [req-7c5b0752-2102-41a2-b5fb-662babe63c16 req-3653ba7b-8d94-4bb4-87a9-b8c556ebd67d tempest-ServerBootFromVolumeStableRescueTest-1455155775 None] Lock "quobyte_ensure" acquired by "cinder.volume.drivers.quobyte.QuobyteDriver._ensure_shares_mounted" :: waited 0.003s {{(pid=83712) inner /opt/stack/data/venv/lib/python3.12/site-packages/oslo_concurrency/lockutils.py:519}}
Apr 29 09:00:10 devstack cinder-volume[83712]: DEBUG cinder.volume.drivers.quobyte [req-7c5b0752-2102-41a2-b5fb-662babe63c16 req-3653ba7b-8d94-4bb4-87a9-b8c556ebd67d tempest-ServerBootFromVolumeStableRescueTest-1455155775 None] Quobyte Volume URL set to: {'osci02.corp.quobyte.com/cinder-vol-847b07f3-4f35-4cfe-a830-d362cb0358fa': None} {{(pid=83712) _load_shares_config /opt/stack/cinder/cinder/volume/drivers/quobyte.py:617}}
Apr 29 09:00:10 devstack sudo[88998]: pam_unix(sudo:session): session opened for user root(uid=0) by (uid=1000)
Apr 29 09:00:10 devstack cinder-volume[83712]: DEBUG cinder.volume.drivers.quobyte [req-7c5b0752-2102-41a2-b5fb-662babe63c16 req-3653ba7b-8d94-4bb4-87a9-b8c556ebd67d tempest-ServerBootFromVolumeStableRescueTest-1455155775 None] Available shares ['osci02.corp.quobyte.com/cinder-vol-847b07f3-4f35-4cfe-a830-d362cb0358fa'] {{(pid=83712) _ensure_shares_mounted /opt/stack/cinder/cinder/volume/drivers/quobyte.py:647}}
Apr 29 09:00:10 devstack cinder-volume[83712]: DEBUG oslo_concurrency.lockutils [req-7c5b0752-2102-41a2-b5fb-662babe63c16 req-3653ba7b-8d94-4bb4-87a9-b8c556ebd67d tempest-ServerBootFromVolumeStableRescueTest-1455155775 None] Lock "quobyte_ensure" "released" by "cinder.volume.drivers.quobyte.QuobyteDriver._ensure_shares_mounted" :: held 0.021s {{(pid=83712) inner /opt/stack/data/venv/lib/python3.12/site-packages/oslo_concurrency/lockutils.py:538}}
Apr 29 09:00:10 devstack cinder-volume[83712]: DEBUG oslo_concurrency.processutils [req-7c5b0752-2102-41a2-b5fb-662babe63c16 req-3653ba7b-8d94-4bb4-87a9-b8c556ebd67d tempest-ServerBootFromVolumeStableRescueTest-1455155775 None] Running cmd (subprocess): sudo cinder-rootwrap /etc/cinder/rootwrap.conf df --portability --block-size 1 /opt/stack/data/cinder/mnt/d0257eb115692b30d5f6066d63e740ce {{(pid=83712) execute /opt/stack/data/venv/lib/python3.12/site-packages/oslo_concurrency/processutils.py:440}}
Apr 29 09:00:10 devstack sudo[89000]: quobyte : PWD=/ ; USER=root ; COMMAND=/opt/stack/data/venv/bin/cinder-rootwrap /etc/cinder/rootwrap.conf df --portability --block-size 1 /opt/stack/data/cinder/mnt/d0257eb115692b30d5f6066d63e740ce
Apr 29 09:00:10 devstack sudo[89000]: pam_unix(sudo:session): session opened for user root(uid=0) by (uid=1000)
Apr 29 09:00:11 devstack sudo[89000]: pam_unix(sudo:session): session closed for user root
Apr 29 09:00:11 devstack sudo[88998]: pam_unix(sudo:session): session closed for user root
Apr 29 09:00:11 devstack cinder-volume[83712]: DEBUG oslo_concurrency.processutils [None req-f5bc84c3-160f-48ef-b6b8-02944e3a1188 tempest-GroupSnapshotsTest-1688921557 None] CMD "/opt/stack/data/venv/bin/python3.12 -m oslo_concurrency.prlimit --as=1073741824 --cpu=60 -- sudo cinder-rootwrap /etc/cinder/rootwrap.conf env LC_ALL=C qemu-img info -f qcow2 --output=json --force-share /opt/stack/data/cinder/mnt/d0257eb115692b30d5f6066d63e740ce/volume-88ae88df-e26b-4870-ac11-84a663c6e733" returned: 0 in 1.156s {{(pid=83712) execute /opt/stack/data/venv/lib/python3.12/site-packages/oslo_concurrency/processutils.py:468}}
Apr 29 09:00:11 devstack cinder-volume[83712]: DEBUG oslo_concurrency.processutils [None req-f5bc84c3-160f-48ef-b6b8-02944e3a1188 tempest-GroupSnapshotsTest-1688921557 None] Running cmd (subprocess): sudo cinder-rootwrap /etc/cinder/rootwrap.conf qemu-img create -f qcow2 -o backing_file=/opt/stack/data/cinder/mnt/d0257eb115692b30d5f6066d63e740ce/volume-88ae88df-e26b-4870-ac11-84a663c6e733,backing_fmt=qcow2 /opt/stack/data/cinder/mnt/d0257eb115692b30d5f6066d63e740ce/volume-88ae88df-e26b-4870-ac11-84a663c6e733.a156d130-ecef-4865-8a03-416dc2a62132 1G {{(pid=83712) execute /opt/stack/data/venv/lib/python3.12/site-packages/oslo_concurrency/processutils.py:440}}
Apr 29 09:00:11 devstack cinder-volume[83712]: DEBUG oslo_concurrency.processutils [req-7c5b0752-2102-41a2-b5fb-662babe63c16 req-3653ba7b-8d94-4bb4-87a9-b8c556ebd67d tempest-ServerBootFromVolumeStableRescueTest-1455155775 None] CMD "sudo cinder-rootwrap /etc/cinder/rootwrap.conf df --portability --block-size 1 /opt/stack/data/cinder/mnt/d0257eb115692b30d5f6066d63e740ce" returned: 0 in 0.967s {{(pid=83712) execute /opt/stack/data/venv/lib/python3.12/site-packages/oslo_concurrency/processutils.py:468}}
Apr 29 09:00:11 devstack cinder-volume[83712]: DEBUG cinder.manager [req-7c5b0752-2102-41a2-b5fb-662babe63c16 req-3653ba7b-8d94-4bb4-87a9-b8c556ebd67d tempest-ServerBootFromVolumeStableRescueTest-1455155775 None] Notifying Schedulers of capabilities ... {{(pid=83712) _publish_service_capabilities /opt/stack/cinder/cinder/manager.py:202}}
Apr 29 09:00:11 devstack cinder-volume[83712]: INFO cinder.volume.manager [req-7c5b0752-2102-41a2-b5fb-662babe63c16 req-3653ba7b-8d94-4bb4-87a9-b8c556ebd67d tempest-ServerBootFromVolumeStableRescueTest-1455155775 None] Deleted volume successfully.
Apr 29 09:00:11 devstack sudo[89007]: quobyte : PWD=/ ; USER=root ; COMMAND=/opt/stack/data/venv/bin/cinder-rootwrap /etc/cinder/rootwrap.conf qemu-img create -f qcow2 -o backing_file=/opt/stack/data/cinder/mnt/d0257eb115692b30d5f6066d63e740ce/volume-88ae88df-e26b-4870-ac11-84a663c6e733,backing_fmt=qcow2 /opt/stack/data/cinder/mnt/d0257eb115692b30d5f6066d63e740ce/volume-88ae88df-e26b-4870-ac11-84a663c6e733.a156d130-ecef-4865-8a03-416dc2a62132 1G
Apr 29 09:00:11 devstack sudo[89007]: pam_unix(sudo:session): session opened for user root(uid=0) by (uid=1000)
Apr 29 09:00:11 devstack cinder-volume[83712]: DEBUG cinder.coordination [req-7c5b0752-2102-41a2-b5fb-662babe63c16 req-3653ba7b-8d94-4bb4-87a9-b8c556ebd67d tempest-ServerBootFromVolumeStableRescueTest-1455155775 None] Lock "cinder-77844384-edbd-4aa3-b71a-a07e4282f45e-delete_volume" released by "delete_volume" :: held 4.294s {{(pid=83712) __release /opt/stack/cinder/cinder/coordination.py:152}}
Apr 29 09:00:12 devstack sudo[89007]: pam_unix(sudo:session): session closed for user root
Apr 29 09:00:12 devstack cinder-volume[83712]: DEBUG oslo_concurrency.processutils [None req-f5bc84c3-160f-48ef-b6b8-02944e3a1188 tempest-GroupSnapshotsTest-1688921557 None] CMD "sudo cinder-rootwrap /etc/cinder/rootwrap.conf qemu-img create -f qcow2 -o backing_file=/opt/stack/data/cinder/mnt/d0257eb115692b30d5f6066d63e740ce/volume-88ae88df-e26b-4870-ac11-84a663c6e733,backing_fmt=qcow2 /opt/stack/data/cinder/mnt/d0257eb115692b30d5f6066d63e740ce/volume-88ae88df-e26b-4870-ac11-84a663c6e733.a156d130-ecef-4865-8a03-416dc2a62132 1G" returned: 0 in 1.279s {{(pid=83712) execute /opt/stack/data/venv/lib/python3.12/site-packages/oslo_concurrency/processutils.py:468}}
Apr 29 09:00:12 devstack cinder-volume[83712]: DEBUG oslo_concurrency.processutils [None req-f5bc84c3-160f-48ef-b6b8-02944e3a1188 tempest-GroupSnapshotsTest-1688921557 None] Running cmd (subprocess): sudo cinder-rootwrap /etc/cinder/rootwrap.conf qemu-img rebase -u -b volume-88ae88df-e26b-4870-ac11-84a663c6e733 -F qcow2 /opt/stack/data/cinder/mnt/d0257eb115692b30d5f6066d63e740ce/volume-88ae88df-e26b-4870-ac11-84a663c6e733.a156d130-ecef-4865-8a03-416dc2a62132 {{(pid=83712) execute /opt/stack/data/venv/lib/python3.12/site-packages/oslo_concurrency/processutils.py:440}}
Apr 29 09:00:12 devstack sudo[89049]: quobyte : PWD=/ ; USER=root ; COMMAND=/opt/stack/data/venv/bin/cinder-rootwrap /etc/cinder/rootwrap.conf qemu-img rebase -u -b volume-88ae88df-e26b-4870-ac11-84a663c6e733 -F qcow2 /opt/stack/data/cinder/mnt/d0257eb115692b30d5f6066d63e740ce/volume-88ae88df-e26b-4870-ac11-84a663c6e733.a156d130-ecef-4865-8a03-416dc2a62132
Apr 29 09:00:12 devstack sudo[89049]: pam_unix(sudo:session): session opened for user root(uid=0) by (uid=1000)
Apr 29 09:00:13 devstack sudo[89049]: pam_unix(sudo:session): session closed for user root
Apr 29 09:00:13 devstack cinder-volume[83712]: DEBUG oslo_concurrency.processutils [None req-f5bc84c3-160f-48ef-b6b8-02944e3a1188 tempest-GroupSnapshotsTest-1688921557 None] CMD "sudo cinder-rootwrap /etc/cinder/rootwrap.conf qemu-img rebase -u -b volume-88ae88df-e26b-4870-ac11-84a663c6e733 -F qcow2 /opt/stack/data/cinder/mnt/d0257eb115692b30d5f6066d63e740ce/volume-88ae88df-e26b-4870-ac11-84a663c6e733.a156d130-ecef-4865-8a03-416dc2a62132" returned: 0 in 0.904s {{(pid=83712) execute /opt/stack/data/venv/lib/python3.12/site-packages/oslo_concurrency/processutils.py:468}}
Apr 29 09:00:13 devstack cinder-volume[83712]: WARNING cinder.volume.drivers.remotefs [None req-f5bc84c3-160f-48ef-b6b8-02944e3a1188 tempest-GroupSnapshotsTest-1688921557 None] /opt/stack/data/cinder/mnt/d0257eb115692b30d5f6066d63e740ce/volume-88ae88df-e26b-4870-ac11-84a663c6e733.a156d130-ecef-4865-8a03-416dc2a62132 is being set with open permissions: ugo+rw: NotImplementedError
Apr 29 09:00:13 devstack cinder-volume[83712]: DEBUG oslo_concurrency.processutils [None req-f5bc84c3-160f-48ef-b6b8-02944e3a1188 tempest-GroupSnapshotsTest-1688921557 None] Running cmd (subprocess): sudo cinder-rootwrap /etc/cinder/rootwrap.conf chmod ugo+rw /opt/stack/data/cinder/mnt/d0257eb115692b30d5f6066d63e740ce/volume-88ae88df-e26b-4870-ac11-84a663c6e733.a156d130-ecef-4865-8a03-416dc2a62132 {{(pid=83712) execute /opt/stack/data/venv/lib/python3.12/site-packages/oslo_concurrency/processutils.py:440}}
Apr 29 09:00:13 devstack sudo[89058]: quobyte : PWD=/ ; USER=root ; COMMAND=/opt/stack/data/venv/bin/cinder-rootwrap /etc/cinder/rootwrap.conf chmod ugo+rw /opt/stack/data/cinder/mnt/d0257eb115692b30d5f6066d63e740ce/volume-88ae88df-e26b-4870-ac11-84a663c6e733.a156d130-ecef-4865-8a03-416dc2a62132
Apr 29 09:00:13 devstack sudo[89058]: pam_unix(sudo:session): session opened for user root(uid=0) by (uid=1000)
Apr 29 09:00:14 devstack sudo[89058]: pam_unix(sudo:session): session closed for user root
Apr 29 09:00:14 devstack cinder-volume[83712]: DEBUG oslo_concurrency.processutils [None req-f5bc84c3-160f-48ef-b6b8-02944e3a1188 tempest-GroupSnapshotsTest-1688921557 None] CMD "sudo cinder-rootwrap /etc/cinder/rootwrap.conf chmod ugo+rw /opt/stack/data/cinder/mnt/d0257eb115692b30d5f6066d63e740ce/volume-88ae88df-e26b-4870-ac11-84a663c6e733.a156d130-ecef-4865-8a03-416dc2a62132" returned: 0 in 0.759s {{(pid=83712) execute /opt/stack/data/venv/lib/python3.12/site-packages/oslo_concurrency/processutils.py:468}}
Apr 29 09:00:14 devstack cinder-volume[83712]: DEBUG oslo_concurrency.processutils [None req-f5bc84c3-160f-48ef-b6b8-02944e3a1188 tempest-GroupSnapshotsTest-1688921557 None] Running cmd (subprocess): sudo cinder-rootwrap /etc/cinder/rootwrap.conf truncate -s0 /opt/stack/data/cinder/mnt/d0257eb115692b30d5f6066d63e740ce/volume-88ae88df-e26b-4870-ac11-84a663c6e733.info {{(pid=83712) execute /opt/stack/data/venv/lib/python3.12/site-packages/oslo_concurrency/processutils.py:440}}
Apr 29 09:00:14 devstack sudo[89061]: quobyte : PWD=/ ; USER=root ; COMMAND=/opt/stack/data/venv/bin/cinder-rootwrap /etc/cinder/rootwrap.conf truncate -s0 /opt/stack/data/cinder/mnt/d0257eb115692b30d5f6066d63e740ce/volume-88ae88df-e26b-4870-ac11-84a663c6e733.info
Apr 29 09:00:14 devstack sudo[89061]: pam_unix(sudo:session): session opened for user root(uid=0) by (uid=1000)
Apr 29 09:00:15 devstack sudo[89061]: pam_unix(sudo:session): session closed for user root
Apr 29 09:00:15 devstack cinder-volume[83712]: DEBUG oslo_concurrency.processutils [None req-f5bc84c3-160f-48ef-b6b8-02944e3a1188 tempest-GroupSnapshotsTest-1688921557 None] CMD "sudo cinder-rootwrap /etc/cinder/rootwrap.conf truncate -s0 /opt/stack/data/cinder/mnt/d0257eb115692b30d5f6066d63e740ce/volume-88ae88df-e26b-4870-ac11-84a663c6e733.info" returned: 0 in 0.775s {{(pid=83712) execute /opt/stack/data/venv/lib/python3.12/site-packages/oslo_concurrency/processutils.py:468}}
Apr 29 09:00:15 devstack cinder-volume[83712]: WARNING cinder.volume.drivers.remotefs [None req-f5bc84c3-160f-48ef-b6b8-02944e3a1188 tempest-GroupSnapshotsTest-1688921557 None] /opt/stack/data/cinder/mnt/d0257eb115692b30d5f6066d63e740ce/volume-88ae88df-e26b-4870-ac11-84a663c6e733.info is being set with open permissions: ugo+rw: NotImplementedError
Apr 29 09:00:15 devstack cinder-volume[83712]: DEBUG oslo_concurrency.processutils [None req-f5bc84c3-160f-48ef-b6b8-02944e3a1188 tempest-GroupSnapshotsTest-1688921557 None] Running cmd (subprocess): sudo cinder-rootwrap /etc/cinder/rootwrap.conf chmod ugo+rw /opt/stack/data/cinder/mnt/d0257eb115692b30d5f6066d63e740ce/volume-88ae88df-e26b-4870-ac11-84a663c6e733.info {{(pid=83712) execute /opt/stack/data/venv/lib/python3.12/site-packages/oslo_concurrency/processutils.py:440}}
Apr 29 09:00:15 devstack sudo[89066]: quobyte : PWD=/ ; USER=root ; COMMAND=/opt/stack/data/venv/bin/cinder-rootwrap /etc/cinder/rootwrap.conf chmod ugo+rw /opt/stack/data/cinder/mnt/d0257eb115692b30d5f6066d63e740ce/volume-88ae88df-e26b-4870-ac11-84a663c6e733.info
Apr 29 09:00:15 devstack sudo[89066]: pam_unix(sudo:session): session opened for user root(uid=0) by (uid=1000)
Apr 29 09:00:15 devstack sudo[89066]: pam_unix(sudo:session): session closed for user root
Apr 29 09:00:15 devstack cinder-volume[83712]: DEBUG oslo_concurrency.processutils [None req-f5bc84c3-160f-48ef-b6b8-02944e3a1188 tempest-GroupSnapshotsTest-1688921557 None] CMD "sudo cinder-rootwrap /etc/cinder/rootwrap.conf chmod ugo+rw /opt/stack/data/cinder/mnt/d0257eb115692b30d5f6066d63e740ce/volume-88ae88df-e26b-4870-ac11-84a663c6e733.info" returned: 0 in 0.722s {{(pid=83712) execute /opt/stack/data/venv/lib/python3.12/site-packages/oslo_concurrency/processutils.py:468}}
Apr 29 09:00:15 devstack cinder-volume[83712]: DEBUG oslo_concurrency.lockutils [None req-f5bc84c3-160f-48ef-b6b8-02944e3a1188 tempest-GroupSnapshotsTest-1688921557 None] Lock "quobyte" "released" by "cinder.volume.drivers.quobyte.QuobyteDriver.create_snapshot" :: held 5.742s {{(pid=83712) inner /opt/stack/data/venv/lib/python3.12/site-packages/oslo_concurrency/lockutils.py:538}}
Apr 29 09:00:15 devstack cinder-volume[83712]: DEBUG oslo_concurrency.lockutils [None req-f5bc84c3-160f-48ef-b6b8-02944e3a1188 tempest-GroupSnapshotsTest-1688921557 None] Acquiring lock "quobyte" by "cinder.volume.drivers.quobyte.QuobyteDriver.create_snapshot" {{(pid=83712) inner /opt/stack/data/venv/lib/python3.12/site-packages/oslo_concurrency/lockutils.py:506}}
Apr 29 09:00:15 devstack cinder-volume[83712]: DEBUG oslo_concurrency.lockutils [None req-f5bc84c3-160f-48ef-b6b8-02944e3a1188 tempest-GroupSnapshotsTest-1688921557 None] Lock "quobyte" acquired by "cinder.volume.drivers.quobyte.QuobyteDriver.create_snapshot" :: waited 0.001s {{(pid=83712) inner /opt/stack/data/venv/lib/python3.12/site-packages/oslo_concurrency/lockutils.py:519}}
Apr 29 09:00:15 devstack cinder-volume[83712]: DEBUG cinder.volume.drivers.remotefs [None req-f5bc84c3-160f-48ef-b6b8-02944e3a1188 tempest-GroupSnapshotsTest-1688921557 None] Creating offline snapshot eed12ee1-f39e-4235-b1d5-b0e6fd00f9d8 of volume 7356bdba-1e67-4d2f-83c4-e8d18e3f1616 {{(pid=83712) _create_snapshot /opt/stack/cinder/cinder/volume/drivers/remotefs.py:1815}}
Apr 29 09:00:15 devstack cinder-volume[83712]: DEBUG oslo.privsep.daemon [-] privsep: reply[480cbf27-d27f-4a82-936b-f296f3dda4b8]: (4, 'qcow2') {{(pid=85293) _call_back /opt/stack/data/venv/lib/python3.12/site-packages/oslo_privsep/daemon.py:573}}
Apr 29 09:00:15 devstack cinder-volume[83712]: DEBUG oslo_concurrency.processutils [None req-f5bc84c3-160f-48ef-b6b8-02944e3a1188 tempest-GroupSnapshotsTest-1688921557 None] Running cmd (subprocess): /opt/stack/data/venv/bin/python3.12 -m oslo_concurrency.prlimit --as=1073741824 --cpu=60 -- sudo cinder-rootwrap /etc/cinder/rootwrap.conf env LC_ALL=C qemu-img info -f qcow2 --output=json --force-share /opt/stack/data/cinder/mnt/d0257eb115692b30d5f6066d63e740ce/volume-7356bdba-1e67-4d2f-83c4-e8d18e3f1616 {{(pid=83712) execute /opt/stack/data/venv/lib/python3.12/site-packages/oslo_concurrency/processutils.py:440}}
Apr 29 09:00:15 devstack sudo[89069]: quobyte : PWD=/ ; USER=root ; COMMAND=/opt/stack/data/venv/bin/cinder-rootwrap /etc/cinder/rootwrap.conf env LC_ALL=C qemu-img info -f qcow2 --output=json --force-share /opt/stack/data/cinder/mnt/d0257eb115692b30d5f6066d63e740ce/volume-7356bdba-1e67-4d2f-83c4-e8d18e3f1616
Apr 29 09:00:15 devstack sudo[89069]: pam_unix(sudo:session): session opened for user root(uid=0) by (uid=1000)
Apr 29 09:00:16 devstack sudo[89069]: pam_unix(sudo:session): session closed for user root
Apr 29 09:00:16 devstack cinder-volume[83712]: DEBUG oslo_concurrency.processutils [None req-f5bc84c3-160f-48ef-b6b8-02944e3a1188 tempest-GroupSnapshotsTest-1688921557 None] CMD "/opt/stack/data/venv/bin/python3.12 -m oslo_concurrency.prlimit --as=1073741824 --cpu=60 -- sudo cinder-rootwrap /etc/cinder/rootwrap.conf env LC_ALL=C qemu-img info -f qcow2 --output=json --force-share /opt/stack/data/cinder/mnt/d0257eb115692b30d5f6066d63e740ce/volume-7356bdba-1e67-4d2f-83c4-e8d18e3f1616" returned: 0 in 0.886s {{(pid=83712) execute /opt/stack/data/venv/lib/python3.12/site-packages/oslo_concurrency/processutils.py:468}}
Apr 29 09:00:16 devstack cinder-volume[83712]: DEBUG oslo_concurrency.processutils [None req-f5bc84c3-160f-48ef-b6b8-02944e3a1188 tempest-GroupSnapshotsTest-1688921557 None] Running cmd (subprocess): sudo cinder-rootwrap /etc/cinder/rootwrap.conf qemu-img create -f qcow2 -o backing_file=/opt/stack/data/cinder/mnt/d0257eb115692b30d5f6066d63e740ce/volume-7356bdba-1e67-4d2f-83c4-e8d18e3f1616,backing_fmt=qcow2 /opt/stack/data/cinder/mnt/d0257eb115692b30d5f6066d63e740ce/volume-7356bdba-1e67-4d2f-83c4-e8d18e3f1616.eed12ee1-f39e-4235-b1d5-b0e6fd00f9d8 1G {{(pid=83712) execute /opt/stack/data/venv/lib/python3.12/site-packages/oslo_concurrency/processutils.py:440}}
Apr 29 09:00:16 devstack sudo[89074]: quobyte : PWD=/ ; USER=root ; COMMAND=/opt/stack/data/venv/bin/cinder-rootwrap /etc/cinder/rootwrap.conf qemu-img create -f qcow2 -o backing_file=/opt/stack/data/cinder/mnt/d0257eb115692b30d5f6066d63e740ce/volume-7356bdba-1e67-4d2f-83c4-e8d18e3f1616,backing_fmt=qcow2 /opt/stack/data/cinder/mnt/d0257eb115692b30d5f6066d63e740ce/volume-7356bdba-1e67-4d2f-83c4-e8d18e3f1616.eed12ee1-f39e-4235-b1d5-b0e6fd00f9d8 1G
Apr 29 09:00:16 devstack sudo[89074]: pam_unix(sudo:session): session opened for user root(uid=0) by (uid=1000)
Apr 29 09:00:17 devstack sudo[89074]: pam_unix(sudo:session): session closed for user root
Apr 29 09:00:17 devstack cinder-volume[83712]: DEBUG oslo_concurrency.processutils [None req-f5bc84c3-160f-48ef-b6b8-02944e3a1188 tempest-GroupSnapshotsTest-1688921557 None] CMD "sudo cinder-rootwrap /etc/cinder/rootwrap.conf qemu-img create -f qcow2 -o backing_file=/opt/stack/data/cinder/mnt/d0257eb115692b30d5f6066d63e740ce/volume-7356bdba-1e67-4d2f-83c4-e8d18e3f1616,backing_fmt=qcow2 /opt/stack/data/cinder/mnt/d0257eb115692b30d5f6066d63e740ce/volume-7356bdba-1e67-4d2f-83c4-e8d18e3f1616.eed12ee1-f39e-4235-b1d5-b0e6fd00f9d8 1G" returned: 0 in 1.023s {{(pid=83712) execute /opt/stack/data/venv/lib/python3.12/site-packages/oslo_concurrency/processutils.py:468}}
Apr 29 09:00:17 devstack cinder-volume[83712]: DEBUG oslo_concurrency.processutils [None req-f5bc84c3-160f-48ef-b6b8-02944e3a1188 tempest-GroupSnapshotsTest-1688921557 None] Running cmd (subprocess): sudo cinder-rootwrap /etc/cinder/rootwrap.conf qemu-img rebase -u -b volume-7356bdba-1e67-4d2f-83c4-e8d18e3f1616 -F qcow2 /opt/stack/data/cinder/mnt/d0257eb115692b30d5f6066d63e740ce/volume-7356bdba-1e67-4d2f-83c4-e8d18e3f1616.eed12ee1-f39e-4235-b1d5-b0e6fd00f9d8 {{(pid=83712) execute /opt/stack/data/venv/lib/python3.12/site-packages/oslo_concurrency/processutils.py:440}}
Apr 29 09:00:17 devstack sudo[89080]: quobyte : PWD=/ ; USER=root ; COMMAND=/opt/stack/data/venv/bin/cinder-rootwrap /etc/cinder/rootwrap.conf qemu-img rebase -u -b volume-7356bdba-1e67-4d2f-83c4-e8d18e3f1616 -F qcow2 /opt/stack/data/cinder/mnt/d0257eb115692b30d5f6066d63e740ce/volume-7356bdba-1e67-4d2f-83c4-e8d18e3f1616.eed12ee1-f39e-4235-b1d5-b0e6fd00f9d8
Apr 29 09:00:17 devstack sudo[89080]: pam_unix(sudo:session): session opened for user root(uid=0) by (uid=1000)
Apr 29 09:00:18 devstack sudo[89080]: pam_unix(sudo:session): session closed for user root
Apr 29 09:00:18 devstack cinder-volume[83712]: DEBUG oslo_concurrency.processutils [None req-f5bc84c3-160f-48ef-b6b8-02944e3a1188 tempest-GroupSnapshotsTest-1688921557 None] CMD "sudo cinder-rootwrap /etc/cinder/rootwrap.conf qemu-img rebase -u -b volume-7356bdba-1e67-4d2f-83c4-e8d18e3f1616 -F qcow2 /opt/stack/data/cinder/mnt/d0257eb115692b30d5f6066d63e740ce/volume-7356bdba-1e67-4d2f-83c4-e8d18e3f1616.eed12ee1-f39e-4235-b1d5-b0e6fd00f9d8" returned: 0 in 1.083s {{(pid=83712) execute /opt/stack/data/venv/lib/python3.12/site-packages/oslo_concurrency/processutils.py:468}}
Apr 29 09:00:18 devstack cinder-volume[83712]: WARNING cinder.volume.drivers.remotefs [None req-f5bc84c3-160f-48ef-b6b8-02944e3a1188 tempest-GroupSnapshotsTest-1688921557 None] /opt/stack/data/cinder/mnt/d0257eb115692b30d5f6066d63e740ce/volume-7356bdba-1e67-4d2f-83c4-e8d18e3f1616.eed12ee1-f39e-4235-b1d5-b0e6fd00f9d8 is being set with open permissions: ugo+rw: NotImplementedError
Apr 29 09:00:18 devstack cinder-volume[83712]: DEBUG oslo_concurrency.processutils [None req-f5bc84c3-160f-48ef-b6b8-02944e3a1188 tempest-GroupSnapshotsTest-1688921557 None] Running cmd (subprocess): sudo cinder-rootwrap /etc/cinder/rootwrap.conf chmod ugo+rw /opt/stack/data/cinder/mnt/d0257eb115692b30d5f6066d63e740ce/volume-7356bdba-1e67-4d2f-83c4-e8d18e3f1616.eed12ee1-f39e-4235-b1d5-b0e6fd00f9d8 {{(pid=83712) execute /opt/stack/data/venv/lib/python3.12/site-packages/oslo_concurrency/processutils.py:440}}
Apr 29 09:00:18 devstack sudo[89089]: quobyte : PWD=/ ; USER=root ; COMMAND=/opt/stack/data/venv/bin/cinder-rootwrap /etc/cinder/rootwrap.conf chmod ugo+rw /opt/stack/data/cinder/mnt/d0257eb115692b30d5f6066d63e740ce/volume-7356bdba-1e67-4d2f-83c4-e8d18e3f1616.eed12ee1-f39e-4235-b1d5-b0e6fd00f9d8
Apr 29 09:00:18 devstack sudo[89089]: pam_unix(sudo:session): session opened for user root(uid=0) by (uid=1000)
Apr 29 09:00:19 devstack sudo[89089]: pam_unix(sudo:session): session closed for user root
Apr 29 09:00:19 devstack cinder-volume[83712]: DEBUG oslo_concurrency.processutils [None req-f5bc84c3-160f-48ef-b6b8-02944e3a1188 tempest-GroupSnapshotsTest-1688921557 None] CMD "sudo cinder-rootwrap /etc/cinder/rootwrap.conf chmod ugo+rw /opt/stack/data/cinder/mnt/d0257eb115692b30d5f6066d63e740ce/volume-7356bdba-1e67-4d2f-83c4-e8d18e3f1616.eed12ee1-f39e-4235-b1d5-b0e6fd00f9d8" returned: 0 in 0.738s {{(pid=83712) execute /opt/stack/data/venv/lib/python3.12/site-packages/oslo_concurrency/processutils.py:468}}
Apr 29 09:00:19 devstack cinder-volume[83712]: DEBUG oslo_concurrency.processutils [None req-f5bc84c3-160f-48ef-b6b8-02944e3a1188 tempest-GroupSnapshotsTest-1688921557 None] Running cmd (subprocess): sudo cinder-rootwrap /etc/cinder/rootwrap.conf truncate -s0 /opt/stack/data/cinder/mnt/d0257eb115692b30d5f6066d63e740ce/volume-7356bdba-1e67-4d2f-83c4-e8d18e3f1616.info {{(pid=83712) execute /opt/stack/data/venv/lib/python3.12/site-packages/oslo_concurrency/processutils.py:440}}
Apr 29 09:00:19 devstack sudo[89104]: quobyte : PWD=/ ; USER=root ; COMMAND=/opt/stack/data/venv/bin/cinder-rootwrap /etc/cinder/rootwrap.conf truncate -s0 /opt/stack/data/cinder/mnt/d0257eb115692b30d5f6066d63e740ce/volume-7356bdba-1e67-4d2f-83c4-e8d18e3f1616.info
Apr 29 09:00:19 devstack sudo[89104]: pam_unix(sudo:session): session opened for user root(uid=0) by (uid=1000)
Apr 29 09:00:20 devstack sudo[89104]: pam_unix(sudo:session): session closed for user root
Apr 29 09:00:20 devstack cinder-volume[83712]: DEBUG oslo_concurrency.processutils [None req-f5bc84c3-160f-48ef-b6b8-02944e3a1188 tempest-GroupSnapshotsTest-1688921557 None] CMD "sudo cinder-rootwrap /etc/cinder/rootwrap.conf truncate -s0 /opt/stack/data/cinder/mnt/d0257eb115692b30d5f6066d63e740ce/volume-7356bdba-1e67-4d2f-83c4-e8d18e3f1616.info" returned: 0 in 0.750s {{(pid=83712) execute /opt/stack/data/venv/lib/python3.12/site-packages/oslo_concurrency/processutils.py:468}}
Apr 29 09:00:20 devstack cinder-volume[83712]: WARNING cinder.volume.drivers.remotefs [None req-f5bc84c3-160f-48ef-b6b8-02944e3a1188 tempest-GroupSnapshotsTest-1688921557 None] /opt/stack/data/cinder/mnt/d0257eb115692b30d5f6066d63e740ce/volume-7356bdba-1e67-4d2f-83c4-e8d18e3f1616.info is being set with open permissions: ugo+rw: NotImplementedError
Apr 29 09:00:20 devstack cinder-volume[83712]: DEBUG oslo_concurrency.processutils [None req-f5bc84c3-160f-48ef-b6b8-02944e3a1188 tempest-GroupSnapshotsTest-1688921557 None] Running cmd (subprocess): sudo cinder-rootwrap /etc/cinder/rootwrap.conf chmod ugo+rw /opt/stack/data/cinder/mnt/d0257eb115692b30d5f6066d63e740ce/volume-7356bdba-1e67-4d2f-83c4-e8d18e3f1616.info {{(pid=83712) execute /opt/stack/data/venv/lib/python3.12/site-packages/oslo_concurrency/processutils.py:440}}
Apr 29 09:00:20 devstack sudo[89115]: quobyte : PWD=/ ; USER=root ; COMMAND=/opt/stack/data/venv/bin/cinder-rootwrap /etc/cinder/rootwrap.conf chmod ugo+rw /opt/stack/data/cinder/mnt/d0257eb115692b30d5f6066d63e740ce/volume-7356bdba-1e67-4d2f-83c4-e8d18e3f1616.info
Apr 29 09:00:20 devstack sudo[89115]: pam_unix(sudo:session): session opened for user root(uid=0) by (uid=1000)
Apr 29 09:00:21 devstack sudo[89115]: pam_unix(sudo:session): session closed for user root
Apr 29 09:00:21 devstack cinder-volume[83712]: DEBUG oslo_concurrency.processutils [None req-f5bc84c3-160f-48ef-b6b8-02944e3a1188 tempest-GroupSnapshotsTest-1688921557 None] CMD "sudo cinder-rootwrap /etc/cinder/rootwrap.conf chmod ugo+rw /opt/stack/data/cinder/mnt/d0257eb115692b30d5f6066d63e740ce/volume-7356bdba-1e67-4d2f-83c4-e8d18e3f1616.info" returned: 0 in 0.705s {{(pid=83712) execute /opt/stack/data/venv/lib/python3.12/site-packages/oslo_concurrency/processutils.py:468}}
Apr 29 09:00:21 devstack cinder-volume[83712]: DEBUG oslo_concurrency.lockutils [None req-f5bc84c3-160f-48ef-b6b8-02944e3a1188 tempest-GroupSnapshotsTest-1688921557 None] Lock "quobyte" "released" by "cinder.volume.drivers.quobyte.QuobyteDriver.create_snapshot" :: held 5.299s {{(pid=83712) inner /opt/stack/data/venv/lib/python3.12/site-packages/oslo_concurrency/lockutils.py:538}}
Apr 29 09:00:21 devstack cinder-volume[83712]: INFO cinder.volume.manager [None req-f5bc84c3-160f-48ef-b6b8-02944e3a1188 tempest-GroupSnapshotsTest-1688921557 None] group_snapshot 2e1ec4f0-0815-40b1-9067-1a5c314257a4: created successfully
Apr 29 09:00:21 devstack cinder-volume[83712]: INFO cinder.volume.manager [None req-648a7d09-370e-4b33-9c68-9d9445333a24 tempest-GroupSnapshotsTest-1688921557 None] group_snapshot 2e1ec4f0-0815-40b1-9067-1a5c314257a4: deleting
Apr 29 09:00:21 devstack cinder-volume[83712]: DEBUG cinder.volume.manager [None req-648a7d09-370e-4b33-9c68-9d9445333a24 tempest-GroupSnapshotsTest-1688921557 None] group_snapshot 2e1ec4f0-0815-40b1-9067-1a5c314257a4: deleting {{(pid=83712) delete_group_snapshot /opt/stack/cinder/cinder/volume/manager.py:4350}}
Apr 29 09:00:21 devstack cinder-volume[83712]: DEBUG cinder.coordination [None req-648a7d09-370e-4b33-9c68-9d9445333a24 tempest-GroupSnapshotsTest-1688921557 None] Acquiring lock "cinder-quobyte-88ae88df-e26b-4870-ac11-84a663c6e733" by "delete_snapshot" {{(pid=83712) __acquire /opt/stack/cinder/cinder/coordination.py:138}}
Apr 29 09:00:21 devstack cinder-volume[83712]: DEBUG cinder.coordination [None req-648a7d09-370e-4b33-9c68-9d9445333a24 tempest-GroupSnapshotsTest-1688921557 None] Lock "cinder-quobyte-88ae88df-e26b-4870-ac11-84a663c6e733" acquired by "delete_snapshot" :: waited 0.021s {{(pid=83712) __acquire /opt/stack/cinder/cinder/coordination.py:141}}
Apr 29 09:00:21 devstack cinder-volume[83712]: DEBUG cinder.coordination [None req-648a7d09-370e-4b33-9c68-9d9445333a24 tempest-GroupSnapshotsTest-1688921557 None] Acquiring lock "cinder-quobyte-a156d130-ecef-4865-8a03-416dc2a62132" by "_delete_snapshot" {{(pid=83712) __acquire /opt/stack/cinder/cinder/coordination.py:138}}
Apr 29 09:00:21 devstack cinder-volume[83712]: DEBUG cinder.coordination [None req-648a7d09-370e-4b33-9c68-9d9445333a24 tempest-GroupSnapshotsTest-1688921557 None] Lock "cinder-quobyte-a156d130-ecef-4865-8a03-416dc2a62132" acquired by "_delete_snapshot" :: waited 0.028s {{(pid=83712) __acquire /opt/stack/cinder/cinder/coordination.py:141}}
Apr 29 09:00:21 devstack cinder-volume[83712]: DEBUG cinder.volume.drivers.remotefs [None req-648a7d09-370e-4b33-9c68-9d9445333a24 tempest-GroupSnapshotsTest-1688921557 None] Deleting offline snapshot a156d130-ecef-4865-8a03-416dc2a62132 of volume 88ae88df-e26b-4870-ac11-84a663c6e733 {{(pid=83712) _delete_snapshot /opt/stack/cinder/cinder/volume/drivers/remotefs.py:1288}}
Apr 29 09:00:21 devstack cinder-volume[83712]: DEBUG cinder.volume.drivers.remotefs [None req-648a7d09-370e-4b33-9c68-9d9445333a24 tempest-GroupSnapshotsTest-1688921557 None] snapshot_file for this snap is: volume-88ae88df-e26b-4870-ac11-84a663c6e733.a156d130-ecef-4865-8a03-416dc2a62132 {{(pid=83712) _delete_snapshot /opt/stack/cinder/cinder/volume/drivers/remotefs.py:1317}}
Apr 29 09:00:21 devstack cinder-volume[83712]: DEBUG oslo.privsep.daemon [-] privsep: reply[54a5e42c-fa02-4a77-a119-7ec656fd47a9]: (4, 'qcow2') {{(pid=85293) _call_back /opt/stack/data/venv/lib/python3.12/site-packages/oslo_privsep/daemon.py:573}}
Apr 29 09:00:21 devstack cinder-volume[83712]: DEBUG oslo_concurrency.processutils [None req-648a7d09-370e-4b33-9c68-9d9445333a24 tempest-GroupSnapshotsTest-1688921557 None] Running cmd (subprocess): /opt/stack/data/venv/bin/python3.12 -m oslo_concurrency.prlimit --as=1073741824 --cpu=60 -- sudo cinder-rootwrap /etc/cinder/rootwrap.conf env LC_ALL=C qemu-img info -f qcow2 --output=json --force-share /opt/stack/data/cinder/mnt/d0257eb115692b30d5f6066d63e740ce/volume-88ae88df-e26b-4870-ac11-84a663c6e733.a156d130-ecef-4865-8a03-416dc2a62132 {{(pid=83712) execute /opt/stack/data/venv/lib/python3.12/site-packages/oslo_concurrency/processutils.py:440}}
Apr 29 09:00:21 devstack sudo[89153]: quobyte : PWD=/ ; USER=root ; COMMAND=/opt/stack/data/venv/bin/cinder-rootwrap /etc/cinder/rootwrap.conf env LC_ALL=C qemu-img info -f qcow2 --output=json --force-share /opt/stack/data/cinder/mnt/d0257eb115692b30d5f6066d63e740ce/volume-88ae88df-e26b-4870-ac11-84a663c6e733.a156d130-ecef-4865-8a03-416dc2a62132
Apr 29 09:00:21 devstack sudo[89153]: pam_unix(sudo:session): session opened for user root(uid=0) by (uid=1000)
Apr 29 09:00:22 devstack sudo[89153]: pam_unix(sudo:session): session closed for user root
Apr 29 09:00:22 devstack cinder-volume[83712]: DEBUG oslo_concurrency.processutils [None req-648a7d09-370e-4b33-9c68-9d9445333a24 tempest-GroupSnapshotsTest-1688921557 None] CMD "/opt/stack/data/venv/bin/python3.12 -m oslo_concurrency.prlimit --as=1073741824 --cpu=60 -- sudo cinder-rootwrap /etc/cinder/rootwrap.conf env LC_ALL=C qemu-img info -f qcow2 --output=json --force-share /opt/stack/data/cinder/mnt/d0257eb115692b30d5f6066d63e740ce/volume-88ae88df-e26b-4870-ac11-84a663c6e733.a156d130-ecef-4865-8a03-416dc2a62132" returned: 0 in 0.965s {{(pid=83712) execute /opt/stack/data/venv/lib/python3.12/site-packages/oslo_concurrency/processutils.py:468}}
Apr 29 09:00:22 devstack cinder-volume[83712]: DEBUG cinder.volume.drivers.remotefs [None req-648a7d09-370e-4b33-9c68-9d9445333a24 tempest-GroupSnapshotsTest-1688921557 None] Fetching qemu-img info with special backing_file_template: (/opt/stack/data/cinder/mnt/[0-9a-f]+/)?(volume-88ae88df-e26b-4870-ac11-84a663c6e733(.(tmp-snap-)?[0-9a-f-]+)?|volume_from_snapshot_cache/(tmp-snap-)?[0-9a-f-]+(.(child-|parent-)[0-9a-f-]+)?)$ {{(pid=83712) _qemu_img_info_base /opt/stack/cinder/cinder/volume/drivers/remotefs.py:896}}
Apr 29 09:00:22 devstack cinder-volume[83712]: DEBUG oslo.privsep.daemon [-] privsep: reply[a38fc249-90db-4332-b482-080fb400c6ef]: (4, 'qcow2') {{(pid=85293) _call_back /opt/stack/data/venv/lib/python3.12/site-packages/oslo_privsep/daemon.py:573}}
Apr 29 09:00:22 devstack cinder-volume[83712]: DEBUG oslo_concurrency.processutils [None req-648a7d09-370e-4b33-9c68-9d9445333a24 tempest-GroupSnapshotsTest-1688921557 None] Running cmd (subprocess): /opt/stack/data/venv/bin/python3.12 -m oslo_concurrency.prlimit --as=1073741824 --cpu=60 -- sudo cinder-rootwrap /etc/cinder/rootwrap.conf env LC_ALL=C qemu-img info -f qcow2 --output=json --force-share /opt/stack/data/cinder/mnt/d0257eb115692b30d5f6066d63e740ce/volume-88ae88df-e26b-4870-ac11-84a663c6e733 {{(pid=83712) execute /opt/stack/data/venv/lib/python3.12/site-packages/oslo_concurrency/processutils.py:440}}
Apr 29 09:00:23 devstack sudo[89163]: quobyte : PWD=/ ; USER=root ; COMMAND=/opt/stack/data/venv/bin/cinder-rootwrap /etc/cinder/rootwrap.conf env LC_ALL=C qemu-img info -f qcow2 --output=json --force-share /opt/stack/data/cinder/mnt/d0257eb115692b30d5f6066d63e740ce/volume-88ae88df-e26b-4870-ac11-84a663c6e733
Apr 29 09:00:23 devstack sudo[89163]: pam_unix(sudo:session): session opened for user root(uid=0) by (uid=1000)
Apr 29 09:00:23 devstack cinder-volume[83712]: DEBUG oslo_concurrency.processutils [None req-648a7d09-370e-4b33-9c68-9d9445333a24 tempest-GroupSnapshotsTest-1688921557 None] CMD "/opt/stack/data/venv/bin/python3.12 -m oslo_concurrency.prlimit --as=1073741824 --cpu=60 -- sudo cinder-rootwrap /etc/cinder/rootwrap.conf env LC_ALL=C qemu-img info -f qcow2 --output=json --force-share /opt/stack/data/cinder/mnt/d0257eb115692b30d5f6066d63e740ce/volume-88ae88df-e26b-4870-ac11-84a663c6e733" returned: 0 in 0.813s {{(pid=83712) execute /opt/stack/data/venv/lib/python3.12/site-packages/oslo_concurrency/processutils.py:468}}
Apr 29 09:00:23 devstack cinder-volume[83712]: DEBUG oslo_concurrency.processutils [None req-648a7d09-370e-4b33-9c68-9d9445333a24 tempest-GroupSnapshotsTest-1688921557 None] Running cmd (subprocess): sudo cinder-rootwrap /etc/cinder/rootwrap.conf qemu-img commit -d /opt/stack/data/cinder/mnt/d0257eb115692b30d5f6066d63e740ce/volume-88ae88df-e26b-4870-ac11-84a663c6e733.a156d130-ecef-4865-8a03-416dc2a62132 {{(pid=83712) execute /opt/stack/data/venv/lib/python3.12/site-packages/oslo_concurrency/processutils.py:440}}
Apr 29 09:00:23 devstack sudo[89163]: pam_unix(sudo:session): session closed for user root
Apr 29 09:00:23 devstack sudo[89169]: quobyte : PWD=/ ; USER=root ; COMMAND=/opt/stack/data/venv/bin/cinder-rootwrap /etc/cinder/rootwrap.conf qemu-img commit -d /opt/stack/data/cinder/mnt/d0257eb115692b30d5f6066d63e740ce/volume-88ae88df-e26b-4870-ac11-84a663c6e733.a156d130-ecef-4865-8a03-416dc2a62132
Apr 29 09:00:23 devstack sudo[89169]: pam_unix(sudo:session): session opened for user root(uid=0) by (uid=1000)
Apr 29 09:00:24 devstack cinder-volume[83712]: INFO cinder.volume.manager [req-521c9e7f-3005-4b52-9879-48263c49bd2f req-5d9dd795-3217-40b4-bab0-f7aeffd357db tempest-ServerBootFromVolumeStableRescueTest-1455155775 None] Terminate volume connection completed successfully.
Apr 29 09:00:24 devstack cinder-volume[83712]: DEBUG cinder.volume.manager [req-521c9e7f-3005-4b52-9879-48263c49bd2f req-5d9dd795-3217-40b4-bab0-f7aeffd357db tempest-ServerBootFromVolumeStableRescueTest-1455155775 None] Deleting attachment 4ce8d308-63ef-444d-b11c-8753ba0259f5. {{(pid=83712) attachment_delete /opt/stack/cinder/cinder/volume/manager.py:5055}}
Apr 29 09:00:24 devstack sudo[89169]: pam_unix(sudo:session): session closed for user root
Apr 29 09:00:24 devstack cinder-volume[83712]: DEBUG oslo_concurrency.processutils [None req-648a7d09-370e-4b33-9c68-9d9445333a24 tempest-GroupSnapshotsTest-1688921557 None] CMD "sudo cinder-rootwrap /etc/cinder/rootwrap.conf qemu-img commit -d /opt/stack/data/cinder/mnt/d0257eb115692b30d5f6066d63e740ce/volume-88ae88df-e26b-4870-ac11-84a663c6e733.a156d130-ecef-4865-8a03-416dc2a62132" returned: 0 in 0.812s {{(pid=83712) execute /opt/stack/data/venv/lib/python3.12/site-packages/oslo_concurrency/processutils.py:468}}
Apr 29 09:00:24 devstack cinder-volume[83712]: DEBUG oslo_concurrency.processutils [None req-648a7d09-370e-4b33-9c68-9d9445333a24 tempest-GroupSnapshotsTest-1688921557 None] Running cmd (subprocess): sudo cinder-rootwrap /etc/cinder/rootwrap.conf rm -f /opt/stack/data/cinder/mnt/d0257eb115692b30d5f6066d63e740ce/volume-88ae88df-e26b-4870-ac11-84a663c6e733.a156d130-ecef-4865-8a03-416dc2a62132 {{(pid=83712) execute /opt/stack/data/venv/lib/python3.12/site-packages/oslo_concurrency/processutils.py:440}}
Apr 29 09:00:24 devstack sudo[89178]: quobyte : PWD=/ ; USER=root ; COMMAND=/opt/stack/data/venv/bin/cinder-rootwrap /etc/cinder/rootwrap.conf rm -f /opt/stack/data/cinder/mnt/d0257eb115692b30d5f6066d63e740ce/volume-88ae88df-e26b-4870-ac11-84a663c6e733.a156d130-ecef-4865-8a03-416dc2a62132
Apr 29 09:00:24 devstack sudo[89178]: pam_unix(sudo:session): session opened for user root(uid=0) by (uid=1000)
Apr 29 09:00:24 devstack cinder-volume[83712]: DEBUG cinder.coordination [req-521c9e7f-3005-4b52-9879-48263c49bd2f req-28b70ae4-a27b-4ccb-aeea-ce0f8ad24055 tempest-ServerBootFromVolumeStableRescueTest-1455155775 None] Acquiring lock "cinder-c75cefd3-fb4f-4c63-b770-620350aea392-delete_volume" by "delete_volume" {{(pid=83712) __acquire /opt/stack/cinder/cinder/coordination.py:138}}
Apr 29 09:00:24 devstack cinder-volume[83712]: DEBUG cinder.coordination [req-521c9e7f-3005-4b52-9879-48263c49bd2f req-28b70ae4-a27b-4ccb-aeea-ce0f8ad24055 tempest-ServerBootFromVolumeStableRescueTest-1455155775 None] Lock "cinder-c75cefd3-fb4f-4c63-b770-620350aea392-delete_volume" acquired by "delete_volume" :: waited 0.034s {{(pid=83712) __acquire /opt/stack/cinder/cinder/coordination.py:141}}
Apr 29 09:00:24 devstack cinder-volume[83712]: DEBUG cinder.coordination [req-521c9e7f-3005-4b52-9879-48263c49bd2f req-28b70ae4-a27b-4ccb-aeea-ce0f8ad24055 tempest-ServerBootFromVolumeStableRescueTest-1455155775 None] Acquiring lock "cinder-quobyte-c75cefd3-fb4f-4c63-b770-620350aea392" by "delete_volume" {{(pid=83712) __acquire /opt/stack/cinder/cinder/coordination.py:138}}
Apr 29 09:00:24 devstack cinder-volume[83712]: DEBUG cinder.coordination [req-521c9e7f-3005-4b52-9879-48263c49bd2f req-28b70ae4-a27b-4ccb-aeea-ce0f8ad24055 tempest-ServerBootFromVolumeStableRescueTest-1455155775 None] Lock "cinder-quobyte-c75cefd3-fb4f-4c63-b770-620350aea392" acquired by "delete_volume" :: waited 0.021s {{(pid=83712) __acquire /opt/stack/cinder/cinder/coordination.py:141}}
Apr 29 09:00:24 devstack cinder-volume[83712]: DEBUG oslo.privsep.daemon [-] privsep: reply[04c2b3fe-abe6-4dc0-9b8e-cf89c8cf6867]: (4, 'qcow2') {{(pid=85293) _call_back /opt/stack/data/venv/lib/python3.12/site-packages/oslo_privsep/daemon.py:573}}
Apr 29 09:00:24 devstack cinder-volume[83712]: DEBUG oslo_concurrency.processutils [req-521c9e7f-3005-4b52-9879-48263c49bd2f req-28b70ae4-a27b-4ccb-aeea-ce0f8ad24055 tempest-ServerBootFromVolumeStableRescueTest-1455155775 None] Running cmd (subprocess): /opt/stack/data/venv/bin/python3.12 -m oslo_concurrency.prlimit --as=1073741824 --cpu=60 -- sudo cinder-rootwrap /etc/cinder/rootwrap.conf env LC_ALL=C qemu-img info -f qcow2 --output=json --force-share /opt/stack/data/cinder/mnt/d0257eb115692b30d5f6066d63e740ce/volume-c75cefd3-fb4f-4c63-b770-620350aea392 {{(pid=83712) execute /opt/stack/data/venv/lib/python3.12/site-packages/oslo_concurrency/processutils.py:440}}
