Apr 16 19:48:11 devstack cinder-volume[82616]: DEBUG oslo_concurrency.lockutils [req-5d0d6a5e-1fc8-43d6-b52b-9715a4c2570d req-aa7a7492-d3f8-4646-8f99-6803b5bd91d8 tempest-VolumesSnapshotsTestJSON-1965595929 None] Acquiring lock "quobyte_ensure" by "cinder.volume.drivers.quobyte.QuobyteDriver._ensure_shares_mounted" {{(pid=82616) inner /opt/stack/data/venv/lib/python3.10/site-packages/oslo_concurrency/lockutils.py:506}}
Apr 16 19:48:11 devstack cinder-volume[82616]: DEBUG oslo_concurrency.lockutils [req-5d0d6a5e-1fc8-43d6-b52b-9715a4c2570d req-aa7a7492-d3f8-4646-8f99-6803b5bd91d8 tempest-VolumesSnapshotsTestJSON-1965595929 None] Lock "quobyte_ensure" acquired by "cinder.volume.drivers.quobyte.QuobyteDriver._ensure_shares_mounted" :: waited 0.001s {{(pid=82616) inner /opt/stack/data/venv/lib/python3.10/site-packages/oslo_concurrency/lockutils.py:519}}
Apr 16 19:48:11 devstack cinder-volume[82616]: DEBUG cinder.volume.drivers.quobyte [req-5d0d6a5e-1fc8-43d6-b52b-9715a4c2570d req-aa7a7492-d3f8-4646-8f99-6803b5bd91d8 tempest-VolumesSnapshotsTestJSON-1965595929 None] Quobyte Volume URL set to: {'osci02.corp.quobyte.com/cinder-vol-f82a3495-b1f4-4501-8368-b0666df4c7de': None} {{(pid=82616) _load_shares_config /opt/stack/cinder/cinder/volume/drivers/quobyte.py:617}}
Apr 16 19:48:11 devstack cinder-volume[82616]: DEBUG cinder.volume.drivers.quobyte [req-5d0d6a5e-1fc8-43d6-b52b-9715a4c2570d req-aa7a7492-d3f8-4646-8f99-6803b5bd91d8 tempest-VolumesSnapshotsTestJSON-1965595929 None] Available shares ['osci02.corp.quobyte.com/cinder-vol-f82a3495-b1f4-4501-8368-b0666df4c7de'] {{(pid=82616) _ensure_shares_mounted /opt/stack/cinder/cinder/volume/drivers/quobyte.py:647}}
Apr 16 19:48:11 devstack cinder-volume[82616]: DEBUG oslo_concurrency.lockutils [req-5d0d6a5e-1fc8-43d6-b52b-9715a4c2570d req-aa7a7492-d3f8-4646-8f99-6803b5bd91d8 tempest-VolumesSnapshotsTestJSON-1965595929 None] Lock "quobyte_ensure" "released" by "cinder.volume.drivers.quobyte.QuobyteDriver._ensure_shares_mounted" :: held 0.007s {{(pid=82616) inner /opt/stack/data/venv/lib/python3.10/site-packages/oslo_concurrency/lockutils.py:538}}
Apr 16 19:48:11 devstack cinder-volume[82616]: DEBUG oslo_concurrency.processutils [req-5d0d6a5e-1fc8-43d6-b52b-9715a4c2570d req-aa7a7492-d3f8-4646-8f99-6803b5bd91d8 tempest-VolumesSnapshotsTestJSON-1965595929 None] Running cmd (subprocess): sudo cinder-rootwrap /etc/cinder/rootwrap.conf df --portability --block-size 1 /opt/stack/data/cinder/mnt/7d9e19cb946327442d7e17ef15a32730 {{(pid=82616) execute /opt/stack/data/venv/lib/python3.10/site-packages/oslo_concurrency/processutils.py:440}}
Apr 16 19:48:11 devstack sudo[84833]: quobyte : PWD=/ ; USER=root ; COMMAND=/opt/stack/data/venv/bin/cinder-rootwrap /etc/cinder/rootwrap.conf df --portability --block-size 1 /opt/stack/data/cinder/mnt/7d9e19cb946327442d7e17ef15a32730
Apr 16 19:48:11 devstack sudo[84833]: pam_unix(sudo:session): session opened for user root(uid=0) by (uid=1000)
Apr 16 19:48:11 devstack cinder-volume[82616]: DEBUG oslo_service.periodic_task [None req-cab362de-66ef-43fb-97ce-4a38dc66b390 None None] Running periodic task VolumeManager.publish_service_capabilities {{(pid=82616) run_periodic_tasks /opt/stack/data/venv/lib/python3.10/site-packages/oslo_service/periodic_task.py:210}}
Apr 16 19:48:11 devstack cinder-volume[82616]: DEBUG oslo_concurrency.lockutils [None req-cab362de-66ef-43fb-97ce-4a38dc66b390 None None] Acquiring lock "quobyte_ensure" by "cinder.volume.drivers.quobyte.QuobyteDriver._ensure_shares_mounted" {{(pid=82616) inner /opt/stack/data/venv/lib/python3.10/site-packages/oslo_concurrency/lockutils.py:506}}
Apr 16 19:48:11 devstack cinder-volume[82616]: DEBUG oslo_concurrency.lockutils [None req-cab362de-66ef-43fb-97ce-4a38dc66b390 None None] Lock "quobyte_ensure" acquired by "cinder.volume.drivers.quobyte.QuobyteDriver._ensure_shares_mounted" :: waited 0.001s {{(pid=82616) inner /opt/stack/data/venv/lib/python3.10/site-packages/oslo_concurrency/lockutils.py:519}}
Apr 16 19:48:11 devstack cinder-volume[82616]: DEBUG cinder.volume.drivers.quobyte [None req-cab362de-66ef-43fb-97ce-4a38dc66b390 None None] Quobyte Volume URL set to: {'osci02.corp.quobyte.com/cinder-vol-f82a3495-b1f4-4501-8368-b0666df4c7de': None} {{(pid=82616) _load_shares_config /opt/stack/cinder/cinder/volume/drivers/quobyte.py:617}}
Apr 16 19:48:11 devstack cinder-volume[82616]: DEBUG cinder.volume.drivers.quobyte [None req-cab362de-66ef-43fb-97ce-4a38dc66b390 None None] Available shares ['osci02.corp.quobyte.com/cinder-vol-f82a3495-b1f4-4501-8368-b0666df4c7de'] {{(pid=82616) _ensure_shares_mounted /opt/stack/cinder/cinder/volume/drivers/quobyte.py:647}}
Apr 16 19:48:11 devstack cinder-volume[82616]: DEBUG oslo_concurrency.lockutils [None req-cab362de-66ef-43fb-97ce-4a38dc66b390 None None] Lock "quobyte_ensure" "released" by "cinder.volume.drivers.quobyte.QuobyteDriver._ensure_shares_mounted" :: held 0.021s {{(pid=82616) inner /opt/stack/data/venv/lib/python3.10/site-packages/oslo_concurrency/lockutils.py:538}}
Apr 16 19:48:11 devstack cinder-volume[82616]: DEBUG oslo_concurrency.processutils [None req-cab362de-66ef-43fb-97ce-4a38dc66b390 None None] Running cmd (subprocess): sudo cinder-rootwrap /etc/cinder/rootwrap.conf df --portability --block-size 1 /opt/stack/data/cinder/mnt/7d9e19cb946327442d7e17ef15a32730 {{(pid=82616) execute /opt/stack/data/venv/lib/python3.10/site-packages/oslo_concurrency/processutils.py:440}}
Apr 16 19:48:11 devstack sudo[84835]: quobyte : PWD=/ ; USER=root ; COMMAND=/opt/stack/data/venv/bin/cinder-rootwrap /etc/cinder/rootwrap.conf df --portability --block-size 1 /opt/stack/data/cinder/mnt/7d9e19cb946327442d7e17ef15a32730
Apr 16 19:48:11 devstack sudo[84835]: pam_unix(sudo:session): session opened for user root(uid=0) by (uid=1000)
Apr 16 19:48:11 devstack cinder-volume[82616]: INFO cinder.volume.manager [None req-28cd0c5a-d2e9-4eaa-8383-1a503f75b8c1 tempest-GroupSnapshotsTest-148616543 None] Update group completed successfully.
Apr 16 19:48:11 devstack sudo[84833]: pam_unix(sudo:session): session closed for user root
Apr 16 19:48:11 devstack cinder-volume[82616]: DEBUG oslo_concurrency.processutils [req-5d0d6a5e-1fc8-43d6-b52b-9715a4c2570d req-aa7a7492-d3f8-4646-8f99-6803b5bd91d8 tempest-VolumesSnapshotsTestJSON-1965595929 None] CMD "sudo cinder-rootwrap /etc/cinder/rootwrap.conf df --portability --block-size 1 /opt/stack/data/cinder/mnt/7d9e19cb946327442d7e17ef15a32730" returned: 0 in 0.586s {{(pid=82616) execute /opt/stack/data/venv/lib/python3.10/site-packages/oslo_concurrency/processutils.py:468}}
Apr 16 19:48:11 devstack cinder-volume[82616]: DEBUG cinder.manager [req-5d0d6a5e-1fc8-43d6-b52b-9715a4c2570d req-aa7a7492-d3f8-4646-8f99-6803b5bd91d8 tempest-VolumesSnapshotsTestJSON-1965595929 None] Notifying Schedulers of capabilities ... {{(pid=82616) _publish_service_capabilities /opt/stack/cinder/cinder/manager.py:202}}
Apr 16 19:48:11 devstack cinder-volume[82616]: INFO cinder.volume.manager [req-5d0d6a5e-1fc8-43d6-b52b-9715a4c2570d req-aa7a7492-d3f8-4646-8f99-6803b5bd91d8 tempest-VolumesSnapshotsTestJSON-1965595929 None] Deleted volume successfully.
Apr 16 19:48:11 devstack cinder-volume[82616]: DEBUG cinder.coordination [req-5d0d6a5e-1fc8-43d6-b52b-9715a4c2570d req-aa7a7492-d3f8-4646-8f99-6803b5bd91d8 tempest-VolumesSnapshotsTestJSON-1965595929 None] Lock "cinder-d7a88b98-8967-44b2-bc9d-4c1e71c9735d-delete_volume" released by "delete_volume" :: held 2.186s {{(pid=82616) __release /opt/stack/cinder/cinder/coordination.py:152}}
Apr 16 19:48:12 devstack sudo[84835]: pam_unix(sudo:session): session closed for user root
Apr 16 19:48:12 devstack cinder-volume[82616]: DEBUG oslo_concurrency.processutils [None req-cab362de-66ef-43fb-97ce-4a38dc66b390 None None] CMD "sudo cinder-rootwrap /etc/cinder/rootwrap.conf df --portability --block-size 1 /opt/stack/data/cinder/mnt/7d9e19cb946327442d7e17ef15a32730" returned: 0 in 0.599s {{(pid=82616) execute /opt/stack/data/venv/lib/python3.10/site-packages/oslo_concurrency/processutils.py:468}}
Apr 16 19:48:12 devstack cinder-volume[82616]: DEBUG cinder.manager [None req-cab362de-66ef-43fb-97ce-4a38dc66b390 None None] Notifying Schedulers of capabilities ... {{(pid=82616) _publish_service_capabilities /opt/stack/cinder/cinder/manager.py:202}}
Apr 16 19:48:12 devstack cinder-volume[82616]: INFO cinder.volume.manager [None req-7bb9f245-a8f2-42d7-a301-2d8993cc7304 tempest-GroupSnapshotsTest-148616543 None] Update group completed successfully.
Apr 16 19:48:14 devstack cinder-volume[82616]: INFO cinder.volume.manager [None req-f805ba8c-f105-4d40-91cd-cc207fa1e960 tempest-GroupSnapshotsTest-148616543 None] Update group completed successfully.
Apr 16 19:48:15 devstack cinder-volume[82616]: INFO cinder.volume.manager [None req-72572ed7-f93e-425f-9f45-bbbf8054d27c tempest-GroupSnapshotsTest-148616543 None] Update group completed successfully.
Apr 16 19:48:16 devstack cinder-volume[82616]: INFO cinder.volume.manager [None req-1f2dbfc2-7b2a-401e-acaa-9a507c75e8a2 tempest-GroupSnapshotsTest-148616543 None] GroupSnapshot 9da737d8-350f-4db7-a6be-7744c7d4e356: creating.
Apr 16 19:48:16 devstack cinder-volume[82616]: DEBUG cinder.volume.manager [None req-1f2dbfc2-7b2a-401e-acaa-9a507c75e8a2 tempest-GroupSnapshotsTest-148616543 None] Group snapshot 9da737d8-350f-4db7-a6be-7744c7d4e356: creating. {{(pid=82616) create_group_snapshot /opt/stack/cinder/cinder/volume/manager.py:4175}}
Apr 16 19:48:17 devstack cinder-volume[82616]: DEBUG oslo_concurrency.lockutils [None req-1f2dbfc2-7b2a-401e-acaa-9a507c75e8a2 tempest-GroupSnapshotsTest-148616543 None] Acquiring lock "quobyte" by "cinder.volume.drivers.quobyte.QuobyteDriver.create_snapshot" {{(pid=82616) inner /opt/stack/data/venv/lib/python3.10/site-packages/oslo_concurrency/lockutils.py:506}}
Apr 16 19:48:17 devstack cinder-volume[82616]: DEBUG oslo_concurrency.lockutils [None req-1f2dbfc2-7b2a-401e-acaa-9a507c75e8a2 tempest-GroupSnapshotsTest-148616543 None] Lock "quobyte" acquired by "cinder.volume.drivers.quobyte.QuobyteDriver.create_snapshot" :: waited 0.001s {{(pid=82616) inner /opt/stack/data/venv/lib/python3.10/site-packages/oslo_concurrency/lockutils.py:519}}
Apr 16 19:48:17 devstack cinder-volume[82616]: DEBUG cinder.volume.drivers.remotefs [None req-1f2dbfc2-7b2a-401e-acaa-9a507c75e8a2 tempest-GroupSnapshotsTest-148616543 None] Creating offline snapshot 3da4d577-b5df-49cb-9dbe-2d56b5c53485 of volume 4fdd4301-35a4-4b67-84c4-57a7faa18f8f {{(pid=82616) _create_snapshot /opt/stack/cinder/cinder/volume/drivers/remotefs.py:1816}}
Apr 16 19:48:17 devstack cinder-volume[82616]: DEBUG oslo.privsep.daemon [-] privsep: reply[51a78e91-2828-4efb-bb6e-5fbd9415f110]: (4, 'qcow2') {{(pid=83524) _call_back /opt/stack/data/venv/lib/python3.10/site-packages/oslo_privsep/daemon.py:573}}
Apr 16 19:48:17 devstack cinder-volume[82616]: DEBUG oslo_concurrency.processutils [None req-1f2dbfc2-7b2a-401e-acaa-9a507c75e8a2 tempest-GroupSnapshotsTest-148616543 None] Running cmd (subprocess): /opt/stack/data/venv/bin/python3.10 -m oslo_concurrency.prlimit --as=1073741824 --cpu=60 -- sudo cinder-rootwrap /etc/cinder/rootwrap.conf env LC_ALL=C qemu-img info -f qcow2 --output=json --force-share /opt/stack/data/cinder/mnt/7d9e19cb946327442d7e17ef15a32730/volume-4fdd4301-35a4-4b67-84c4-57a7faa18f8f {{(pid=82616) execute /opt/stack/data/venv/lib/python3.10/site-packages/oslo_concurrency/processutils.py:440}}
Apr 16 19:48:17 devstack sudo[84949]: quobyte : PWD=/ ; USER=root ; COMMAND=/opt/stack/data/venv/bin/cinder-rootwrap /etc/cinder/rootwrap.conf env LC_ALL=C qemu-img info -f qcow2 --output=json --force-share /opt/stack/data/cinder/mnt/7d9e19cb946327442d7e17ef15a32730/volume-4fdd4301-35a4-4b67-84c4-57a7faa18f8f
Apr 16 19:48:17 devstack sudo[84949]: pam_unix(sudo:session): session opened for user root(uid=0) by (uid=1000)
Apr 16 19:48:17 devstack sudo[84949]: pam_unix(sudo:session): session closed for user root
Apr 16 19:48:17 devstack cinder-volume[82616]: DEBUG oslo_concurrency.processutils [None req-1f2dbfc2-7b2a-401e-acaa-9a507c75e8a2 tempest-GroupSnapshotsTest-148616543 None] CMD "/opt/stack/data/venv/bin/python3.10 -m oslo_concurrency.prlimit --as=1073741824 --cpu=60 -- sudo cinder-rootwrap /etc/cinder/rootwrap.conf env LC_ALL=C qemu-img info -f qcow2 --output=json --force-share /opt/stack/data/cinder/mnt/7d9e19cb946327442d7e17ef15a32730/volume-4fdd4301-35a4-4b67-84c4-57a7faa18f8f" returned: 0 in 0.726s {{(pid=82616) execute /opt/stack/data/venv/lib/python3.10/site-packages/oslo_concurrency/processutils.py:468}}
Apr 16 19:48:17 devstack cinder-volume[82616]: DEBUG oslo_concurrency.processutils [None req-1f2dbfc2-7b2a-401e-acaa-9a507c75e8a2 tempest-GroupSnapshotsTest-148616543 None] Running cmd (subprocess): sudo cinder-rootwrap /etc/cinder/rootwrap.conf qemu-img create -f qcow2 -o backing_file=/opt/stack/data/cinder/mnt/7d9e19cb946327442d7e17ef15a32730/volume-4fdd4301-35a4-4b67-84c4-57a7faa18f8f,backing_fmt=qcow2 /opt/stack/data/cinder/mnt/7d9e19cb946327442d7e17ef15a32730/volume-4fdd4301-35a4-4b67-84c4-57a7faa18f8f.3da4d577-b5df-49cb-9dbe-2d56b5c53485 1G {{(pid=82616) execute /opt/stack/data/venv/lib/python3.10/site-packages/oslo_concurrency/processutils.py:440}}
Apr 16 19:48:17 devstack sudo[84954]: quobyte : PWD=/ ; USER=root ; COMMAND=/opt/stack/data/venv/bin/cinder-rootwrap /etc/cinder/rootwrap.conf qemu-img create -f qcow2 -o backing_file=/opt/stack/data/cinder/mnt/7d9e19cb946327442d7e17ef15a32730/volume-4fdd4301-35a4-4b67-84c4-57a7faa18f8f,backing_fmt=qcow2 /opt/stack/data/cinder/mnt/7d9e19cb946327442d7e17ef15a32730/volume-4fdd4301-35a4-4b67-84c4-57a7faa18f8f.3da4d577-b5df-49cb-9dbe-2d56b5c53485 1G
Apr 16 19:48:17 devstack sudo[84954]: pam_unix(sudo:session): session opened for user root(uid=0) by (uid=1000)
Apr 16 19:48:18 devstack sudo[84954]: pam_unix(sudo:session): session closed for user root
Apr 16 19:48:18 devstack cinder-volume[82616]: DEBUG oslo_concurrency.processutils [None req-1f2dbfc2-7b2a-401e-acaa-9a507c75e8a2 tempest-GroupSnapshotsTest-148616543 None] CMD "sudo cinder-rootwrap /etc/cinder/rootwrap.conf qemu-img create -f qcow2 -o backing_file=/opt/stack/data/cinder/mnt/7d9e19cb946327442d7e17ef15a32730/volume-4fdd4301-35a4-4b67-84c4-57a7faa18f8f,backing_fmt=qcow2 /opt/stack/data/cinder/mnt/7d9e19cb946327442d7e17ef15a32730/volume-4fdd4301-35a4-4b67-84c4-57a7faa18f8f.3da4d577-b5df-49cb-9dbe-2d56b5c53485 1G" returned: 0 in 0.676s {{(pid=82616) execute /opt/stack/data/venv/lib/python3.10/site-packages/oslo_concurrency/processutils.py:468}}
Apr 16 19:48:18 devstack cinder-volume[82616]: DEBUG oslo_concurrency.processutils [None req-1f2dbfc2-7b2a-401e-acaa-9a507c75e8a2 tempest-GroupSnapshotsTest-148616543 None] Running cmd (subprocess): sudo cinder-rootwrap /etc/cinder/rootwrap.conf qemu-img rebase -u -b volume-4fdd4301-35a4-4b67-84c4-57a7faa18f8f -F qcow2 /opt/stack/data/cinder/mnt/7d9e19cb946327442d7e17ef15a32730/volume-4fdd4301-35a4-4b67-84c4-57a7faa18f8f.3da4d577-b5df-49cb-9dbe-2d56b5c53485 {{(pid=82616) execute /opt/stack/data/venv/lib/python3.10/site-packages/oslo_concurrency/processutils.py:440}}
Apr 16 19:48:18 devstack sudo[84961]: quobyte : PWD=/ ; USER=root ; COMMAND=/opt/stack/data/venv/bin/cinder-rootwrap /etc/cinder/rootwrap.conf qemu-img rebase -u -b volume-4fdd4301-35a4-4b67-84c4-57a7faa18f8f -F qcow2 /opt/stack/data/cinder/mnt/7d9e19cb946327442d7e17ef15a32730/volume-4fdd4301-35a4-4b67-84c4-57a7faa18f8f.3da4d577-b5df-49cb-9dbe-2d56b5c53485
Apr 16 19:48:18 devstack sudo[84961]: pam_unix(sudo:session): session opened for user root(uid=0) by (uid=1000)
Apr 16 19:48:19 devstack sudo[84961]: pam_unix(sudo:session): session closed for user root
Apr 16 19:48:19 devstack cinder-volume[82616]: DEBUG oslo_concurrency.processutils [None req-1f2dbfc2-7b2a-401e-acaa-9a507c75e8a2 tempest-GroupSnapshotsTest-148616543 None] CMD "sudo cinder-rootwrap /etc/cinder/rootwrap.conf qemu-img rebase -u -b volume-4fdd4301-35a4-4b67-84c4-57a7faa18f8f -F qcow2 /opt/stack/data/cinder/mnt/7d9e19cb946327442d7e17ef15a32730/volume-4fdd4301-35a4-4b67-84c4-57a7faa18f8f.3da4d577-b5df-49cb-9dbe-2d56b5c53485" returned: 0 in 0.633s {{(pid=82616) execute /opt/stack/data/venv/lib/python3.10/site-packages/oslo_concurrency/processutils.py:468}}
Apr 16 19:48:19 devstack cinder-volume[82616]: WARNING cinder.volume.drivers.remotefs [None req-1f2dbfc2-7b2a-401e-acaa-9a507c75e8a2 tempest-GroupSnapshotsTest-148616543 None] /opt/stack/data/cinder/mnt/7d9e19cb946327442d7e17ef15a32730/volume-4fdd4301-35a4-4b67-84c4-57a7faa18f8f.3da4d577-b5df-49cb-9dbe-2d56b5c53485 is being set with open permissions: ugo+rw: NotImplementedError
Apr 16 19:48:19 devstack cinder-volume[82616]: DEBUG oslo_concurrency.processutils [None req-1f2dbfc2-7b2a-401e-acaa-9a507c75e8a2 tempest-GroupSnapshotsTest-148616543 None] Running cmd (subprocess): sudo cinder-rootwrap /etc/cinder/rootwrap.conf chmod ugo+rw /opt/stack/data/cinder/mnt/7d9e19cb946327442d7e17ef15a32730/volume-4fdd4301-35a4-4b67-84c4-57a7faa18f8f.3da4d577-b5df-49cb-9dbe-2d56b5c53485 {{(pid=82616) execute /opt/stack/data/venv/lib/python3.10/site-packages/oslo_concurrency/processutils.py:440}}
Apr 16 19:48:19 devstack sudo[84968]: quobyte : PWD=/ ; USER=root ; COMMAND=/opt/stack/data/venv/bin/cinder-rootwrap /etc/cinder/rootwrap.conf chmod ugo+rw /opt/stack/data/cinder/mnt/7d9e19cb946327442d7e17ef15a32730/volume-4fdd4301-35a4-4b67-84c4-57a7faa18f8f.3da4d577-b5df-49cb-9dbe-2d56b5c53485
Apr 16 19:48:19 devstack sudo[84968]: pam_unix(sudo:session): session opened for user root(uid=0) by (uid=1000)
Apr 16 19:48:19 devstack sudo[84968]: pam_unix(sudo:session): session closed for user root
Apr 16 19:48:19 devstack cinder-volume[82616]: DEBUG oslo_concurrency.processutils [None req-1f2dbfc2-7b2a-401e-acaa-9a507c75e8a2 tempest-GroupSnapshotsTest-148616543 None] CMD "sudo cinder-rootwrap /etc/cinder/rootwrap.conf chmod ugo+rw /opt/stack/data/cinder/mnt/7d9e19cb946327442d7e17ef15a32730/volume-4fdd4301-35a4-4b67-84c4-57a7faa18f8f.3da4d577-b5df-49cb-9dbe-2d56b5c53485" returned: 0 in 0.544s {{(pid=82616) execute /opt/stack/data/venv/lib/python3.10/site-packages/oslo_concurrency/processutils.py:468}}
Apr 16 19:48:19 devstack cinder-volume[82616]: DEBUG dbcounter [-] [82616] Writing DB stats cinder:SELECT=102,cinder:UPDATE=79,cinder:INSERT=23,cinder:DELETE=6 {{(pid=82616) stat_writer /opt/stack/data/venv/lib/python3.10/site-packages/dbcounter.py:115}}
Apr 16 19:48:19 devstack cinder-volume[82616]: DEBUG oslo_concurrency.processutils [None req-1f2dbfc2-7b2a-401e-acaa-9a507c75e8a2 tempest-GroupSnapshotsTest-148616543 None] Running cmd (subprocess): sudo cinder-rootwrap /etc/cinder/rootwrap.conf truncate -s0 /opt/stack/data/cinder/mnt/7d9e19cb946327442d7e17ef15a32730/volume-4fdd4301-35a4-4b67-84c4-57a7faa18f8f.info {{(pid=82616) execute /opt/stack/data/venv/lib/python3.10/site-packages/oslo_concurrency/processutils.py:440}}
Apr 16 19:48:19 devstack sudo[84977]: quobyte : PWD=/ ; USER=root ; COMMAND=/opt/stack/data/venv/bin/cinder-rootwrap /etc/cinder/rootwrap.conf truncate -s0 /opt/stack/data/cinder/mnt/7d9e19cb946327442d7e17ef15a32730/volume-4fdd4301-35a4-4b67-84c4-57a7faa18f8f.info
Apr 16 19:48:19 devstack sudo[84977]: pam_unix(sudo:session): session opened for user root(uid=0) by (uid=1000)
Apr 16 19:48:20 devstack sudo[84977]: pam_unix(sudo:session): session closed for user root
Apr 16 19:48:20 devstack cinder-volume[82616]: DEBUG oslo_concurrency.processutils [None req-1f2dbfc2-7b2a-401e-acaa-9a507c75e8a2 tempest-GroupSnapshotsTest-148616543 None] CMD "sudo cinder-rootwrap /etc/cinder/rootwrap.conf truncate -s0 /opt/stack/data/cinder/mnt/7d9e19cb946327442d7e17ef15a32730/volume-4fdd4301-35a4-4b67-84c4-57a7faa18f8f.info" returned: 0 in 0.508s {{(pid=82616) execute /opt/stack/data/venv/lib/python3.10/site-packages/oslo_concurrency/processutils.py:468}}
Apr 16 19:48:20 devstack cinder-volume[82616]: WARNING cinder.volume.drivers.remotefs [None req-1f2dbfc2-7b2a-401e-acaa-9a507c75e8a2 tempest-GroupSnapshotsTest-148616543 None] /opt/stack/data/cinder/mnt/7d9e19cb946327442d7e17ef15a32730/volume-4fdd4301-35a4-4b67-84c4-57a7faa18f8f.info is being set with open permissions: ugo+rw: NotImplementedError
Apr 16 19:48:20 devstack cinder-volume[82616]: DEBUG oslo_concurrency.processutils [None req-1f2dbfc2-7b2a-401e-acaa-9a507c75e8a2 tempest-GroupSnapshotsTest-148616543 None] Running cmd (subprocess): sudo cinder-rootwrap /etc/cinder/rootwrap.conf chmod ugo+rw /opt/stack/data/cinder/mnt/7d9e19cb946327442d7e17ef15a32730/volume-4fdd4301-35a4-4b67-84c4-57a7faa18f8f.info {{(pid=82616) execute /opt/stack/data/venv/lib/python3.10/site-packages/oslo_concurrency/processutils.py:440}}
Apr 16 19:48:20 devstack sudo[84980]: quobyte : PWD=/ ; USER=root ; COMMAND=/opt/stack/data/venv/bin/cinder-rootwrap /etc/cinder/rootwrap.conf chmod ugo+rw /opt/stack/data/cinder/mnt/7d9e19cb946327442d7e17ef15a32730/volume-4fdd4301-35a4-4b67-84c4-57a7faa18f8f.info
Apr 16 19:48:20 devstack sudo[84980]: pam_unix(sudo:session): session opened for user root(uid=0) by (uid=1000)
Apr 16 19:48:20 devstack sudo[84980]: pam_unix(sudo:session): session closed for user root
Apr 16 19:48:20 devstack cinder-volume[82616]: DEBUG oslo_concurrency.processutils [None req-1f2dbfc2-7b2a-401e-acaa-9a507c75e8a2 tempest-GroupSnapshotsTest-148616543 None] CMD "sudo cinder-rootwrap /etc/cinder/rootwrap.conf chmod ugo+rw /opt/stack/data/cinder/mnt/7d9e19cb946327442d7e17ef15a32730/volume-4fdd4301-35a4-4b67-84c4-57a7faa18f8f.info" returned: 0 in 0.494s {{(pid=82616) execute /opt/stack/data/venv/lib/python3.10/site-packages/oslo_concurrency/processutils.py:468}}
Apr 16 19:48:20 devstack cinder-volume[82616]: DEBUG oslo_concurrency.lockutils [None req-1f2dbfc2-7b2a-401e-acaa-9a507c75e8a2 tempest-GroupSnapshotsTest-148616543 None] Lock "quobyte" "released" by "cinder.volume.drivers.quobyte.QuobyteDriver.create_snapshot" :: held 3.668s {{(pid=82616) inner /opt/stack/data/venv/lib/python3.10/site-packages/oslo_concurrency/lockutils.py:538}}
Apr 16 19:48:20 devstack cinder-volume[82616]: DEBUG oslo_concurrency.lockutils [None req-1f2dbfc2-7b2a-401e-acaa-9a507c75e8a2 tempest-GroupSnapshotsTest-148616543 None] Acquiring lock "quobyte" by "cinder.volume.drivers.quobyte.QuobyteDriver.create_snapshot" {{(pid=82616) inner /opt/stack/data/venv/lib/python3.10/site-packages/oslo_concurrency/lockutils.py:506}}
Apr 16 19:48:20 devstack cinder-volume[82616]: DEBUG oslo_concurrency.lockutils [None req-1f2dbfc2-7b2a-401e-acaa-9a507c75e8a2 tempest-GroupSnapshotsTest-148616543 None] Lock "quobyte" acquired by "cinder.volume.drivers.quobyte.QuobyteDriver.create_snapshot" :: waited 0.001s {{(pid=82616) inner /opt/stack/data/venv/lib/python3.10/site-packages/oslo_concurrency/lockutils.py:519}}
Apr 16 19:48:20 devstack cinder-volume[82616]: DEBUG cinder.volume.drivers.remotefs [None req-1f2dbfc2-7b2a-401e-acaa-9a507c75e8a2 tempest-GroupSnapshotsTest-148616543 None] Creating offline snapshot 5c563716-aa34-4214-b22d-ba40e6ad14ef of volume 59db9063-7cc6-46dd-bc40-0c8198ab8379 {{(pid=82616) _create_snapshot /opt/stack/cinder/cinder/volume/drivers/remotefs.py:1816}}
Apr 16 19:48:20 devstack cinder-volume[82616]: DEBUG oslo.privsep.daemon [-] privsep: reply[2e087378-06bb-4508-a498-12451fd647d8]: (4, 'qcow2') {{(pid=83524) _call_back /opt/stack/data/venv/lib/python3.10/site-packages/oslo_privsep/daemon.py:573}}
Apr 16 19:48:20 devstack cinder-volume[82616]: DEBUG oslo_concurrency.processutils [None req-1f2dbfc2-7b2a-401e-acaa-9a507c75e8a2 tempest-GroupSnapshotsTest-148616543 None] Running cmd (subprocess): /opt/stack/data/venv/bin/python3.10 -m oslo_concurrency.prlimit --as=1073741824 --cpu=60 -- sudo cinder-rootwrap /etc/cinder/rootwrap.conf env LC_ALL=C qemu-img info -f qcow2 --output=json --force-share /opt/stack/data/cinder/mnt/7d9e19cb946327442d7e17ef15a32730/volume-59db9063-7cc6-46dd-bc40-0c8198ab8379 {{(pid=82616) execute /opt/stack/data/venv/lib/python3.10/site-packages/oslo_concurrency/processutils.py:440}}
Apr 16 19:48:20 devstack sudo[84983]: quobyte : PWD=/ ; USER=root ; COMMAND=/opt/stack/data/venv/bin/cinder-rootwrap /etc/cinder/rootwrap.conf env LC_ALL=C qemu-img info -f qcow2 --output=json --force-share /opt/stack/data/cinder/mnt/7d9e19cb946327442d7e17ef15a32730/volume-59db9063-7cc6-46dd-bc40-0c8198ab8379
Apr 16 19:48:20 devstack sudo[84983]: pam_unix(sudo:session): session opened for user root(uid=0) by (uid=1000)
Apr 16 19:48:21 devstack cinder-volume[82616]: DEBUG dbcounter [-] [82616] Writing DB stats cinder:SELECT=100,cinder:UPDATE=106,cinder:DELETE=5,cinder:INSERT=17 {{(pid=82616) stat_writer /opt/stack/data/venv/lib/python3.10/site-packages/dbcounter.py:115}}
Apr 16 19:48:21 devstack cinder-volume[82616]: DEBUG cinder.volume.flows.manager.create_volume [None req-c4a0def3-c6ca-41c7-9e53-de3830fe0939 tempest-VolumesServicesTestJSON-56891024 None] Volume reschedule parameters: True retry: {'num_attempts': 1, 'backends': ['devstack@QuobyteHD#QuobyteHD'], 'hosts': ['devstack@QuobyteHD#QuobyteHD']} {{(pid=82616) get_flow /opt/stack/cinder/cinder/volume/flows/manager/create_volume.py:1395}}
Apr 16 19:48:21 devstack cinder-volume[82616]: DEBUG cinder.volume.manager [None req-c4a0def3-c6ca-41c7-9e53-de3830fe0939 tempest-VolumesServicesTestJSON-56891024 None] Flow 'volume_create_manager' (45102d2e-bd5a-4db6-a603-f5bdac008c27) transitioned into state 'RUNNING' from state 'PENDING' {{(pid=82616) _flow_receiver /opt/stack/data/venv/lib/python3.10/site-packages/taskflow/listeners/logging.py:145}}
Apr 16 19:48:21 devstack cinder-volume[82616]: DEBUG cinder.volume.manager [None req-c4a0def3-c6ca-41c7-9e53-de3830fe0939 tempest-VolumesServicesTestJSON-56891024 None] Task 'cinder.volume.flows.manager.create_volume.ExtractVolumeRefTask;volume:create' (535482a5-566d-47cb-9846-bf6a920cac09) transitioned into state 'RUNNING' from state 'PENDING' {{(pid=82616) _task_receiver /opt/stack/data/venv/lib/python3.10/site-packages/taskflow/listeners/logging.py:194}}
Apr 16 19:48:21 devstack sudo[84983]: pam_unix(sudo:session): session closed for user root
Apr 16 19:48:21 devstack cinder-volume[82616]: DEBUG oslo_concurrency.processutils [None req-1f2dbfc2-7b2a-401e-acaa-9a507c75e8a2 tempest-GroupSnapshotsTest-148616543 None] CMD "/opt/stack/data/venv/bin/python3.10 -m oslo_concurrency.prlimit --as=1073741824 --cpu=60 -- sudo cinder-rootwrap /etc/cinder/rootwrap.conf env LC_ALL=C qemu-img info -f qcow2 --output=json --force-share /opt/stack/data/cinder/mnt/7d9e19cb946327442d7e17ef15a32730/volume-59db9063-7cc6-46dd-bc40-0c8198ab8379" returned: 0 in 0.748s {{(pid=82616) execute /opt/stack/data/venv/lib/python3.10/site-packages/oslo_concurrency/processutils.py:468}}
Apr 16 19:48:21 devstack cinder-volume[82616]: DEBUG oslo_concurrency.processutils [None req-1f2dbfc2-7b2a-401e-acaa-9a507c75e8a2 tempest-GroupSnapshotsTest-148616543 None] Running cmd (subprocess): sudo cinder-rootwrap /etc/cinder/rootwrap.conf qemu-img create -f qcow2 -o backing_file=/opt/stack/data/cinder/mnt/7d9e19cb946327442d7e17ef15a32730/volume-59db9063-7cc6-46dd-bc40-0c8198ab8379,backing_fmt=qcow2 /opt/stack/data/cinder/mnt/7d9e19cb946327442d7e17ef15a32730/volume-59db9063-7cc6-46dd-bc40-0c8198ab8379.5c563716-aa34-4214-b22d-ba40e6ad14ef 1G {{(pid=82616) execute /opt/stack/data/venv/lib/python3.10/site-packages/oslo_concurrency/processutils.py:440}}
Apr 16 19:48:21 devstack cinder-volume[82616]: DEBUG cinder.volume.manager [None req-c4a0def3-c6ca-41c7-9e53-de3830fe0939 tempest-VolumesServicesTestJSON-56891024 None] Task 'cinder.volume.flows.manager.create_volume.ExtractVolumeRefTask;volume:create' (535482a5-566d-47cb-9846-bf6a920cac09) transitioned into state 'SUCCESS' from state 'RUNNING' with result 'Volume(_name_id=None,admin_metadata=,attach_status='detached',availability_zone='nova',bootable=False,cluster=,cluster_name=None,consistencygroup=,consistencygroup_id=None,created_at=2026-04-16T17:48:21Z,deleted=False,deleted_at=None,display_description=None,display_name='tempest-VolumesServicesTestJSON-Volume-2012328252',ec2_id=None,encryption_key_id=None,glance_metadata=,group=,group_id=None,host='devstack@QuobyteHD#QuobyteHD',id=cc14ddc4-73d5-4001-aef5-38b4e6ef2b8f,launched_at=None,metadata={},migration_status=None,multiattach=False,previous_status=None,project_id='1198ea71352e49fcb3f3e23ed9a60a04',provider_auth=None,provider_geometry=None,provider_id=None,provider_location=None,replication_driver_data=None,replication_extended_status=None,replication_status=None,scheduled_at=2026-04-16T17:48:21Z,service_uuid=None,shared_targets=True,size=1,snapshot_id=None,snapshots=,source_volid=None,status='creating',terminated_at=None,updated_at=2026-04-16T17:48:21Z,use_quota=True,user_id='e291a0c95c9c44e08a686a804b0ccd7a',volume_attachment=VolumeAttachmentList,volume_type=VolumeType(473244a5-ec40-4ec9-ab3f-b1e7432e5d46),volume_type_id=473244a5-ec40-4ec9-ab3f-b1e7432e5d46)' {{(pid=82616) _task_receiver /opt/stack/data/venv/lib/python3.10/site-packages/taskflow/listeners/logging.py:182}}
Apr 16 19:48:21 devstack sudo[85015]: quobyte : PWD=/ ; USER=root ; COMMAND=/opt/stack/data/venv/bin/cinder-rootwrap /etc/cinder/rootwrap.conf qemu-img create -f qcow2 -o backing_file=/opt/stack/data/cinder/mnt/7d9e19cb946327442d7e17ef15a32730/volume-59db9063-7cc6-46dd-bc40-0c8198ab8379,backing_fmt=qcow2 /opt/stack/data/cinder/mnt/7d9e19cb946327442d7e17ef15a32730/volume-59db9063-7cc6-46dd-bc40-0c8198ab8379.5c563716-aa34-4214-b22d-ba40e6ad14ef 1G
Apr 16 19:48:21 devstack sudo[85015]: pam_unix(sudo:session): session opened for user root(uid=0) by (uid=1000)
Apr 16 19:48:21 devstack cinder-volume[82616]: DEBUG cinder.volume.manager [None req-c4a0def3-c6ca-41c7-9e53-de3830fe0939 tempest-VolumesServicesTestJSON-56891024 None] Task 'cinder.volume.flows.manager.create_volume.OnFailureRescheduleTask;volume:create' (583dc0c8-654e-461f-8c23-fa53f07f9283) transitioned into state 'RUNNING' from state 'PENDING' {{(pid=82616) _task_receiver /opt/stack/data/venv/lib/python3.10/site-packages/taskflow/listeners/logging.py:194}}
Apr 16 19:48:21 devstack cinder-volume[82616]: DEBUG cinder.volume.manager [None req-c4a0def3-c6ca-41c7-9e53-de3830fe0939 tempest-VolumesServicesTestJSON-56891024 None] Task 'cinder.volume.flows.manager.create_volume.OnFailureRescheduleTask;volume:create' (583dc0c8-654e-461f-8c23-fa53f07f9283) transitioned into state 'SUCCESS' from state 'RUNNING' with result 'None' {{(pid=82616) _task_receiver /opt/stack/data/venv/lib/python3.10/site-packages/taskflow/listeners/logging.py:182}}
Apr 16 19:48:21 devstack cinder-volume[82616]: DEBUG cinder.volume.manager [None req-c4a0def3-c6ca-41c7-9e53-de3830fe0939 tempest-VolumesServicesTestJSON-56891024 None] Task 'cinder.volume.flows.manager.create_volume.ExtractVolumeSpecTask;volume:create' (2d0e8be3-2d58-4ba2-bfdc-609b144c9e36) transitioned into state 'RUNNING' from state 'PENDING' {{(pid=82616) _task_receiver /opt/stack/data/venv/lib/python3.10/site-packages/taskflow/listeners/logging.py:194}}
Apr 16 19:48:21 devstack cinder-volume[82616]: DEBUG cinder.volume.manager [None req-c4a0def3-c6ca-41c7-9e53-de3830fe0939 tempest-VolumesServicesTestJSON-56891024 None] Task 'cinder.volume.flows.manager.create_volume.ExtractVolumeSpecTask;volume:create' (2d0e8be3-2d58-4ba2-bfdc-609b144c9e36) transitioned into state 'SUCCESS' from state 'RUNNING' with result '{'status': 'creating', 'type': 'raw', 'volume_id': 'cc14ddc4-73d5-4001-aef5-38b4e6ef2b8f', 'volume_name': 'volume-cc14ddc4-73d5-4001-aef5-38b4e6ef2b8f', 'volume_size': 1}' {{(pid=82616) _task_receiver /opt/stack/data/venv/lib/python3.10/site-packages/taskflow/listeners/logging.py:182}}
Apr 16 19:48:21 devstack cinder-volume[82616]: DEBUG cinder.volume.manager [None req-c4a0def3-c6ca-41c7-9e53-de3830fe0939 tempest-VolumesServicesTestJSON-56891024 None] Task 'cinder.volume.flows.manager.create_volume.NotifyVolumeActionTask;volume:create, create.start' (7a7c4c31-5579-4308-8e2a-dfb7843fd6ef) transitioned into state 'RUNNING' from state 'PENDING' {{(pid=82616) _task_receiver /opt/stack/data/venv/lib/python3.10/site-packages/taskflow/listeners/logging.py:194}}
Apr 16 19:48:21 devstack cinder-volume[82616]: DEBUG cinder.volume.manager [None req-c4a0def3-c6ca-41c7-9e53-de3830fe0939 tempest-VolumesServicesTestJSON-56891024 None] Task 'cinder.volume.flows.manager.create_volume.NotifyVolumeActionTask;volume:create, create.start' (7a7c4c31-5579-4308-8e2a-dfb7843fd6ef) transitioned into state 'SUCCESS' from state 'RUNNING' with result 'None' {{(pid=82616) _task_receiver /opt/stack/data/venv/lib/python3.10/site-packages/taskflow/listeners/logging.py:182}}
Apr 16 19:48:21 devstack cinder-volume[82616]: DEBUG cinder.volume.manager [None req-c4a0def3-c6ca-41c7-9e53-de3830fe0939 tempest-VolumesServicesTestJSON-56891024 None] Task 'cinder.volume.flows.manager.create_volume.CreateVolumeFromSpecTask;volume:create' (5385a1f7-41ad-408b-9d17-4c42f406706a) transitioned into state 'RUNNING' from state 'PENDING' {{(pid=82616) _task_receiver /opt/stack/data/venv/lib/python3.10/site-packages/taskflow/listeners/logging.py:194}}
Apr 16 19:48:21 devstack cinder-volume[82616]: INFO cinder.volume.flows.manager.create_volume [None req-c4a0def3-c6ca-41c7-9e53-de3830fe0939 tempest-VolumesServicesTestJSON-56891024 None] Volume cc14ddc4-73d5-4001-aef5-38b4e6ef2b8f: being created as raw with specification: {'status': 'creating', 'volume_name': 'volume-cc14ddc4-73d5-4001-aef5-38b4e6ef2b8f', 'volume_size': 1}
Apr 16 19:48:21 devstack cinder-volume[82616]: DEBUG oslo_concurrency.lockutils [None req-c4a0def3-c6ca-41c7-9e53-de3830fe0939 tempest-VolumesServicesTestJSON-56891024 None] Acquiring lock "quobyte" by "cinder.volume.drivers.quobyte.QuobyteDriver.create_volume" {{(pid=82616) inner /opt/stack/data/venv/lib/python3.10/site-packages/oslo_concurrency/lockutils.py:506}}
Apr 16 19:48:22 devstack sudo[85015]: pam_unix(sudo:session): session closed for user root
Apr 16 19:48:22 devstack cinder-volume[82616]: DEBUG oslo_concurrency.processutils [None req-1f2dbfc2-7b2a-401e-acaa-9a507c75e8a2 tempest-GroupSnapshotsTest-148616543 None] CMD "sudo cinder-rootwrap /etc/cinder/rootwrap.conf qemu-img create -f qcow2 -o backing_file=/opt/stack/data/cinder/mnt/7d9e19cb946327442d7e17ef15a32730/volume-59db9063-7cc6-46dd-bc40-0c8198ab8379,backing_fmt=qcow2 /opt/stack/data/cinder/mnt/7d9e19cb946327442d7e17ef15a32730/volume-59db9063-7cc6-46dd-bc40-0c8198ab8379.5c563716-aa34-4214-b22d-ba40e6ad14ef 1G" returned: 0 in 0.856s {{(pid=82616) execute /opt/stack/data/venv/lib/python3.10/site-packages/oslo_concurrency/processutils.py:468}}
Apr 16 19:48:22 devstack cinder-volume[82616]: DEBUG oslo_concurrency.processutils [None req-1f2dbfc2-7b2a-401e-acaa-9a507c75e8a2 tempest-GroupSnapshotsTest-148616543 None] Running cmd (subprocess): sudo cinder-rootwrap /etc/cinder/rootwrap.conf qemu-img rebase -u -b volume-59db9063-7cc6-46dd-bc40-0c8198ab8379 -F qcow2 /opt/stack/data/cinder/mnt/7d9e19cb946327442d7e17ef15a32730/volume-59db9063-7cc6-46dd-bc40-0c8198ab8379.5c563716-aa34-4214-b22d-ba40e6ad14ef {{(pid=82616) execute /opt/stack/data/venv/lib/python3.10/site-packages/oslo_concurrency/processutils.py:440}}
Apr 16 19:48:22 devstack sudo[85022]: quobyte : PWD=/ ; USER=root ; COMMAND=/opt/stack/data/venv/bin/cinder-rootwrap /etc/cinder/rootwrap.conf qemu-img rebase -u -b volume-59db9063-7cc6-46dd-bc40-0c8198ab8379 -F qcow2 /opt/stack/data/cinder/mnt/7d9e19cb946327442d7e17ef15a32730/volume-59db9063-7cc6-46dd-bc40-0c8198ab8379.5c563716-aa34-4214-b22d-ba40e6ad14ef
Apr 16 19:48:22 devstack sudo[85022]: pam_unix(sudo:session): session opened for user root(uid=0) by (uid=1000)
Apr 16 19:48:22 devstack sudo[85022]: pam_unix(sudo:session): session closed for user root
Apr 16 19:48:22 devstack cinder-volume[82616]: DEBUG oslo_concurrency.processutils [None req-1f2dbfc2-7b2a-401e-acaa-9a507c75e8a2 tempest-GroupSnapshotsTest-148616543 None] CMD "sudo cinder-rootwrap /etc/cinder/rootwrap.conf qemu-img rebase -u -b volume-59db9063-7cc6-46dd-bc40-0c8198ab8379 -F qcow2 /opt/stack/data/cinder/mnt/7d9e19cb946327442d7e17ef15a32730/volume-59db9063-7cc6-46dd-bc40-0c8198ab8379.5c563716-aa34-4214-b22d-ba40e6ad14ef" returned: 0 in 0.647s {{(pid=82616) execute /opt/stack/data/venv/lib/python3.10/site-packages/oslo_concurrency/processutils.py:468}}
Apr 16 19:48:22 devstack cinder-volume[82616]: WARNING cinder.volume.drivers.remotefs [None req-1f2dbfc2-7b2a-401e-acaa-9a507c75e8a2 tempest-GroupSnapshotsTest-148616543 None] /opt/stack/data/cinder/mnt/7d9e19cb946327442d7e17ef15a32730/volume-59db9063-7cc6-46dd-bc40-0c8198ab8379.5c563716-aa34-4214-b22d-ba40e6ad14ef is being set with open permissions: ugo+rw: NotImplementedError
Apr 16 19:48:22 devstack cinder-volume[82616]: DEBUG oslo_concurrency.processutils [None req-1f2dbfc2-7b2a-401e-acaa-9a507c75e8a2 tempest-GroupSnapshotsTest-148616543 None] Running cmd (subprocess): sudo cinder-rootwrap /etc/cinder/rootwrap.conf chmod ugo+rw /opt/stack/data/cinder/mnt/7d9e19cb946327442d7e17ef15a32730/volume-59db9063-7cc6-46dd-bc40-0c8198ab8379.5c563716-aa34-4214-b22d-ba40e6ad14ef {{(pid=82616) execute /opt/stack/data/venv/lib/python3.10/site-packages/oslo_concurrency/processutils.py:440}}
Apr 16 19:48:23 devstack sudo[85028]: quobyte : PWD=/ ; USER=root ; COMMAND=/opt/stack/data/venv/bin/cinder-rootwrap /etc/cinder/rootwrap.conf chmod ugo+rw /opt/stack/data/cinder/mnt/7d9e19cb946327442d7e17ef15a32730/volume-59db9063-7cc6-46dd-bc40-0c8198ab8379.5c563716-aa34-4214-b22d-ba40e6ad14ef
Apr 16 19:48:23 devstack sudo[85028]: pam_unix(sudo:session): session opened for user root(uid=0) by (uid=1000)
Apr 16 19:48:23 devstack sudo[85028]: pam_unix(sudo:session): session closed for user root
Apr 16 19:48:23 devstack cinder-volume[82616]: DEBUG oslo_concurrency.processutils [None req-1f2dbfc2-7b2a-401e-acaa-9a507c75e8a2 tempest-GroupSnapshotsTest-148616543 None] CMD "sudo cinder-rootwrap /etc/cinder/rootwrap.conf chmod ugo+rw /opt/stack/data/cinder/mnt/7d9e19cb946327442d7e17ef15a32730/volume-59db9063-7cc6-46dd-bc40-0c8198ab8379.5c563716-aa34-4214-b22d-ba40e6ad14ef" returned: 0 in 0.622s {{(pid=82616) execute /opt/stack/data/venv/lib/python3.10/site-packages/oslo_concurrency/processutils.py:468}}
Apr 16 19:48:23 devstack cinder-volume[82616]: DEBUG oslo_concurrency.processutils [None req-1f2dbfc2-7b2a-401e-acaa-9a507c75e8a2 tempest-GroupSnapshotsTest-148616543 None] Running cmd (subprocess): sudo cinder-rootwrap /etc/cinder/rootwrap.conf truncate -s0 /opt/stack/data/cinder/mnt/7d9e19cb946327442d7e17ef15a32730/volume-59db9063-7cc6-46dd-bc40-0c8198ab8379.info {{(pid=82616) execute /opt/stack/data/venv/lib/python3.10/site-packages/oslo_concurrency/processutils.py:440}}
Apr 16 19:48:23 devstack sudo[85032]: quobyte : PWD=/ ; USER=root ; COMMAND=/opt/stack/data/venv/bin/cinder-rootwrap /etc/cinder/rootwrap.conf truncate -s0 /opt/stack/data/cinder/mnt/7d9e19cb946327442d7e17ef15a32730/volume-59db9063-7cc6-46dd-bc40-0c8198ab8379.info
Apr 16 19:48:23 devstack sudo[85032]: pam_unix(sudo:session): session opened for user root(uid=0) by (uid=1000)
Apr 16 19:48:24 devstack sudo[85032]: pam_unix(sudo:session): session closed for user root
Apr 16 19:48:24 devstack cinder-volume[82616]: DEBUG oslo_concurrency.processutils [None req-1f2dbfc2-7b2a-401e-acaa-9a507c75e8a2 tempest-GroupSnapshotsTest-148616543 None] CMD "sudo cinder-rootwrap /etc/cinder/rootwrap.conf truncate -s0 /opt/stack/data/cinder/mnt/7d9e19cb946327442d7e17ef15a32730/volume-59db9063-7cc6-46dd-bc40-0c8198ab8379.info" returned: 0 in 0.538s {{(pid=82616) execute /opt/stack/data/venv/lib/python3.10/site-packages/oslo_concurrency/processutils.py:468}}
Apr 16 19:48:24 devstack cinder-volume[82616]: WARNING cinder.volume.drivers.remotefs [None req-1f2dbfc2-7b2a-401e-acaa-9a507c75e8a2 tempest-GroupSnapshotsTest-148616543 None] /opt/stack/data/cinder/mnt/7d9e19cb946327442d7e17ef15a32730/volume-59db9063-7cc6-46dd-bc40-0c8198ab8379.info is being set with open permissions: ugo+rw: NotImplementedError
Apr 16 19:48:24 devstack cinder-volume[82616]: DEBUG oslo_concurrency.processutils [None req-1f2dbfc2-7b2a-401e-acaa-9a507c75e8a2 tempest-GroupSnapshotsTest-148616543 None] Running cmd (subprocess): sudo cinder-rootwrap /etc/cinder/rootwrap.conf chmod ugo+rw /opt/stack/data/cinder/mnt/7d9e19cb946327442d7e17ef15a32730/volume-59db9063-7cc6-46dd-bc40-0c8198ab8379.info {{(pid=82616) execute /opt/stack/data/venv/lib/python3.10/site-packages/oslo_concurrency/processutils.py:440}}
Apr 16 19:48:24 devstack sudo[85035]: quobyte : PWD=/ ; USER=root ; COMMAND=/opt/stack/data/venv/bin/cinder-rootwrap /etc/cinder/rootwrap.conf chmod ugo+rw /opt/stack/data/cinder/mnt/7d9e19cb946327442d7e17ef15a32730/volume-59db9063-7cc6-46dd-bc40-0c8198ab8379.info
Apr 16 19:48:24 devstack sudo[85035]: pam_unix(sudo:session): session opened for user root(uid=0) by (uid=1000)
Apr 16 19:48:24 devstack sudo[85035]: pam_unix(sudo:session): session closed for user root
Apr 16 19:48:24 devstack cinder-volume[82616]: DEBUG oslo_concurrency.processutils [None req-1f2dbfc2-7b2a-401e-acaa-9a507c75e8a2 tempest-GroupSnapshotsTest-148616543 None] CMD "sudo cinder-rootwrap /etc/cinder/rootwrap.conf chmod ugo+rw /opt/stack/data/cinder/mnt/7d9e19cb946327442d7e17ef15a32730/volume-59db9063-7cc6-46dd-bc40-0c8198ab8379.info" returned: 0 in 0.783s {{(pid=82616) execute /opt/stack/data/venv/lib/python3.10/site-packages/oslo_concurrency/processutils.py:468}}
Apr 16 19:48:24 devstack cinder-volume[82616]: DEBUG oslo_concurrency.lockutils [None req-1f2dbfc2-7b2a-401e-acaa-9a507c75e8a2 tempest-GroupSnapshotsTest-148616543 None] Lock "quobyte" "released" by "cinder.volume.drivers.quobyte.QuobyteDriver.create_snapshot" :: held 4.288s {{(pid=82616) inner /opt/stack/data/venv/lib/python3.10/site-packages/oslo_concurrency/lockutils.py:538}}
Apr 16 19:48:24 devstack cinder-volume[82616]: DEBUG oslo_concurrency.lockutils [None req-c4a0def3-c6ca-41c7-9e53-de3830fe0939 tempest-VolumesServicesTestJSON-56891024 None] Lock "quobyte" acquired by "cinder.volume.drivers.quobyte.QuobyteDriver.create_volume" :: waited 3.420s {{(pid=82616) inner /opt/stack/data/venv/lib/python3.10/site-packages/oslo_concurrency/lockutils.py:519}}
Apr 16 19:48:24 devstack cinder-volume[82616]: DEBUG cinder.volume.drivers.quobyte [None req-c4a0def3-c6ca-41c7-9e53-de3830fe0939 tempest-VolumesServicesTestJSON-56891024 None] ==> create_volume: call "{'self': , 'volume': Volume(_name_id=None,admin_metadata=,attach_status='detached',availability_zone='nova',bootable=False,cluster=,cluster_name=None,consistencygroup=,consistencygroup_id=None,created_at=2026-04-16T17:48:21Z,deleted=False,deleted_at=None,display_description=None,display_name='tempest-VolumesServicesTestJSON-Volume-2012328252',ec2_id=None,encryption_key_id=None,glance_metadata=,group=,group_id=None,host='devstack@QuobyteHD#QuobyteHD',id=cc14ddc4-73d5-4001-aef5-38b4e6ef2b8f,launched_at=None,metadata={},migration_status=None,multiattach=False,previous_status=None,project_id='1198ea71352e49fcb3f3e23ed9a60a04',provider_auth=None,provider_geometry=None,provider_id=None,provider_location=None,replication_driver_data=None,replication_extended_status=None,replication_status=None,scheduled_at=2026-04-16T17:48:21Z,service_uuid=None,shared_targets=True,size=1,snapshot_id=None,snapshots=,source_volid=None,status='creating',terminated_at=None,updated_at=2026-04-16T17:48:21Z,use_quota=True,user_id='e291a0c95c9c44e08a686a804b0ccd7a',volume_attachment=VolumeAttachmentList,volume_type=VolumeType(473244a5-ec40-4ec9-ab3f-b1e7432e5d46),volume_type_id=473244a5-ec40-4ec9-ab3f-b1e7432e5d46)}" {{(pid=82616) trace_logging_wrapper /opt/stack/cinder/cinder/volume/volume_utils.py:1498}}
Apr 16 19:48:24 devstack cinder-volume[82616]: DEBUG cinder.volume.drivers.remotefs [None req-c4a0def3-c6ca-41c7-9e53-de3830fe0939 tempest-VolumesServicesTestJSON-56891024 None] Creating volume cc14ddc4-73d5-4001-aef5-38b4e6ef2b8f {{(pid=82616) create_volume /opt/stack/cinder/cinder/volume/drivers/remotefs.py:292}}
Apr 16 19:48:24 devstack cinder-volume[82616]: DEBUG oslo_concurrency.lockutils [None req-c4a0def3-c6ca-41c7-9e53-de3830fe0939 tempest-VolumesServicesTestJSON-56891024 None] Acquiring lock "quobyte_ensure" by "cinder.volume.drivers.quobyte.QuobyteDriver._ensure_shares_mounted" {{(pid=82616) inner /opt/stack/data/venv/lib/python3.10/site-packages/oslo_concurrency/lockutils.py:506}}
Apr 16 19:48:24 devstack cinder-volume[82616]: DEBUG oslo_concurrency.lockutils [None req-c4a0def3-c6ca-41c7-9e53-de3830fe0939 tempest-VolumesServicesTestJSON-56891024 None] Lock "quobyte_ensure" acquired by "cinder.volume.drivers.quobyte.QuobyteDriver._ensure_shares_mounted" :: waited 0.001s {{(pid=82616) inner /opt/stack/data/venv/lib/python3.10/site-packages/oslo_concurrency/lockutils.py:519}}
Apr 16 19:48:24 devstack cinder-volume[82616]: DEBUG cinder.volume.drivers.quobyte [None req-c4a0def3-c6ca-41c7-9e53-de3830fe0939 tempest-VolumesServicesTestJSON-56891024 None] Quobyte Volume URL set to: {'osci02.corp.quobyte.com/cinder-vol-f82a3495-b1f4-4501-8368-b0666df4c7de': None} {{(pid=82616) _load_shares_config /opt/stack/cinder/cinder/volume/drivers/quobyte.py:617}}
Apr 16 19:48:24 devstack cinder-volume[82616]: DEBUG cinder.volume.drivers.quobyte [None req-c4a0def3-c6ca-41c7-9e53-de3830fe0939 tempest-VolumesServicesTestJSON-56891024 None] Available shares ['osci02.corp.quobyte.com/cinder-vol-f82a3495-b1f4-4501-8368-b0666df4c7de'] {{(pid=82616) _ensure_shares_mounted /opt/stack/cinder/cinder/volume/drivers/quobyte.py:647}}
Apr 16 19:48:24 devstack cinder-volume[82616]: DEBUG oslo_concurrency.lockutils [None req-c4a0def3-c6ca-41c7-9e53-de3830fe0939 tempest-VolumesServicesTestJSON-56891024 None] Lock "quobyte_ensure" "released" by "cinder.volume.drivers.quobyte.QuobyteDriver._ensure_shares_mounted" :: held 0.006s {{(pid=82616) inner /opt/stack/data/venv/lib/python3.10/site-packages/oslo_concurrency/lockutils.py:538}}
Apr 16 19:48:24 devstack cinder-volume[82616]: DEBUG cinder.volume.drivers.quobyte [None req-c4a0def3-c6ca-41c7-9e53-de3830fe0939 tempest-VolumesServicesTestJSON-56891024 None] Selected osci02.corp.quobyte.com/cinder-vol-f82a3495-b1f4-4501-8368-b0666df4c7de as target Quobyte volume. {{(pid=82616) _find_share /opt/stack/cinder/cinder/volume/drivers/quobyte.py:668}}
Apr 16 19:48:24 devstack cinder-volume[82616]: INFO cinder.volume.drivers.remotefs [None req-c4a0def3-c6ca-41c7-9e53-de3830fe0939 tempest-VolumesServicesTestJSON-56891024 None] casted to osci02.corp.quobyte.com/cinder-vol-f82a3495-b1f4-4501-8368-b0666df4c7de
Apr 16 19:48:24 devstack cinder-volume[82616]: DEBUG oslo_concurrency.processutils [None req-c4a0def3-c6ca-41c7-9e53-de3830fe0939 tempest-VolumesServicesTestJSON-56891024 None] Running cmd (subprocess): sudo cinder-rootwrap /etc/cinder/rootwrap.conf qemu-img create -f qcow2 -o preallocation=metadata /opt/stack/data/cinder/mnt/7d9e19cb946327442d7e17ef15a32730/volume-cc14ddc4-73d5-4001-aef5-38b4e6ef2b8f 1073741824 {{(pid=82616) execute /opt/stack/data/venv/lib/python3.10/site-packages/oslo_concurrency/processutils.py:440}}
Apr 16 19:48:25 devstack sudo[85044]: quobyte : PWD=/ ; USER=root ; COMMAND=/opt/stack/data/venv/bin/cinder-rootwrap /etc/cinder/rootwrap.conf qemu-img create -f qcow2 -o preallocation=metadata /opt/stack/data/cinder/mnt/7d9e19cb946327442d7e17ef15a32730/volume-cc14ddc4-73d5-4001-aef5-38b4e6ef2b8f 1073741824
Apr 16 19:48:25 devstack sudo[85044]: pam_unix(sudo:session): session opened for user root(uid=0) by (uid=1000)
Apr 16 19:48:25 devstack cinder-volume[82616]: INFO cinder.volume.manager [None req-1f2dbfc2-7b2a-401e-acaa-9a507c75e8a2 tempest-GroupSnapshotsTest-148616543 None] group_snapshot 9da737d8-350f-4db7-a6be-7744c7d4e356: created successfully
Apr 16 19:48:25 devstack cinder-volume[82616]: INFO cinder.volume.manager [None req-831e83ea-d69e-4939-b05b-f16159ca1162 tempest-GroupSnapshotsTest-148616543 None] group_snapshot 9da737d8-350f-4db7-a6be-7744c7d4e356: deleting
Apr 16 19:48:25 devstack cinder-volume[82616]: DEBUG cinder.volume.manager [None req-831e83ea-d69e-4939-b05b-f16159ca1162 tempest-GroupSnapshotsTest-148616543 None] group_snapshot 9da737d8-350f-4db7-a6be-7744c7d4e356: deleting {{(pid=82616) delete_group_snapshot /opt/stack/cinder/cinder/volume/manager.py:4350}}
Apr 16 19:48:25 devstack cinder-volume[82616]: DEBUG cinder.coordination [None req-831e83ea-d69e-4939-b05b-f16159ca1162 tempest-GroupSnapshotsTest-148616543 None] Acquiring lock "cinder-quobyte-4fdd4301-35a4-4b67-84c4-57a7faa18f8f" by "delete_snapshot" {{(pid=82616) __acquire /opt/stack/cinder/cinder/coordination.py:138}}
Apr 16 19:48:25 devstack cinder-volume[82616]: DEBUG cinder.coordination [None req-831e83ea-d69e-4939-b05b-f16159ca1162 tempest-GroupSnapshotsTest-148616543 None] Lock "cinder-quobyte-4fdd4301-35a4-4b67-84c4-57a7faa18f8f" acquired by "delete_snapshot" :: waited 0.019s {{(pid=82616) __acquire /opt/stack/cinder/cinder/coordination.py:141}}
Apr 16 19:48:25 devstack cinder-volume[82616]: DEBUG cinder.coordination [None req-831e83ea-d69e-4939-b05b-f16159ca1162 tempest-GroupSnapshotsTest-148616543 None] Acquiring lock "cinder-quobyte-3da4d577-b5df-49cb-9dbe-2d56b5c53485" by "_delete_snapshot" {{(pid=82616) __acquire /opt/stack/cinder/cinder/coordination.py:138}}
Apr 16 19:48:25 devstack cinder-volume[82616]: DEBUG cinder.coordination [None req-831e83ea-d69e-4939-b05b-f16159ca1162 tempest-GroupSnapshotsTest-148616543 None] Lock "cinder-quobyte-3da4d577-b5df-49cb-9dbe-2d56b5c53485" acquired by "_delete_snapshot" :: waited 0.019s {{(pid=82616) __acquire /opt/stack/cinder/cinder/coordination.py:141}}
Apr 16 19:48:25 devstack cinder-volume[82616]: DEBUG cinder.volume.drivers.remotefs [None req-831e83ea-d69e-4939-b05b-f16159ca1162 tempest-GroupSnapshotsTest-148616543 None] Deleting offline snapshot 3da4d577-b5df-49cb-9dbe-2d56b5c53485 of volume 4fdd4301-35a4-4b67-84c4-57a7faa18f8f {{(pid=82616) _delete_snapshot /opt/stack/cinder/cinder/volume/drivers/remotefs.py:1288}}
