Aug 25 12:32:57 devstack devstack@n-api.service[69017]: DEBUG nova.api.openstack.wsgi_app [None req-5f635eae-b5c9-4147-a04d-67877f877de6 None None] keystone_authtoken.memcache_secret_key = **** {{(pid=69017) log_opt_values /opt/stack/data/venv/lib/python3.12/site-packages/oslo_config/cfg.py:3560}}
Aug 25 12:32:57 devstack devstack@n-api.service[69016]: DEBUG nova.api.openstack.wsgi_app [None req-e6bdd802-a28b-4fe4-9d81-6b2ef5312899 None None] keystone_authtoken.include_service_catalog = True {{(pid=69016) log_opt_values /opt/stack/data/venv/lib/python3.12/site-packages/oslo_config/cfg.py:3560}}
Aug 25 12:32:57 devstack devstack@n-api.service[69017]: DEBUG nova.api.openstack.wsgi_app [None req-5f635eae-b5c9-4147-a04d-67877f877de6 None None] keystone_authtoken.memcache_security_strategy = None {{(pid=69017) log_opt_values /opt/stack/data/venv/lib/python3.12/site-packages/oslo_config/cfg.py:3560}}
Aug 25 12:32:57 devstack devstack@n-api.service[69016]: DEBUG nova.api.openstack.wsgi_app [None req-e6bdd802-a28b-4fe4-9d81-6b2ef5312899 None None] keystone_authtoken.insecure = False {{(pid=69016) log_opt_values /opt/stack/data/venv/lib/python3.12/site-packages/oslo_config/cfg.py:3560}}
Aug 25 12:32:57 devstack devstack@n-api.service[69017]: DEBUG nova.api.openstack.wsgi_app [None req-5f635eae-b5c9-4147-a04d-67877f877de6 None None] keystone_authtoken.memcache_tls_allowed_ciphers = None {{(pid=69017) log_opt_values /opt/stack/data/venv/lib/python3.12/site-packages/oslo_config/cfg.py:3560}}
Aug 25 12:32:57 devstack devstack@n-api.service[69016]: DEBUG nova.api.openstack.wsgi_app [None req-e6bdd802-a28b-4fe4-9d81-6b2ef5312899 None None] keystone_authtoken.interface = public {{(pid=69016) log_opt_values /opt/stack/data/venv/lib/python3.12/site-packages/oslo_config/cfg.py:3560}}
Aug 25 12:32:57 devstack devstack@n-api.service[69017]: DEBUG nova.api.openstack.wsgi_app [None req-5f635eae-b5c9-4147-a04d-67877f877de6 None None] keystone_authtoken.memcache_tls_cafile = None {{(pid=69017) log_opt_values /opt/stack/data/venv/lib/python3.12/site-packages/oslo_config/cfg.py:3560}}
Aug 25 12:32:57 devstack devstack@n-api.service[69016]: DEBUG nova.api.openstack.wsgi_app [None req-e6bdd802-a28b-4fe4-9d81-6b2ef5312899 None None] keystone_authtoken.keyfile = None {{(pid=69016) log_opt_values /opt/stack/data/venv/lib/python3.12/site-packages/oslo_config/cfg.py:3560}}
Aug 25 12:32:57 devstack devstack@n-api.service[69017]: DEBUG nova.api.openstack.wsgi_app [None req-5f635eae-b5c9-4147-a04d-67877f877de6 None None] keystone_authtoken.memcache_tls_certfile = None {{(pid=69017) log_opt_values /opt/stack/data/venv/lib/python3.12/site-packages/oslo_config/cfg.py:3560}}
Aug 25 12:32:57 devstack devstack@n-api.service[69016]: DEBUG nova.api.openstack.wsgi_app [None req-e6bdd802-a28b-4fe4-9d81-6b2ef5312899 None None] keystone_authtoken.memcache_password = {{(pid=69016) log_opt_values /opt/stack/data/venv/lib/python3.12/site-packages/oslo_config/cfg.py:3560}}
Aug 25 12:32:57 devstack devstack@n-api.service[69016]: DEBUG nova.api.openstack.wsgi_app [None req-e6bdd802-a28b-4fe4-9d81-6b2ef5312899 None None] keystone_authtoken.memcache_pool_conn_get_timeout = 10 {{(pid=69016) log_opt_values /opt/stack/data/venv/lib/python3.12/site-packages/oslo_config/cfg.py:3560}}
Aug 25 12:32:57 devstack devstack@n-api.service[69017]: DEBUG nova.api.openstack.wsgi_app [None req-5f635eae-b5c9-4147-a04d-67877f877de6 None None] keystone_authtoken.memcache_tls_enabled = False {{(pid=69017) log_opt_values /opt/stack/data/venv/lib/python3.12/site-packages/oslo_config/cfg.py:3560}}
Aug 25 12:32:57 devstack devstack@n-api.service[69016]: DEBUG nova.api.openstack.wsgi_app [None req-e6bdd802-a28b-4fe4-9d81-6b2ef5312899 None None] keystone_authtoken.memcache_pool_dead_retry = 300 {{(pid=69016) log_opt_values /opt/stack/data/venv/lib/python3.12/site-packages/oslo_config/cfg.py:3560}}
Aug 25 12:32:57 devstack devstack@n-api.service[69017]: DEBUG nova.api.openstack.wsgi_app [None req-5f635eae-b5c9-4147-a04d-67877f877de6 None None] keystone_authtoken.memcache_tls_keyfile = None {{(pid=69017) log_opt_values /opt/stack/data/venv/lib/python3.12/site-packages/oslo_config/cfg.py:3560}}
Aug 25 12:32:57 devstack devstack@n-api.service[69016]: DEBUG nova.api.openstack.wsgi_app [None req-e6bdd802-a28b-4fe4-9d81-6b2ef5312899 None None] keystone_authtoken.memcache_pool_maxsize = 10 {{(pid=69016) log_opt_values /opt/stack/data/venv/lib/python3.12/site-packages/oslo_config/cfg.py:3560}}
Aug 25 12:32:57 devstack devstack@n-api.service[69017]: DEBUG nova.api.openstack.wsgi_app [None req-5f635eae-b5c9-4147-a04d-67877f877de6 None None] keystone_authtoken.memcache_use_advanced_pool = True {{(pid=69017) log_opt_values /opt/stack/data/venv/lib/python3.12/site-packages/oslo_config/cfg.py:3560}}
Aug 25 12:32:57 devstack devstack@n-api.service[69017]: DEBUG nova.api.openstack.wsgi_app [None req-5f635eae-b5c9-4147-a04d-67877f877de6 None None] keystone_authtoken.memcache_username = {{(pid=69017) log_opt_values /opt/stack/data/venv/lib/python3.12/site-packages/oslo_config/cfg.py:3560}}
Aug 25 12:32:57 devstack devstack@n-api.service[69016]: DEBUG nova.api.openstack.wsgi_app [None req-e6bdd802-a28b-4fe4-9d81-6b2ef5312899 None None] keystone_authtoken.memcache_pool_socket_timeout = 3 {{(pid=69016) log_opt_values /opt/stack/data/venv/lib/python3.12/site-packages/oslo_config/cfg.py:3560}}
Aug 25 12:32:57 devstack devstack@n-api.service[69016]: DEBUG nova.api.openstack.wsgi_app [None req-e6bdd802-a28b-4fe4-9d81-6b2ef5312899 None None] keystone_authtoken.memcache_pool_unused_timeout = 60 {{(pid=69016) log_opt_values /opt/stack/data/venv/lib/python3.12/site-packages/oslo_config/cfg.py:3560}}
Aug 25 12:32:57 devstack devstack@n-api.service[69016]: DEBUG nova.api.openstack.wsgi_app [None req-e6bdd802-a28b-4fe4-9d81-6b2ef5312899 None None] keystone_authtoken.memcache_sasl_enabled = False {{(pid=69016) log_opt_values /opt/stack/data/venv/lib/python3.12/site-packages/oslo_config/cfg.py:3560}}
Aug 25 12:32:57 devstack devstack@n-api.service[69016]: DEBUG nova.api.openstack.wsgi_app [None req-e6bdd802-a28b-4fe4-9d81-6b2ef5312899 None None] keystone_authtoken.memcache_secret_key = **** {{(pid=69016) log_opt_values /opt/stack/data/venv/lib/python3.12/site-packages/oslo_config/cfg.py:3560}}
Aug 25 12:32:57 devstack devstack@n-api.service[69016]: DEBUG nova.api.openstack.wsgi_app [None req-e6bdd802-a28b-4fe4-9d81-6b2ef5312899 None None] keystone_authtoken.memcache_security_strategy = None {{(pid=69016) log_opt_values /opt/stack/data/venv/lib/python3.12/site-packages/oslo_config/cfg.py:3560}}
Aug 25 12:32:57 devstack devstack@n-api.service[69016]: DEBUG nova.api.openstack.wsgi_app [None req-e6bdd802-a28b-4fe4-9d81-6b2ef5312899 None None] keystone_authtoken.memcache_tls_allowed_ciphers = None {{(pid=69016) log_opt_values /opt/stack/data/venv/lib/python3.12/site-packages/oslo_config/cfg.py:3560}}
Aug 25 12:32:57 devstack devstack@n-api.service[69016]: DEBUG nova.api.openstack.wsgi_app [None req-e6bdd802-a28b-4fe4-9d81-6b2ef5312899 None None] keystone_authtoken.memcache_tls_cafile = None {{(pid=69016) log_opt_values /opt/stack/data/venv/lib/python3.12/site-packages/oslo_config/cfg.py:3560}}
Aug 25 12:32:57 devstack devstack@n-api.service[69016]: DEBUG nova.api.openstack.wsgi_app [None req-e6bdd802-a28b-4fe4-9d81-6b2ef5312899 None None] keystone_authtoken.memcache_tls_certfile = None {{(pid=69016) log_opt_values /opt/stack/data/venv/lib/python3.12/site-packages/oslo_config/cfg.py:3560}}
Aug 25 12:32:57 devstack devstack@n-api.service[69016]: DEBUG nova.api.openstack.wsgi_app [None req-e6bdd802-a28b-4fe4-9d81-6b2ef5312899 None None] keystone_authtoken.memcache_tls_enabled = False {{(pid=69016) log_opt_values /opt/stack/data/venv/lib/python3.12/site-packages/oslo_config/cfg.py:3560}}
Aug 25 12:32:57 devstack devstack@n-api.service[69017]: DEBUG nova.api.openstack.wsgi_app [None req-5f635eae-b5c9-4147-a04d-67877f877de6 None None] keystone_authtoken.memcached_servers = ['localhost:11211'] {{(pid=69017) log_opt_values /opt/stack/data/venv/lib/python3.12/site-packages/oslo_config/cfg.py:3560}}
Aug 25 12:32:57 devstack devstack@n-api.service[69016]: DEBUG nova.api.openstack.wsgi_app [None req-e6bdd802-a28b-4fe4-9d81-6b2ef5312899 None None] keystone_authtoken.memcache_tls_keyfile = None {{(pid=69016) log_opt_values /opt/stack/data/venv/lib/python3.12/site-packages/oslo_config/cfg.py:3560}}
Aug 25 12:32:57 devstack devstack@n-api.service[69017]: DEBUG nova.api.openstack.wsgi_app [None req-5f635eae-b5c9-4147-a04d-67877f877de6 None None] keystone_authtoken.password = **** {{(pid=69017) log_opt_values /opt/stack/data/venv/lib/python3.12/site-packages/oslo_config/cfg.py:3560}}
Aug 25 12:32:57 devstack devstack@n-api.service[69016]: DEBUG nova.api.openstack.wsgi_app [None req-e6bdd802-a28b-4fe4-9d81-6b2ef5312899 None None] keystone_authtoken.memcache_use_advanced_pool = True {{(pid=69016) log_opt_values /opt/stack/data/venv/lib/python3.12/site-packages/oslo_config/cfg.py:3560}}
Aug 25 12:32:57 devstack devstack@n-api.service[69017]: DEBUG nova.api.openstack.wsgi_app [None req-5f635eae-b5c9-4147-a04d-67877f877de6 None None] keystone_authtoken.project_domain_id = None {{(pid=69017) log_opt_values /opt/stack/data/venv/lib/python3.12/site-packages/oslo_config/cfg.py:3560}}
Aug 25 12:32:57 devstack devstack@n-api.service[69016]: DEBUG nova.api.openstack.wsgi_app [None req-e6bdd802-a28b-4fe4-9d81-6b2ef5312899 None None] keystone_authtoken.memcache_username = {{(pid=69016) log_opt_values /opt/stack/data/venv/lib/python3.12/site-packages/oslo_config/cfg.py:3560}}
Aug 25 12:32:57 devstack devstack@n-api.service[69017]: DEBUG nova.api.openstack.wsgi_app [None req-5f635eae-b5c9-4147-a04d-67877f877de6 None None] keystone_authtoken.project_domain_name = Default {{(pid=69017) log_opt_values /opt/stack/data/venv/lib/python3.12/site-packages/oslo_config/cfg.py:3560}}
Aug 25 12:32:57 devstack devstack@n-api.service[69016]: DEBUG nova.api.openstack.wsgi_app [None req-e6bdd802-a28b-4fe4-9d81-6b2ef5312899 None None] keystone_authtoken.memcached_servers = ['localhost:11211'] {{(pid=69016) log_opt_values /opt/stack/data/venv/lib/python3.12/site-packages/oslo_config/cfg.py:3560}}
Aug 25 12:32:57 devstack devstack@n-api.service[69017]: DEBUG nova.api.openstack.wsgi_app [None req-5f635eae-b5c9-4147-a04d-67877f877de6 None None] keystone_authtoken.project_id = None {{(pid=69017) log_opt_values /opt/stack/data/venv/lib/python3.12/site-packages/oslo_config/cfg.py:3560}}
Aug 25 12:32:57 devstack devstack@n-api.service[69016]: DEBUG nova.api.openstack.wsgi_app [None req-e6bdd802-a28b-4fe4-9d81-6b2ef5312899 None None] keystone_authtoken.password = **** {{(pid=69016) log_opt_values /opt/stack/data/venv/lib/python3.12/site-packages/oslo_config/cfg.py:3560}}
Aug 25 12:32:57 devstack devstack@n-api.service[69017]: DEBUG nova.api.openstack.wsgi_app [None req-5f635eae-b5c9-4147-a04d-67877f877de6 None None] keystone_authtoken.project_name = service {{(pid=69017) log_opt_values /opt/stack/data/venv/lib/python3.12/site-packages/oslo_config/cfg.py:3560}}
Aug 25 12:32:57 devstack devstack@n-api.service[69016]: DEBUG nova.api.openstack.wsgi_app [None req-e6bdd802-a28b-4fe4-9d81-6b2ef5312899 None None] keystone_authtoken.project_domain_id = None {{(pid=69016) log_opt_values /opt/stack/data/venv/lib/python3.12/site-packages/oslo_config/cfg.py:3560}}
Aug 25 12:32:57 devstack devstack@n-api.service[69017]: DEBUG nova.api.openstack.wsgi_app [None req-5f635eae-b5c9-4147-a04d-67877f877de6 None None] keystone_authtoken.region_name = None {{(pid=69017) log_opt_values /opt/stack/data/venv/lib/python3.12/site-packages/oslo_config/cfg.py:3560}}
Aug 25 12:32:57 devstack devstack@n-api.service[69016]: DEBUG nova.api.openstack.wsgi_app [None req-e6bdd802-a28b-4fe4-9d81-6b2ef5312899 None None] keystone_authtoken.project_domain_name = Default {{(pid=69016) log_opt_values /opt/stack/data/venv/lib/python3.12/site-packages/oslo_config/cfg.py:3560}}
Aug 25 12:32:57 devstack devstack@n-api.service[69017]: DEBUG nova.api.openstack.wsgi_app [None req-5f635eae-b5c9-4147-a04d-67877f877de6 None None] keystone_authtoken.service_token_roles = ['service'] {{(pid=69017) log_opt_values /opt/stack/data/venv/lib/python3.12/site-packages/oslo_config/cfg.py:3560}}
Aug 25 12:32:57 devstack devstack@n-api.service[69016]: DEBUG nova.api.openstack.wsgi_app [None req-e6bdd802-a28b-4fe4-9d81-6b2ef5312899 None None] keystone_authtoken.project_id = None {{(pid=69016) log_opt_values /opt/stack/data/venv/lib/python3.12/site-packages/oslo_config/cfg.py:3560}}
Aug 25 12:32:57 devstack devstack@n-api.service[69017]: DEBUG nova.api.openstack.wsgi_app [None req-5f635eae-b5c9-4147-a04d-67877f877de6 None None] keystone_authtoken.service_token_roles_required = True {{(pid=69017) log_opt_values /opt/stack/data/venv/lib/python3.12/site-packages/oslo_config/cfg.py:3560}}
Aug 25 12:32:57 devstack devstack@n-api.service[69016]: DEBUG nova.api.openstack.wsgi_app [None req-e6bdd802-a28b-4fe4-9d81-6b2ef5312899 None None] keystone_authtoken.project_name = service {{(pid=69016) log_opt_values /opt/stack/data/venv/lib/python3.12/site-packages/oslo_config/cfg.py:3560}}
Aug 25 12:32:57 devstack devstack@n-api.service[69017]: DEBUG nova.api.openstack.wsgi_app [None req-5f635eae-b5c9-4147-a04d-67877f877de6 None None] keystone_authtoken.service_type = None {{(pid=69017) log_opt_values /opt/stack/data/venv/lib/python3.12/site-packages/oslo_config/cfg.py:3560}}
Aug 25 12:32:57 devstack devstack@n-api.service[69016]: DEBUG nova.api.openstack.wsgi_app [None req-e6bdd802-a28b-4fe4-9d81-6b2ef5312899 None None] keystone_authtoken.region_name = None {{(pid=69016) log_opt_values /opt/stack/data/venv/lib/python3.12/site-packages/oslo_config/cfg.py:3560}}
Aug 25 12:32:57 devstack devstack@n-api.service[69017]: DEBUG nova.api.openstack.wsgi_app [None req-5f635eae-b5c9-4147-a04d-67877f877de6 None None] keystone_authtoken.system_scope = None {{(pid=69017) log_opt_values /opt/stack/data/venv/lib/python3.12/site-packages/oslo_config/cfg.py:3560}}
Aug 25 12:32:57 devstack devstack@n-api.service[69016]: DEBUG nova.api.openstack.wsgi_app [None req-e6bdd802-a28b-4fe4-9d81-6b2ef5312899 None None] keystone_authtoken.service_token_roles = ['service'] {{(pid=69016) log_opt_values /opt/stack/data/venv/lib/python3.12/site-packages/oslo_config/cfg.py:3560}}
Aug 25 12:32:57 devstack devstack@n-api.service[69017]: DEBUG nova.api.openstack.wsgi_app [None req-5f635eae-b5c9-4147-a04d-67877f877de6 None None] keystone_authtoken.token_cache_time = 300 {{(pid=69017) log_opt_values /opt/stack/data/venv/lib/python3.12/site-packages/oslo_config/cfg.py:3560}}
Aug 25 12:32:57 devstack devstack@n-api.service[69016]: DEBUG nova.api.openstack.wsgi_app [None req-e6bdd802-a28b-4fe4-9d81-6b2ef5312899 None None] keystone_authtoken.service_token_roles_required = True {{(pid=69016) log_opt_values /opt/stack/data/venv/lib/python3.12/site-packages/oslo_config/cfg.py:3560}}
Aug 25 12:32:57 devstack devstack@n-api.service[69017]: DEBUG nova.api.openstack.wsgi_app [None req-5f635eae-b5c9-4147-a04d-67877f877de6 None None] keystone_authtoken.trust_id = None {{(pid=69017) log_opt_values /opt/stack/data/venv/lib/python3.12/site-packages/oslo_config/cfg.py:3560}}
Aug 25 12:32:57 devstack devstack@n-api.service[69017]: DEBUG nova.api.openstack.wsgi_app [None req-5f635eae-b5c9-4147-a04d-67877f877de6 None None] keystone_authtoken.user_domain_id = None {{(pid=69017) log_opt_values /opt/stack/data/venv/lib/python3.12/site-packages/oslo_config/cfg.py:3560}}
Aug 25 12:32:57 devstack devstack@n-api.service[69016]: DEBUG nova.api.openstack.wsgi_app [None req-e6bdd802-a28b-4fe4-9d81-6b2ef5312899 None None] keystone_authtoken.service_type = None {{(pid=69016) log_opt_values /opt/stack/data/venv/lib/python3.12/site-packages/oslo_config/cfg.py:3560}}
Aug 25 12:32:57 devstack devstack@n-api.service[69017]: DEBUG nova.api.openstack.wsgi_app [None req-5f635eae-b5c9-4147-a04d-67877f877de6 None None] keystone_authtoken.user_domain_name = Default {{(pid=69017) log_opt_values /opt/stack/data/venv/lib/python3.12/site-packages/oslo_config/cfg.py:3560}}
Aug 25 12:32:57 devstack devstack@n-api.service[69016]: DEBUG nova.api.openstack.wsgi_app [None req-e6bdd802-a28b-4fe4-9d81-6b2ef5312899 None None] keystone_authtoken.system_scope = None {{(pid=69016) log_opt_values /opt/stack/data/venv/lib/python3.12/site-packages/oslo_config/cfg.py:3560}}
Aug 25 12:32:57 devstack devstack@n-api.service[69017]: DEBUG nova.api.openstack.wsgi_app [None req-5f635eae-b5c9-4147-a04d-67877f877de6 None None] keystone_authtoken.user_id = None {{(pid=69017) log_opt_values /opt/stack/data/venv/lib/python3.12/site-packages/oslo_config/cfg.py:3560}}
Aug 25 12:32:57 devstack devstack@n-api.service[69016]: DEBUG nova.api.openstack.wsgi_app [None req-e6bdd802-a28b-4fe4-9d81-6b2ef5312899 None None] keystone_authtoken.token_cache_time = 300 {{(pid=69016) log_opt_values /opt/stack/data/venv/lib/python3.12/site-packages/oslo_config/cfg.py:3560}}
Aug 25 12:32:57 devstack devstack@n-api.service[69016]: DEBUG nova.api.openstack.wsgi_app [None req-e6bdd802-a28b-4fe4-9d81-6b2ef5312899 None None] keystone_authtoken.trust_id = None {{(pid=69016) log_opt_values /opt/stack/data/venv/lib/python3.12/site-packages/oslo_config/cfg.py:3560}}
Aug 25 12:32:57 devstack devstack@n-api.service[69017]: DEBUG nova.api.openstack.wsgi_app [None req-5f635eae-b5c9-4147-a04d-67877f877de6 None None] keystone_authtoken.username = nova {{(pid=69017) log_opt_values /opt/stack/data/venv/lib/python3.12/site-packages/oslo_config/cfg.py:3560}}
Aug 25 12:32:57 devstack devstack@n-api.service[69016]: DEBUG nova.api.openstack.wsgi_app [None req-e6bdd802-a28b-4fe4-9d81-6b2ef5312899 None None] keystone_authtoken.user_domain_id = None {{(pid=69016) log_opt_values /opt/stack/data/venv/lib/python3.12/site-packages/oslo_config/cfg.py:3560}}
Aug 25 12:32:57 devstack devstack@n-api.service[69017]: DEBUG nova.api.openstack.wsgi_app [None req-5f635eae-b5c9-4147-a04d-67877f877de6 None None] keystone_authtoken.www_authenticate_uri = http://192.168.122.62/identity {{(pid=69017) log_opt_values /opt/stack/data/venv/lib/python3.12/site-packages/oslo_config/cfg.py:3560}}
Aug 25 12:32:57 devstack devstack@n-api.service[69017]: DEBUG nova.api.openstack.wsgi_app [None req-5f635eae-b5c9-4147-a04d-67877f877de6 None None] ******************************************************************************** {{(pid=69017) log_opt_values /opt/stack/data/venv/lib/python3.12/site-packages/oslo_config/cfg.py:3567}}
Aug 25 12:32:57 devstack devstack@n-api.service[69016]: DEBUG nova.api.openstack.wsgi_app [None req-e6bdd802-a28b-4fe4-9d81-6b2ef5312899 None None] keystone_authtoken.user_domain_name = Default {{(pid=69016) log_opt_values /opt/stack/data/venv/lib/python3.12/site-packages/oslo_config/cfg.py:3560}}
Aug 25 12:32:57 devstack devstack@n-api.service[69017]: WSGI app 0 (mountpoint='') ready in 6 seconds on interpreter 0x7751df0a4668 pid: 69017 (default app)
Aug 25 12:32:57 devstack devstack@n-api.service[69016]: DEBUG nova.api.openstack.wsgi_app [None req-e6bdd802-a28b-4fe4-9d81-6b2ef5312899 None None] keystone_authtoken.user_id = None {{(pid=69016) log_opt_values /opt/stack/data/venv/lib/python3.12/site-packages/oslo_config/cfg.py:3560}}
Aug 25 12:32:57 devstack devstack@n-api.service[69016]: DEBUG nova.api.openstack.wsgi_app [None req-e6bdd802-a28b-4fe4-9d81-6b2ef5312899 None None] keystone_authtoken.username = nova {{(pid=69016) log_opt_values /opt/stack/data/venv/lib/python3.12/site-packages/oslo_config/cfg.py:3560}}
Aug 25 12:32:57 devstack devstack@n-api.service[69016]: DEBUG nova.api.openstack.wsgi_app [None req-e6bdd802-a28b-4fe4-9d81-6b2ef5312899 None None] keystone_authtoken.www_authenticate_uri = http://192.168.122.62/identity {{(pid=69016) log_opt_values /opt/stack/data/venv/lib/python3.12/site-packages/oslo_config/cfg.py:3560}}
Aug 25 12:32:57 devstack devstack@n-api.service[69016]: DEBUG nova.api.openstack.wsgi_app [None req-e6bdd802-a28b-4fe4-9d81-6b2ef5312899 None None] ******************************************************************************** {{(pid=69016) log_opt_values /opt/stack/data/venv/lib/python3.12/site-packages/oslo_config/cfg.py:3567}}
Aug 25 12:32:57 devstack devstack@n-api.service[69016]: WSGI app 0 (mountpoint='') ready in 6 seconds on interpreter 0x7751df0a4668 pid: 69016 (default app)
Aug 25 12:32:57 devstack devstack@n-api.service[69017]: DEBUG nova.api.openstack.wsgi [None req-5f635eae-b5c9-4147-a04d-67877f877de6 None None] Calling method '>' {{(pid=69017) _process_stack /opt/stack/nova/nova/api/openstack/wsgi.py:551}}
Aug 25 12:32:57 devstack devstack@n-api.service[69017]: INFO nova.api.openstack.requestlog [None req-5f635eae-b5c9-4147-a04d-67877f877de6 None None] 192.168.122.62 "GET /compute/v2.1/" status: 200 len: 392 microversion: 2.1 time: 0.005782
Aug 25 12:32:57 devstack devstack@n-api.service[69017]: [pid: 69017|app: 0|req: 1/1] 192.168.122.62 () {50 vars in 786 bytes} [Tue Aug 25 12:32:57 2026] GET /compute/v2.1/ => generated 392 bytes in 7 msecs (HTTP/1.1 200) 9 headers in 357 bytes (1 switches on core 0)
Aug 25 12:33:05 devstack devstack@n-api.service[69016]: DEBUG dbcounter [-] [69016] Writing DB stats nova_api:SELECT=1 {{(pid=69016) stat_writer /opt/stack/data/venv/lib/python3.12/site-packages/dbcounter.py:115}}
Aug 25 12:33:05 devstack devstack@n-api.service[69017]: DEBUG dbcounter [-] [69017] Writing DB stats nova_api:SELECT=1 {{(pid=69017) stat_writer /opt/stack/data/venv/lib/python3.12/site-packages/dbcounter.py:115}}
Aug 25 12:33:05 devstack devstack@n-api.service[69016]: DEBUG dbcounter [-] [69016] Writing DB stats nova_cell1:SELECT=1 {{(pid=69016) stat_writer /opt/stack/data/venv/lib/python3.12/site-packages/dbcounter.py:115}}
Aug 25 12:33:05 devstack devstack@n-api.service[69016]: DEBUG dbcounter [-] [69016] Writing DB stats nova_cell0:SELECT=1 {{(pid=69016) stat_writer /opt/stack/data/venv/lib/python3.12/site-packages/dbcounter.py:115}}
Aug 25 12:33:05 devstack devstack@n-api.service[69016]: DEBUG dbcounter [-] [69016] Writing DB stats nova_cell0:SELECT=2,nova_cell0:INSERT=1 {{(pid=69016) stat_writer /opt/stack/data/venv/lib/python3.12/site-packages/dbcounter.py:115}}
Aug 25 12:33:05 devstack devstack@n-api.service[69017]: DEBUG dbcounter [-] [69017] Writing DB stats nova_cell0:SELECT=1 {{(pid=69017) stat_writer /opt/stack/data/venv/lib/python3.12/site-packages/dbcounter.py:115}}
Aug 25 12:33:05 devstack devstack@n-api.service[69017]: DEBUG dbcounter [-] [69017] Writing DB stats nova_cell1:SELECT=1 {{(pid=69017) stat_writer /opt/stack/data/venv/lib/python3.12/site-packages/dbcounter.py:115}}
Aug 25 12:33:05 devstack devstack@n-api.service[69017]: DEBUG dbcounter [-] [69017] Writing DB stats nova_cell0:SELECT=1 {{(pid=69017) stat_writer /opt/stack/data/venv/lib/python3.12/site-packages/dbcounter.py:115}}
Aug 25 12:35:20 devstack devstack@n-api.service[69016]: DEBUG nova.api.openstack.wsgi [None req-e6bdd802-a28b-4fe4-9d81-6b2ef5312899 None None] Calling method '>' {{(pid=69016) _process_stack /opt/stack/nova/nova/api/openstack/wsgi.py:551}}
Aug 25 12:35:20 devstack devstack@n-api.service[69016]: INFO nova.api.openstack.requestlog [None req-e6bdd802-a28b-4fe4-9d81-6b2ef5312899 None None] 192.168.122.62 "GET /compute/v2.1" status: 200 len: 392 microversion: 2.1 time: 0.006674
Aug 25 12:35:20 devstack devstack@n-api.service[69016]: [pid: 69016|app: 0|req: 1/2] 192.168.122.62 () {54 vars in 930 bytes} [Tue Aug 25 12:35:20 2026] GET /compute/v2.1 => generated 392 bytes in 8 msecs (HTTP/1.1 200) 9 headers in 357 bytes (1 switches on core 0)
Aug 25 12:35:21 devstack devstack@n-api.service[69017]: DEBUG nova.api.openstack.wsgi [None req-0f79644c-f969-4714-9422-31bab415dcc5 admin admin] Calling method '>' {{(pid=69017) _process_stack /opt/stack/nova/nova/api/openstack/wsgi.py:551}}
Aug 25 12:35:21 devstack devstack@n-api.service[69017]: INFO nova.api.openstack.requestlog [None req-0f79644c-f969-4714-9422-31bab415dcc5 admin admin] 192.168.122.62 "GET /compute/v2.1/flavors/detail?is_public=True" status: 200 len: 15 microversion: 2.61 time: 0.486563
Aug 25 12:35:21 devstack devstack@n-api.service[69017]: [pid: 69017|app: 0|req: 2/3] 192.168.122.62 () {60 vars in 1291 bytes} [Tue Aug 25 12:35:20 2026] GET /compute/v2.1/flavors/detail?is_public=True => generated 15 bytes in 488 msecs (HTTP/1.1 200) 9 headers in 358 bytes (1 switches on core 0)
Aug 25 12:35:24 devstack devstack@n-api.service[69016]: DEBUG nova.api.openstack.wsgi [None req-e6bdd802-a28b-4fe4-9d81-6b2ef5312899 None None] Calling method '>' {{(pid=69016) _process_stack /opt/stack/nova/nova/api/openstack/wsgi.py:551}}
Aug 25 12:35:24 devstack devstack@n-api.service[69016]: INFO nova.api.openstack.requestlog [None req-e6bdd802-a28b-4fe4-9d81-6b2ef5312899 None None] 192.168.122.62 "GET /compute/v2.1" status: 200 len: 392 microversion: 2.1 time: 0.010650
Aug 25 12:35:24 devstack devstack@n-api.service[69016]: [pid: 69016|app: 0|req: 2/4] 192.168.122.62 () {54 vars in 930 bytes} [Tue Aug 25 12:35:24 2026] GET /compute/v2.1 => generated 392 bytes in 12 msecs (HTTP/1.1 200) 9 headers in 357 bytes (1 switches on core 0)
Aug 25 12:35:24 devstack devstack@n-api.service[69017]: DEBUG nova.api.openstack.wsgi [None req-9ed9421e-231a-422b-9ef3-981d6def51d2 admin admin] Action: 'create', calling method: >, body: {"flavor": {"swap": 0, "os-flavor-access:is_public": true, "vcpus": 1, "name": "cirros256", "ram": 256, "OS-FLV-EXT-DATA:ephemeral": 0, "disk": 1, "id": "c1"}} {{(pid=69017) _process_stack /opt/stack/nova/nova/api/openstack/wsgi.py:549}}
Aug 25 12:35:24 devstack devstack@n-api.service[69017]: INFO nova.api.openstack.requestlog [None req-9ed9421e-231a-422b-9ef3-981d6def51d2 admin admin] 192.168.122.62 "POST /compute/v2.1/flavors" status: 200 len: 413 microversion: 2.61 time: 0.164456
Aug 25 12:35:24 devstack devstack@n-api.service[69017]: [pid: 69017|app: 0|req: 3/5] 192.168.122.62 () {64 vars in 1282 bytes} [Tue Aug 25 12:35:24 2026] POST /compute/v2.1/flavors => generated 413 bytes in 166 msecs (HTTP/1.1 200) 9 headers in 359 bytes (1 switches on core 0)
Aug 25 12:35:24 devstack devstack@n-api.service[69016]: DEBUG nova.api.openstack.wsgi [None req-64201073-da39-472a-9021-378be4299361 admin admin] Action: 'create', calling method: >, body: {"extra_specs": {"hw_rng:allowed": "True"}} {{(pid=69016) _process_stack /opt/stack/nova/nova/api/openstack/wsgi.py:549}}
Aug 25 12:35:24 devstack devstack@n-api.service[69016]: INFO nova.api.openstack.requestlog [None req-64201073-da39-472a-9021-378be4299361 admin admin] 192.168.122.62 "POST /compute/v2.1/flavors/c1/os-extra_specs" status: 200 len: 43 microversion: 2.61 time: 0.390614
Aug 25 12:35:24 devstack devstack@n-api.service[69016]: [pid: 69016|app: 0|req: 3/6] 192.168.122.62 () {64 vars in 1335 bytes} [Tue Aug 25 12:35:24 2026] POST /compute/v2.1/flavors/c1/os-extra_specs => generated 43 bytes in 392 msecs (HTTP/1.1 200) 9 headers in 358 bytes (1 switches on core 0)
Aug 25 12:35:27 devstack devstack@n-api.service[69017]: DEBUG nova.api.openstack.wsgi [None req-9ed9421e-231a-422b-9ef3-981d6def51d2 admin admin] Calling method '>' {{(pid=69017) _process_stack /opt/stack/nova/nova/api/openstack/wsgi.py:551}}
Aug 25 12:35:28 devstack devstack@n-api.service[69017]: INFO nova.api.openstack.requestlog [None req-9ed9421e-231a-422b-9ef3-981d6def51d2 admin admin] 192.168.122.62 "GET /compute/v2.1" status: 200 len: 392 microversion: 2.1 time: 0.009770
Aug 25 12:35:28 devstack devstack@n-api.service[69017]: [pid: 69017|app: 0|req: 4/7] 192.168.122.62 () {54 vars in 930 bytes} [Tue Aug 25 12:35:27 2026] GET /compute/v2.1 => generated 392 bytes in 11 msecs (HTTP/1.1 200) 9 headers in 357 bytes (1 switches on core 0)
Aug 25 12:35:28 devstack devstack@n-api.service[69016]: DEBUG nova.api.openstack.wsgi [None req-ae243a2d-993a-4529-9a5e-eb2b0a4d7804 admin admin] Action: 'create', calling method: >, body: {"flavor": {"OS-FLV-EXT-DATA:ephemeral": 0, "vcpus": 1, "ram": 512, "os-flavor-access:is_public": true, "swap": 0, "disk": 5, "name": "ds512M", "id": "d1"}} {{(pid=69016) _process_stack /opt/stack/nova/nova/api/openstack/wsgi.py:549}}
Aug 25 12:35:28 devstack devstack@n-api.service[69016]: INFO nova.api.openstack.requestlog [None req-ae243a2d-993a-4529-9a5e-eb2b0a4d7804 admin admin] 192.168.122.62 "POST /compute/v2.1/flavors" status: 200 len: 410 microversion: 2.61 time: 0.292482
Aug 25 12:35:28 devstack devstack@n-api.service[69016]: [pid: 69016|app: 0|req: 4/8] 192.168.122.62 () {64 vars in 1282 bytes} [Tue Aug 25 12:35:28 2026] POST /compute/v2.1/flavors => generated 410 bytes in 294 msecs (HTTP/1.1 200) 9 headers in 359 bytes (1 switches on core 0)
Aug 25 12:35:28 devstack devstack@n-api.service[69017]: DEBUG nova.api.openstack.wsgi [None req-bd91f881-6a57-4155-b0ec-c534295e8f73 admin admin] Action: 'create', calling method: >, body: {"extra_specs": {"hw_rng:allowed": "True"}} {{(pid=69017) _process_stack /opt/stack/nova/nova/api/openstack/wsgi.py:549}}
Aug 25 12:35:28 devstack devstack@n-api.service[69017]: INFO nova.api.openstack.requestlog [None req-bd91f881-6a57-4155-b0ec-c534295e8f73 admin admin] 192.168.122.62 "POST /compute/v2.1/flavors/d1/os-extra_specs" status: 200 len: 43 microversion: 2.61 time: 0.143911
Aug 25 12:35:28 devstack devstack@n-api.service[69017]: [pid: 69017|app: 0|req: 5/9] 192.168.122.62 () {64 vars in 1335 bytes} [Tue Aug 25 12:35:28 2026] POST /compute/v2.1/flavors/d1/os-extra_specs => generated 43 bytes in 148 msecs (HTTP/1.1 200) 9 headers in 358 bytes (1 switches on core 0)
Aug 25 12:35:31 devstack devstack@n-api.service[69016]: DEBUG nova.api.openstack.wsgi [None req-ae243a2d-993a-4529-9a5e-eb2b0a4d7804 admin admin] Calling method '>' {{(pid=69016) _process_stack /opt/stack/nova/nova/api/openstack/wsgi.py:551}}
Aug 25 12:35:31 devstack devstack@n-api.service[69016]: INFO nova.api.openstack.requestlog [None req-ae243a2d-993a-4529-9a5e-eb2b0a4d7804 admin admin] 192.168.122.62 "GET /compute/v2.1" status: 200 len: 392 microversion: 2.1 time: 0.018020
Aug 25 12:35:31 devstack devstack@n-api.service[69016]: [pid: 69016|app: 0|req: 5/10] 192.168.122.62 () {54 vars in 930 bytes} [Tue Aug 25 12:35:31 2026] GET /compute/v2.1 => generated 392 bytes in 22 msecs (HTTP/1.1 200) 9 headers in 357 bytes (1 switches on core 0)
Aug 25 12:35:32 devstack devstack@n-api.service[69017]: DEBUG nova.api.openstack.wsgi [None req-1cb95948-82b4-4db1-93e6-4f8e93ba502a admin admin] Action: 'create', calling method: >, body: {"flavor": {"name": "ds1G", "ram": 1024, "OS-FLV-EXT-DATA:ephemeral": 0, "swap": 0, "os-flavor-access:is_public": true, "vcpus": 1, "disk": 10, "id": "d2"}} {{(pid=69017) _process_stack /opt/stack/nova/nova/api/openstack/wsgi.py:549}}
Aug 25 12:35:32 devstack devstack@n-api.service[69017]: INFO nova.api.openstack.requestlog [None req-1cb95948-82b4-4db1-93e6-4f8e93ba502a admin admin] 192.168.122.62 "POST /compute/v2.1/flavors" status: 200 len: 410 microversion: 2.61 time: 0.185248
Aug 25 12:35:32 devstack devstack@n-api.service[69017]: [pid: 69017|app: 0|req: 6/11] 192.168.122.62 () {64 vars in 1282 bytes} [Tue Aug 25 12:35:31 2026] POST /compute/v2.1/flavors => generated 410 bytes in 187 msecs (HTTP/1.1 200) 9 headers in 359 bytes (1 switches on core 0)
Aug 25 12:35:32 devstack devstack@n-api.service[69016]: DEBUG nova.api.openstack.wsgi [None req-0f95600f-8185-49e2-967a-3a125fce3404 admin admin] Action: 'create', calling method: >, body: {"extra_specs": {"hw_rng:allowed": "True"}} {{(pid=69016) _process_stack /opt/stack/nova/nova/api/openstack/wsgi.py:549}}
Aug 25 12:35:32 devstack devstack@n-api.service[69016]: INFO nova.api.openstack.requestlog [None req-0f95600f-8185-49e2-967a-3a125fce3404 admin admin] 192.168.122.62 "POST /compute/v2.1/flavors/d2/os-extra_specs" status: 200 len: 43 microversion: 2.61 time: 0.080733
Aug 25 12:35:32 devstack devstack@n-api.service[69016]: [pid: 69016|app: 0|req: 6/12] 192.168.122.62 () {64 vars in 1335 bytes} [Tue Aug 25 12:35:32 2026] POST /compute/v2.1/flavors/d2/os-extra_specs => generated 43 bytes in 83 msecs (HTTP/1.1 200) 9 headers in 358 bytes (1 switches on core 0)
Aug 25 12:35:35 devstack devstack@n-api.service[69017]: DEBUG nova.api.openstack.wsgi [None req-1cb95948-82b4-4db1-93e6-4f8e93ba502a admin admin] Calling method '>' {{(pid=69017) _process_stack /opt/stack/nova/nova/api/openstack/wsgi.py:551}}
Aug 25 12:35:35 devstack devstack@n-api.service[69017]: INFO nova.api.openstack.requestlog [None req-1cb95948-82b4-4db1-93e6-4f8e93ba502a admin admin] 192.168.122.62 "GET /compute/v2.1" status: 200 len: 392 microversion: 2.1 time: 0.008274
Aug 25 12:35:35 devstack devstack@n-api.service[69017]: [pid: 69017|app: 0|req: 7/13] 192.168.122.62 () {54 vars in 930 bytes} [Tue Aug 25 12:35:35 2026] GET /compute/v2.1 => generated 392 bytes in 9 msecs (HTTP/1.1 200) 9 headers in 357 bytes (1 switches on core 0)
Aug 25 12:35:35 devstack devstack@n-api.service[69016]: DEBUG nova.api.openstack.wsgi [None req-366839f4-4bd6-45b3-96bb-171eedecf9f9 admin admin] Action: 'create', calling method: >, body: {"flavor": {"vcpus": 2, "name": "ds2G", "OS-FLV-EXT-DATA:ephemeral": 0, "ram": 2048, "os-flavor-access:is_public": true, "swap": 0, "disk": 10, "id": "d3"}} {{(pid=69016) _process_stack /opt/stack/nova/nova/api/openstack/wsgi.py:549}}
Aug 25 12:35:35 devstack devstack@n-api.service[69016]: INFO nova.api.openstack.requestlog [None req-366839f4-4bd6-45b3-96bb-171eedecf9f9 admin admin] 192.168.122.62 "POST /compute/v2.1/flavors" status: 200 len: 410 microversion: 2.61 time: 0.118595
Aug 25 12:35:35 devstack devstack@n-api.service[69016]: [pid: 69016|app: 0|req: 7/14] 192.168.122.62 () {64 vars in 1282 bytes} [Tue Aug 25 12:35:35 2026] POST /compute/v2.1/flavors => generated 410 bytes in 120 msecs (HTTP/1.1 200) 9 headers in 359 bytes (1 switches on core 0)
Aug 25 12:35:35 devstack devstack@n-api.service[69017]: DEBUG nova.api.openstack.wsgi [None req-7cdde126-c128-47cf-a937-d99c2ea79d40 admin admin] Action: 'create', calling method: >, body: {"extra_specs": {"hw_rng:allowed": "True"}} {{(pid=69017) _process_stack /opt/stack/nova/nova/api/openstack/wsgi.py:549}}
Aug 25 12:35:35 devstack devstack@n-api.service[69017]: INFO nova.api.openstack.requestlog [None req-7cdde126-c128-47cf-a937-d99c2ea79d40 admin admin] 192.168.122.62 "POST /compute/v2.1/flavors/d3/os-extra_specs" status: 200 len: 43 microversion: 2.61 time: 0.069433
Aug 25 12:35:35 devstack devstack@n-api.service[69017]: [pid: 69017|app: 0|req: 8/15] 192.168.122.62 () {64 vars in 1335 bytes} [Tue Aug 25 12:35:35 2026] POST /compute/v2.1/flavors/d3/os-extra_specs => generated 43 bytes in 71 msecs (HTTP/1.1 200) 9 headers in 358 bytes (1 switches on core 0)
Aug 25 12:35:39 devstack devstack@n-api.service[69016]: DEBUG nova.api.openstack.wsgi [None req-366839f4-4bd6-45b3-96bb-171eedecf9f9 admin admin] Calling method '>' {{(pid=69016) _process_stack /opt/stack/nova/nova/api/openstack/wsgi.py:551}}
Aug 25 12:35:39 devstack devstack@n-api.service[69016]: INFO nova.api.openstack.requestlog [None req-366839f4-4bd6-45b3-96bb-171eedecf9f9 admin admin] 192.168.122.62 "GET /compute/v2.1" status: 200 len: 392 microversion: 2.1 time: 0.005092
Aug 25 12:35:39 devstack devstack@n-api.service[69016]: [pid: 69016|app: 0|req: 8/16] 192.168.122.62 () {54 vars in 930 bytes} [Tue Aug 25 12:35:39 2026] GET /compute/v2.1 => generated 392 bytes in 6 msecs (HTTP/1.1 200) 9 headers in 357 bytes (1 switches on core 0)
Aug 25 12:35:39 devstack devstack@n-api.service[69017]: DEBUG nova.api.openstack.wsgi [None req-02d8345e-dfb7-4314-8e5c-194446f40cd8 admin admin] Action: 'create', calling method: >, body: {"flavor": {"vcpus": 4, "OS-FLV-EXT-DATA:ephemeral": 0, "id": "d4", "disk": 20, "name": "ds4G", "swap": 0, "os-flavor-access:is_public": true, "ram": 4096}} {{(pid=69017) _process_stack /opt/stack/nova/nova/api/openstack/wsgi.py:549}}
Aug 25 12:35:39 devstack devstack@n-api.service[69017]: INFO nova.api.openstack.requestlog [None req-02d8345e-dfb7-4314-8e5c-194446f40cd8 admin admin] 192.168.122.62 "POST /compute/v2.1/flavors" status: 200 len: 410 microversion: 2.61 time: 0.103326
Aug 25 12:35:39 devstack devstack@n-api.service[69017]: [pid: 69017|app: 0|req: 9/17] 192.168.122.62 () {64 vars in 1282 bytes} [Tue Aug 25 12:35:39 2026] POST /compute/v2.1/flavors => generated 410 bytes in 105 msecs (HTTP/1.1 200) 9 headers in 359 bytes (1 switches on core 0)
Aug 25 12:35:39 devstack devstack@n-api.service[69016]: DEBUG nova.api.openstack.wsgi [None req-e77f4ebf-ab3a-47b3-8f33-6172275dcb1c admin admin] Action: 'create', calling method: >, body: {"extra_specs": {"hw_rng:allowed": "True"}} {{(pid=69016) _process_stack /opt/stack/nova/nova/api/openstack/wsgi.py:549}}
Aug 25 12:35:39 devstack devstack@n-api.service[69016]: INFO nova.api.openstack.requestlog [None req-e77f4ebf-ab3a-47b3-8f33-6172275dcb1c admin admin] 192.168.122.62 "POST /compute/v2.1/flavors/d4/os-extra_specs" status: 200 len: 43 microversion: 2.61 time: 0.040852
Aug 25 12:35:39 devstack devstack@n-api.service[69016]: [pid: 69016|app: 0|req: 9/18] 192.168.122.62 () {64 vars in 1335 bytes} [Tue Aug 25 12:35:39 2026] POST /compute/v2.1/flavors/d4/os-extra_specs => generated 43 bytes in 42 msecs (HTTP/1.1 200) 9 headers in 358 bytes (1 switches on core 0)
Aug 25 12:35:42 devstack devstack@n-api.service[69017]: DEBUG nova.api.openstack.wsgi [None req-02d8345e-dfb7-4314-8e5c-194446f40cd8 admin admin] Calling method '>' {{(pid=69017) _process_stack /opt/stack/nova/nova/api/openstack/wsgi.py:551}}
Aug 25 12:35:42 devstack devstack@n-api.service[69017]: INFO nova.api.openstack.requestlog [None req-02d8345e-dfb7-4314-8e5c-194446f40cd8 admin admin] 192.168.122.62 "GET /compute/v2.1" status: 200 len: 392 microversion: 2.1 time: 0.006934
Aug 25 12:35:42 devstack devstack@n-api.service[69017]: [pid: 69017|app: 0|req: 10/19] 192.168.122.62 () {54 vars in 930 bytes} [Tue Aug 25 12:35:42 2026] GET /compute/v2.1 => generated 392 bytes in 10 msecs (HTTP/1.1 200) 9 headers in 357 bytes (1 switches on core 0)
Aug 25 12:35:42 devstack devstack@n-api.service[69016]: DEBUG nova.api.openstack.wsgi [None req-228fd12b-7989-4599-8d86-c5e89c29668f admin admin] Calling method '>' {{(pid=69016) _process_stack /opt/stack/nova/nova/api/openstack/wsgi.py:551}}
Aug 25 12:35:42 devstack devstack@n-api.service[69016]: INFO nova.api.openstack.requestlog [None req-228fd12b-7989-4599-8d86-c5e89c29668f admin admin] 192.168.122.62 "GET /compute/v2.1/flavors/detail?is_public=True" status: 200 len: 2136 microversion: 2.61 time: 0.109143
Aug 25 12:35:42 devstack devstack@n-api.service[69016]: [pid: 69016|app: 0|req: 10/20] 192.168.122.62 () {60 vars in 1291 bytes} [Tue Aug 25 12:35:42 2026] GET /compute/v2.1/flavors/detail?is_public=True => generated 2136 bytes in 111 msecs (HTTP/1.1 200) 9 headers in 360 bytes (1 switches on core 0)
Aug 25 12:35:45 devstack devstack@n-api.service[69017]: DEBUG nova.api.openstack.wsgi [None req-02d8345e-dfb7-4314-8e5c-194446f40cd8 admin admin] Calling method '>' {{(pid=69017) _process_stack /opt/stack/nova/nova/api/openstack/wsgi.py:551}}
Aug 25 12:35:45 devstack devstack@n-api.service[69017]: INFO nova.api.openstack.requestlog [None req-02d8345e-dfb7-4314-8e5c-194446f40cd8 admin admin] 192.168.122.62 "GET /compute/v2.1" status: 200 len: 392 microversion: 2.1 time: 0.005182
Aug 25 12:35:45 devstack devstack@n-api.service[69017]: [pid: 69017|app: 0|req: 11/21] 192.168.122.62 () {54 vars in 930 bytes} [Tue Aug 25 12:35:45 2026] GET /compute/v2.1 => generated 392 bytes in 6 msecs (HTTP/1.1 200) 9 headers in 357 bytes (1 switches on core 0)
Aug 25 12:35:45 devstack devstack@n-api.service[69016]: DEBUG nova.api.openstack.wsgi [None req-87e9a77f-c154-4fce-b791-885c636264d5 admin admin] Action: 'create', calling method: >, body: {"flavor": {"ram": 512, "OS-FLV-EXT-DATA:ephemeral": 0, "vcpus": 1, "disk": 1, "name": "m1.tiny", "id": "1", "swap": 0, "os-flavor-access:is_public": true}} {{(pid=69016) _process_stack /opt/stack/nova/nova/api/openstack/wsgi.py:549}}
Aug 25 12:35:45 devstack devstack@n-api.service[69016]: INFO nova.api.openstack.requestlog [None req-87e9a77f-c154-4fce-b791-885c636264d5 admin admin] 192.168.122.62 "POST /compute/v2.1/flavors" status: 200 len: 408 microversion: 2.61 time: 0.103953
Aug 25 12:35:45 devstack devstack@n-api.service[69016]: [pid: 69016|app: 0|req: 11/22] 192.168.122.62 () {64 vars in 1282 bytes} [Tue Aug 25 12:35:45 2026] POST /compute/v2.1/flavors => generated 408 bytes in 105 msecs (HTTP/1.1 200) 9 headers in 359 bytes (1 switches on core 0)
Aug 25 12:35:45 devstack devstack@n-api.service[69017]: DEBUG nova.api.openstack.wsgi [None req-6b9bdded-e272-41eb-b55b-70a80b6829c7 admin admin] Action: 'create', calling method: >, body: {"extra_specs": {"hw_rng:allowed": "True"}} {{(pid=69017) _process_stack /opt/stack/nova/nova/api/openstack/wsgi.py:549}}
Aug 25 12:35:45 devstack devstack@n-api.service[69017]: INFO nova.api.openstack.requestlog [None req-6b9bdded-e272-41eb-b55b-70a80b6829c7 admin admin] 192.168.122.62 "POST /compute/v2.1/flavors/1/os-extra_specs" status: 200 len: 43 microversion: 2.61 time: 0.043613
Aug 25 12:35:45 devstack devstack@n-api.service[69017]: [pid: 69017|app: 0|req: 12/23] 192.168.122.62 () {64 vars in 1332 bytes} [Tue Aug 25 12:35:45 2026] POST /compute/v2.1/flavors/1/os-extra_specs => generated 43 bytes in 45 msecs (HTTP/1.1 200) 9 headers in 358 bytes (1 switches on core 0)
Aug 25 12:35:48 devstack devstack@n-api.service[69016]: DEBUG nova.api.openstack.wsgi [None req-87e9a77f-c154-4fce-b791-885c636264d5 admin admin] Calling method '>' {{(pid=69016) _process_stack /opt/stack/nova/nova/api/openstack/wsgi.py:551}}
Aug 25 12:35:48 devstack devstack@n-api.service[69016]: INFO nova.api.openstack.requestlog [None req-87e9a77f-c154-4fce-b791-885c636264d5 admin admin] 192.168.122.62 "GET /compute/v2.1" status: 200 len: 392 microversion: 2.1 time: 0.006634
Aug 25 12:35:48 devstack devstack@n-api.service[69016]: [pid: 69016|app: 0|req: 12/24] 192.168.122.62 () {54 vars in 930 bytes} [Tue Aug 25 12:35:48 2026] GET /compute/v2.1 => generated 392 bytes in 8 msecs (HTTP/1.1 200) 9 headers in 357 bytes (1 switches on core 0)
Aug 25 12:35:48 devstack devstack@n-api.service[69017]: DEBUG nova.api.openstack.wsgi [None req-2ffe6890-f8ca-4c43-a5af-bd2f47598e13 admin admin] Action: 'create', calling method: >, body: {"flavor": {"swap": 0, "name": "m1.small", "id": "2", "disk": 20, "vcpus": 1, "OS-FLV-EXT-DATA:ephemeral": 0, "ram": 2048, "os-flavor-access:is_public": true}} {{(pid=69017) _process_stack /opt/stack/nova/nova/api/openstack/wsgi.py:549}}
Aug 25 12:35:48 devstack devstack@n-api.service[69017]: INFO nova.api.openstack.requestlog [None req-2ffe6890-f8ca-4c43-a5af-bd2f47598e13 admin admin] 192.168.122.62 "POST /compute/v2.1/flavors" status: 200 len: 411 microversion: 2.61 time: 0.084223
Aug 25 12:35:48 devstack devstack@n-api.service[69017]: [pid: 69017|app: 0|req: 13/25] 192.168.122.62 () {64 vars in 1282 bytes} [Tue Aug 25 12:35:48 2026] POST /compute/v2.1/flavors => generated 411 bytes in 86 msecs (HTTP/1.1 200) 9 headers in 359 bytes (1 switches on core 0)
Aug 25 12:35:48 devstack devstack@n-api.service[69016]: DEBUG nova.api.openstack.wsgi [None req-45f0e082-353d-45d5-9e2d-19a7fdd5c6c9 admin admin] Action: 'create', calling method: >, body: {"extra_specs": {"hw_rng:allowed": "True"}} {{(pid=69016) _process_stack /opt/stack/nova/nova/api/openstack/wsgi.py:549}}
Aug 25 12:35:48 devstack devstack@n-api.service[69016]: INFO nova.api.openstack.requestlog [None req-45f0e082-353d-45d5-9e2d-19a7fdd5c6c9 admin admin] 192.168.122.62 "POST /compute/v2.1/flavors/2/os-extra_specs" status: 200 len: 43 microversion: 2.61 time: 0.036132
Aug 25 12:35:48 devstack devstack@n-api.service[69016]: [pid: 69016|app: 0|req: 13/26] 192.168.122.62 () {64 vars in 1332 bytes} [Tue Aug 25 12:35:48 2026] POST /compute/v2.1/flavors/2/os-extra_specs => generated 43 bytes in 37 msecs (HTTP/1.1 200) 9 headers in 358 bytes (1 switches on core 0)
Aug 25 12:35:52 devstack devstack@n-api.service[69017]: DEBUG nova.api.openstack.wsgi [None req-2ffe6890-f8ca-4c43-a5af-bd2f47598e13 admin admin] Calling method '>' {{(pid=69017) _process_stack /opt/stack/nova/nova/api/openstack/wsgi.py:551}}
Aug 25 12:35:52 devstack devstack@n-api.service[69017]: INFO nova.api.openstack.requestlog [None req-2ffe6890-f8ca-4c43-a5af-bd2f47598e13 admin admin] 192.168.122.62 "GET /compute/v2.1" status: 200 len: 392 microversion: 2.1 time: 0.006316
Aug 25 12:35:52 devstack devstack@n-api.service[69017]: [pid: 69017|app: 0|req: 14/27] 192.168.122.62 () {54 vars in 930 bytes} [Tue Aug 25 12:35:52 2026] GET /compute/v2.1 => generated 392 bytes in 7 msecs (HTTP/1.1 200) 9 headers in 357 bytes (1 switches on core 0)
Aug 25 12:35:52 devstack devstack@n-api.service[69016]: DEBUG nova.api.openstack.wsgi [None req-09ee5c3b-f69a-495d-a242-c30106b3f639 admin admin] Action: 'create', calling method: >, body: {"flavor": {"id": "3", "disk": 40, "vcpus": 2, "name": "m1.medium", "OS-FLV-EXT-DATA:ephemeral": 0, "os-flavor-access:is_public": true, "swap": 0, "ram": 4096}} {{(pid=69016) _process_stack /opt/stack/nova/nova/api/openstack/wsgi.py:549}}
Aug 25 12:35:52 devstack devstack@n-api.service[69016]: INFO nova.api.openstack.requestlog [None req-09ee5c3b-f69a-495d-a242-c30106b3f639 admin admin] 192.168.122.62 "POST /compute/v2.1/flavors" status: 200 len: 412 microversion: 2.61 time: 0.086766
Aug 25 12:35:52 devstack devstack@n-api.service[69016]: [pid: 69016|app: 0|req: 14/28] 192.168.122.62 () {64 vars in 1282 bytes} [Tue Aug 25 12:35:52 2026] POST /compute/v2.1/flavors => generated 412 bytes in 88 msecs (HTTP/1.1 200) 9 headers in 359 bytes (1 switches on core 0)
Aug 25 12:35:52 devstack devstack@n-api.service[69017]: DEBUG nova.api.openstack.wsgi [None req-ad7f7015-9ba0-4c5e-b204-3d7a6f961e7c admin admin] Action: 'create', calling method: >, body: {"extra_specs": {"hw_rng:allowed": "True"}} {{(pid=69017) _process_stack /opt/stack/nova/nova/api/openstack/wsgi.py:549}}
Aug 25 12:35:52 devstack devstack@n-api.service[69017]: INFO nova.api.openstack.requestlog [None req-ad7f7015-9ba0-4c5e-b204-3d7a6f961e7c admin admin] 192.168.122.62 "POST /compute/v2.1/flavors/3/os-extra_specs" status: 200 len: 43 microversion: 2.61 time: 0.035475
Aug 25 12:35:52 devstack devstack@n-api.service[69017]: [pid: 69017|app: 0|req: 15/29] 192.168.122.62 () {64 vars in 1332 bytes} [Tue Aug 25 12:35:52 2026] POST /compute/v2.1/flavors/3/os-extra_specs => generated 43 bytes in 37 msecs (HTTP/1.1 200) 9 headers in 358 bytes (1 switches on core 0)
Aug 25 12:35:55 devstack devstack@n-api.service[69016]: DEBUG nova.api.openstack.wsgi [None req-09ee5c3b-f69a-495d-a242-c30106b3f639 admin admin] Calling method '>' {{(pid=69016) _process_stack /opt/stack/nova/nova/api/openstack/wsgi.py:551}}
Aug 25 12:35:55 devstack devstack@n-api.service[69016]: INFO nova.api.openstack.requestlog [None req-09ee5c3b-f69a-495d-a242-c30106b3f639 admin admin] 192.168.122.62 "GET /compute/v2.1" status: 200 len: 392 microversion: 2.1 time: 0.005706
Aug 25 12:35:55 devstack devstack@n-api.service[69016]: [pid: 69016|app: 0|req: 15/30] 192.168.122.62 () {54 vars in 930 bytes} [Tue Aug 25 12:35:55 2026] GET /compute/v2.1 => generated 392 bytes in 7 msecs (HTTP/1.1 200) 9 headers in 357 bytes (1 switches on core 0)
Aug 25 12:35:55 devstack devstack@n-api.service[69017]: DEBUG nova.api.openstack.wsgi [None req-3ecb139e-d6bb-41a1-9ed2-f75c8c4ebc98 admin admin] Action: 'create', calling method: >, body: {"flavor": {"vcpus": 4, "disk": 80, "id": "4", "os-flavor-access:is_public": true, "ram": 8192, "swap": 0, "OS-FLV-EXT-DATA:ephemeral": 0, "name": "m1.large"}} {{(pid=69017) _process_stack /opt/stack/nova/nova/api/openstack/wsgi.py:549}}
Aug 25 12:35:55 devstack devstack@n-api.service[69017]: INFO nova.api.openstack.requestlog [None req-3ecb139e-d6bb-41a1-9ed2-f75c8c4ebc98 admin admin] 192.168.122.62 "POST /compute/v2.1/flavors" status: 200 len: 411 microversion: 2.61 time: 0.084205
Aug 25 12:35:55 devstack devstack@n-api.service[69017]: [pid: 69017|app: 0|req: 16/31] 192.168.122.62 () {64 vars in 1282 bytes} [Tue Aug 25 12:35:55 2026] POST /compute/v2.1/flavors => generated 411 bytes in 85 msecs (HTTP/1.1 200) 9 headers in 359 bytes (1 switches on core 0)
Aug 25 12:35:55 devstack devstack@n-api.service[69016]: DEBUG nova.api.openstack.wsgi [None req-83a7e2cf-2ad8-4da5-b204-3daa23fc9831 admin admin] Action: 'create', calling method: >, body: {"extra_specs": {"hw_rng:allowed": "True"}} {{(pid=69016) _process_stack /opt/stack/nova/nova/api/openstack/wsgi.py:549}}
Aug 25 12:35:55 devstack devstack@n-api.service[69016]: INFO nova.api.openstack.requestlog [None req-83a7e2cf-2ad8-4da5-b204-3daa23fc9831 admin admin] 192.168.122.62 "POST /compute/v2.1/flavors/4/os-extra_specs" status: 200 len: 43 microversion: 2.61 time: 0.036139
Aug 25 12:35:55 devstack devstack@n-api.service[69016]: [pid: 69016|app: 0|req: 16/32] 192.168.122.62 () {64 vars in 1332 bytes} [Tue Aug 25 12:35:55 2026] POST /compute/v2.1/flavors/4/os-extra_specs => generated 43 bytes in 37 msecs (HTTP/1.1 200) 9 headers in 358 bytes (1 switches on core 0)
Aug 25 12:35:58 devstack devstack@n-api.service[69017]: DEBUG nova.api.openstack.wsgi [None req-3ecb139e-d6bb-41a1-9ed2-f75c8c4ebc98 admin admin] Calling method '>' {{(pid=69017) _process_stack /opt/stack/nova/nova/api/openstack/wsgi.py:551}}
Aug 25 12:35:58 devstack devstack@n-api.service[69017]: INFO nova.api.openstack.requestlog [None req-3ecb139e-d6bb-41a1-9ed2-f75c8c4ebc98 admin admin] 192.168.122.62 "GET /compute/v2.1" status: 200 len: 392 microversion: 2.1 time: 0.004886
Aug 25 12:35:58 devstack devstack@n-api.service[69017]: [pid: 69017|app: 0|req: 17/33] 192.168.122.62 () {54 vars in 930 bytes} [Tue Aug 25 12:35:58 2026] GET /compute/v2.1 => generated 392 bytes in 6 msecs (HTTP/1.1 200) 9 headers in 357 bytes (1 switches on core 0)
