Aug 25 12:44:45 devstack devstack@n-api.service[69016]: DEBUG nova.policy [None req-d1dc4b4a-b7ca-4195-8ec4-44dd8cdb0a7c tempest-AttachVolumeTestJSON-2001780695 tempest-AttachVolumeTestJSON-2001780695-project-member] Policy check for os_compute_api:os-extended-server-attributes failed with credentials {'is_admin': False, 'user_id': '67ad152b6d89437bb6171a62bea2bd7a', 'user_domain_id': 'default', 'system_scope': None, 'domain_id': None, 'project_id': 'c472e1ec31b241f288fdaf9617c29535', 'project_domain_id': 'default', 'roles': ['reader', 'member'], 'is_admin_project': True, 'service_user_id': None, 'service_user_domain_id': None, 'service_project_id': None, 'service_project_domain_id': None, 'service_roles': []} {{(pid=69016) authorize /opt/stack/nova/nova/policy.py:192}}
Aug 25 12:44:45 devstack devstack@n-api.service[69016]: INFO nova.api.openstack.requestlog [None req-d1dc4b4a-b7ca-4195-8ec4-44dd8cdb0a7c tempest-AttachVolumeTestJSON-2001780695 tempest-AttachVolumeTestJSON-2001780695-project-member] 192.168.122.62 "GET /compute/v2.1/servers/9f2177c5-95dd-4699-af7d-3d7c3fa20b6c" status: 200 len: 1678 microversion: 2.1 time: 1.061696
Aug 25 12:44:45 devstack devstack@n-api.service[69016]: [pid: 69016|app: 0|req: 132/269] 192.168.122.62 () {58 vars in 1233 bytes} [Tue Aug 25 12:44:44 2026] GET /compute/v2.1/servers/9f2177c5-95dd-4699-af7d-3d7c3fa20b6c => generated 1678 bytes in 1063 msecs (HTTP/1.1 200) 9 headers in 358 bytes (1 switches on core 0)
Aug 25 12:44:46 devstack devstack@n-api.service[69017]: DEBUG nova.policy [None req-c65faa3a-2870-4494-bf94-e61fc4f333cc tempest-ServerRescueNegativeTestJSON-1760277054 tempest-ServerRescueNegativeTestJSON-1760277054-project-member] Policy check for os_compute_api:os-extended-server-attributes failed with credentials {'is_admin': False, 'user_id': 'f3bdfe95a90e4d10a482021166a775d6', 'user_domain_id': 'default', 'system_scope': None, 'domain_id': None, 'project_id': '22831d1d1c154d4aa3fee14697dff6db', 'project_domain_id': 'default', 'roles': ['reader', 'member'], 'is_admin_project': True, 'service_user_id': None, 'service_user_domain_id': None, 'service_project_id': None, 'service_project_domain_id': None, 'service_roles': []} {{(pid=69017) authorize /opt/stack/nova/nova/policy.py:192}}
Aug 25 12:44:46 devstack devstack@n-api.service[69017]: INFO nova.api.openstack.requestlog [None req-c65faa3a-2870-4494-bf94-e61fc4f333cc tempest-ServerRescueNegativeTestJSON-1760277054 tempest-ServerRescueNegativeTestJSON-1760277054-project-member] 192.168.122.62 "GET /compute/v2.1/servers/f03170bc-6eb5-4dcf-b8e1-090f16aba13f" status: 200 len: 1519 microversion: 2.1 time: 0.972091
Aug 25 12:44:46 devstack devstack@n-api.service[69017]: [pid: 69017|app: 0|req: 138/270] 192.168.122.62 () {58 vars in 1233 bytes} [Tue Aug 25 12:44:45 2026] GET /compute/v2.1/servers/f03170bc-6eb5-4dcf-b8e1-090f16aba13f => generated 1519 bytes in 973 msecs (HTTP/1.1 200) 9 headers in 358 bytes (1 switches on core 0)
Aug 25 12:44:46 devstack devstack@n-api.service[69016]: DEBUG nova.api.openstack.wsgi [None req-b31670b5-48e0-4840-9e9b-65f7e4ee16b2 tempest-AttachVolumeTestJSON-2001780695 tempest-AttachVolumeTestJSON-2001780695-project-member] Calling method '>' {{(pid=69016) _process_stack /opt/stack/nova/nova/api/openstack/wsgi.py:551}}
Aug 25 12:44:47 devstack devstack@n-api.service[69016]: DEBUG nova.compute.api [None req-b31670b5-48e0-4840-9e9b-65f7e4ee16b2 tempest-AttachVolumeTestJSON-2001780695 tempest-AttachVolumeTestJSON-2001780695-project-member] [instance: 9f2177c5-95dd-4699-af7d-3d7c3fa20b6c] Fetching instance by UUID {{(pid=69016) get /opt/stack/nova/nova/compute/api.py:3068}}
Aug 25 12:44:47 devstack devstack@n-api.service[69016]: DEBUG oslo_concurrency.lockutils [None req-b31670b5-48e0-4840-9e9b-65f7e4ee16b2 tempest-AttachVolumeTestJSON-2001780695 tempest-AttachVolumeTestJSON-2001780695-project-member] Acquiring lock "69eeaec6-2804-4e0f-88d7-53b16bbaaf1b" by "nova.context.set_target_cell..get_or_set_cached_cell_and_set_connections" {{(pid=69016) inner /opt/stack/data/venv/lib/python3.12/site-packages/oslo_concurrency/lockutils.py:512}}
Aug 25 12:44:47 devstack devstack@n-api.service[69016]: DEBUG oslo_concurrency.lockutils [None req-b31670b5-48e0-4840-9e9b-65f7e4ee16b2 tempest-AttachVolumeTestJSON-2001780695 tempest-AttachVolumeTestJSON-2001780695-project-member] Lock "69eeaec6-2804-4e0f-88d7-53b16bbaaf1b" acquired by "nova.context.set_target_cell..get_or_set_cached_cell_and_set_connections" :: waited 0.001s {{(pid=69016) inner /opt/stack/data/venv/lib/python3.12/site-packages/oslo_concurrency/lockutils.py:525}}
Aug 25 12:44:47 devstack devstack@n-api.service[69016]: DEBUG oslo_concurrency.lockutils [None req-b31670b5-48e0-4840-9e9b-65f7e4ee16b2 tempest-AttachVolumeTestJSON-2001780695 tempest-AttachVolumeTestJSON-2001780695-project-member] Lock "69eeaec6-2804-4e0f-88d7-53b16bbaaf1b" "released" by "nova.context.set_target_cell..get_or_set_cached_cell_and_set_connections" :: held 0.000s {{(pid=69016) inner /opt/stack/data/venv/lib/python3.12/site-packages/oslo_concurrency/lockutils.py:544}}
Aug 25 12:44:47 devstack devstack@n-api.service[69016]: DEBUG oslo_concurrency.lockutils [None req-b31670b5-48e0-4840-9e9b-65f7e4ee16b2 tempest-AttachVolumeTestJSON-2001780695 tempest-AttachVolumeTestJSON-2001780695-project-member] Acquiring lock "69eeaec6-2804-4e0f-88d7-53b16bbaaf1b" by "nova.context.set_target_cell..get_or_set_cached_cell_and_set_connections" {{(pid=69016) inner /opt/stack/data/venv/lib/python3.12/site-packages/oslo_concurrency/lockutils.py:512}}
Aug 25 12:44:47 devstack devstack@n-api.service[69016]: DEBUG oslo_concurrency.lockutils [None req-b31670b5-48e0-4840-9e9b-65f7e4ee16b2 tempest-AttachVolumeTestJSON-2001780695 tempest-AttachVolumeTestJSON-2001780695-project-member] Lock "69eeaec6-2804-4e0f-88d7-53b16bbaaf1b" acquired by "nova.context.set_target_cell..get_or_set_cached_cell_and_set_connections" :: waited 0.002s {{(pid=69016) inner /opt/stack/data/venv/lib/python3.12/site-packages/oslo_concurrency/lockutils.py:525}}
Aug 25 12:44:47 devstack devstack@n-api.service[69016]: DEBUG oslo_concurrency.lockutils [None req-b31670b5-48e0-4840-9e9b-65f7e4ee16b2 tempest-AttachVolumeTestJSON-2001780695 tempest-AttachVolumeTestJSON-2001780695-project-member] Lock "69eeaec6-2804-4e0f-88d7-53b16bbaaf1b" "released" by "nova.context.set_target_cell..get_or_set_cached_cell_and_set_connections" :: held 0.001s {{(pid=69016) inner /opt/stack/data/venv/lib/python3.12/site-packages/oslo_concurrency/lockutils.py:544}}
Aug 25 12:44:47 devstack devstack@n-api.service[69016]: WARNING neutronclient.v2_0.client [None req-b31670b5-48e0-4840-9e9b-65f7e4ee16b2 tempest-AttachVolumeTestJSON-2001780695 tempest-AttachVolumeTestJSON-2001780695-project-member] The python binding code in neutronclient is deprecated in favor of OpenstackSDK, please use that as this will be removed in a future release.
Aug 25 12:44:47 devstack devstack@n-api.service[69016]: DEBUG nova.policy [None req-b31670b5-48e0-4840-9e9b-65f7e4ee16b2 tempest-AttachVolumeTestJSON-2001780695 tempest-AttachVolumeTestJSON-2001780695-project-member] Policy check for os_compute_api:os-extended-server-attributes failed with credentials {'is_admin': False, 'user_id': '67ad152b6d89437bb6171a62bea2bd7a', 'user_domain_id': 'default', 'system_scope': None, 'domain_id': None, 'project_id': 'c472e1ec31b241f288fdaf9617c29535', 'project_domain_id': 'default', 'roles': ['reader', 'member'], 'is_admin_project': True, 'service_user_id': None, 'service_user_domain_id': None, 'service_project_id': None, 'service_project_domain_id': None, 'service_roles': []} {{(pid=69016) authorize /opt/stack/nova/nova/policy.py:192}}
Aug 25 12:44:47 devstack devstack@n-api.service[69016]: INFO nova.api.openstack.requestlog [None req-b31670b5-48e0-4840-9e9b-65f7e4ee16b2 tempest-AttachVolumeTestJSON-2001780695 tempest-AttachVolumeTestJSON-2001780695-project-member] 192.168.122.62 "GET /compute/v2.1/servers/9f2177c5-95dd-4699-af7d-3d7c3fa20b6c" status: 200 len: 1655 microversion: 2.1 time: 0.555191
Aug 25 12:44:47 devstack devstack@n-api.service[69016]: [pid: 69016|app: 0|req: 133/271] 192.168.122.62 () {58 vars in 1233 bytes} [Tue Aug 25 12:44:46 2026] GET /compute/v2.1/servers/9f2177c5-95dd-4699-af7d-3d7c3fa20b6c => generated 1655 bytes in 558 msecs (HTTP/1.1 200) 9 headers in 358 bytes (1 switches on core 0)
Aug 25 12:44:47 devstack devstack@n-api.service[69017]: DEBUG nova.api.openstack.wsgi [None req-230e5d8c-1b50-418e-8d69-b5ad39d81c4f tempest-AttachVolumeTestJSON-2001780695 tempest-AttachVolumeTestJSON-2001780695-project-member] Action: 'action', calling method: >, body: {"os-start": {}} {{(pid=69017) _process_stack /opt/stack/nova/nova/api/openstack/wsgi.py:549}}
Aug 25 12:44:47 devstack devstack@n-api.service[69017]: DEBUG oslo_concurrency.lockutils [None req-230e5d8c-1b50-418e-8d69-b5ad39d81c4f tempest-AttachVolumeTestJSON-2001780695 tempest-AttachVolumeTestJSON-2001780695-project-member] Acquiring lock "69eeaec6-2804-4e0f-88d7-53b16bbaaf1b" by "nova.context.set_target_cell..get_or_set_cached_cell_and_set_connections" {{(pid=69017) inner /opt/stack/data/venv/lib/python3.12/site-packages/oslo_concurrency/lockutils.py:512}}
Aug 25 12:44:47 devstack devstack@n-api.service[69017]: DEBUG oslo_concurrency.lockutils [None req-230e5d8c-1b50-418e-8d69-b5ad39d81c4f tempest-AttachVolumeTestJSON-2001780695 tempest-AttachVolumeTestJSON-2001780695-project-member] Lock "69eeaec6-2804-4e0f-88d7-53b16bbaaf1b" acquired by "nova.context.set_target_cell..get_or_set_cached_cell_and_set_connections" :: waited 0.001s {{(pid=69017) inner /opt/stack/data/venv/lib/python3.12/site-packages/oslo_concurrency/lockutils.py:525}}
Aug 25 12:44:47 devstack devstack@n-api.service[69017]: DEBUG oslo_concurrency.lockutils [None req-230e5d8c-1b50-418e-8d69-b5ad39d81c4f tempest-AttachVolumeTestJSON-2001780695 tempest-AttachVolumeTestJSON-2001780695-project-member] Lock "69eeaec6-2804-4e0f-88d7-53b16bbaaf1b" "released" by "nova.context.set_target_cell..get_or_set_cached_cell_and_set_connections" :: held 0.036s {{(pid=69017) inner /opt/stack/data/venv/lib/python3.12/site-packages/oslo_concurrency/lockutils.py:544}}
Aug 25 12:44:47 devstack devstack@n-api.service[69017]: DEBUG nova.compute.api [None req-230e5d8c-1b50-418e-8d69-b5ad39d81c4f tempest-AttachVolumeTestJSON-2001780695 tempest-AttachVolumeTestJSON-2001780695-project-member] [instance: 9f2177c5-95dd-4699-af7d-3d7c3fa20b6c] Going to try to start instance {{(pid=69017) start /opt/stack/nova/nova/compute/api.py:2878}}
Aug 25 12:44:48 devstack devstack@n-api.service[69017]: INFO nova.api.openstack.requestlog [None req-230e5d8c-1b50-418e-8d69-b5ad39d81c4f tempest-AttachVolumeTestJSON-2001780695 tempest-AttachVolumeTestJSON-2001780695-project-member] 192.168.122.62 "POST /compute/v2.1/servers/9f2177c5-95dd-4699-af7d-3d7c3fa20b6c/action" status: 202 len: 0 microversion: 2.1 time: 0.441900
Aug 25 12:44:48 devstack devstack@n-api.service[69017]: [pid: 69017|app: 0|req: 139/272] 192.168.122.62 () {60 vars in 1275 bytes} [Tue Aug 25 12:44:47 2026] POST /compute/v2.1/servers/9f2177c5-95dd-4699-af7d-3d7c3fa20b6c/action => generated 0 bytes in 454 msecs (HTTP/1.1 202) 9 headers in 361 bytes (1 switches on core 0)
Aug 25 12:44:48 devstack devstack@n-api.service[69016]: DEBUG nova.api.openstack.wsgi [None req-057d3ae8-b1e7-48a3-adb4-42eff303ccc0 tempest-AttachVolumeTestJSON-2001780695 tempest-AttachVolumeTestJSON-2001780695-project-member] Calling method '>' {{(pid=69016) _process_stack /opt/stack/nova/nova/api/openstack/wsgi.py:551}}
Aug 25 12:44:48 devstack devstack@n-api.service[69016]: DEBUG nova.compute.api [None req-057d3ae8-b1e7-48a3-adb4-42eff303ccc0 tempest-AttachVolumeTestJSON-2001780695 tempest-AttachVolumeTestJSON-2001780695-project-member] [instance: 9f2177c5-95dd-4699-af7d-3d7c3fa20b6c] Fetching instance by UUID {{(pid=69016) get /opt/stack/nova/nova/compute/api.py:3068}}
Aug 25 12:44:48 devstack devstack@n-api.service[69016]: DEBUG oslo_concurrency.lockutils [None req-057d3ae8-b1e7-48a3-adb4-42eff303ccc0 tempest-AttachVolumeTestJSON-2001780695 tempest-AttachVolumeTestJSON-2001780695-project-member] Acquiring lock "69eeaec6-2804-4e0f-88d7-53b16bbaaf1b" by "nova.context.set_target_cell..get_or_set_cached_cell_and_set_connections" {{(pid=69016) inner /opt/stack/data/venv/lib/python3.12/site-packages/oslo_concurrency/lockutils.py:512}}
Aug 25 12:44:48 devstack devstack@n-api.service[69016]: DEBUG oslo_concurrency.lockutils [None req-057d3ae8-b1e7-48a3-adb4-42eff303ccc0 tempest-AttachVolumeTestJSON-2001780695 tempest-AttachVolumeTestJSON-2001780695-project-member] Lock "69eeaec6-2804-4e0f-88d7-53b16bbaaf1b" acquired by "nova.context.set_target_cell..get_or_set_cached_cell_and_set_connections" :: waited 0.001s {{(pid=69016) inner /opt/stack/data/venv/lib/python3.12/site-packages/oslo_concurrency/lockutils.py:525}}
Aug 25 12:44:48 devstack devstack@n-api.service[69016]: DEBUG oslo_concurrency.lockutils [None req-057d3ae8-b1e7-48a3-adb4-42eff303ccc0 tempest-AttachVolumeTestJSON-2001780695 tempest-AttachVolumeTestJSON-2001780695-project-member] Lock "69eeaec6-2804-4e0f-88d7-53b16bbaaf1b" "released" by "nova.context.set_target_cell..get_or_set_cached_cell_and_set_connections" :: held 0.001s {{(pid=69016) inner /opt/stack/data/venv/lib/python3.12/site-packages/oslo_concurrency/lockutils.py:544}}
Aug 25 12:44:48 devstack devstack@n-api.service[69016]: DEBUG oslo_concurrency.lockutils [None req-057d3ae8-b1e7-48a3-adb4-42eff303ccc0 tempest-AttachVolumeTestJSON-2001780695 tempest-AttachVolumeTestJSON-2001780695-project-member] Acquiring lock "69eeaec6-2804-4e0f-88d7-53b16bbaaf1b" by "nova.context.set_target_cell..get_or_set_cached_cell_and_set_connections" {{(pid=69016) inner /opt/stack/data/venv/lib/python3.12/site-packages/oslo_concurrency/lockutils.py:512}}
Aug 25 12:44:48 devstack devstack@n-api.service[69016]: DEBUG oslo_concurrency.lockutils [None req-057d3ae8-b1e7-48a3-adb4-42eff303ccc0 tempest-AttachVolumeTestJSON-2001780695 tempest-AttachVolumeTestJSON-2001780695-project-member] Lock "69eeaec6-2804-4e0f-88d7-53b16bbaaf1b" acquired by "nova.context.set_target_cell..get_or_set_cached_cell_and_set_connections" :: waited 0.001s {{(pid=69016) inner /opt/stack/data/venv/lib/python3.12/site-packages/oslo_concurrency/lockutils.py:525}}
Aug 25 12:44:48 devstack devstack@n-api.service[69016]: DEBUG oslo_concurrency.lockutils [None req-057d3ae8-b1e7-48a3-adb4-42eff303ccc0 tempest-AttachVolumeTestJSON-2001780695 tempest-AttachVolumeTestJSON-2001780695-project-member] Lock "69eeaec6-2804-4e0f-88d7-53b16bbaaf1b" "released" by "nova.context.set_target_cell..get_or_set_cached_cell_and_set_connections" :: held 0.001s {{(pid=69016) inner /opt/stack/data/venv/lib/python3.12/site-packages/oslo_concurrency/lockutils.py:544}}
Aug 25 12:44:48 devstack devstack@n-api.service[69016]: WARNING neutronclient.v2_0.client [None req-057d3ae8-b1e7-48a3-adb4-42eff303ccc0 tempest-AttachVolumeTestJSON-2001780695 tempest-AttachVolumeTestJSON-2001780695-project-member] The python binding code in neutronclient is deprecated in favor of OpenstackSDK, please use that as this will be removed in a future release.
Aug 25 12:44:48 devstack devstack@n-api.service[69016]: DEBUG nova.policy [None req-057d3ae8-b1e7-48a3-adb4-42eff303ccc0 tempest-AttachVolumeTestJSON-2001780695 tempest-AttachVolumeTestJSON-2001780695-project-member] Policy check for os_compute_api:os-extended-server-attributes failed with credentials {'is_admin': False, 'user_id': '67ad152b6d89437bb6171a62bea2bd7a', 'user_domain_id': 'default', 'system_scope': None, 'domain_id': None, 'project_id': 'c472e1ec31b241f288fdaf9617c29535', 'project_domain_id': 'default', 'roles': ['reader', 'member'], 'is_admin_project': True, 'service_user_id': None, 'service_user_domain_id': None, 'service_project_id': None, 'service_project_domain_id': None, 'service_roles': []} {{(pid=69016) authorize /opt/stack/nova/nova/policy.py:192}}
Aug 25 12:44:48 devstack devstack@n-api.service[69016]: INFO nova.api.openstack.requestlog [None req-057d3ae8-b1e7-48a3-adb4-42eff303ccc0 tempest-AttachVolumeTestJSON-2001780695 tempest-AttachVolumeTestJSON-2001780695-project-member] 192.168.122.62 "GET /compute/v2.1/servers/9f2177c5-95dd-4699-af7d-3d7c3fa20b6c" status: 200 len: 1664 microversion: 2.1 time: 0.322106
Aug 25 12:44:48 devstack devstack@n-api.service[69016]: [pid: 69016|app: 0|req: 134/273] 192.168.122.62 () {58 vars in 1233 bytes} [Tue Aug 25 12:44:48 2026] GET /compute/v2.1/servers/9f2177c5-95dd-4699-af7d-3d7c3fa20b6c => generated 1664 bytes in 323 msecs (HTTP/1.1 200) 9 headers in 358 bytes (1 switches on core 0)
Aug 25 12:44:48 devstack devstack@n-api.service[69016]: DEBUG nova.api.openstack.wsgi [None req-8a2670f2-4acc-4a1e-bb1f-8f34489e8692 tempest-ServerRescueNegativeTestJSON-1760277054 tempest-ServerRescueNegativeTestJSON-1760277054-project-member] Calling method '>' {{(pid=69016) _process_stack /opt/stack/nova/nova/api/openstack/wsgi.py:551}}
Aug 25 12:44:48 devstack devstack@n-api.service[69016]: DEBUG nova.compute.api [None req-8a2670f2-4acc-4a1e-bb1f-8f34489e8692 tempest-ServerRescueNegativeTestJSON-1760277054 tempest-ServerRescueNegativeTestJSON-1760277054-project-member] [instance: 253adc5b-1758-4640-8a68-718323a207c7] Fetching instance by UUID {{(pid=69016) get /opt/stack/nova/nova/compute/api.py:3068}}
Aug 25 12:44:48 devstack devstack@n-api.service[69016]: DEBUG oslo_concurrency.lockutils [None req-8a2670f2-4acc-4a1e-bb1f-8f34489e8692 tempest-ServerRescueNegativeTestJSON-1760277054 tempest-ServerRescueNegativeTestJSON-1760277054-project-member] Acquiring lock "69eeaec6-2804-4e0f-88d7-53b16bbaaf1b" by "nova.context.set_target_cell..get_or_set_cached_cell_and_set_connections" {{(pid=69016) inner /opt/stack/data/venv/lib/python3.12/site-packages/oslo_concurrency/lockutils.py:512}}
Aug 25 12:44:48 devstack devstack@n-api.service[69016]: DEBUG oslo_concurrency.lockutils [None req-8a2670f2-4acc-4a1e-bb1f-8f34489e8692 tempest-ServerRescueNegativeTestJSON-1760277054 tempest-ServerRescueNegativeTestJSON-1760277054-project-member] Lock "69eeaec6-2804-4e0f-88d7-53b16bbaaf1b" acquired by "nova.context.set_target_cell..get_or_set_cached_cell_and_set_connections" :: waited 0.002s {{(pid=69016) inner /opt/stack/data/venv/lib/python3.12/site-packages/oslo_concurrency/lockutils.py:525}}
Aug 25 12:44:48 devstack devstack@n-api.service[69016]: DEBUG oslo_concurrency.lockutils [None req-8a2670f2-4acc-4a1e-bb1f-8f34489e8692 tempest-ServerRescueNegativeTestJSON-1760277054 tempest-ServerRescueNegativeTestJSON-1760277054-project-member] Lock "69eeaec6-2804-4e0f-88d7-53b16bbaaf1b" "released" by "nova.context.set_target_cell..get_or_set_cached_cell_and_set_connections" :: held 0.002s {{(pid=69016) inner /opt/stack/data/venv/lib/python3.12/site-packages/oslo_concurrency/lockutils.py:544}}
Aug 25 12:44:48 devstack devstack@n-api.service[69016]: DEBUG oslo_concurrency.lockutils [None req-8a2670f2-4acc-4a1e-bb1f-8f34489e8692 tempest-ServerRescueNegativeTestJSON-1760277054 tempest-ServerRescueNegativeTestJSON-1760277054-project-member] Acquiring lock "69eeaec6-2804-4e0f-88d7-53b16bbaaf1b" by "nova.context.set_target_cell..get_or_set_cached_cell_and_set_connections" {{(pid=69016) inner /opt/stack/data/venv/lib/python3.12/site-packages/oslo_concurrency/lockutils.py:512}}
Aug 25 12:44:48 devstack devstack@n-api.service[69016]: DEBUG oslo_concurrency.lockutils [None req-8a2670f2-4acc-4a1e-bb1f-8f34489e8692 tempest-ServerRescueNegativeTestJSON-1760277054 tempest-ServerRescueNegativeTestJSON-1760277054-project-member] Lock "69eeaec6-2804-4e0f-88d7-53b16bbaaf1b" acquired by "nova.context.set_target_cell..get_or_set_cached_cell_and_set_connections" :: waited 0.000s {{(pid=69016) inner /opt/stack/data/venv/lib/python3.12/site-packages/oslo_concurrency/lockutils.py:525}}
Aug 25 12:44:48 devstack devstack@n-api.service[69016]: DEBUG oslo_concurrency.lockutils [None req-8a2670f2-4acc-4a1e-bb1f-8f34489e8692 tempest-ServerRescueNegativeTestJSON-1760277054 tempest-ServerRescueNegativeTestJSON-1760277054-project-member] Lock "69eeaec6-2804-4e0f-88d7-53b16bbaaf1b" "released" by "nova.context.set_target_cell..get_or_set_cached_cell_and_set_connections" :: held 0.002s {{(pid=69016) inner /opt/stack/data/venv/lib/python3.12/site-packages/oslo_concurrency/lockutils.py:544}}
Aug 25 12:44:48 devstack devstack@n-api.service[69016]: DEBUG nova.compute.api [None req-8a2670f2-4acc-4a1e-bb1f-8f34489e8692 tempest-ServerRescueNegativeTestJSON-1760277054 tempest-ServerRescueNegativeTestJSON-1760277054-project-member] [instance: 253adc5b-1758-4640-8a68-718323a207c7] Going to try to terminate instance {{(pid=69016) delete /opt/stack/nova/nova/compute/api.py:2811}}
Aug 25 12:44:48 devstack devstack@n-api.service[69016]: INFO nova.api.openstack.requestlog [None req-8a2670f2-4acc-4a1e-bb1f-8f34489e8692 tempest-ServerRescueNegativeTestJSON-1760277054 tempest-ServerRescueNegativeTestJSON-1760277054-project-member] 192.168.122.62 "DELETE /compute/v2.1/servers/253adc5b-1758-4640-8a68-718323a207c7" status: 204 len: 0 microversion: 2.1 time: 0.329225
Aug 25 12:44:48 devstack devstack@n-api.service[69016]: [pid: 69016|app: 0|req: 135/274] 192.168.122.62 () {58 vars in 1236 bytes} [Tue Aug 25 12:44:48 2026] DELETE /compute/v2.1/servers/253adc5b-1758-4640-8a68-718323a207c7 => generated 0 bytes in 334 msecs (HTTP/1.1 204) 9 headers in 363 bytes (1 switches on core 0)
Aug 25 12:44:48 devstack devstack@n-api.service[69016]: DEBUG nova.api.openstack.wsgi [None req-395e993d-af62-4ef1-b039-adf6ee0eb64b tempest-ServerRescueNegativeTestJSON-1760277054 tempest-ServerRescueNegativeTestJSON-1760277054-project-member] Calling method '>' {{(pid=69016) _process_stack /opt/stack/nova/nova/api/openstack/wsgi.py:551}}
Aug 25 12:44:48 devstack devstack@n-api.service[69016]: DEBUG nova.compute.api [None req-395e993d-af62-4ef1-b039-adf6ee0eb64b tempest-ServerRescueNegativeTestJSON-1760277054 tempest-ServerRescueNegativeTestJSON-1760277054-project-member] [instance: 253adc5b-1758-4640-8a68-718323a207c7] Fetching instance by UUID {{(pid=69016) get /opt/stack/nova/nova/compute/api.py:3068}}
Aug 25 12:44:48 devstack devstack@n-api.service[69016]: DEBUG oslo_concurrency.lockutils [None req-395e993d-af62-4ef1-b039-adf6ee0eb64b tempest-ServerRescueNegativeTestJSON-1760277054 tempest-ServerRescueNegativeTestJSON-1760277054-project-member] Acquiring lock "69eeaec6-2804-4e0f-88d7-53b16bbaaf1b" by "nova.context.set_target_cell..get_or_set_cached_cell_and_set_connections" {{(pid=69016) inner /opt/stack/data/venv/lib/python3.12/site-packages/oslo_concurrency/lockutils.py:512}}
Aug 25 12:44:48 devstack devstack@n-api.service[69016]: DEBUG oslo_concurrency.lockutils [None req-395e993d-af62-4ef1-b039-adf6ee0eb64b tempest-ServerRescueNegativeTestJSON-1760277054 tempest-ServerRescueNegativeTestJSON-1760277054-project-member] Lock "69eeaec6-2804-4e0f-88d7-53b16bbaaf1b" acquired by "nova.context.set_target_cell..get_or_set_cached_cell_and_set_connections" :: waited 0.003s {{(pid=69016) inner /opt/stack/data/venv/lib/python3.12/site-packages/oslo_concurrency/lockutils.py:525}}
Aug 25 12:44:48 devstack devstack@n-api.service[69016]: DEBUG oslo_concurrency.lockutils [None req-395e993d-af62-4ef1-b039-adf6ee0eb64b tempest-ServerRescueNegativeTestJSON-1760277054 tempest-ServerRescueNegativeTestJSON-1760277054-project-member] Lock "69eeaec6-2804-4e0f-88d7-53b16bbaaf1b" "released" by "nova.context.set_target_cell..get_or_set_cached_cell_and_set_connections" :: held 0.001s {{(pid=69016) inner /opt/stack/data/venv/lib/python3.12/site-packages/oslo_concurrency/lockutils.py:544}}
Aug 25 12:44:48 devstack devstack@n-api.service[69016]: DEBUG oslo_concurrency.lockutils [None req-395e993d-af62-4ef1-b039-adf6ee0eb64b tempest-ServerRescueNegativeTestJSON-1760277054 tempest-ServerRescueNegativeTestJSON-1760277054-project-member] Acquiring lock "69eeaec6-2804-4e0f-88d7-53b16bbaaf1b" by "nova.context.set_target_cell..get_or_set_cached_cell_and_set_connections" {{(pid=69016) inner /opt/stack/data/venv/lib/python3.12/site-packages/oslo_concurrency/lockutils.py:512}}
Aug 25 12:44:48 devstack devstack@n-api.service[69016]: DEBUG oslo_concurrency.lockutils [None req-395e993d-af62-4ef1-b039-adf6ee0eb64b tempest-ServerRescueNegativeTestJSON-1760277054 tempest-ServerRescueNegativeTestJSON-1760277054-project-member] Lock "69eeaec6-2804-4e0f-88d7-53b16bbaaf1b" acquired by "nova.context.set_target_cell..get_or_set_cached_cell_and_set_connections" :: waited 0.002s {{(pid=69016) inner /opt/stack/data/venv/lib/python3.12/site-packages/oslo_concurrency/lockutils.py:525}}
Aug 25 12:44:48 devstack devstack@n-api.service[69016]: DEBUG oslo_concurrency.lockutils [None req-395e993d-af62-4ef1-b039-adf6ee0eb64b tempest-ServerRescueNegativeTestJSON-1760277054 tempest-ServerRescueNegativeTestJSON-1760277054-project-member] Lock "69eeaec6-2804-4e0f-88d7-53b16bbaaf1b" "released" by "nova.context.set_target_cell..get_or_set_cached_cell_and_set_connections" :: held 0.001s {{(pid=69016) inner /opt/stack/data/venv/lib/python3.12/site-packages/oslo_concurrency/lockutils.py:544}}
Aug 25 12:44:48 devstack devstack@n-api.service[69017]: DEBUG nova.api.openstack.wsgi [None req-3e042df8-058f-4601-89f9-c02424f8d4ad tempest-VolumesActionsTest-517167167 tempest-VolumesActionsTest-517167167-project-member] Action: 'create', calling method: >, body: {"server": {"name": "tempest-VolumesActionsTest-instance-1603915004", "imageRef": "1f5fffff-5f5f-42dd-ba16-212fda2986a1", "flavorRef": "42", "networks": [{"uuid": "2d725aa6-f47a-49b9-8991-511187b2367b"}]}} {{(pid=69017) _process_stack /opt/stack/nova/nova/api/openstack/wsgi.py:549}}
Aug 25 12:44:49 devstack devstack@n-api.service[69016]: WARNING neutronclient.v2_0.client [None req-395e993d-af62-4ef1-b039-adf6ee0eb64b tempest-ServerRescueNegativeTestJSON-1760277054 tempest-ServerRescueNegativeTestJSON-1760277054-project-member] The python binding code in neutronclient is deprecated in favor of OpenstackSDK, please use that as this will be removed in a future release.
Aug 25 12:44:49 devstack devstack@n-api.service[69017]: DEBUG oslo_concurrency.lockutils [None req-3e042df8-058f-4601-89f9-c02424f8d4ad tempest-VolumesActionsTest-517167167 tempest-VolumesActionsTest-517167167-project-member] Acquiring lock "00000000-0000-0000-0000-000000000000" by "nova.context.set_target_cell..get_or_set_cached_cell_and_set_connections" {{(pid=69017) inner /opt/stack/data/venv/lib/python3.12/site-packages/oslo_concurrency/lockutils.py:512}}
Aug 25 12:44:49 devstack devstack@n-api.service[69017]: DEBUG oslo_concurrency.lockutils [None req-3e042df8-058f-4601-89f9-c02424f8d4ad tempest-VolumesActionsTest-517167167 tempest-VolumesActionsTest-517167167-project-member] Lock "00000000-0000-0000-0000-000000000000" acquired by "nova.context.set_target_cell..get_or_set_cached_cell_and_set_connections" :: waited 0.001s {{(pid=69017) inner /opt/stack/data/venv/lib/python3.12/site-packages/oslo_concurrency/lockutils.py:525}}
Aug 25 12:44:49 devstack devstack@n-api.service[69017]: DEBUG oslo_concurrency.lockutils [None req-3e042df8-058f-4601-89f9-c02424f8d4ad tempest-VolumesActionsTest-517167167 tempest-VolumesActionsTest-517167167-project-member] Lock "00000000-0000-0000-0000-000000000000" "released" by "nova.context.set_target_cell..get_or_set_cached_cell_and_set_connections" :: held 0.001s {{(pid=69017) inner /opt/stack/data/venv/lib/python3.12/site-packages/oslo_concurrency/lockutils.py:544}}
Aug 25 12:44:49 devstack devstack@n-api.service[69017]: DEBUG oslo_concurrency.lockutils [None req-3e042df8-058f-4601-89f9-c02424f8d4ad tempest-VolumesActionsTest-517167167 tempest-VolumesActionsTest-517167167-project-member] Acquiring lock "69eeaec6-2804-4e0f-88d7-53b16bbaaf1b" by "nova.context.set_target_cell..get_or_set_cached_cell_and_set_connections" {{(pid=69017) inner /opt/stack/data/venv/lib/python3.12/site-packages/oslo_concurrency/lockutils.py:512}}
Aug 25 12:44:49 devstack devstack@n-api.service[69017]: DEBUG oslo_concurrency.lockutils [None req-3e042df8-058f-4601-89f9-c02424f8d4ad tempest-VolumesActionsTest-517167167 tempest-VolumesActionsTest-517167167-project-member] Lock "69eeaec6-2804-4e0f-88d7-53b16bbaaf1b" acquired by "nova.context.set_target_cell..get_or_set_cached_cell_and_set_connections" :: waited 0.001s {{(pid=69017) inner /opt/stack/data/venv/lib/python3.12/site-packages/oslo_concurrency/lockutils.py:525}}
Aug 25 12:44:49 devstack devstack@n-api.service[69017]: DEBUG oslo_concurrency.lockutils [None req-3e042df8-058f-4601-89f9-c02424f8d4ad tempest-VolumesActionsTest-517167167 tempest-VolumesActionsTest-517167167-project-member] Lock "69eeaec6-2804-4e0f-88d7-53b16bbaaf1b" "released" by "nova.context.set_target_cell..get_or_set_cached_cell_and_set_connections" :: held 0.001s {{(pid=69017) inner /opt/stack/data/venv/lib/python3.12/site-packages/oslo_concurrency/lockutils.py:544}}
Aug 25 12:44:49 devstack devstack@n-api.service[69017]: DEBUG nova.network.neutron [None req-3e042df8-058f-4601-89f9-c02424f8d4ad tempest-VolumesActionsTest-517167167 tempest-VolumesActionsTest-517167167-project-member] validate_networks() for [('2d725aa6-f47a-49b9-8991-511187b2367b', None, None, None, None, None)] {{(pid=69017) validate_networks /opt/stack/nova/nova/network/neutron.py:2686}}
Aug 25 12:44:49 devstack devstack@n-api.service[69017]: WARNING neutronclient.v2_0.client [None req-3e042df8-058f-4601-89f9-c02424f8d4ad tempest-VolumesActionsTest-517167167 tempest-VolumesActionsTest-517167167-project-member] The python binding code in neutronclient is deprecated in favor of OpenstackSDK, please use that as this will be removed in a future release.
Aug 25 12:44:49 devstack devstack@n-api.service[69016]: DEBUG nova.policy [None req-395e993d-af62-4ef1-b039-adf6ee0eb64b tempest-ServerRescueNegativeTestJSON-1760277054 tempest-ServerRescueNegativeTestJSON-1760277054-project-member] Policy check for os_compute_api:os-extended-server-attributes failed with credentials {'is_admin': False, 'user_id': 'f3bdfe95a90e4d10a482021166a775d6', 'user_domain_id': 'default', 'system_scope': None, 'domain_id': None, 'project_id': '22831d1d1c154d4aa3fee14697dff6db', 'project_domain_id': 'default', 'roles': ['reader', 'member'], 'is_admin_project': True, 'service_user_id': None, 'service_user_domain_id': None, 'service_project_id': None, 'service_project_domain_id': None, 'service_roles': []} {{(pid=69016) authorize /opt/stack/nova/nova/policy.py:192}}
Aug 25 12:44:49 devstack devstack@n-api.service[69016]: INFO nova.api.openstack.requestlog [None req-395e993d-af62-4ef1-b039-adf6ee0eb64b tempest-ServerRescueNegativeTestJSON-1760277054 tempest-ServerRescueNegativeTestJSON-1760277054-project-member] 192.168.122.62 "GET /compute/v2.1/servers/253adc5b-1758-4640-8a68-718323a207c7" status: 200 len: 1509 microversion: 2.1 time: 0.932199
Aug 25 12:44:49 devstack devstack@n-api.service[69016]: [pid: 69016|app: 0|req: 136/275] 192.168.122.62 () {58 vars in 1233 bytes} [Tue Aug 25 12:44:48 2026] GET /compute/v2.1/servers/253adc5b-1758-4640-8a68-718323a207c7 => generated 1509 bytes in 934 msecs (HTTP/1.1 200) 9 headers in 358 bytes (1 switches on core 0)
Aug 25 12:44:49 devstack devstack@n-api.service[69016]: DEBUG nova.api.openstack.wsgi [None req-ab8a007c-55cd-4fba-8e82-a9dd1878d7c6 tempest-AttachVolumeTestJSON-2001780695 tempest-AttachVolumeTestJSON-2001780695-project-member] Calling method '>' {{(pid=69016) _process_stack /opt/stack/nova/nova/api/openstack/wsgi.py:551}}
Aug 25 12:44:49 devstack devstack@n-api.service[69016]: DEBUG nova.compute.api [None req-ab8a007c-55cd-4fba-8e82-a9dd1878d7c6 tempest-AttachVolumeTestJSON-2001780695 tempest-AttachVolumeTestJSON-2001780695-project-member] [instance: 9f2177c5-95dd-4699-af7d-3d7c3fa20b6c] Fetching instance by UUID {{(pid=69016) get /opt/stack/nova/nova/compute/api.py:3068}}
Aug 25 12:44:49 devstack devstack@n-api.service[69016]: DEBUG oslo_concurrency.lockutils [None req-ab8a007c-55cd-4fba-8e82-a9dd1878d7c6 tempest-AttachVolumeTestJSON-2001780695 tempest-AttachVolumeTestJSON-2001780695-project-member] Acquiring lock "69eeaec6-2804-4e0f-88d7-53b16bbaaf1b" by "nova.context.set_target_cell..get_or_set_cached_cell_and_set_connections" {{(pid=69016) inner /opt/stack/data/venv/lib/python3.12/site-packages/oslo_concurrency/lockutils.py:512}}
Aug 25 12:44:49 devstack devstack@n-api.service[69016]: DEBUG oslo_concurrency.lockutils [None req-ab8a007c-55cd-4fba-8e82-a9dd1878d7c6 tempest-AttachVolumeTestJSON-2001780695 tempest-AttachVolumeTestJSON-2001780695-project-member] Lock "69eeaec6-2804-4e0f-88d7-53b16bbaaf1b" acquired by "nova.context.set_target_cell..get_or_set_cached_cell_and_set_connections" :: waited 0.001s {{(pid=69016) inner /opt/stack/data/venv/lib/python3.12/site-packages/oslo_concurrency/lockutils.py:525}}
Aug 25 12:44:49 devstack devstack@n-api.service[69016]: DEBUG oslo_concurrency.lockutils [None req-ab8a007c-55cd-4fba-8e82-a9dd1878d7c6 tempest-AttachVolumeTestJSON-2001780695 tempest-AttachVolumeTestJSON-2001780695-project-member] Lock "69eeaec6-2804-4e0f-88d7-53b16bbaaf1b" "released" by "nova.context.set_target_cell..get_or_set_cached_cell_and_set_connections" :: held 0.000s {{(pid=69016) inner /opt/stack/data/venv/lib/python3.12/site-packages/oslo_concurrency/lockutils.py:544}}
Aug 25 12:44:49 devstack devstack@n-api.service[69016]: DEBUG oslo_concurrency.lockutils [None req-ab8a007c-55cd-4fba-8e82-a9dd1878d7c6 tempest-AttachVolumeTestJSON-2001780695 tempest-AttachVolumeTestJSON-2001780695-project-member] Acquiring lock "69eeaec6-2804-4e0f-88d7-53b16bbaaf1b" by "nova.context.set_target_cell..get_or_set_cached_cell_and_set_connections" {{(pid=69016) inner /opt/stack/data/venv/lib/python3.12/site-packages/oslo_concurrency/lockutils.py:512}}
Aug 25 12:44:49 devstack devstack@n-api.service[69016]: DEBUG oslo_concurrency.lockutils [None req-ab8a007c-55cd-4fba-8e82-a9dd1878d7c6 tempest-AttachVolumeTestJSON-2001780695 tempest-AttachVolumeTestJSON-2001780695-project-member] Lock "69eeaec6-2804-4e0f-88d7-53b16bbaaf1b" acquired by "nova.context.set_target_cell..get_or_set_cached_cell_and_set_connections" :: waited 0.001s {{(pid=69016) inner /opt/stack/data/venv/lib/python3.12/site-packages/oslo_concurrency/lockutils.py:525}}
Aug 25 12:44:49 devstack devstack@n-api.service[69016]: DEBUG oslo_concurrency.lockutils [None req-ab8a007c-55cd-4fba-8e82-a9dd1878d7c6 tempest-AttachVolumeTestJSON-2001780695 tempest-AttachVolumeTestJSON-2001780695-project-member] Lock "69eeaec6-2804-4e0f-88d7-53b16bbaaf1b" "released" by "nova.context.set_target_cell..get_or_set_cached_cell_and_set_connections" :: held 0.001s {{(pid=69016) inner /opt/stack/data/venv/lib/python3.12/site-packages/oslo_concurrency/lockutils.py:544}}
Aug 25 12:44:49 devstack devstack@n-api.service[69016]: WARNING neutronclient.v2_0.client [None req-ab8a007c-55cd-4fba-8e82-a9dd1878d7c6 tempest-AttachVolumeTestJSON-2001780695 tempest-AttachVolumeTestJSON-2001780695-project-member] The python binding code in neutronclient is deprecated in favor of OpenstackSDK, please use that as this will be removed in a future release.
Aug 25 12:44:50 devstack devstack@n-api.service[69017]: WARNING neutronclient.v2_0.client [None req-3e042df8-058f-4601-89f9-c02424f8d4ad tempest-VolumesActionsTest-517167167 tempest-VolumesActionsTest-517167167-project-member] The python binding code in neutronclient is deprecated in favor of OpenstackSDK, please use that as this will be removed in a future release.
Aug 25 12:44:50 devstack devstack@n-api.service[69016]: DEBUG nova.policy [None req-ab8a007c-55cd-4fba-8e82-a9dd1878d7c6 tempest-AttachVolumeTestJSON-2001780695 tempest-AttachVolumeTestJSON-2001780695-project-member] Policy check for os_compute_api:os-extended-server-attributes failed with credentials {'is_admin': False, 'user_id': '67ad152b6d89437bb6171a62bea2bd7a', 'user_domain_id': 'default', 'system_scope': None, 'domain_id': None, 'project_id': 'c472e1ec31b241f288fdaf9617c29535', 'project_domain_id': 'default', 'roles': ['reader', 'member'], 'is_admin_project': True, 'service_user_id': None, 'service_user_domain_id': None, 'service_project_id': None, 'service_project_domain_id': None, 'service_roles': []} {{(pid=69016) authorize /opt/stack/nova/nova/policy.py:192}}
Aug 25 12:44:50 devstack devstack@n-api.service[69016]: INFO nova.api.openstack.requestlog [None req-ab8a007c-55cd-4fba-8e82-a9dd1878d7c6 tempest-AttachVolumeTestJSON-2001780695 tempest-AttachVolumeTestJSON-2001780695-project-member] 192.168.122.62 "GET /compute/v2.1/servers/9f2177c5-95dd-4699-af7d-3d7c3fa20b6c" status: 200 len: 1664 microversion: 2.1 time: 0.749852
Aug 25 12:44:50 devstack devstack@n-api.service[69016]: [pid: 69016|app: 0|req: 137/276] 192.168.122.62 () {58 vars in 1233 bytes} [Tue Aug 25 12:44:49 2026] GET /compute/v2.1/servers/9f2177c5-95dd-4699-af7d-3d7c3fa20b6c => generated 1664 bytes in 751 msecs (HTTP/1.1 200) 9 headers in 358 bytes (1 switches on core 0)
Aug 25 12:44:50 devstack devstack@n-api.service[69016]: DEBUG nova.api.openstack.wsgi [req-018ce183-5fbd-430b-bcc9-d2f00d830ef3 req-2f2c6a1e-e9cb-4ea3-8a7e-095a71e9af82 service nova] Action: 'create', calling method: >, body: {"events": [{"server_uuid": "253adc5b-1758-4640-8a68-718323a207c7", "name": "network-vif-unplugged", "status": "completed", "tag": "480dd930-bbdf-489d-b86e-7e5ba4975c9f"}]} {{(pid=69016) _process_stack /opt/stack/nova/nova/api/openstack/wsgi.py:549}}
Aug 25 12:44:50 devstack devstack@n-api.service[69017]: DEBUG nova.virt.hardware [None req-3e042df8-058f-4601-89f9-c02424f8d4ad tempest-VolumesActionsTest-517167167 tempest-VolumesActionsTest-517167167-project-member] Flavor limits 0:0:0 {{(pid=69017) get_cpu_topology_constraints /opt/stack/nova/nova/virt/hardware.py:488}}
Aug 25 12:44:50 devstack devstack@n-api.service[69017]: DEBUG nova.virt.hardware [None req-3e042df8-058f-4601-89f9-c02424f8d4ad tempest-VolumesActionsTest-517167167 tempest-VolumesActionsTest-517167167-project-member] Image limits 0:0:0 {{(pid=69017) get_cpu_topology_constraints /opt/stack/nova/nova/virt/hardware.py:492}}
Aug 25 12:44:50 devstack devstack@n-api.service[69017]: DEBUG nova.virt.hardware [None req-3e042df8-058f-4601-89f9-c02424f8d4ad tempest-VolumesActionsTest-517167167 tempest-VolumesActionsTest-517167167-project-member] Flavor pref 0:0:0 {{(pid=69017) get_cpu_topology_constraints /opt/stack/nova/nova/virt/hardware.py:528}}
Aug 25 12:44:50 devstack devstack@n-api.service[69017]: DEBUG nova.virt.hardware [None req-3e042df8-058f-4601-89f9-c02424f8d4ad tempest-VolumesActionsTest-517167167 tempest-VolumesActionsTest-517167167-project-member] Image pref 0:0:0 {{(pid=69017) get_cpu_topology_constraints /opt/stack/nova/nova/virt/hardware.py:532}}
Aug 25 12:44:50 devstack devstack@n-api.service[69016]: DEBUG oslo_concurrency.lockutils [req-018ce183-5fbd-430b-bcc9-d2f00d830ef3 req-2f2c6a1e-e9cb-4ea3-8a7e-095a71e9af82 service nova] Acquiring lock "69eeaec6-2804-4e0f-88d7-53b16bbaaf1b" by "nova.context.set_target_cell..get_or_set_cached_cell_and_set_connections" {{(pid=69016) inner /opt/stack/data/venv/lib/python3.12/site-packages/oslo_concurrency/lockutils.py:512}}
Aug 25 12:44:50 devstack devstack@n-api.service[69016]: DEBUG oslo_concurrency.lockutils [req-018ce183-5fbd-430b-bcc9-d2f00d830ef3 req-2f2c6a1e-e9cb-4ea3-8a7e-095a71e9af82 service nova] Lock "69eeaec6-2804-4e0f-88d7-53b16bbaaf1b" acquired by "nova.context.set_target_cell..get_or_set_cached_cell_and_set_connections" :: waited 0.001s {{(pid=69016) inner /opt/stack/data/venv/lib/python3.12/site-packages/oslo_concurrency/lockutils.py:525}}
Aug 25 12:44:50 devstack devstack@n-api.service[69016]: DEBUG oslo_concurrency.lockutils [req-018ce183-5fbd-430b-bcc9-d2f00d830ef3 req-2f2c6a1e-e9cb-4ea3-8a7e-095a71e9af82 service nova] Lock "69eeaec6-2804-4e0f-88d7-53b16bbaaf1b" "released" by "nova.context.set_target_cell..get_or_set_cached_cell_and_set_connections" :: held 0.001s {{(pid=69016) inner /opt/stack/data/venv/lib/python3.12/site-packages/oslo_concurrency/lockutils.py:544}}
Aug 25 12:44:50 devstack devstack@n-api.service[69017]: DEBUG nova.virt.hardware [None req-3e042df8-058f-4601-89f9-c02424f8d4ad tempest-VolumesActionsTest-517167167 tempest-VolumesActionsTest-517167167-project-member] Chose sockets=0, cores=0, threads=0; limits were sockets=65536, cores=65536, threads=65536 {{(pid=69017) get_cpu_topology_constraints /opt/stack/nova/nova/virt/hardware.py:570}}
Aug 25 12:44:50 devstack devstack@n-api.service[69016]: INFO nova.api.openstack.compute.server_external_events [req-018ce183-5fbd-430b-bcc9-d2f00d830ef3 req-2f2c6a1e-e9cb-4ea3-8a7e-095a71e9af82 service nova] Creating event network-vif-unplugged:480dd930-bbdf-489d-b86e-7e5ba4975c9f for instance 253adc5b-1758-4640-8a68-718323a207c7 on devstack
Aug 25 12:44:50 devstack devstack@n-api.service[69016]: DEBUG nova.compute.rpcapi [req-018ce183-5fbd-430b-bcc9-d2f00d830ef3 req-2f2c6a1e-e9cb-4ea3-8a7e-095a71e9af82 service nova] RPC: Sending the message to topic: compute-alt {{(pid=69016) prepare_for_alt_rpcserver /opt/stack/nova/nova/compute/rpcapi.py:595}}
Aug 25 12:44:50 devstack devstack@n-api.service[69016]: INFO nova.api.openstack.requestlog [req-018ce183-5fbd-430b-bcc9-d2f00d830ef3 req-2f2c6a1e-e9cb-4ea3-8a7e-095a71e9af82 service nova] 192.168.122.62 "POST /compute/v2.1/os-server-external-events" status: 200 len: 185 microversion: 2.1 time: 0.109551
Aug 25 12:44:50 devstack devstack@n-api.service[69016]: [pid: 69016|app: 0|req: 138/277] 192.168.122.62 () {64 vars in 1316 bytes} [Tue Aug 25 12:44:50 2026] POST /compute/v2.1/os-server-external-events => generated 185 bytes in 113 msecs (HTTP/1.1 200) 9 headers in 357 bytes (1 switches on core 0)
Aug 25 12:44:50 devstack devstack@n-api.service[69017]: DEBUG oslo_concurrency.lockutils [None req-3e042df8-058f-4601-89f9-c02424f8d4ad tempest-VolumesActionsTest-517167167 tempest-VolumesActionsTest-517167167-project-member] Acquiring lock "00000000-0000-0000-0000-000000000000" by "nova.context.set_target_cell..get_or_set_cached_cell_and_set_connections" {{(pid=69017) inner /opt/stack/data/venv/lib/python3.12/site-packages/oslo_concurrency/lockutils.py:512}}
Aug 25 12:44:50 devstack devstack@n-api.service[69016]: DEBUG nova.api.openstack.wsgi [None req-51b826dc-e54a-415f-b37f-8bb93c11814c tempest-ServerRescueNegativeTestJSON-1760277054 tempest-ServerRescueNegativeTestJSON-1760277054-project-member] Calling method '>' {{(pid=69016) _process_stack /opt/stack/nova/nova/api/openstack/wsgi.py:551}}
Aug 25 12:44:50 devstack devstack@n-api.service[69017]: DEBUG oslo_concurrency.lockutils [None req-3e042df8-058f-4601-89f9-c02424f8d4ad tempest-VolumesActionsTest-517167167 tempest-VolumesActionsTest-517167167-project-member] Lock "00000000-0000-0000-0000-000000000000" acquired by "nova.context.set_target_cell..get_or_set_cached_cell_and_set_connections" :: waited 0.001s {{(pid=69017) inner /opt/stack/data/venv/lib/python3.12/site-packages/oslo_concurrency/lockutils.py:525}}
Aug 25 12:44:50 devstack devstack@n-api.service[69017]: DEBUG oslo_concurrency.lockutils [None req-3e042df8-058f-4601-89f9-c02424f8d4ad tempest-VolumesActionsTest-517167167 tempest-VolumesActionsTest-517167167-project-member] Lock "00000000-0000-0000-0000-000000000000" "released" by "nova.context.set_target_cell..get_or_set_cached_cell_and_set_connections" :: held 0.007s {{(pid=69017) inner /opt/stack/data/venv/lib/python3.12/site-packages/oslo_concurrency/lockutils.py:544}}
Aug 25 12:44:50 devstack devstack@n-api.service[69017]: DEBUG oslo_concurrency.lockutils [None req-3e042df8-058f-4601-89f9-c02424f8d4ad tempest-VolumesActionsTest-517167167 tempest-VolumesActionsTest-517167167-project-member] Acquiring lock "69eeaec6-2804-4e0f-88d7-53b16bbaaf1b" by "nova.context.set_target_cell..get_or_set_cached_cell_and_set_connections" {{(pid=69017) inner /opt/stack/data/venv/lib/python3.12/site-packages/oslo_concurrency/lockutils.py:512}}
Aug 25 12:44:50 devstack devstack@n-api.service[69017]: DEBUG oslo_concurrency.lockutils [None req-3e042df8-058f-4601-89f9-c02424f8d4ad tempest-VolumesActionsTest-517167167 tempest-VolumesActionsTest-517167167-project-member] Lock "69eeaec6-2804-4e0f-88d7-53b16bbaaf1b" acquired by "nova.context.set_target_cell..get_or_set_cached_cell_and_set_connections" :: waited 0.006s {{(pid=69017) inner /opt/stack/data/venv/lib/python3.12/site-packages/oslo_concurrency/lockutils.py:525}}
Aug 25 12:44:50 devstack devstack@n-api.service[69017]: DEBUG oslo_concurrency.lockutils [None req-3e042df8-058f-4601-89f9-c02424f8d4ad tempest-VolumesActionsTest-517167167 tempest-VolumesActionsTest-517167167-project-member] Lock "69eeaec6-2804-4e0f-88d7-53b16bbaaf1b" "released" by "nova.context.set_target_cell..get_or_set_cached_cell_and_set_connections" :: held 0.001s {{(pid=69017) inner /opt/stack/data/venv/lib/python3.12/site-packages/oslo_concurrency/lockutils.py:544}}
Aug 25 12:44:50 devstack devstack@n-api.service[69016]: DEBUG nova.compute.api [None req-51b826dc-e54a-415f-b37f-8bb93c11814c tempest-ServerRescueNegativeTestJSON-1760277054 tempest-ServerRescueNegativeTestJSON-1760277054-project-member] [instance: 253adc5b-1758-4640-8a68-718323a207c7] Fetching instance by UUID {{(pid=69016) get /opt/stack/nova/nova/compute/api.py:3068}}
Aug 25 12:44:50 devstack devstack@n-api.service[69016]: DEBUG oslo_concurrency.lockutils [None req-51b826dc-e54a-415f-b37f-8bb93c11814c tempest-ServerRescueNegativeTestJSON-1760277054 tempest-ServerRescueNegativeTestJSON-1760277054-project-member] Acquiring lock "69eeaec6-2804-4e0f-88d7-53b16bbaaf1b" by "nova.context.set_target_cell..get_or_set_cached_cell_and_set_connections" {{(pid=69016) inner /opt/stack/data/venv/lib/python3.12/site-packages/oslo_concurrency/lockutils.py:512}}
Aug 25 12:44:50 devstack devstack@n-api.service[69016]: DEBUG oslo_concurrency.lockutils [None req-51b826dc-e54a-415f-b37f-8bb93c11814c tempest-ServerRescueNegativeTestJSON-1760277054 tempest-ServerRescueNegativeTestJSON-1760277054-project-member] Lock "69eeaec6-2804-4e0f-88d7-53b16bbaaf1b" acquired by "nova.context.set_target_cell..get_or_set_cached_cell_and_set_connections" :: waited 0.002s {{(pid=69016) inner /opt/stack/data/venv/lib/python3.12/site-packages/oslo_concurrency/lockutils.py:525}}
Aug 25 12:44:50 devstack devstack@n-api.service[69016]: DEBUG oslo_concurrency.lockutils [None req-51b826dc-e54a-415f-b37f-8bb93c11814c tempest-ServerRescueNegativeTestJSON-1760277054 tempest-ServerRescueNegativeTestJSON-1760277054-project-member] Lock "69eeaec6-2804-4e0f-88d7-53b16bbaaf1b" "released" by "nova.context.set_target_cell..get_or_set_cached_cell_and_set_connections" :: held 0.001s {{(pid=69016) inner /opt/stack/data/venv/lib/python3.12/site-packages/oslo_concurrency/lockutils.py:544}}
Aug 25 12:44:50 devstack devstack@n-api.service[69016]: DEBUG oslo_concurrency.lockutils [None req-51b826dc-e54a-415f-b37f-8bb93c11814c tempest-ServerRescueNegativeTestJSON-1760277054 tempest-ServerRescueNegativeTestJSON-1760277054-project-member] Acquiring lock "69eeaec6-2804-4e0f-88d7-53b16bbaaf1b" by "nova.context.set_target_cell..get_or_set_cached_cell_and_set_connections" {{(pid=69016) inner /opt/stack/data/venv/lib/python3.12/site-packages/oslo_concurrency/lockutils.py:512}}
Aug 25 12:44:50 devstack devstack@n-api.service[69016]: DEBUG oslo_concurrency.lockutils [None req-51b826dc-e54a-415f-b37f-8bb93c11814c tempest-ServerRescueNegativeTestJSON-1760277054 tempest-ServerRescueNegativeTestJSON-1760277054-project-member] Lock "69eeaec6-2804-4e0f-88d7-53b16bbaaf1b" acquired by "nova.context.set_target_cell..get_or_set_cached_cell_and_set_connections" :: waited 0.001s {{(pid=69016) inner /opt/stack/data/venv/lib/python3.12/site-packages/oslo_concurrency/lockutils.py:525}}
Aug 25 12:44:50 devstack devstack@n-api.service[69016]: DEBUG oslo_concurrency.lockutils [None req-51b826dc-e54a-415f-b37f-8bb93c11814c tempest-ServerRescueNegativeTestJSON-1760277054 tempest-ServerRescueNegativeTestJSON-1760277054-project-member] Lock "69eeaec6-2804-4e0f-88d7-53b16bbaaf1b" "released" by "nova.context.set_target_cell..get_or_set_cached_cell_and_set_connections" :: held 0.001s {{(pid=69016) inner /opt/stack/data/venv/lib/python3.12/site-packages/oslo_concurrency/lockutils.py:544}}
Aug 25 12:44:51 devstack devstack@n-api.service[69017]: DEBUG nova.quota [None req-3e042df8-058f-4601-89f9-c02424f8d4ad tempest-VolumesActionsTest-517167167 tempest-VolumesActionsTest-517167167-project-member] Getting quotas for project 8d0555e481ae45c5800dfd6e644f3d02. Resources: {'instances', 'cores', 'ram'} {{(pid=69017) _get_quotas /opt/stack/nova/nova/quota.py:389}}
Aug 25 12:44:51 devstack devstack@n-api.service[69016]: WARNING neutronclient.v2_0.client [None req-51b826dc-e54a-415f-b37f-8bb93c11814c tempest-ServerRescueNegativeTestJSON-1760277054 tempest-ServerRescueNegativeTestJSON-1760277054-project-member] The python binding code in neutronclient is deprecated in favor of OpenstackSDK, please use that as this will be removed in a future release.
Aug 25 12:44:51 devstack devstack@n-api.service[69017]: DEBUG nova.quota [None req-3e042df8-058f-4601-89f9-c02424f8d4ad tempest-VolumesActionsTest-517167167 tempest-VolumesActionsTest-517167167-project-member] Getting quotas for user 0eefe88b61b646c29d05f71d6fb5db95 and project 8d0555e481ae45c5800dfd6e644f3d02. Resources: {'instances', 'cores', 'ram'} {{(pid=69017) _get_quotas /opt/stack/nova/nova/quota.py:379}}
Aug 25 12:44:51 devstack devstack@n-api.service[69017]: DEBUG nova.compute.api [None req-3e042df8-058f-4601-89f9-c02424f8d4ad tempest-VolumesActionsTest-517167167 tempest-VolumesActionsTest-517167167-project-member] Going to run 1 instances... {{(pid=69017) _provision_instances /opt/stack/nova/nova/compute/api.py:1480}}
