Aug 25 12:42:44 devstack cinder-volume[94670]: DEBUG oslo_concurrency.processutils [None req-6c0ac6d6-e716-460e-be78-f2f3a5ff06c7 tempest-GroupsV314Test-1328437785 None] CMD "/opt/stack/data/venv/bin/python3.12 -m oslo_concurrency.prlimit --as=1073741824 --cpu=60 -- sudo cinder-rootwrap /etc/cinder/rootwrap.conf env LC_ALL=C qemu-img info -f qcow2 --output=json --force-share /opt/stack/data/cinder/mnt/77ce86305851c71fe570d27878197ff6/volume-d31db686-2727-4eeb-aa9e-1a6f727b3980.9f2eaecf-3a1b-4150-86a9-cba06b5f5f0c" returned: 0 in 0.579s {{(pid=94670) execute /opt/stack/data/venv/lib/python3.12/site-packages/oslo_concurrency/processutils.py:468}}
Aug 25 12:42:44 devstack cinder-volume[94670]: DEBUG cinder.volume.drivers.remotefs [None req-6c0ac6d6-e716-460e-be78-f2f3a5ff06c7 tempest-GroupsV314Test-1328437785 None] Fetching qemu-img info with special backing_file_template: (/opt/stack/data/cinder/mnt/[0-9a-f]+/)?(volume-d31db686-2727-4eeb-aa9e-1a6f727b3980(.(tmp-snap-)?[0-9a-f-]+)?|volume_from_snapshot_cache/(tmp-snap-)?[0-9a-f-]+(.(child-|parent-)[0-9a-f-]+)?)$ {{(pid=94670) _qemu_img_info_base /opt/stack/cinder/cinder/volume/drivers/remotefs.py:896}}
Aug 25 12:42:44 devstack cinder-volume[94670]: DEBUG oslo.privsep.daemon [-] privsep: reply[fbb3bcb3-b194-46bf-a0c4-ffe9b4d60b95]: (4, 'qcow2') {{(pid=95710) _call_back /opt/stack/data/venv/lib/python3.12/site-packages/oslo_privsep/daemon.py:580}}
Aug 25 12:42:44 devstack cinder-volume[94670]: DEBUG oslo_concurrency.processutils [None req-6c0ac6d6-e716-460e-be78-f2f3a5ff06c7 tempest-GroupsV314Test-1328437785 None] Running cmd (subprocess): /opt/stack/data/venv/bin/python3.12 -m oslo_concurrency.prlimit --as=1073741824 --cpu=60 -- sudo cinder-rootwrap /etc/cinder/rootwrap.conf env LC_ALL=C qemu-img info -f qcow2 --output=json --force-share /opt/stack/data/cinder/mnt/77ce86305851c71fe570d27878197ff6/volume-d31db686-2727-4eeb-aa9e-1a6f727b3980 {{(pid=94670) execute /opt/stack/data/venv/lib/python3.12/site-packages/oslo_concurrency/processutils.py:440}}
Aug 25 12:42:44 devstack sudo[96124]: quobyte : PWD=/ ; USER=root ; COMMAND=/opt/stack/data/venv/bin/cinder-rootwrap /etc/cinder/rootwrap.conf env LC_ALL=C qemu-img info -f qcow2 --output=json --force-share /opt/stack/data/cinder/mnt/77ce86305851c71fe570d27878197ff6/volume-d31db686-2727-4eeb-aa9e-1a6f727b3980
Aug 25 12:42:44 devstack sudo[96124]: pam_unix(sudo:session): session opened for user root(uid=0) by (uid=1000)
Aug 25 12:42:44 devstack sudo[96124]: pam_unix(sudo:session): session closed for user root
Aug 25 12:42:44 devstack cinder-volume[94670]: DEBUG oslo_concurrency.processutils [None req-6c0ac6d6-e716-460e-be78-f2f3a5ff06c7 tempest-GroupsV314Test-1328437785 None] CMD "/opt/stack/data/venv/bin/python3.12 -m oslo_concurrency.prlimit --as=1073741824 --cpu=60 -- sudo cinder-rootwrap /etc/cinder/rootwrap.conf env LC_ALL=C qemu-img info -f qcow2 --output=json --force-share /opt/stack/data/cinder/mnt/77ce86305851c71fe570d27878197ff6/volume-d31db686-2727-4eeb-aa9e-1a6f727b3980" returned: 0 in 0.424s {{(pid=94670) execute /opt/stack/data/venv/lib/python3.12/site-packages/oslo_concurrency/processutils.py:468}}
Aug 25 12:42:44 devstack cinder-volume[94670]: DEBUG cinder.volume.drivers.quobyte [None req-6c0ac6d6-e716-460e-be78-f2f3a5ff06c7 tempest-GroupsV314Test-1328437785 None] will copy from snapshot at /opt/stack/data/cinder/mnt/77ce86305851c71fe570d27878197ff6/volume-d31db686-2727-4eeb-aa9e-1a6f727b3980 {{(pid=94670) _copy_volume_from_snapshot /opt/stack/cinder/cinder/volume/drivers/quobyte.py:423}}
Aug 25 12:42:44 devstack cinder-volume[94670]: DEBUG cinder.volume.drivers.quobyte [None req-6c0ac6d6-e716-460e-be78-f2f3a5ff06c7 tempest-GroupsV314Test-1328437785 None] Creating direct copy from snapshot {{(pid=94670) _copy_volume_from_snapshot /opt/stack/cinder/cinder/volume/drivers/quobyte.py:431}}
Aug 25 12:42:44 devstack cinder-volume[94670]: DEBUG cinder.utils [None req-6c0ac6d6-e716-460e-be78-f2f3a5ff06c7 tempest-GroupsV314Test-1328437785 None] Path /opt/stack/data/cinder/mnt/77ce86305851c71fe570d27878197ff6/volume-a9cd291f-42b0-4201-b3a0-9fe3c2560ee0 not found in is_blk_device check {{(pid=94670) is_blk_device /opt/stack/cinder/cinder/utils.py:622}}
Aug 25 12:42:44 devstack cinder-volume[94670]: DEBUG oslo_concurrency.processutils [None req-6c0ac6d6-e716-460e-be78-f2f3a5ff06c7 tempest-GroupsV314Test-1328437785 None] Running cmd (subprocess): sudo cinder-rootwrap /etc/cinder/rootwrap.conf qemu-img convert -O qcow2 /opt/stack/data/cinder/mnt/77ce86305851c71fe570d27878197ff6/volume-d31db686-2727-4eeb-aa9e-1a6f727b3980 /opt/stack/data/cinder/mnt/77ce86305851c71fe570d27878197ff6/volume-a9cd291f-42b0-4201-b3a0-9fe3c2560ee0 {{(pid=94670) execute /opt/stack/data/venv/lib/python3.12/site-packages/oslo_concurrency/processutils.py:440}}
Aug 25 12:42:44 devstack sudo[96131]: quobyte : PWD=/ ; USER=root ; COMMAND=/opt/stack/data/venv/bin/cinder-rootwrap /etc/cinder/rootwrap.conf qemu-img convert -O qcow2 /opt/stack/data/cinder/mnt/77ce86305851c71fe570d27878197ff6/volume-d31db686-2727-4eeb-aa9e-1a6f727b3980 /opt/stack/data/cinder/mnt/77ce86305851c71fe570d27878197ff6/volume-a9cd291f-42b0-4201-b3a0-9fe3c2560ee0
Aug 25 12:42:44 devstack sudo[96131]: pam_unix(sudo:session): session opened for user root(uid=0) by (uid=1000)
Aug 25 12:42:45 devstack cinder-volume[94670]: DEBUG oslo_service.periodic_task [None req-4cb57839-56cd-48ab-a1e3-4702ee74e692 None None] Running periodic task VolumeManager.publish_service_capabilities {{(pid=94670) run_periodic_tasks /opt/stack/data/venv/lib/python3.12/site-packages/oslo_service/periodic_task.py:254}}
Aug 25 12:42:45 devstack cinder-volume[94670]: DEBUG oslo_concurrency.lockutils [None req-4cb57839-56cd-48ab-a1e3-4702ee74e692 None None] Acquiring lock "quobyte_ensure" by "cinder.volume.drivers.quobyte.QuobyteDriver._ensure_shares_mounted" {{(pid=94670) inner /opt/stack/data/venv/lib/python3.12/site-packages/oslo_concurrency/lockutils.py:512}}
Aug 25 12:42:45 devstack cinder-volume[94670]: DEBUG oslo_concurrency.lockutils [None req-4cb57839-56cd-48ab-a1e3-4702ee74e692 None None] Lock "quobyte_ensure" acquired by "cinder.volume.drivers.quobyte.QuobyteDriver._ensure_shares_mounted" :: waited 0.001s {{(pid=94670) inner /opt/stack/data/venv/lib/python3.12/site-packages/oslo_concurrency/lockutils.py:525}}
Aug 25 12:42:45 devstack cinder-volume[94670]: DEBUG cinder.volume.drivers.quobyte [None req-4cb57839-56cd-48ab-a1e3-4702ee74e692 None None] Quobyte Volume URL set to: {'osci02.corp.quobyte.com/cinder-vol-a763d39a-46ca-4362-9ab5-0ef2b1477fad': None} {{(pid=94670) _load_shares_config /opt/stack/cinder/cinder/volume/drivers/quobyte.py:662}}
Aug 25 12:42:45 devstack cinder-volume[94670]: DEBUG cinder.volume.drivers.quobyte [None req-4cb57839-56cd-48ab-a1e3-4702ee74e692 None None] Available shares ['osci02.corp.quobyte.com/cinder-vol-a763d39a-46ca-4362-9ab5-0ef2b1477fad'] {{(pid=94670) _ensure_shares_mounted /opt/stack/cinder/cinder/volume/drivers/quobyte.py:692}}
Aug 25 12:42:45 devstack cinder-volume[94670]: DEBUG oslo_concurrency.lockutils [None req-4cb57839-56cd-48ab-a1e3-4702ee74e692 None None] Lock "quobyte_ensure" "released" by "cinder.volume.drivers.quobyte.QuobyteDriver._ensure_shares_mounted" :: held 0.010s {{(pid=94670) inner /opt/stack/data/venv/lib/python3.12/site-packages/oslo_concurrency/lockutils.py:544}}
Aug 25 12:42:45 devstack cinder-volume[94670]: DEBUG oslo_concurrency.processutils [None req-4cb57839-56cd-48ab-a1e3-4702ee74e692 None None] Running cmd (subprocess): sudo cinder-rootwrap /etc/cinder/rootwrap.conf df --portability --block-size 1 /opt/stack/data/cinder/mnt/77ce86305851c71fe570d27878197ff6 {{(pid=94670) execute /opt/stack/data/venv/lib/python3.12/site-packages/oslo_concurrency/processutils.py:440}}
Aug 25 12:42:45 devstack sudo[96136]: quobyte : PWD=/ ; USER=root ; COMMAND=/opt/stack/data/venv/bin/cinder-rootwrap /etc/cinder/rootwrap.conf df --portability --block-size 1 /opt/stack/data/cinder/mnt/77ce86305851c71fe570d27878197ff6
Aug 25 12:42:45 devstack sudo[96136]: pam_unix(sudo:session): session opened for user root(uid=0) by (uid=1000)
Aug 25 12:42:45 devstack sudo[96136]: pam_unix(sudo:session): session closed for user root
Aug 25 12:42:45 devstack cinder-volume[94670]: DEBUG oslo_concurrency.processutils [None req-4cb57839-56cd-48ab-a1e3-4702ee74e692 None None] CMD "sudo cinder-rootwrap /etc/cinder/rootwrap.conf df --portability --block-size 1 /opt/stack/data/cinder/mnt/77ce86305851c71fe570d27878197ff6" returned: 0 in 0.584s {{(pid=94670) execute /opt/stack/data/venv/lib/python3.12/site-packages/oslo_concurrency/processutils.py:468}}
Aug 25 12:42:45 devstack cinder-volume[94670]: DEBUG cinder.manager [None req-4cb57839-56cd-48ab-a1e3-4702ee74e692 None None] Notifying Schedulers of capabilities ... {{(pid=94670) _publish_service_capabilities /opt/stack/cinder/cinder/manager.py:219}}
Aug 25 12:42:50 devstack sudo[96131]: pam_unix(sudo:session): session closed for user root
Aug 25 12:42:50 devstack cinder-volume[94670]: DEBUG oslo_concurrency.processutils [None req-6c0ac6d6-e716-460e-be78-f2f3a5ff06c7 tempest-GroupsV314Test-1328437785 None] CMD "sudo cinder-rootwrap /etc/cinder/rootwrap.conf qemu-img convert -O qcow2 /opt/stack/data/cinder/mnt/77ce86305851c71fe570d27878197ff6/volume-d31db686-2727-4eeb-aa9e-1a6f727b3980 /opt/stack/data/cinder/mnt/77ce86305851c71fe570d27878197ff6/volume-a9cd291f-42b0-4201-b3a0-9fe3c2560ee0" returned: 0 in 6.118s {{(pid=94670) execute /opt/stack/data/venv/lib/python3.12/site-packages/oslo_concurrency/processutils.py:468}}
Aug 25 12:42:50 devstack cinder-volume[94670]: DEBUG cinder.image.image_utils [None req-6c0ac6d6-e716-460e-be78-f2f3a5ff06c7 tempest-GroupsV314Test-1328437785 None] Image conversion details: src /opt/stack/data/cinder/mnt/77ce86305851c71fe570d27878197ff6/volume-d31db686-2727-4eeb-aa9e-1a6f727b3980, size 1024.00 MB, duration 6.12 sec, destination /opt/stack/data/cinder/mnt/77ce86305851c71fe570d27878197ff6/volume-a9cd291f-42b0-4201-b3a0-9fe3c2560ee0 {{(pid=94670) _convert_image /opt/stack/cinder/cinder/image/image_utils.py:536}}
Aug 25 12:42:50 devstack cinder-volume[94670]: INFO cinder.image.image_utils [None req-6c0ac6d6-e716-460e-be78-f2f3a5ff06c7 tempest-GroupsV314Test-1328437785 None] Converted 1024.00 MB image at 167.35 MB/s
Aug 25 12:42:50 devstack cinder-volume[94670]: WARNING cinder.volume.drivers.remotefs [None req-6c0ac6d6-e716-460e-be78-f2f3a5ff06c7 tempest-GroupsV314Test-1328437785 None] /opt/stack/data/cinder/mnt/77ce86305851c71fe570d27878197ff6/volume-a9cd291f-42b0-4201-b3a0-9fe3c2560ee0 is being set with open permissions: ugo+rw: NotImplementedError
Aug 25 12:42:50 devstack cinder-volume[94670]: DEBUG oslo_concurrency.processutils [None req-6c0ac6d6-e716-460e-be78-f2f3a5ff06c7 tempest-GroupsV314Test-1328437785 None] Running cmd (subprocess): sudo cinder-rootwrap /etc/cinder/rootwrap.conf chmod ugo+rw /opt/stack/data/cinder/mnt/77ce86305851c71fe570d27878197ff6/volume-a9cd291f-42b0-4201-b3a0-9fe3c2560ee0 {{(pid=94670) execute /opt/stack/data/venv/lib/python3.12/site-packages/oslo_concurrency/processutils.py:440}}
Aug 25 12:42:50 devstack sudo[96203]: quobyte : PWD=/ ; USER=root ; COMMAND=/opt/stack/data/venv/bin/cinder-rootwrap /etc/cinder/rootwrap.conf chmod ugo+rw /opt/stack/data/cinder/mnt/77ce86305851c71fe570d27878197ff6/volume-a9cd291f-42b0-4201-b3a0-9fe3c2560ee0
Aug 25 12:42:50 devstack sudo[96203]: pam_unix(sudo:session): session opened for user root(uid=0) by (uid=1000)
Aug 25 12:42:51 devstack sudo[96203]: pam_unix(sudo:session): session closed for user root
Aug 25 12:42:51 devstack cinder-volume[94670]: DEBUG oslo_concurrency.processutils [None req-6c0ac6d6-e716-460e-be78-f2f3a5ff06c7 tempest-GroupsV314Test-1328437785 None] CMD "sudo cinder-rootwrap /etc/cinder/rootwrap.conf chmod ugo+rw /opt/stack/data/cinder/mnt/77ce86305851c71fe570d27878197ff6/volume-a9cd291f-42b0-4201-b3a0-9fe3c2560ee0" returned: 0 in 0.266s {{(pid=94670) execute /opt/stack/data/venv/lib/python3.12/site-packages/oslo_concurrency/processutils.py:468}}
Aug 25 12:42:51 devstack cinder-volume[94670]: DEBUG cinder.coordination [None req-6c0ac6d6-e716-460e-be78-f2f3a5ff06c7 tempest-GroupsV314Test-1328437785 None] Lock "cinder-quobyte-a9cd291f-42b0-4201-b3a0-9fe3c2560ee0" released by "_copy_volume_from_snapshot" :: held 7.477s {{(pid=94670) __release /opt/stack/cinder/cinder/coordination.py:152}}
Aug 25 12:42:51 devstack cinder-volume[94670]: DEBUG cinder.coordination [None req-6c0ac6d6-e716-460e-be78-f2f3a5ff06c7 tempest-GroupsV314Test-1328437785 None] Acquiring lock "cinder-quobyte-9f2eaecf-3a1b-4150-86a9-cba06b5f5f0c" by "_delete_snapshot" {{(pid=94670) __acquire /opt/stack/cinder/cinder/coordination.py:138}}
Aug 25 12:42:51 devstack cinder-volume[94670]: DEBUG cinder.coordination [None req-6c0ac6d6-e716-460e-be78-f2f3a5ff06c7 tempest-GroupsV314Test-1328437785 None] Lock "cinder-quobyte-9f2eaecf-3a1b-4150-86a9-cba06b5f5f0c" acquired by "_delete_snapshot" :: waited 0.023s {{(pid=94670) __acquire /opt/stack/cinder/cinder/coordination.py:141}}
Aug 25 12:42:51 devstack cinder-volume[94670]: DEBUG cinder.volume.drivers.remotefs [None req-6c0ac6d6-e716-460e-be78-f2f3a5ff06c7 tempest-GroupsV314Test-1328437785 None] Deleting offline snapshot 9f2eaecf-3a1b-4150-86a9-cba06b5f5f0c of volume d31db686-2727-4eeb-aa9e-1a6f727b3980 {{(pid=94670) _delete_snapshot /opt/stack/cinder/cinder/volume/drivers/remotefs.py:1288}}
Aug 25 12:42:51 devstack cinder-volume[94670]: DEBUG cinder.volume.drivers.remotefs [None req-6c0ac6d6-e716-460e-be78-f2f3a5ff06c7 tempest-GroupsV314Test-1328437785 None] snapshot_file for this snap is: volume-d31db686-2727-4eeb-aa9e-1a6f727b3980.9f2eaecf-3a1b-4150-86a9-cba06b5f5f0c {{(pid=94670) _delete_snapshot /opt/stack/cinder/cinder/volume/drivers/remotefs.py:1317}}
Aug 25 12:42:51 devstack cinder-volume[94670]: DEBUG oslo.privsep.daemon [-] privsep: reply[d826e614-9069-4dde-b892-4cc8c26469cd]: (4, 'qcow2') {{(pid=95710) _call_back /opt/stack/data/venv/lib/python3.12/site-packages/oslo_privsep/daemon.py:580}}
Aug 25 12:42:51 devstack cinder-volume[94670]: DEBUG oslo_concurrency.processutils [None req-6c0ac6d6-e716-460e-be78-f2f3a5ff06c7 tempest-GroupsV314Test-1328437785 None] Running cmd (subprocess): /opt/stack/data/venv/bin/python3.12 -m oslo_concurrency.prlimit --as=1073741824 --cpu=60 -- sudo cinder-rootwrap /etc/cinder/rootwrap.conf env LC_ALL=C qemu-img info -f qcow2 --output=json --force-share /opt/stack/data/cinder/mnt/77ce86305851c71fe570d27878197ff6/volume-d31db686-2727-4eeb-aa9e-1a6f727b3980.9f2eaecf-3a1b-4150-86a9-cba06b5f5f0c {{(pid=94670) execute /opt/stack/data/venv/lib/python3.12/site-packages/oslo_concurrency/processutils.py:440}}
Aug 25 12:42:51 devstack sudo[96206]: quobyte : PWD=/ ; USER=root ; COMMAND=/opt/stack/data/venv/bin/cinder-rootwrap /etc/cinder/rootwrap.conf env LC_ALL=C qemu-img info -f qcow2 --output=json --force-share /opt/stack/data/cinder/mnt/77ce86305851c71fe570d27878197ff6/volume-d31db686-2727-4eeb-aa9e-1a6f727b3980.9f2eaecf-3a1b-4150-86a9-cba06b5f5f0c
Aug 25 12:42:51 devstack sudo[96206]: pam_unix(sudo:session): session opened for user root(uid=0) by (uid=1000)
Aug 25 12:42:51 devstack sudo[96206]: pam_unix(sudo:session): session closed for user root
Aug 25 12:42:51 devstack cinder-volume[94670]: DEBUG oslo_concurrency.processutils [None req-6c0ac6d6-e716-460e-be78-f2f3a5ff06c7 tempest-GroupsV314Test-1328437785 None] CMD "/opt/stack/data/venv/bin/python3.12 -m oslo_concurrency.prlimit --as=1073741824 --cpu=60 -- sudo cinder-rootwrap /etc/cinder/rootwrap.conf env LC_ALL=C qemu-img info -f qcow2 --output=json --force-share /opt/stack/data/cinder/mnt/77ce86305851c71fe570d27878197ff6/volume-d31db686-2727-4eeb-aa9e-1a6f727b3980.9f2eaecf-3a1b-4150-86a9-cba06b5f5f0c" returned: 0 in 0.401s {{(pid=94670) execute /opt/stack/data/venv/lib/python3.12/site-packages/oslo_concurrency/processutils.py:468}}
Aug 25 12:42:51 devstack cinder-volume[94670]: DEBUG cinder.volume.drivers.remotefs [None req-6c0ac6d6-e716-460e-be78-f2f3a5ff06c7 tempest-GroupsV314Test-1328437785 None] Fetching qemu-img info with special backing_file_template: (/opt/stack/data/cinder/mnt/[0-9a-f]+/)?(volume-d31db686-2727-4eeb-aa9e-1a6f727b3980(.(tmp-snap-)?[0-9a-f-]+)?|volume_from_snapshot_cache/(tmp-snap-)?[0-9a-f-]+(.(child-|parent-)[0-9a-f-]+)?)$ {{(pid=94670) _qemu_img_info_base /opt/stack/cinder/cinder/volume/drivers/remotefs.py:896}}
Aug 25 12:42:51 devstack cinder-volume[94670]: DEBUG oslo.privsep.daemon [-] privsep: reply[a9fa2e1c-cec4-4e9b-baff-1d5a09e34e5e]: (4, 'qcow2') {{(pid=95710) _call_back /opt/stack/data/venv/lib/python3.12/site-packages/oslo_privsep/daemon.py:580}}
Aug 25 12:42:51 devstack cinder-volume[94670]: DEBUG oslo_concurrency.processutils [None req-6c0ac6d6-e716-460e-be78-f2f3a5ff06c7 tempest-GroupsV314Test-1328437785 None] Running cmd (subprocess): /opt/stack/data/venv/bin/python3.12 -m oslo_concurrency.prlimit --as=1073741824 --cpu=60 -- sudo cinder-rootwrap /etc/cinder/rootwrap.conf env LC_ALL=C qemu-img info -f qcow2 --output=json --force-share /opt/stack/data/cinder/mnt/77ce86305851c71fe570d27878197ff6/volume-d31db686-2727-4eeb-aa9e-1a6f727b3980 {{(pid=94670) execute /opt/stack/data/venv/lib/python3.12/site-packages/oslo_concurrency/processutils.py:440}}
Aug 25 12:42:51 devstack sudo[96212]: quobyte : PWD=/ ; USER=root ; COMMAND=/opt/stack/data/venv/bin/cinder-rootwrap /etc/cinder/rootwrap.conf env LC_ALL=C qemu-img info -f qcow2 --output=json --force-share /opt/stack/data/cinder/mnt/77ce86305851c71fe570d27878197ff6/volume-d31db686-2727-4eeb-aa9e-1a6f727b3980
Aug 25 12:42:51 devstack sudo[96212]: pam_unix(sudo:session): session opened for user root(uid=0) by (uid=1000)
Aug 25 12:42:52 devstack sudo[96212]: pam_unix(sudo:session): session closed for user root
Aug 25 12:42:52 devstack cinder-volume[94670]: DEBUG oslo_concurrency.processutils [None req-6c0ac6d6-e716-460e-be78-f2f3a5ff06c7 tempest-GroupsV314Test-1328437785 None] CMD "/opt/stack/data/venv/bin/python3.12 -m oslo_concurrency.prlimit --as=1073741824 --cpu=60 -- sudo cinder-rootwrap /etc/cinder/rootwrap.conf env LC_ALL=C qemu-img info -f qcow2 --output=json --force-share /opt/stack/data/cinder/mnt/77ce86305851c71fe570d27878197ff6/volume-d31db686-2727-4eeb-aa9e-1a6f727b3980" returned: 0 in 0.611s {{(pid=94670) execute /opt/stack/data/venv/lib/python3.12/site-packages/oslo_concurrency/processutils.py:468}}
Aug 25 12:42:52 devstack cinder-volume[94670]: DEBUG oslo_concurrency.processutils [None req-6c0ac6d6-e716-460e-be78-f2f3a5ff06c7 tempest-GroupsV314Test-1328437785 None] Running cmd (subprocess): sudo cinder-rootwrap /etc/cinder/rootwrap.conf qemu-img commit -d /opt/stack/data/cinder/mnt/77ce86305851c71fe570d27878197ff6/volume-d31db686-2727-4eeb-aa9e-1a6f727b3980.9f2eaecf-3a1b-4150-86a9-cba06b5f5f0c {{(pid=94670) execute /opt/stack/data/venv/lib/python3.12/site-packages/oslo_concurrency/processutils.py:440}}
Aug 25 12:42:52 devstack sudo[96217]: quobyte : PWD=/ ; USER=root ; COMMAND=/opt/stack/data/venv/bin/cinder-rootwrap /etc/cinder/rootwrap.conf qemu-img commit -d /opt/stack/data/cinder/mnt/77ce86305851c71fe570d27878197ff6/volume-d31db686-2727-4eeb-aa9e-1a6f727b3980.9f2eaecf-3a1b-4150-86a9-cba06b5f5f0c
Aug 25 12:42:52 devstack sudo[96217]: pam_unix(sudo:session): session opened for user root(uid=0) by (uid=1000)
Aug 25 12:42:52 devstack sudo[96217]: pam_unix(sudo:session): session closed for user root
Aug 25 12:42:52 devstack cinder-volume[94670]: DEBUG oslo_concurrency.processutils [None req-6c0ac6d6-e716-460e-be78-f2f3a5ff06c7 tempest-GroupsV314Test-1328437785 None] CMD "sudo cinder-rootwrap /etc/cinder/rootwrap.conf qemu-img commit -d /opt/stack/data/cinder/mnt/77ce86305851c71fe570d27878197ff6/volume-d31db686-2727-4eeb-aa9e-1a6f727b3980.9f2eaecf-3a1b-4150-86a9-cba06b5f5f0c" returned: 0 in 0.471s {{(pid=94670) execute /opt/stack/data/venv/lib/python3.12/site-packages/oslo_concurrency/processutils.py:468}}
Aug 25 12:42:52 devstack cinder-volume[94670]: DEBUG oslo_concurrency.processutils [None req-6c0ac6d6-e716-460e-be78-f2f3a5ff06c7 tempest-GroupsV314Test-1328437785 None] Running cmd (subprocess): sudo cinder-rootwrap /etc/cinder/rootwrap.conf rm -f /opt/stack/data/cinder/mnt/77ce86305851c71fe570d27878197ff6/volume-d31db686-2727-4eeb-aa9e-1a6f727b3980.9f2eaecf-3a1b-4150-86a9-cba06b5f5f0c {{(pid=94670) execute /opt/stack/data/venv/lib/python3.12/site-packages/oslo_concurrency/processutils.py:440}}
Aug 25 12:42:52 devstack sudo[96227]: quobyte : PWD=/ ; USER=root ; COMMAND=/opt/stack/data/venv/bin/cinder-rootwrap /etc/cinder/rootwrap.conf rm -f /opt/stack/data/cinder/mnt/77ce86305851c71fe570d27878197ff6/volume-d31db686-2727-4eeb-aa9e-1a6f727b3980.9f2eaecf-3a1b-4150-86a9-cba06b5f5f0c
Aug 25 12:42:52 devstack sudo[96227]: pam_unix(sudo:session): session opened for user root(uid=0) by (uid=1000)
Aug 25 12:42:52 devstack cinder-volume[94670]: DEBUG dbcounter [-] [94670] Writing DB stats cinder:SELECT=31,cinder:INSERT=12,cinder:UPDATE=33,cinder:DELETE=4 {{(pid=94670) stat_writer /opt/stack/data/venv/lib/python3.12/site-packages/dbcounter.py:115}}
Aug 25 12:42:53 devstack sudo[96227]: pam_unix(sudo:session): session closed for user root
Aug 25 12:42:53 devstack cinder-volume[94670]: DEBUG oslo_concurrency.processutils [None req-6c0ac6d6-e716-460e-be78-f2f3a5ff06c7 tempest-GroupsV314Test-1328437785 None] CMD "sudo cinder-rootwrap /etc/cinder/rootwrap.conf rm -f /opt/stack/data/cinder/mnt/77ce86305851c71fe570d27878197ff6/volume-d31db686-2727-4eeb-aa9e-1a6f727b3980.9f2eaecf-3a1b-4150-86a9-cba06b5f5f0c" returned: 0 in 0.277s {{(pid=94670) execute /opt/stack/data/venv/lib/python3.12/site-packages/oslo_concurrency/processutils.py:468}}
Aug 25 12:42:53 devstack cinder-volume[94670]: DEBUG cinder.coordination [None req-6c0ac6d6-e716-460e-be78-f2f3a5ff06c7 tempest-GroupsV314Test-1328437785 None] Lock "cinder-quobyte-9f2eaecf-3a1b-4150-86a9-cba06b5f5f0c" released by "_delete_snapshot" :: held 1.890s {{(pid=94670) __release /opt/stack/cinder/cinder/coordination.py:152}}
Aug 25 12:42:53 devstack cinder-volume[94670]: DEBUG oslo_concurrency.lockutils [None req-6c0ac6d6-e716-460e-be78-f2f3a5ff06c7 tempest-GroupsV314Test-1328437785 None] Lock "quobyte" "released" by "cinder.volume.drivers.quobyte.QuobyteDriver.create_cloned_volume" :: held 12.058s {{(pid=94670) inner /opt/stack/data/venv/lib/python3.12/site-packages/oslo_concurrency/lockutils.py:544}}
Aug 25 12:42:53 devstack cinder-volume[94670]: INFO cinder.volume.manager [None req-6c0ac6d6-e716-460e-be78-f2f3a5ff06c7 tempest-GroupsV314Test-1328437785 None] Create group from source-group-e777d153-8284-4d73-b596-ef54e7003fa0 completed successfully.
Aug 25 12:42:55 devstack cinder-volume[94670]: DEBUG cinder.coordination [None req-513b5eaa-e268-4a7c-bbd9-87a77f19a940 tempest-GroupsV314Test-1328437785 None] Acquiring lock "cinder-quobyte-a9cd291f-42b0-4201-b3a0-9fe3c2560ee0" by "delete_volume" {{(pid=94670) __acquire /opt/stack/cinder/cinder/coordination.py:138}}
Aug 25 12:42:55 devstack cinder-volume[94670]: DEBUG cinder.coordination [None req-513b5eaa-e268-4a7c-bbd9-87a77f19a940 tempest-GroupsV314Test-1328437785 None] Lock "cinder-quobyte-a9cd291f-42b0-4201-b3a0-9fe3c2560ee0" acquired by "delete_volume" :: waited 0.029s {{(pid=94670) __acquire /opt/stack/cinder/cinder/coordination.py:141}}
Aug 25 12:42:55 devstack cinder-volume[94670]: DEBUG oslo.privsep.daemon [-] privsep: reply[f872a3da-6e26-49d0-b58c-c68be2dcd588]: (4, 'qcow2') {{(pid=95710) _call_back /opt/stack/data/venv/lib/python3.12/site-packages/oslo_privsep/daemon.py:580}}
Aug 25 12:42:55 devstack cinder-volume[94670]: DEBUG oslo_concurrency.processutils [None req-513b5eaa-e268-4a7c-bbd9-87a77f19a940 tempest-GroupsV314Test-1328437785 None] Running cmd (subprocess): /opt/stack/data/venv/bin/python3.12 -m oslo_concurrency.prlimit --as=1073741824 --cpu=60 -- sudo cinder-rootwrap /etc/cinder/rootwrap.conf env LC_ALL=C qemu-img info -f qcow2 --output=json --force-share /opt/stack/data/cinder/mnt/77ce86305851c71fe570d27878197ff6/volume-a9cd291f-42b0-4201-b3a0-9fe3c2560ee0 {{(pid=94670) execute /opt/stack/data/venv/lib/python3.12/site-packages/oslo_concurrency/processutils.py:440}}
Aug 25 12:42:55 devstack sudo[96286]: quobyte : PWD=/ ; USER=root ; COMMAND=/opt/stack/data/venv/bin/cinder-rootwrap /etc/cinder/rootwrap.conf env LC_ALL=C qemu-img info -f qcow2 --output=json --force-share /opt/stack/data/cinder/mnt/77ce86305851c71fe570d27878197ff6/volume-a9cd291f-42b0-4201-b3a0-9fe3c2560ee0
Aug 25 12:42:55 devstack sudo[96286]: pam_unix(sudo:session): session opened for user root(uid=0) by (uid=1000)
Aug 25 12:42:56 devstack sudo[96286]: pam_unix(sudo:session): session closed for user root
Aug 25 12:42:56 devstack cinder-volume[94670]: DEBUG oslo_concurrency.processutils [None req-513b5eaa-e268-4a7c-bbd9-87a77f19a940 tempest-GroupsV314Test-1328437785 None] CMD "/opt/stack/data/venv/bin/python3.12 -m oslo_concurrency.prlimit --as=1073741824 --cpu=60 -- sudo cinder-rootwrap /etc/cinder/rootwrap.conf env LC_ALL=C qemu-img info -f qcow2 --output=json --force-share /opt/stack/data/cinder/mnt/77ce86305851c71fe570d27878197ff6/volume-a9cd291f-42b0-4201-b3a0-9fe3c2560ee0" returned: 0 in 0.491s {{(pid=94670) execute /opt/stack/data/venv/lib/python3.12/site-packages/oslo_concurrency/processutils.py:468}}
Aug 25 12:42:56 devstack cinder-volume[94670]: DEBUG oslo_concurrency.processutils [None req-513b5eaa-e268-4a7c-bbd9-87a77f19a940 tempest-GroupsV314Test-1328437785 None] Running cmd (subprocess): sudo cinder-rootwrap /etc/cinder/rootwrap.conf rm -f /opt/stack/data/cinder/mnt/77ce86305851c71fe570d27878197ff6/volume-a9cd291f-42b0-4201-b3a0-9fe3c2560ee0 {{(pid=94670) execute /opt/stack/data/venv/lib/python3.12/site-packages/oslo_concurrency/processutils.py:440}}
Aug 25 12:42:56 devstack sudo[96298]: quobyte : PWD=/ ; USER=root ; COMMAND=/opt/stack/data/venv/bin/cinder-rootwrap /etc/cinder/rootwrap.conf rm -f /opt/stack/data/cinder/mnt/77ce86305851c71fe570d27878197ff6/volume-a9cd291f-42b0-4201-b3a0-9fe3c2560ee0
Aug 25 12:42:56 devstack sudo[96298]: pam_unix(sudo:session): session opened for user root(uid=0) by (uid=1000)
Aug 25 12:42:56 devstack sudo[96298]: pam_unix(sudo:session): session closed for user root
Aug 25 12:42:56 devstack cinder-volume[94670]: DEBUG oslo_concurrency.processutils [None req-513b5eaa-e268-4a7c-bbd9-87a77f19a940 tempest-GroupsV314Test-1328437785 None] CMD "sudo cinder-rootwrap /etc/cinder/rootwrap.conf rm -f /opt/stack/data/cinder/mnt/77ce86305851c71fe570d27878197ff6/volume-a9cd291f-42b0-4201-b3a0-9fe3c2560ee0" returned: 0 in 0.429s {{(pid=94670) execute /opt/stack/data/venv/lib/python3.12/site-packages/oslo_concurrency/processutils.py:468}}
Aug 25 12:42:56 devstack cinder-volume[94670]: DEBUG cinder.coordination [None req-513b5eaa-e268-4a7c-bbd9-87a77f19a940 tempest-GroupsV314Test-1328437785 None] Lock "cinder-quobyte-a9cd291f-42b0-4201-b3a0-9fe3c2560ee0" released by "delete_volume" :: held 1.022s {{(pid=94670) __release /opt/stack/cinder/cinder/coordination.py:152}}
Aug 25 12:42:56 devstack cinder-volume[94670]: DEBUG cinder.quota [None req-513b5eaa-e268-4a7c-bbd9-87a77f19a940 tempest-GroupsV314Test-1328437785 None] Created reservations ['01ce7af7-0e1e-45e7-a92d-6966232e7bb3'] {{(pid=94670) reserve /opt/stack/cinder/cinder/quota.py:752}}
Aug 25 12:42:56 devstack cinder-volume[94670]: WARNING cinder.quota [None req-513b5eaa-e268-4a7c-bbd9-87a77f19a940 tempest-GroupsV314Test-1328437785 None] Deprecated: Default quota for resource: volumes_tempest-GroupsV314Test-volume-type-808205527 is set by the default quota flag: quota_volumes_tempest-GroupsV314Test-volume-type-808205527, it is now deprecated. Please use the default quota class for default quota.
Aug 25 12:42:56 devstack cinder-volume[94670]: WARNING cinder.quota [None req-513b5eaa-e268-4a7c-bbd9-87a77f19a940 tempest-GroupsV314Test-1328437785 None] Deprecated: Default quota for resource: gigabytes_tempest-GroupsV314Test-volume-type-808205527 is set by the default quota flag: quota_gigabytes_tempest-GroupsV314Test-volume-type-808205527, it is now deprecated. Please use the default quota class for default quota.
Aug 25 12:42:56 devstack cinder-volume[94670]: DEBUG cinder.quota [None req-513b5eaa-e268-4a7c-bbd9-87a77f19a940 tempest-GroupsV314Test-1328437785 None] Created reservations ['ff02831a-2ce3-4b2c-a5c0-84b3ab1b28d5', '9e024ed3-14b3-4882-923c-0adda2d526bb', '605a699f-6b18-4cc5-b35c-f7d45faff0e9', 'e75434a3-d225-4feb-bc02-386117cb3848'] {{(pid=94670) reserve /opt/stack/cinder/cinder/quota.py:752}}
Aug 25 12:42:56 devstack cinder-volume[94670]: DEBUG oslo_concurrency.lockutils [None req-513b5eaa-e268-4a7c-bbd9-87a77f19a940 tempest-GroupsV314Test-1328437785 None] Acquiring lock "quobyte_ensure" by "cinder.volume.drivers.quobyte.QuobyteDriver._ensure_shares_mounted" {{(pid=94670) inner /opt/stack/data/venv/lib/python3.12/site-packages/oslo_concurrency/lockutils.py:512}}
Aug 25 12:42:56 devstack cinder-volume[94670]: DEBUG oslo_concurrency.lockutils [None req-513b5eaa-e268-4a7c-bbd9-87a77f19a940 tempest-GroupsV314Test-1328437785 None] Lock "quobyte_ensure" acquired by "cinder.volume.drivers.quobyte.QuobyteDriver._ensure_shares_mounted" :: waited 0.001s {{(pid=94670) inner /opt/stack/data/venv/lib/python3.12/site-packages/oslo_concurrency/lockutils.py:525}}
Aug 25 12:42:56 devstack cinder-volume[94670]: DEBUG cinder.volume.drivers.quobyte [None req-513b5eaa-e268-4a7c-bbd9-87a77f19a940 tempest-GroupsV314Test-1328437785 None] Quobyte Volume URL set to: {'osci02.corp.quobyte.com/cinder-vol-a763d39a-46ca-4362-9ab5-0ef2b1477fad': None} {{(pid=94670) _load_shares_config /opt/stack/cinder/cinder/volume/drivers/quobyte.py:662}}
Aug 25 12:42:56 devstack cinder-volume[94670]: DEBUG cinder.volume.drivers.quobyte [None req-513b5eaa-e268-4a7c-bbd9-87a77f19a940 tempest-GroupsV314Test-1328437785 None] Available shares ['osci02.corp.quobyte.com/cinder-vol-a763d39a-46ca-4362-9ab5-0ef2b1477fad'] {{(pid=94670) _ensure_shares_mounted /opt/stack/cinder/cinder/volume/drivers/quobyte.py:692}}
Aug 25 12:42:56 devstack cinder-volume[94670]: DEBUG oslo_concurrency.lockutils [None req-513b5eaa-e268-4a7c-bbd9-87a77f19a940 tempest-GroupsV314Test-1328437785 None] Lock "quobyte_ensure" "released" by "cinder.volume.drivers.quobyte.QuobyteDriver._ensure_shares_mounted" :: held 0.010s {{(pid=94670) inner /opt/stack/data/venv/lib/python3.12/site-packages/oslo_concurrency/lockutils.py:544}}
Aug 25 12:42:56 devstack cinder-volume[94670]: DEBUG oslo_concurrency.processutils [None req-513b5eaa-e268-4a7c-bbd9-87a77f19a940 tempest-GroupsV314Test-1328437785 None] Running cmd (subprocess): sudo cinder-rootwrap /etc/cinder/rootwrap.conf df --portability --block-size 1 /opt/stack/data/cinder/mnt/77ce86305851c71fe570d27878197ff6 {{(pid=94670) execute /opt/stack/data/venv/lib/python3.12/site-packages/oslo_concurrency/processutils.py:440}}
Aug 25 12:42:57 devstack sudo[96306]: quobyte : PWD=/ ; USER=root ; COMMAND=/opt/stack/data/venv/bin/cinder-rootwrap /etc/cinder/rootwrap.conf df --portability --block-size 1 /opt/stack/data/cinder/mnt/77ce86305851c71fe570d27878197ff6
Aug 25 12:42:57 devstack sudo[96306]: pam_unix(sudo:session): session opened for user root(uid=0) by (uid=1000)
Aug 25 12:42:57 devstack sudo[96306]: pam_unix(sudo:session): session closed for user root
Aug 25 12:42:57 devstack cinder-volume[94670]: DEBUG oslo_concurrency.processutils [None req-513b5eaa-e268-4a7c-bbd9-87a77f19a940 tempest-GroupsV314Test-1328437785 None] CMD "sudo cinder-rootwrap /etc/cinder/rootwrap.conf df --portability --block-size 1 /opt/stack/data/cinder/mnt/77ce86305851c71fe570d27878197ff6" returned: 0 in 0.328s {{(pid=94670) execute /opt/stack/data/venv/lib/python3.12/site-packages/oslo_concurrency/processutils.py:468}}
Aug 25 12:42:57 devstack cinder-volume[94670]: DEBUG cinder.manager [None req-513b5eaa-e268-4a7c-bbd9-87a77f19a940 tempest-GroupsV314Test-1328437785 None] Notifying Schedulers of capabilities ... {{(pid=94670) _publish_service_capabilities /opt/stack/cinder/cinder/manager.py:219}}
Aug 25 12:42:57 devstack cinder-volume[94670]: INFO cinder.volume.manager [None req-513b5eaa-e268-4a7c-bbd9-87a77f19a940 tempest-GroupsV314Test-1328437785 None] Delete group completed successfully.
Aug 25 12:42:58 devstack cinder-volume[94670]: DEBUG cinder.coordination [None req-458dd9b3-19f9-4141-b80b-e39130dec2b8 tempest-GroupsV314Test-1328437785 None] Acquiring lock "cinder-quobyte-d31db686-2727-4eeb-aa9e-1a6f727b3980" by "delete_volume" {{(pid=94670) __acquire /opt/stack/cinder/cinder/coordination.py:138}}
Aug 25 12:42:58 devstack cinder-volume[94670]: DEBUG cinder.coordination [None req-458dd9b3-19f9-4141-b80b-e39130dec2b8 tempest-GroupsV314Test-1328437785 None] Lock "cinder-quobyte-d31db686-2727-4eeb-aa9e-1a6f727b3980" acquired by "delete_volume" :: waited 0.038s {{(pid=94670) __acquire /opt/stack/cinder/cinder/coordination.py:141}}
Aug 25 12:42:58 devstack cinder-volume[94670]: DEBUG oslo.privsep.daemon [-] privsep: reply[df83d04a-f451-4bd3-8072-954e1de57de3]: (4, 'qcow2') {{(pid=95710) _call_back /opt/stack/data/venv/lib/python3.12/site-packages/oslo_privsep/daemon.py:580}}
Aug 25 12:42:58 devstack cinder-volume[94670]: DEBUG oslo_concurrency.processutils [None req-458dd9b3-19f9-4141-b80b-e39130dec2b8 tempest-GroupsV314Test-1328437785 None] Running cmd (subprocess): /opt/stack/data/venv/bin/python3.12 -m oslo_concurrency.prlimit --as=1073741824 --cpu=60 -- sudo cinder-rootwrap /etc/cinder/rootwrap.conf env LC_ALL=C qemu-img info -f qcow2 --output=json --force-share /opt/stack/data/cinder/mnt/77ce86305851c71fe570d27878197ff6/volume-d31db686-2727-4eeb-aa9e-1a6f727b3980 {{(pid=94670) execute /opt/stack/data/venv/lib/python3.12/site-packages/oslo_concurrency/processutils.py:440}}
Aug 25 12:42:58 devstack sudo[96335]: quobyte : PWD=/ ; USER=root ; COMMAND=/opt/stack/data/venv/bin/cinder-rootwrap /etc/cinder/rootwrap.conf env LC_ALL=C qemu-img info -f qcow2 --output=json --force-share /opt/stack/data/cinder/mnt/77ce86305851c71fe570d27878197ff6/volume-d31db686-2727-4eeb-aa9e-1a6f727b3980
Aug 25 12:42:58 devstack sudo[96335]: pam_unix(sudo:session): session opened for user root(uid=0) by (uid=1000)
Aug 25 12:42:59 devstack sudo[96335]: pam_unix(sudo:session): session closed for user root
Aug 25 12:42:59 devstack cinder-volume[94670]: WARNING py.warnings [req-8f259c63-7609-497c-90e6-854a999c533c req-f7df25da-c9d8-49f6-a2f2-ea4492bc93ba tempest-TaggedAttachmentsTest-499799888 None] /opt/stack/cinder/cinder/db/api.py:2468: SAWarning: SELECT statement has a cartesian product between FROM element(s) "volumes" and FROM element "volumes_1". Apply join condition(s) between each element to resolve.
Aug 25 12:42:59 devstack cinder-volume[94670]: .first()
Aug 25 12:42:59 devstack cinder-volume[94670]:
Aug 25 12:42:59 devstack cinder-volume[94670]: DEBUG oslo_concurrency.processutils [None req-458dd9b3-19f9-4141-b80b-e39130dec2b8 tempest-GroupsV314Test-1328437785 None] CMD "/opt/stack/data/venv/bin/python3.12 -m oslo_concurrency.prlimit --as=1073741824 --cpu=60 -- sudo cinder-rootwrap /etc/cinder/rootwrap.conf env LC_ALL=C qemu-img info -f qcow2 --output=json --force-share /opt/stack/data/cinder/mnt/77ce86305851c71fe570d27878197ff6/volume-d31db686-2727-4eeb-aa9e-1a6f727b3980" returned: 0 in 0.548s {{(pid=94670) execute /opt/stack/data/venv/lib/python3.12/site-packages/oslo_concurrency/processutils.py:468}}
Aug 25 12:42:59 devstack cinder-volume[94670]: DEBUG oslo_concurrency.processutils [None req-458dd9b3-19f9-4141-b80b-e39130dec2b8 tempest-GroupsV314Test-1328437785 None] Running cmd (subprocess): sudo cinder-rootwrap /etc/cinder/rootwrap.conf rm -f /opt/stack/data/cinder/mnt/77ce86305851c71fe570d27878197ff6/volume-d31db686-2727-4eeb-aa9e-1a6f727b3980 {{(pid=94670) execute /opt/stack/data/venv/lib/python3.12/site-packages/oslo_concurrency/processutils.py:440}}
Aug 25 12:42:59 devstack cinder-volume[94670]: DEBUG oslo_concurrency.lockutils [req-8f259c63-7609-497c-90e6-854a999c533c req-f7df25da-c9d8-49f6-a2f2-ea4492bc93ba tempest-TaggedAttachmentsTest-499799888 None] Acquiring lock "quobyte" by "cinder.volume.drivers.quobyte.QuobyteDriver.initialize_connection" {{(pid=94670) inner /opt/stack/data/venv/lib/python3.12/site-packages/oslo_concurrency/lockutils.py:512}}
Aug 25 12:42:59 devstack cinder-volume[94670]: DEBUG oslo_concurrency.lockutils [req-8f259c63-7609-497c-90e6-854a999c533c req-f7df25da-c9d8-49f6-a2f2-ea4492bc93ba tempest-TaggedAttachmentsTest-499799888 None] Lock "quobyte" acquired by "cinder.volume.drivers.quobyte.QuobyteDriver.initialize_connection" :: waited 0.001s {{(pid=94670) inner /opt/stack/data/venv/lib/python3.12/site-packages/oslo_concurrency/lockutils.py:525}}
Aug 25 12:42:59 devstack sudo[96350]: quobyte : PWD=/ ; USER=root ; COMMAND=/opt/stack/data/venv/bin/cinder-rootwrap /etc/cinder/rootwrap.conf rm -f /opt/stack/data/cinder/mnt/77ce86305851c71fe570d27878197ff6/volume-d31db686-2727-4eeb-aa9e-1a6f727b3980
Aug 25 12:42:59 devstack cinder-volume[94670]: DEBUG oslo_concurrency.lockutils [req-8f259c63-7609-497c-90e6-854a999c533c req-f7df25da-c9d8-49f6-a2f2-ea4492bc93ba tempest-TaggedAttachmentsTest-499799888 None] Lock "quobyte" "released" by "cinder.volume.drivers.quobyte.QuobyteDriver.initialize_connection" :: held 0.014s {{(pid=94670) inner /opt/stack/data/venv/lib/python3.12/site-packages/oslo_concurrency/lockutils.py:544}}
Aug 25 12:42:59 devstack sudo[96350]: pam_unix(sudo:session): session opened for user root(uid=0) by (uid=1000)
Aug 25 12:42:59 devstack cinder-volume[94670]: DEBUG cinder.volume.manager [req-8f259c63-7609-497c-90e6-854a999c533c req-f7df25da-c9d8-49f6-a2f2-ea4492bc93ba tempest-TaggedAttachmentsTest-499799888 None] Connection info returned from driver {'export': 'osci02.corp.quobyte.com/cinder-vol-a763d39a-46ca-4362-9ab5-0ef2b1477fad', 'name': 'volume-e352f3a5-b6c6-4b0a-838e-ac4c15dbff65', 'options': None, 'format': 'qcow2', 'qos_specs': None, 'access_mode': 'rw', 'encrypted': False, 'cacheable': False, 'driver_volume_type': 'quobyte', 'mount_point_base': '/opt/stack/data/cinder/mnt', 'attachment_id': 'e188c329-d60d-43b2-a6a8-c9b62b3efdc1', 'enforce_multipath': True} {{(pid=94670) _connection_create /opt/stack/cinder/cinder/volume/manager.py:4924}}
Aug 25 12:42:59 devstack cinder-volume[94670]: INFO cinder.volume.manager [req-8f259c63-7609-497c-90e6-854a999c533c req-f7df25da-c9d8-49f6-a2f2-ea4492bc93ba tempest-TaggedAttachmentsTest-499799888 None] attachment_update completed successfully.
Aug 25 12:42:59 devstack sudo[96350]: pam_unix(sudo:session): session closed for user root
Aug 25 12:42:59 devstack cinder-volume[94670]: DEBUG oslo_concurrency.processutils [None req-458dd9b3-19f9-4141-b80b-e39130dec2b8 tempest-GroupsV314Test-1328437785 None] CMD "sudo cinder-rootwrap /etc/cinder/rootwrap.conf rm -f /opt/stack/data/cinder/mnt/77ce86305851c71fe570d27878197ff6/volume-d31db686-2727-4eeb-aa9e-1a6f727b3980" returned: 0 in 0.483s {{(pid=94670) execute /opt/stack/data/venv/lib/python3.12/site-packages/oslo_concurrency/processutils.py:468}}
Aug 25 12:42:59 devstack cinder-volume[94670]: DEBUG cinder.coordination [None req-458dd9b3-19f9-4141-b80b-e39130dec2b8 tempest-GroupsV314Test-1328437785 None] Lock "cinder-quobyte-d31db686-2727-4eeb-aa9e-1a6f727b3980" released by "delete_volume" :: held 1.140s {{(pid=94670) __release /opt/stack/cinder/cinder/coordination.py:152}}
Aug 25 12:42:59 devstack cinder-volume[94670]: DEBUG cinder.quota [None req-458dd9b3-19f9-4141-b80b-e39130dec2b8 tempest-GroupsV314Test-1328437785 None] Created reservations ['d86fea7b-ff0f-4085-a835-1484b07b91c7'] {{(pid=94670) reserve /opt/stack/cinder/cinder/quota.py:752}}
Aug 25 12:42:59 devstack cinder-volume[94670]: DEBUG cinder.quota [None req-458dd9b3-19f9-4141-b80b-e39130dec2b8 tempest-GroupsV314Test-1328437785 None] Created reservations ['5efe1698-9d16-4afd-979a-0c7970cd0a8d', 'ddcdf0ee-daf2-4d6a-b6c4-76fff6ed9043', '22ce3bbf-29f9-4847-b188-6f9a2701319e', 'c1fad492-bfff-4631-9835-5ff32e15c589'] {{(pid=94670) reserve /opt/stack/cinder/cinder/quota.py:752}}
Aug 25 12:43:00 devstack cinder-volume[94670]: DEBUG oslo_concurrency.lockutils [None req-458dd9b3-19f9-4141-b80b-e39130dec2b8 tempest-GroupsV314Test-1328437785 None] Acquiring lock "quobyte_ensure" by "cinder.volume.drivers.quobyte.QuobyteDriver._ensure_shares_mounted" {{(pid=94670) inner /opt/stack/data/venv/lib/python3.12/site-packages/oslo_concurrency/lockutils.py:512}}
Aug 25 12:43:00 devstack cinder-volume[94670]: DEBUG oslo_concurrency.lockutils [None req-458dd9b3-19f9-4141-b80b-e39130dec2b8 tempest-GroupsV314Test-1328437785 None] Lock "quobyte_ensure" acquired by "cinder.volume.drivers.quobyte.QuobyteDriver._ensure_shares_mounted" :: waited 0.001s {{(pid=94670) inner /opt/stack/data/venv/lib/python3.12/site-packages/oslo_concurrency/lockutils.py:525}}
Aug 25 12:43:00 devstack cinder-volume[94670]: DEBUG cinder.volume.drivers.quobyte [None req-458dd9b3-19f9-4141-b80b-e39130dec2b8 tempest-GroupsV314Test-1328437785 None] Quobyte Volume URL set to: {'osci02.corp.quobyte.com/cinder-vol-a763d39a-46ca-4362-9ab5-0ef2b1477fad': None} {{(pid=94670) _load_shares_config /opt/stack/cinder/cinder/volume/drivers/quobyte.py:662}}
Aug 25 12:43:00 devstack cinder-volume[94670]: DEBUG cinder.volume.drivers.quobyte [None req-458dd9b3-19f9-4141-b80b-e39130dec2b8 tempest-GroupsV314Test-1328437785 None] Available shares ['osci02.corp.quobyte.com/cinder-vol-a763d39a-46ca-4362-9ab5-0ef2b1477fad'] {{(pid=94670) _ensure_shares_mounted /opt/stack/cinder/cinder/volume/drivers/quobyte.py:692}}
Aug 25 12:43:00 devstack cinder-volume[94670]: DEBUG oslo_concurrency.lockutils [None req-458dd9b3-19f9-4141-b80b-e39130dec2b8 tempest-GroupsV314Test-1328437785 None] Lock "quobyte_ensure" "released" by "cinder.volume.drivers.quobyte.QuobyteDriver._ensure_shares_mounted" :: held 0.014s {{(pid=94670) inner /opt/stack/data/venv/lib/python3.12/site-packages/oslo_concurrency/lockutils.py:544}}
Aug 25 12:43:00 devstack cinder-volume[94670]: DEBUG oslo_concurrency.processutils [None req-458dd9b3-19f9-4141-b80b-e39130dec2b8 tempest-GroupsV314Test-1328437785 None] Running cmd (subprocess): sudo cinder-rootwrap /etc/cinder/rootwrap.conf df --portability --block-size 1 /opt/stack/data/cinder/mnt/77ce86305851c71fe570d27878197ff6 {{(pid=94670) execute /opt/stack/data/venv/lib/python3.12/site-packages/oslo_concurrency/processutils.py:440}}
Aug 25 12:43:00 devstack sudo[96628]: quobyte : PWD=/ ; USER=root ; COMMAND=/opt/stack/data/venv/bin/cinder-rootwrap /etc/cinder/rootwrap.conf df --portability --block-size 1 /opt/stack/data/cinder/mnt/77ce86305851c71fe570d27878197ff6
Aug 25 12:43:00 devstack sudo[96628]: pam_unix(sudo:session): session opened for user root(uid=0) by (uid=1000)
Aug 25 12:43:00 devstack sudo[96628]: pam_unix(sudo:session): session closed for user root
Aug 25 12:43:00 devstack cinder-volume[94670]: DEBUG oslo_concurrency.processutils [None req-458dd9b3-19f9-4141-b80b-e39130dec2b8 tempest-GroupsV314Test-1328437785 None] CMD "sudo cinder-rootwrap /etc/cinder/rootwrap.conf df --portability --block-size 1 /opt/stack/data/cinder/mnt/77ce86305851c71fe570d27878197ff6" returned: 0 in 0.368s {{(pid=94670) execute /opt/stack/data/venv/lib/python3.12/site-packages/oslo_concurrency/processutils.py:468}}
Aug 25 12:43:00 devstack cinder-volume[94670]: DEBUG cinder.manager [None req-458dd9b3-19f9-4141-b80b-e39130dec2b8 tempest-GroupsV314Test-1328437785 None] Notifying Schedulers of capabilities ... {{(pid=94670) _publish_service_capabilities /opt/stack/cinder/cinder/manager.py:219}}
Aug 25 12:43:00 devstack cinder-volume[94670]: INFO cinder.volume.manager [None req-458dd9b3-19f9-4141-b80b-e39130dec2b8 tempest-GroupsV314Test-1328437785 None] Delete group completed successfully.
Aug 25 12:43:06 devstack cinder-volume[94670]: INFO cinder.volume.manager [req-84157a55-8177-43a3-aae5-8368960d42f2 req-36cef834-7758-4eef-bf5f-ea0ab282f4d6 tempest-TaggedAttachmentsTest-499799888 None] Terminate volume connection completed successfully.
Aug 25 12:43:06 devstack cinder-volume[94670]: DEBUG cinder.volume.manager [req-84157a55-8177-43a3-aae5-8368960d42f2 req-36cef834-7758-4eef-bf5f-ea0ab282f4d6 tempest-TaggedAttachmentsTest-499799888 None] Deleting attachment e188c329-d60d-43b2-a6a8-c9b62b3efdc1. {{(pid=94670) attachment_delete /opt/stack/cinder/cinder/volume/manager.py:5055}}
Aug 25 12:43:07 devstack cinder-volume[94670]: DEBUG cinder.volume.flows.manager.create_volume [None req-a25d5ec6-7f2e-41de-a631-cce1591ad3dd tempest-DeleteServersTestJSON-604338931 None] Volume reschedule parameters: True retry: {'num_attempts': 1, 'backends': ['devstack@QuobyteHD#QuobyteHD'], 'hosts': ['devstack@QuobyteHD#QuobyteHD']} {{(pid=94670) get_flow /opt/stack/cinder/cinder/volume/flows/manager/create_volume.py:1397}}
Aug 25 12:43:07 devstack cinder-volume[94670]: DEBUG cinder.volume.manager [None req-a25d5ec6-7f2e-41de-a631-cce1591ad3dd tempest-DeleteServersTestJSON-604338931 None] Flow 'volume_create_manager' (e7465bfb-8192-4950-9706-beb3554fb3e0) transitioned into state 'RUNNING' from state 'PENDING' {{(pid=94670) _flow_receiver /opt/stack/data/venv/lib/python3.12/site-packages/taskflow/listeners/logging.py:160}}
Aug 25 12:43:07 devstack cinder-volume[94670]: DEBUG cinder.volume.manager [None req-a25d5ec6-7f2e-41de-a631-cce1591ad3dd tempest-DeleteServersTestJSON-604338931 None] Task 'cinder.volume.flows.manager.create_volume.ExtractVolumeRefTask;volume:create' (7fe0ac23-a900-46f2-b68e-96e543f59996) transitioned into state 'RUNNING' from state 'PENDING' {{(pid=94670) _task_receiver /opt/stack/data/venv/lib/python3.12/site-packages/taskflow/listeners/logging.py:242}}
Aug 25 12:43:07 devstack cinder-volume[94670]: DEBUG cinder.volume.manager [None req-a25d5ec6-7f2e-41de-a631-cce1591ad3dd tempest-DeleteServersTestJSON-604338931 None] Task 'cinder.volume.flows.manager.create_volume.ExtractVolumeRefTask;volume:create' (7fe0ac23-a900-46f2-b68e-96e543f59996) transitioned into state 'SUCCESS' from state 'RUNNING' with result 'Volume(_name_id=None,admin_metadata=,attach_status='detached',availability_zone='nova',bootable=False,cluster=,cluster_name=None,consistencygroup=,consistencygroup_id=None,created_at=2026-08-25T10:43:07Z,deleted=False,deleted_at=None,display_description=None,display_name='tempest-DeleteServersTestJSON-volume-1087545779',ec2_id=None,encryption_key_id=None,glance_metadata=,group=,group_id=None,host='devstack@QuobyteHD#QuobyteHD',id=6a51d584-258f-4d1f-a3c7-20fc186bf100,launched_at=None,metadata={},migration_status=None,multiattach=False,previous_status=None,project_id='5f08751a645f4880a02f0c3be8cc16a9',provider_auth=None,provider_geometry=None,provider_id=None,provider_location=None,replication_driver_data=None,replication_extended_status=None,replication_status=None,scheduled_at=2026-08-25T10:43:07Z,service_uuid=None,shared_targets=True,size=1,snapshot_id=None,snapshots=,source_volid=None,status='creating',terminated_at=None,updated_at=2026-08-25T10:43:07Z,use_quota=True,user_id='41dcc070ba1d462690e323c5cded62cc',volume_attachment=VolumeAttachmentList,volume_type=VolumeType(b182a3d3-bd16-4b38-acdd-a9ec7f1888e2),volume_type_id=b182a3d3-bd16-4b38-acdd-a9ec7f1888e2)' {{(pid=94670) _task_receiver /opt/stack/data/venv/lib/python3.12/site-packages/taskflow/listeners/logging.py:218}}
Aug 25 12:43:07 devstack cinder-volume[94670]: DEBUG cinder.volume.manager [None req-a25d5ec6-7f2e-41de-a631-cce1591ad3dd tempest-DeleteServersTestJSON-604338931 None] Task 'cinder.volume.flows.manager.create_volume.OnFailureRescheduleTask;volume:create' (bc2b098c-d8a1-449b-9163-163b5549ccfc) transitioned into state 'RUNNING' from state 'PENDING' {{(pid=94670) _task_receiver /opt/stack/data/venv/lib/python3.12/site-packages/taskflow/listeners/logging.py:242}}
Aug 25 12:43:07 devstack cinder-volume[94670]: DEBUG cinder.volume.manager [None req-a25d5ec6-7f2e-41de-a631-cce1591ad3dd tempest-DeleteServersTestJSON-604338931 None] Task 'cinder.volume.flows.manager.create_volume.OnFailureRescheduleTask;volume:create' (bc2b098c-d8a1-449b-9163-163b5549ccfc) transitioned into state 'SUCCESS' from state 'RUNNING' with result 'None' {{(pid=94670) _task_receiver /opt/stack/data/venv/lib/python3.12/site-packages/taskflow/listeners/logging.py:218}}
Aug 25 12:43:07 devstack cinder-volume[94670]: DEBUG cinder.volume.manager [None req-a25d5ec6-7f2e-41de-a631-cce1591ad3dd tempest-DeleteServersTestJSON-604338931 None] Task 'cinder.volume.flows.manager.create_volume.ExtractVolumeSpecTask;volume:create' (6b4f1b2b-bec2-4177-bcdf-38a40e7a2871) transitioned into state 'RUNNING' from state 'PENDING' {{(pid=94670) _task_receiver /opt/stack/data/venv/lib/python3.12/site-packages/taskflow/listeners/logging.py:242}}
Aug 25 12:43:07 devstack cinder-volume[94670]: DEBUG cinder.volume.manager [None req-a25d5ec6-7f2e-41de-a631-cce1591ad3dd tempest-DeleteServersTestJSON-604338931 None] Task 'cinder.volume.flows.manager.create_volume.ExtractVolumeSpecTask;volume:create' (6b4f1b2b-bec2-4177-bcdf-38a40e7a2871) transitioned into state 'SUCCESS' from state 'RUNNING' with result '{'status': 'creating', 'type': 'raw', 'volume_id': '6a51d584-258f-4d1f-a3c7-20fc186bf100', 'volume_name': 'volume-6a51d584-258f-4d1f-a3c7-20fc186bf100', 'volume_size': 1}' {{(pid=94670) _task_receiver /opt/stack/data/venv/lib/python3.12/site-packages/taskflow/listeners/logging.py:218}}
Aug 25 12:43:07 devstack cinder-volume[94670]: DEBUG cinder.volume.manager [None req-a25d5ec6-7f2e-41de-a631-cce1591ad3dd tempest-DeleteServersTestJSON-604338931 None] Task 'cinder.volume.flows.manager.create_volume.NotifyVolumeActionTask;volume:create, create.start' (bc5ea88d-5611-4443-a8a5-a68c4fcceb6b) transitioned into state 'RUNNING' from state 'PENDING' {{(pid=94670) _task_receiver /opt/stack/data/venv/lib/python3.12/site-packages/taskflow/listeners/logging.py:242}}
