Jan 28 15:34:32 devstack devstack@keystone.service[42465]: ERROR keystone.server.flask.application
File "/opt/stack/data/venv/lib/python3.10/site-packages/oslo_db/sqlalchemy/enginefacade.py", line 748, in _end_session_transaction
Jan 28 15:34:32 devstack devstack@keystone.service[42465]: ERROR keystone.server.flask.application session.commit()
Jan 28 15:34:32 devstack devstack@keystone.service[42465]: ERROR keystone.server.flask.application
File "/opt/stack/data/venv/lib/python3.10/site-packages/sqlalchemy/orm/session.py", line 2030, in commit
Jan 28 15:34:32 devstack devstack@keystone.service[42465]: ERROR keystone.server.flask.application trans.commit(_to_root=True)
Jan 28 15:34:32 devstack devstack@keystone.service[42465]: ERROR keystone.server.flask.application File "", line 2, in commit
Jan 28 15:34:32 devstack devstack@keystone.service[42465]: ERROR keystone.server.flask.application
File "/opt/stack/data/venv/lib/python3.10/site-packages/sqlalchemy/orm/state_changes.py", line 137, in _go
Jan 28 15:34:32 devstack devstack@keystone.service[42465]: ERROR keystone.server.flask.application ret_value = fn(self, *arg, **kw)
Jan 28 15:34:32 devstack devstack@keystone.service[42465]: ERROR keystone.server.flask.application
File "/opt/stack/data/venv/lib/python3.10/site-packages/sqlalchemy/orm/session.py", line 1311, in commit
Jan 28 15:34:32 devstack devstack@keystone.service[42465]: ERROR keystone.server.flask.application self._prepare_impl()
Jan 28 15:34:32 devstack devstack@keystone.service[42465]: ERROR keystone.server.flask.application File "", line 2, in _prepare_impl
Jan 28 15:34:32 devstack devstack@keystone.service[42465]: ERROR keystone.server.flask.application
File "/opt/stack/data/venv/lib/python3.10/site-packages/sqlalchemy/orm/state_changes.py", line 137, in _go
Jan 28 15:34:32 devstack devstack@keystone.service[42465]: ERROR keystone.server.flask.application ret_value = fn(self, *arg, **kw)
Jan 28 15:34:32 devstack devstack@keystone.service[42465]: ERROR keystone.server.flask.application
File "/opt/stack/data/venv/lib/python3.10/site-packages/sqlalchemy/orm/session.py", line 1286, in _prepare_impl
Jan 28 15:34:32 devstack devstack@keystone.service[42465]: ERROR keystone.server.flask.application self.session.flush()
Jan 28 15:34:32 devstack devstack@keystone.service[42465]: ERROR keystone.server.flask.application
File "/opt/stack/data/venv/lib/python3.10/site-packages/sqlalchemy/orm/session.py", line 4331, in flush
Jan 28 15:34:32 devstack devstack@keystone.service[42465]: ERROR keystone.server.flask.application self._flush(objects)
Jan 28 15:34:32 devstack devstack@keystone.service[42465]: ERROR keystone.server.flask.application
File "/opt/stack/data/venv/lib/python3.10/site-packages/sqlalchemy/orm/session.py", line 4466, in _flush
Jan 28 15:34:32 devstack devstack@keystone.service[42465]: ERROR keystone.server.flask.application with util.safe_reraise():
Jan 28 15:34:32 devstack devstack@keystone.service[42465]: ERROR keystone.server.flask.application
File "/opt/stack/data/venv/lib/python3.10/site-packages/sqlalchemy/util/langhelpers.py", line 224, in __exit__
Jan 28 15:34:32 devstack devstack@keystone.service[42465]: ERROR keystone.server.flask.application raise exc_value.with_traceback(exc_tb)
Jan 28 15:34:32 devstack devstack@keystone.service[42465]: ERROR keystone.server.flask.application
File "/opt/stack/data/venv/lib/python3.10/site-packages/sqlalchemy/orm/session.py", line 4427, in _flush
Jan 28 15:34:32 devstack devstack@keystone.service[42465]: ERROR keystone.server.flask.application flush_context.execute()
Jan 28 15:34:32 devstack devstack@keystone.service[42465]: ERROR keystone.server.flask.application
File "/opt/stack/data/venv/lib/python3.10/site-packages/sqlalchemy/orm/unitofwork.py", line 466, in execute
Jan 28 15:34:32 devstack devstack@keystone.service[42465]: ERROR keystone.server.flask.application rec.execute(self)
Jan 28 15:34:32 devstack devstack@keystone.service[42465]: ERROR keystone.server.flask.application
File "/opt/stack/data/venv/lib/python3.10/site-packages/sqlalchemy/orm/unitofwork.py", line 642, in execute
Jan 28 15:34:32 devstack devstack@keystone.service[42465]: ERROR keystone.server.flask.application util.preloaded.orm_persistence.save_obj(
Jan 28 15:34:32 devstack devstack@keystone.service[42465]: ERROR keystone.server.flask.application
File "/opt/stack/data/venv/lib/python3.10/site-packages/sqlalchemy/orm/persistence.py", line 93, in save_obj
Jan 28 15:34:32 devstack devstack@keystone.service[42465]: ERROR keystone.server.flask.application _emit_insert_statements(
Jan 28 15:34:32 devstack devstack@keystone.service[42465]: ERROR keystone.server.flask.application
File "/opt/stack/data/venv/lib/python3.10/site-packages/sqlalchemy/orm/persistence.py", line 1048, in _emit_insert_statements
Jan 28 15:34:32 devstack devstack@keystone.service[42465]: ERROR keystone.server.flask.application result = connection.execute(
Jan 28 15:34:32 devstack devstack@keystone.service[42465]: ERROR keystone.server.flask.application
File "/opt/stack/data/venv/lib/python3.10/site-packages/sqlalchemy/engine/base.py", line 1419, in execute
Jan 28 15:34:32 devstack devstack@keystone.service[42465]: ERROR keystone.server.flask.application return meth(
Jan 28 15:34:32 devstack devstack@keystone.service[42465]: ERROR keystone.server.flask.application
File "/opt/stack/data/venv/lib/python3.10/site-packages/sqlalchemy/sql/elements.py", line 526, in _execute_on_connection
Jan 28 15:34:32 devstack devstack@keystone.service[42465]: ERROR keystone.server.flask.application return connection._execute_clauseelement(
Jan 28 15:34:32 devstack devstack@keystone.service[42465]: ERROR keystone.server.flask.application
File "/opt/stack/data/venv/lib/python3.10/site-packages/sqlalchemy/engine/base.py", line 1641, in _execute_clauseelement
Jan 28 15:34:32 devstack devstack@keystone.service[42465]: ERROR keystone.server.flask.application ret = self._execute_context(
Jan 28 15:34:32 devstack devstack@keystone.service[42465]: ERROR keystone.server.flask.application
File "/opt/stack/data/venv/lib/python3.10/site-packages/sqlalchemy/engine/base.py", line 1846, in _execute_context
Jan 28 15:34:32 devstack devstack@keystone.service[42465]: ERROR keystone.server.flask.application return self._exec_single_context(
Jan 28 15:34:32 devstack devstack@keystone.service[42465]: ERROR keystone.server.flask.application
File "/opt/stack/data/venv/lib/python3.10/site-packages/sqlalchemy/engine/base.py", line 1986, in _exec_single_context
Jan 28 15:34:32 devstack devstack@keystone.service[42465]: ERROR keystone.server.flask.application self._handle_dbapi_exception(
Jan 28 15:34:32 devstack devstack@keystone.service[42465]: ERROR keystone.server.flask.application
File "/opt/stack/data/venv/lib/python3.10/site-packages/sqlalchemy/engine/base.py", line 2352, in _handle_dbapi_exception
Jan 28 15:34:32 devstack devstack@keystone.service[42465]: ERROR keystone.server.flask.application raise newraise.with_traceback(exc_info[2]) from e
Jan 28 15:34:32 devstack devstack@keystone.service[42465]: ERROR keystone.server.flask.application
File "/opt/stack/data/venv/lib/python3.10/site-packages/sqlalchemy/engine/base.py", line 1967, in _exec_single_context
Jan 28 15:34:32 devstack devstack@keystone.service[42465]: ERROR keystone.server.flask.application self.dialect.do_execute(
Jan 28 15:34:32 devstack devstack@keystone.service[42465]: ERROR keystone.server.flask.application
File "/opt/stack/data/venv/lib/python3.10/site-packages/sqlalchemy/engine/default.py", line 951, in do_execute
Jan 28 15:34:32 devstack devstack@keystone.service[42465]: ERROR keystone.server.flask.application cursor.execute(statement, parameters)
Jan 28 15:34:32 devstack devstack@keystone.service[42465]: ERROR keystone.server.flask.application
File "/opt/stack/data/venv/lib/python3.10/site-packages/pymysql/cursors.py", line 153, in execute
Jan 28 15:34:32 devstack devstack@keystone.service[42465]: ERROR keystone.server.flask.application result = self._query(query)
Jan 28 15:34:32 devstack devstack@keystone.service[42465]: ERROR keystone.server.flask.application
File "/opt/stack/data/venv/lib/python3.10/site-packages/pymysql/cursors.py", line 322, in _query
Jan 28 15:34:32 devstack devstack@keystone.service[42465]: ERROR keystone.server.flask.application conn.query(q)
Jan 28 15:34:32 devstack devstack@keystone.service[42465]: ERROR keystone.server.flask.application
File "/opt/stack/data/venv/lib/python3.10/site-packages/pymysql/connections.py", line 575, in query
Jan 28 15:34:32 devstack devstack@keystone.service[42465]: ERROR keystone.server.flask.application self._affected_rows = self._read_query_result(unbuffered=unbuffered)
Jan 28 15:34:32 devstack devstack@keystone.service[42465]: ERROR keystone.server.flask.application
File "/opt/stack/data/venv/lib/python3.10/site-packages/pymysql/connections.py", line 826, in _read_query_result
Jan 28 15:34:32 devstack devstack@keystone.service[42465]: ERROR keystone.server.flask.application result.read()
Jan 28 15:34:32 devstack devstack@keystone.service[42465]: ERROR keystone.server.flask.application
File "/opt/stack/data/venv/lib/python3.10/site-packages/pymysql/connections.py", line 1203, in read
Jan 28 15:34:32 devstack devstack@keystone.service[42465]: ERROR keystone.server.flask.application first_packet = self.connection._read_packet()
Jan 28 15:34:32 devstack devstack@keystone.service[42465]: ERROR keystone.server.flask.application
File "/opt/stack/data/venv/lib/python3.10/site-packages/pymysql/connections.py", line 782, in _read_packet
Jan 28 15:34:32 devstack devstack@keystone.service[42465]: ERROR keystone.server.flask.application packet.raise_for_error()
Jan 28 15:34:32 devstack devstack@keystone.service[42465]: ERROR keystone.server.flask.application
File "/opt/stack/data/venv/lib/python3.10/site-packages/pymysql/protocol.py", line 219, in raise_for_error
Jan 28 15:34:32 devstack devstack@keystone.service[42465]: ERROR keystone.server.flask.application err.raise_mysql_exception(self._data)
Jan 28 15:34:32 devstack devstack@keystone.service[42465]: ERROR keystone.server.flask.application
File "/opt/stack/data/venv/lib/python3.10/site-packages/pymysql/err.py", line 150, in raise_mysql_exception
Jan 28 15:34:32 devstack devstack@keystone.service[42465]: ERROR keystone.server.flask.application raise errorclass(errno, errval)
Jan 28 15:34:32 devstack devstack@keystone.service[42465]: ERROR keystone.server.flask.application oslo_db.exception.DBDuplicateEntry: (pymysql.err.IntegrityError) (1062, "Duplicate entry '<>-Default' for key 'project.ixu_project_name_domain_id'")
Jan 28 15:34:32 devstack devstack@keystone.service[42465]: ERROR keystone.server.flask.application [SQL: INSERT INTO project (id, name, domain_id, description, enabled, extra, parent_id, is_domain) VALUES (%(id)s, %(name)s, %(domain_id)s, %(description)s, %(enabled)s, %(extra)s, %(parent_id)s, %(is_domain)s)]
Jan 28 15:34:32 devstack devstack@keystone.service[42465]: ERROR keystone.server.flask.application [parameters: {'id': 'de6ec8c2066942788502c57936f71470', 'name': 'Default', 'domain_id': '<>', 'description': '', 'enabled': 1, 'extra': '{}', 'parent_id': None, 'is_domain': 1}]
Jan 28 15:34:32 devstack devstack@keystone.service[42465]: ERROR keystone.server.flask.application (Background on this error at: https://sqlalche.me/e/20/gkpj)
Jan 28 15:34:32 devstack devstack@keystone.service[42465]: ERROR keystone.server.flask.application
Jan 28 15:34:32 devstack devstack@keystone.service[42465]: ERROR keystone.server.flask.application During handling of the above exception, another exception occurred:
Jan 28 15:34:32 devstack devstack@keystone.service[42465]: ERROR keystone.server.flask.application
Jan 28 15:34:32 devstack devstack@keystone.service[42465]: ERROR keystone.server.flask.application
Traceback (most recent call last):
Jan 28 15:34:32 devstack devstack@keystone.service[42465]: ERROR keystone.server.flask.application
File "/opt/stack/keystone/keystone/resource/core.py", line 250, in create_project
Jan 28 15:34:32 devstack devstack@keystone.service[42465]: ERROR keystone.server.flask.application ret = self.driver.create_project(project_id, project)
Jan 28 15:34:32 devstack devstack@keystone.service[42465]: ERROR keystone.server.flask.application
File "/opt/stack/keystone/keystone/common/sql/core.py", line 614, in wrapper
Jan 28 15:34:32 devstack devstack@keystone.service[42465]: ERROR keystone.server.flask.application raise exception.Conflict(type=conflict_type, details=msg)
Jan 28 15:34:32 devstack devstack@keystone.service[42465]: ERROR keystone.server.flask.application keystone.exception.Conflict: Conflict occurred attempting to store project - Duplicate entry found with name Default.
Jan 28 15:34:32 devstack devstack@keystone.service[42465]: ERROR keystone.server.flask.application
Jan 28 15:34:32 devstack devstack@keystone.service[42465]: ERROR keystone.server.flask.application During handling of the above exception, another exception occurred:
Jan 28 15:34:32 devstack devstack@keystone.service[42465]: ERROR keystone.server.flask.application
Jan 28 15:34:32 devstack devstack@keystone.service[42465]: ERROR keystone.server.flask.application
Traceback (most recent call last):
Jan 28 15:34:32 devstack devstack@keystone.service[42465]: ERROR keystone.server.flask.application
File "/opt/stack/data/venv/lib/python3.10/site-packages/flask/app.py", line 917, in full_dispatch_request
Jan 28 15:34:32 devstack devstack@keystone.service[42465]: ERROR keystone.server.flask.application rv = self.dispatch_request()
Jan 28 15:34:32 devstack devstack@keystone.service[42465]: ERROR keystone.server.flask.application
File "/opt/stack/data/venv/lib/python3.10/site-packages/flask/app.py", line 902, in dispatch_request
Jan 28 15:34:32 devstack devstack@keystone.service[42465]: ERROR keystone.server.flask.application return self.ensure_sync(self.view_functions[rule.endpoint])(**view_args) # type: ignore[no-any-return]
Jan 28 15:34:32 devstack devstack@keystone.service[42465]: ERROR keystone.server.flask.application
File "/opt/stack/data/venv/lib/python3.10/site-packages/flask_restful/__init__.py", line 489, in wrapper
Jan 28 15:34:32 devstack devstack@keystone.service[42465]: ERROR keystone.server.flask.application resp = resource(*args, **kwargs)
Jan 28 15:34:32 devstack devstack@keystone.service[42465]: ERROR keystone.server.flask.application
File "/opt/stack/data/venv/lib/python3.10/site-packages/flask/views.py", line 110, in view
Jan 28 15:34:32 devstack devstack@keystone.service[42465]: ERROR keystone.server.flask.application return current_app.ensure_sync(self.dispatch_request)(**kwargs) # type: ignore[no-any-return]
Jan 28 15:34:32 devstack devstack@keystone.service[42465]: ERROR keystone.server.flask.application
File "/opt/stack/data/venv/lib/python3.10/site-packages/flask_restful/__init__.py", line 604, in dispatch_request
Jan 28 15:34:32 devstack devstack@keystone.service[42465]: ERROR keystone.server.flask.application resp = meth(*args, **kwargs)
Jan 28 15:34:32 devstack devstack@keystone.service[42465]: ERROR keystone.server.flask.application
File "/opt/stack/keystone/keystone/api/validation/__init__.py", line 86, in wrapper
Jan 28 15:34:32 devstack devstack@keystone.service[42465]: ERROR keystone.server.flask.application return func(*args, **kwargs)
Jan 28 15:34:32 devstack devstack@keystone.service[42465]: ERROR keystone.server.flask.application
File "/opt/stack/keystone/keystone/api/validation/__init__.py", line 145, in wrapper
Jan 28 15:34:32 devstack devstack@keystone.service[42465]: ERROR keystone.server.flask.application response = func(*args, **kwargs)
Jan 28 15:34:32 devstack devstack@keystone.service[42465]: ERROR keystone.server.flask.application
File "/opt/stack/keystone/keystone/api/domains.py", line 181, in post
Jan 28 15:34:32 devstack devstack@keystone.service[42465]: ERROR keystone.server.flask.application ref = PROVIDERS.resource_api.create_domain(
Jan 28 15:34:32 devstack devstack@keystone.service[42465]: ERROR keystone.server.flask.application
File "/opt/stack/keystone/keystone/common/manager.py", line 114, in wrapped
Jan 28 15:34:32 devstack devstack@keystone.service[42465]: ERROR keystone.server.flask.application __ret_val = __f(*args, **kwargs)
Jan 28 15:34:32 devstack devstack@keystone.service[42465]: ERROR keystone.server.flask.application
File "/opt/stack/keystone/keystone/resource/core.py", line 864, in create_domain
Jan 28 15:34:32 devstack devstack@keystone.service[42465]: ERROR keystone.server.flask.application is_domain_project = self.create_project(
Jan 28 15:34:32 devstack devstack@keystone.service[42465]: ERROR keystone.server.flask.application
File "/opt/stack/keystone/keystone/common/manager.py", line 114, in wrapped
Jan 28 15:34:32 devstack devstack@keystone.service[42465]: ERROR keystone.server.flask.application __ret_val = __f(*args, **kwargs)
Jan 28 15:34:32 devstack devstack@keystone.service[42465]: ERROR keystone.server.flask.application
File "/opt/stack/keystone/keystone/resource/core.py", line 252, in create_project
Jan 28 15:34:32 devstack devstack@keystone.service[42465]: ERROR keystone.server.flask.application raise exception.Conflict(
Jan 28 15:34:32 devstack devstack@keystone.service[42465]: ERROR keystone.server.flask.application keystone.exception.Conflict: Conflict occurred attempting to store project - it is not permitted to have two projects acting as domains with the same name: Default.
Jan 28 15:34:32 devstack devstack@keystone.service[42465]: ERROR keystone.server.flask.application
Jan 28 15:34:32 devstack devstack@keystone.service[42466]: DEBUG keystone.common.rbac_enforcer.enforcer [None req-6a4b93ae-a339-47a6-94a9-feedf0a9a057 None admin] RBAC: Adding query filter params (name=admin) {{(pid=42466) _extract_filter_values /opt/stack/keystone/keystone/common/rbac_enforcer/enforcer.py:176}}
Jan 28 15:34:32 devstack devstack@keystone.service[42466]: DEBUG keystone.common.rbac_enforcer.enforcer [None req-6a4b93ae-a339-47a6-94a9-feedf0a9a057 None admin] RBAC: Authorizing `identity:list_roles()` {{(pid=42466) enforce_call /opt/stack/keystone/keystone/common/rbac_enforcer/enforcer.py:494}}
Jan 28 15:34:32 devstack devstack@keystone.service[42466]: DEBUG keystone.common.rbac_enforcer.enforcer [None req-6a4b93ae-a339-47a6-94a9-feedf0a9a057 None admin] RBAC: Authorization granted {{(pid=42466) enforce_call /opt/stack/keystone/keystone/common/rbac_enforcer/enforcer.py:505}}
Jan 28 15:34:32 devstack devstack@keystone.service[42465]: [pid: 42465|app: 0|req: 9/15] 192.168.122.226 () {60 vars in 1193 bytes} [Wed Jan 28 15:34:32 2026] POST /identity/v3/domains => generated 190 bytes in 126 msecs (HTTP/1.1 409) 5 headers in 183 bytes (2 switches on core 0)
Jan 28 15:34:32 devstack devstack@keystone.service[42466]: [pid: 42466|app: 0|req: 7/16] 192.168.122.226 () {56 vars in 1168 bytes} [Wed Jan 28 15:34:32 2026] GET /identity/v3/roles?name=admin => generated 347 bytes in 101 msecs (HTTP/1.1 200) 5 headers in 177 bytes (1 switches on core 0)
Jan 28 15:34:32 devstack devstack@keystone.service[42465]: DEBUG keystone.server.flask.request_processing.middleware.auth_context [None req-aa2819be-fbad-4c00-adcd-c870702fde1d None admin] Authenticating user token {{(pid=42465) process_request /opt/stack/data/venv/lib/python3.10/site-packages/keystonemiddleware/auth_token/__init__.py:407}}
Jan 28 15:34:32 devstack devstack@keystone.service[42466]: DEBUG keystone.server.flask.request_processing.middleware.auth_context [None req-6a4b93ae-a339-47a6-94a9-feedf0a9a057 None admin] Authenticating user token {{(pid=42466) process_request /opt/stack/data/venv/lib/python3.10/site-packages/keystonemiddleware/auth_token/__init__.py:407}}
Jan 28 15:34:32 devstack devstack@keystone.service[42465]: DEBUG keystone.server.flask.request_processing.middleware.auth_context [None req-aa2819be-fbad-4c00-adcd-c870702fde1d None admin] Validating token access rules against request {{(pid=42465) validate_allowed_request /opt/stack/data/venv/lib/python3.10/site-packages/keystonemiddleware/auth_token/__init__.py:545}}
Jan 28 15:34:32 devstack devstack@keystone.service[42466]: DEBUG keystone.server.flask.request_processing.middleware.auth_context [None req-6a4b93ae-a339-47a6-94a9-feedf0a9a057 None admin] Validating token access rules against request {{(pid=42466) validate_allowed_request /opt/stack/data/venv/lib/python3.10/site-packages/keystonemiddleware/auth_token/__init__.py:545}}
Jan 28 15:34:32 devstack devstack@keystone.service[42465]: DEBUG keystone.server.flask.request_processing.middleware.auth_context [None req-b1db2fc2-397d-476d-8b0f-9d24bda8b3d7 None admin] RBAC: auth_context: {'token': , 'domain_id': None, 'trust_id': None, 'trustor_id': None, 'trustee_id': None, 'domain_name': None, 'group_ids': [], 'user_id': '6e0dbadfa75944f78ac1136c3568aea4', 'user_domain_id': 'default', 'system_scope': 'all', 'project_id': None, 'project_domain_id': None, 'roles': ['admin', 'manager', 'member', 'reader'], 'is_admin_project': True, 'service_user_id': None, 'service_user_domain_id': None, 'service_project_id': None, 'service_project_domain_id': None, 'service_roles': []} {{(pid=42465) fill_context /opt/stack/keystone/keystone/server/flask/request_processing/middleware/auth_context.py:509}}
Jan 28 15:34:32 devstack devstack@keystone.service[42465]: DEBUG keystone.server.flask.request_processing.req_logging [None req-b1db2fc2-397d-476d-8b0f-9d24bda8b3d7 None admin] REQUEST_METHOD: `GET` {{(pid=42465) log_request_info /opt/stack/keystone/keystone/server/flask/request_processing/req_logging.py:26}}
Jan 28 15:34:32 devstack devstack@keystone.service[42465]: DEBUG keystone.server.flask.request_processing.req_logging [None req-b1db2fc2-397d-476d-8b0f-9d24bda8b3d7 None admin] SCRIPT_NAME: `/identity` {{(pid=42465) log_request_info /opt/stack/keystone/keystone/server/flask/request_processing/req_logging.py:27}}
Jan 28 15:34:32 devstack devstack@keystone.service[42465]: DEBUG keystone.server.flask.request_processing.req_logging [None req-b1db2fc2-397d-476d-8b0f-9d24bda8b3d7 None admin] PATH_INFO: `/v3/domains/Default` {{(pid=42465) log_request_info /opt/stack/keystone/keystone/server/flask/request_processing/req_logging.py:28}}
Jan 28 15:34:32 devstack devstack@keystone.service[42466]: DEBUG keystone.server.flask.request_processing.middleware.auth_context [None req-f6b22a09-b4e5-413c-acdb-b29f1462cc81 None admin] RBAC: auth_context: {'token': , 'domain_id': None, 'trust_id': None, 'trustor_id': None, 'trustee_id': None, 'domain_name': None, 'group_ids': [], 'user_id': '6e0dbadfa75944f78ac1136c3568aea4', 'user_domain_id': 'default', 'system_scope': 'all', 'project_id': None, 'project_domain_id': None, 'roles': ['admin', 'manager', 'member', 'reader'], 'is_admin_project': True, 'service_user_id': None, 'service_user_domain_id': None, 'service_project_id': None, 'service_project_domain_id': None, 'service_roles': []} {{(pid=42466) fill_context /opt/stack/keystone/keystone/server/flask/request_processing/middleware/auth_context.py:509}}
Jan 28 15:34:32 devstack devstack@keystone.service[42466]: DEBUG keystone.server.flask.request_processing.req_logging [None req-f6b22a09-b4e5-413c-acdb-b29f1462cc81 None admin] REQUEST_METHOD: `GET` {{(pid=42466) log_request_info /opt/stack/keystone/keystone/server/flask/request_processing/req_logging.py:26}}
Jan 28 15:34:32 devstack devstack@keystone.service[42466]: DEBUG keystone.server.flask.request_processing.req_logging [None req-f6b22a09-b4e5-413c-acdb-b29f1462cc81 None admin] SCRIPT_NAME: `/identity` {{(pid=42466) log_request_info /opt/stack/keystone/keystone/server/flask/request_processing/req_logging.py:27}}
Jan 28 15:34:32 devstack devstack@keystone.service[42466]: DEBUG keystone.server.flask.request_processing.req_logging [None req-f6b22a09-b4e5-413c-acdb-b29f1462cc81 None admin] PATH_INFO: `/v3/users/6e0dbadfa75944f78ac1136c3568aea4` {{(pid=42466) log_request_info /opt/stack/keystone/keystone/server/flask/request_processing/req_logging.py:28}}
Jan 28 15:34:32 devstack devstack@keystone.service[42466]: DEBUG keystone.common.rbac_enforcer.enforcer [None req-f6b22a09-b4e5-413c-acdb-b29f1462cc81 None admin] RBAC: Authorizing `identity:get_user(user_id=6e0dbadfa75944f78ac1136c3568aea4)` {{(pid=42466) enforce_call /opt/stack/keystone/keystone/common/rbac_enforcer/enforcer.py:494}}
Jan 28 15:34:32 devstack devstack@keystone.service[42465]: DEBUG keystone.common.rbac_enforcer.enforcer [None req-b1db2fc2-397d-476d-8b0f-9d24bda8b3d7 None admin] RBAC: Authorizing `identity:get_domain(domain_id=Default)` {{(pid=42465) enforce_call /opt/stack/keystone/keystone/common/rbac_enforcer/enforcer.py:494}}
Jan 28 15:34:32 devstack devstack@keystone.service[42466]: DEBUG keystone.common.rbac_enforcer.enforcer [None req-f6b22a09-b4e5-413c-acdb-b29f1462cc81 None admin] RBAC: Authorization granted {{(pid=42466) enforce_call /opt/stack/keystone/keystone/common/rbac_enforcer/enforcer.py:505}}
Jan 28 15:34:32 devstack devstack@keystone.service[42465]: DEBUG keystone.common.rbac_enforcer.enforcer [None req-b1db2fc2-397d-476d-8b0f-9d24bda8b3d7 None admin] RBAC: Authorization granted {{(pid=42465) enforce_call /opt/stack/keystone/keystone/common/rbac_enforcer/enforcer.py:505}}
Jan 28 15:34:32 devstack devstack@keystone.service[42466]: [pid: 42466|app: 0|req: 8/17] 192.168.122.226 () {56 vars in 1233 bytes} [Wed Jan 28 15:34:32 2026] GET /identity/v3/users/6e0dbadfa75944f78ac1136c3568aea4 => generated 251 bytes in 93 msecs (HTTP/1.1 200) 5 headers in 177 bytes (1 switches on core 0)
Jan 28 15:34:32 devstack devstack@keystone.service[42466]: DEBUG keystone.server.flask.request_processing.middleware.auth_context [None req-f6b22a09-b4e5-413c-acdb-b29f1462cc81 None admin] Authenticating user token {{(pid=42466) process_request /opt/stack/data/venv/lib/python3.10/site-packages/keystonemiddleware/auth_token/__init__.py:407}}
Jan 28 15:34:32 devstack devstack@keystone.service[42465]: DEBUG keystone.server.flask.application [None req-b1db2fc2-397d-476d-8b0f-9d24bda8b3d7 None admin] Could not find domain: Default. {{(pid=42465) _handle_keystone_exception /opt/stack/keystone/keystone/server/flask/application.py:146}}
Jan 28 15:34:32 devstack devstack@keystone.service[42465]: [pid: 42465|app: 0|req: 10/18] 192.168.122.226 () {56 vars in 1164 bytes} [Wed Jan 28 15:34:32 2026] GET /identity/v3/domains/Default => generated 87 bytes in 110 msecs (HTTP/1.1 404) 5 headers in 183 bytes (1 switches on core 0)
Jan 28 15:34:32 devstack devstack@keystone.service[42465]: DEBUG keystone.server.flask.request_processing.middleware.auth_context [None req-b1db2fc2-397d-476d-8b0f-9d24bda8b3d7 None admin] Authenticating user token {{(pid=42465) process_request /opt/stack/data/venv/lib/python3.10/site-packages/keystonemiddleware/auth_token/__init__.py:407}}
Jan 28 15:34:32 devstack devstack@keystone.service[42466]: DEBUG keystone.server.flask.request_processing.middleware.auth_context [None req-f6b22a09-b4e5-413c-acdb-b29f1462cc81 None admin] Validating token access rules against request {{(pid=42466) validate_allowed_request /opt/stack/data/venv/lib/python3.10/site-packages/keystonemiddleware/auth_token/__init__.py:545}}
Jan 28 15:34:32 devstack devstack@keystone.service[42465]: DEBUG keystone.server.flask.request_processing.middleware.auth_context [None req-b1db2fc2-397d-476d-8b0f-9d24bda8b3d7 None admin] Validating token access rules against request {{(pid=42465) validate_allowed_request /opt/stack/data/venv/lib/python3.10/site-packages/keystonemiddleware/auth_token/__init__.py:545}}
Jan 28 15:34:32 devstack devstack@keystone.service[42465]: DEBUG keystone.server.flask.request_processing.middleware.auth_context [None req-fd7b08af-decb-44e3-a7c4-2e4782c16028 None admin] RBAC: auth_context: {'token': , 'domain_id': None, 'trust_id': None, 'trustor_id': None, 'trustee_id': None, 'domain_name': None, 'group_ids': [], 'user_id': '6e0dbadfa75944f78ac1136c3568aea4', 'user_domain_id': 'default', 'system_scope': 'all', 'project_id': None, 'project_domain_id': None, 'roles': ['admin', 'manager', 'member', 'reader'], 'is_admin_project': True, 'service_user_id': None, 'service_user_domain_id': None, 'service_project_id': None, 'service_project_domain_id': None, 'service_roles': []} {{(pid=42465) fill_context /opt/stack/keystone/keystone/server/flask/request_processing/middleware/auth_context.py:509}}
Jan 28 15:34:32 devstack devstack@keystone.service[42465]: DEBUG keystone.server.flask.request_processing.req_logging [None req-fd7b08af-decb-44e3-a7c4-2e4782c16028 None admin] REQUEST_METHOD: `GET` {{(pid=42465) log_request_info /opt/stack/keystone/keystone/server/flask/request_processing/req_logging.py:26}}
Jan 28 15:34:32 devstack devstack@keystone.service[42465]: DEBUG keystone.server.flask.request_processing.req_logging [None req-fd7b08af-decb-44e3-a7c4-2e4782c16028 None admin] SCRIPT_NAME: `/identity` {{(pid=42465) log_request_info /opt/stack/keystone/keystone/server/flask/request_processing/req_logging.py:27}}
Jan 28 15:34:32 devstack devstack@keystone.service[42465]: DEBUG keystone.server.flask.request_processing.req_logging [None req-fd7b08af-decb-44e3-a7c4-2e4782c16028 None admin] PATH_INFO: `/v3/domains` {{(pid=42465) log_request_info /opt/stack/keystone/keystone/server/flask/request_processing/req_logging.py:28}}
Jan 28 15:34:32 devstack devstack@keystone.service[42465]: DEBUG keystone.common.rbac_enforcer.enforcer [None req-fd7b08af-decb-44e3-a7c4-2e4782c16028 None admin] RBAC: Adding query filter params (name=Default) {{(pid=42465) _extract_filter_values /opt/stack/keystone/keystone/common/rbac_enforcer/enforcer.py:176}}
Jan 28 15:34:32 devstack devstack@keystone.service[42466]: DEBUG keystone.server.flask.request_processing.middleware.auth_context [None req-35864cfd-e172-4be5-90a0-82bf9fed28e8 None admin] RBAC: auth_context: {'token': , 'domain_id': None, 'trust_id': None, 'trustor_id': None, 'trustee_id': None, 'domain_name': None, 'group_ids': [], 'user_id': '6e0dbadfa75944f78ac1136c3568aea4', 'user_domain_id': 'default', 'system_scope': 'all', 'project_id': None, 'project_domain_id': None, 'roles': ['admin', 'manager', 'member', 'reader'], 'is_admin_project': True, 'service_user_id': None, 'service_user_domain_id': None, 'service_project_id': None, 'service_project_domain_id': None, 'service_roles': []} {{(pid=42466) fill_context /opt/stack/keystone/keystone/server/flask/request_processing/middleware/auth_context.py:509}}
Jan 28 15:34:32 devstack devstack@keystone.service[42465]: DEBUG keystone.common.rbac_enforcer.enforcer [None req-fd7b08af-decb-44e3-a7c4-2e4782c16028 None admin] RBAC: Authorizing `identity:list_domains()` {{(pid=42465) enforce_call /opt/stack/keystone/keystone/common/rbac_enforcer/enforcer.py:494}}
Jan 28 15:34:32 devstack devstack@keystone.service[42466]: DEBUG keystone.server.flask.request_processing.req_logging [None req-35864cfd-e172-4be5-90a0-82bf9fed28e8 None admin] REQUEST_METHOD: `GET` {{(pid=42466) log_request_info /opt/stack/keystone/keystone/server/flask/request_processing/req_logging.py:26}}
Jan 28 15:34:32 devstack devstack@keystone.service[42466]: DEBUG keystone.server.flask.request_processing.req_logging [None req-35864cfd-e172-4be5-90a0-82bf9fed28e8 None admin] SCRIPT_NAME: `/identity` {{(pid=42466) log_request_info /opt/stack/keystone/keystone/server/flask/request_processing/req_logging.py:27}}
Jan 28 15:34:32 devstack devstack@keystone.service[42465]: DEBUG keystone.common.rbac_enforcer.enforcer [None req-fd7b08af-decb-44e3-a7c4-2e4782c16028 None admin] RBAC: Authorization granted {{(pid=42465) enforce_call /opt/stack/keystone/keystone/common/rbac_enforcer/enforcer.py:505}}
Jan 28 15:34:32 devstack devstack@keystone.service[42466]: DEBUG keystone.server.flask.request_processing.req_logging [None req-35864cfd-e172-4be5-90a0-82bf9fed28e8 None admin] PATH_INFO: `/v3/domains/default` {{(pid=42466) log_request_info /opt/stack/keystone/keystone/server/flask/request_processing/req_logging.py:28}}
Jan 28 15:34:32 devstack devstack@keystone.service[42466]: DEBUG keystone.common.rbac_enforcer.enforcer [None req-35864cfd-e172-4be5-90a0-82bf9fed28e8 None admin] RBAC: Authorizing `identity:get_domain(domain_id=default)` {{(pid=42466) enforce_call /opt/stack/keystone/keystone/common/rbac_enforcer/enforcer.py:494}}
Jan 28 15:34:32 devstack devstack@keystone.service[42466]: DEBUG keystone.common.rbac_enforcer.enforcer [None req-35864cfd-e172-4be5-90a0-82bf9fed28e8 None admin] RBAC: Authorization granted {{(pid=42466) enforce_call /opt/stack/keystone/keystone/common/rbac_enforcer/enforcer.py:505}}
Jan 28 15:34:32 devstack devstack@keystone.service[42466]: [pid: 42466|app: 0|req: 9/19] 192.168.122.226 () {56 vars in 1164 bytes} [Wed Jan 28 15:34:32 2026] GET /identity/v3/domains/default => generated 203 bytes in 93 msecs (HTTP/1.1 200) 5 headers in 177 bytes (1 switches on core 0)
Jan 28 15:34:32 devstack devstack@keystone.service[42466]: DEBUG keystone.server.flask.request_processing.middleware.auth_context [None req-35864cfd-e172-4be5-90a0-82bf9fed28e8 None admin] Authenticating user token {{(pid=42466) process_request /opt/stack/data/venv/lib/python3.10/site-packages/keystonemiddleware/auth_token/__init__.py:407}}
Jan 28 15:34:32 devstack devstack@keystone.service[42465]: [pid: 42465|app: 0|req: 11/20] 192.168.122.226 () {56 vars in 1178 bytes} [Wed Jan 28 15:34:32 2026] GET /identity/v3/domains?name=Default => generated 316 bytes in 95 msecs (HTTP/1.1 200) 5 headers in 177 bytes (1 switches on core 0)
Jan 28 15:34:33 devstack devstack@keystone.service[42466]: DEBUG keystone.server.flask.request_processing.middleware.auth_context [None req-35864cfd-e172-4be5-90a0-82bf9fed28e8 None admin] Validating token access rules against request {{(pid=42466) validate_allowed_request /opt/stack/data/venv/lib/python3.10/site-packages/keystonemiddleware/auth_token/__init__.py:545}}
Jan 28 15:34:33 devstack devstack@keystone.service[42466]: DEBUG keystone.server.flask.request_processing.middleware.auth_context [None req-3de86575-90f4-4201-890d-3530dada3114 None admin] RBAC: auth_context: {'token': , 'domain_id': None, 'trust_id': None, 'trustor_id': None, 'trustee_id': None, 'domain_name': None, 'group_ids': [], 'user_id': '6e0dbadfa75944f78ac1136c3568aea4', 'user_domain_id': 'default', 'system_scope': 'all', 'project_id': None, 'project_domain_id': None, 'roles': ['admin', 'manager', 'member', 'reader'], 'is_admin_project': True, 'service_user_id': None, 'service_user_domain_id': None, 'service_project_id': None, 'service_project_domain_id': None, 'service_roles': []} {{(pid=42466) fill_context /opt/stack/keystone/keystone/server/flask/request_processing/middleware/auth_context.py:509}}
Jan 28 15:34:33 devstack devstack@keystone.service[42466]: DEBUG keystone.server.flask.request_processing.req_logging [None req-3de86575-90f4-4201-890d-3530dada3114 None admin] REQUEST_METHOD: `PUT` {{(pid=42466) log_request_info /opt/stack/keystone/keystone/server/flask/request_processing/req_logging.py:26}}
Jan 28 15:34:33 devstack devstack@keystone.service[42466]: DEBUG keystone.server.flask.request_processing.req_logging [None req-3de86575-90f4-4201-890d-3530dada3114 None admin] SCRIPT_NAME: `/identity` {{(pid=42466) log_request_info /opt/stack/keystone/keystone/server/flask/request_processing/req_logging.py:27}}
Jan 28 15:34:33 devstack devstack@keystone.service[42466]: DEBUG keystone.server.flask.request_processing.req_logging [None req-3de86575-90f4-4201-890d-3530dada3114 None admin] PATH_INFO: `/v3/domains/default/users/6e0dbadfa75944f78ac1136c3568aea4/roles/ab8373d55fc94d4185b1f5a85a265551` {{(pid=42466) log_request_info /opt/stack/keystone/keystone/server/flask/request_processing/req_logging.py:28}}
Jan 28 15:34:33 devstack devstack@keystone.service[42466]: DEBUG keystone.common.rbac_enforcer.enforcer [None req-3de86575-90f4-4201-890d-3530dada3114 None admin] RBAC: Authorizing `identity:create_grant(domain_id=default, user_id=6e0dbadfa75944f78ac1136c3568aea4, role_id=ab8373d55fc94d4185b1f5a85a265551)` {{(pid=42466) enforce_call /opt/stack/keystone/keystone/common/rbac_enforcer/enforcer.py:494}}
Jan 28 15:34:33 devstack devstack@keystone.service[42466]: DEBUG keystone.common.rbac_enforcer.enforcer [None req-3de86575-90f4-4201-890d-3530dada3114 None admin] RBAC: Authorization granted {{(pid=42466) enforce_call /opt/stack/keystone/keystone/common/rbac_enforcer/enforcer.py:505}}
Jan 28 15:34:33 devstack devstack@keystone.service[42466]: [pid: 42466|app: 0|req: 10/21] 192.168.122.226 () {58 vars in 1417 bytes} [Wed Jan 28 15:34:32 2026] PUT /identity/v3/domains/default/users/6e0dbadfa75944f78ac1136c3568aea4/roles/ab8373d55fc94d4185b1f5a85a265551 => generated 0 bytes in 348 msecs (HTTP/1.1 204) 3 headers in 132 bytes (0 switches on core 0)
Jan 28 15:34:34 devstack devstack@keystone.service[42465]: DEBUG keystone.server.flask.request_processing.req_logging [None req-f4334754-daea-4ad7-8b20-de6eb9498236 None None] REQUEST_METHOD: `GET` {{(pid=42465) log_request_info /opt/stack/keystone/keystone/server/flask/request_processing/req_logging.py:26}}
Jan 28 15:34:34 devstack devstack@keystone.service[42465]: DEBUG keystone.server.flask.request_processing.req_logging [None req-f4334754-daea-4ad7-8b20-de6eb9498236 None None] SCRIPT_NAME: `/identity` {{(pid=42465) log_request_info /opt/stack/keystone/keystone/server/flask/request_processing/req_logging.py:27}}
Jan 28 15:34:34 devstack devstack@keystone.service[42465]: DEBUG keystone.server.flask.request_processing.req_logging [None req-f4334754-daea-4ad7-8b20-de6eb9498236 None None] PATH_INFO: `/` {{(pid=42465) log_request_info /opt/stack/keystone/keystone/server/flask/request_processing/req_logging.py:28}}
Jan 28 15:34:34 devstack devstack@keystone.service[42465]: [pid: 42465|app: 0|req: 12/22] 192.168.122.226 () {54 vars in 939 bytes} [Wed Jan 28 15:34:34 2026] GET /identity => generated 274 bytes in 2 msecs (HTTP/1.1 300) 6 headers in 238 bytes (1 switches on core 0)
Jan 28 15:34:34 devstack devstack@keystone.service[42466]: DEBUG keystone.server.flask.request_processing.req_logging [None req-b96f8601-d609-4b86-baa8-187142adf24a None None] REQUEST_METHOD: `POST` {{(pid=42466) log_request_info /opt/stack/keystone/keystone/server/flask/request_processing/req_logging.py:26}}
Jan 28 15:34:34 devstack devstack@keystone.service[42466]: DEBUG keystone.server.flask.request_processing.req_logging [None req-b96f8601-d609-4b86-baa8-187142adf24a None None] SCRIPT_NAME: `/identity` {{(pid=42466) log_request_info /opt/stack/keystone/keystone/server/flask/request_processing/req_logging.py:27}}
Jan 28 15:34:34 devstack devstack@keystone.service[42466]: DEBUG keystone.server.flask.request_processing.req_logging [None req-b96f8601-d609-4b86-baa8-187142adf24a None None] PATH_INFO: `/v3/auth/tokens` {{(pid=42466) log_request_info /opt/stack/keystone/keystone/server/flask/request_processing/req_logging.py:28}}
Jan 28 15:34:34 devstack devstack@keystone.service[42466]: WARNING keystone.common.password_hashing [None req-b96f8601-d609-4b86-baa8-187142adf24a None None] Truncating password to algorithm specific maximum length 72 characters.
Jan 28 15:34:34 devstack devstack@keystone.service[42466]: DEBUG keystone.auth.core [None req-b96f8601-d609-4b86-baa8-187142adf24a None None] MFA Rules not processed for user `6e0dbadfa75944f78ac1136c3568aea4`. Rule list: `[]` (Enabled: `True`). {{(pid=42466) check_auth_methods_against_rules /opt/stack/keystone/keystone/auth/core.py:476}}
Jan 28 15:34:34 devstack devstack@keystone.service[42466]: DEBUG keystone.common.fernet_utils [None req-b96f8601-d609-4b86-baa8-187142adf24a None None] Loaded 2 Fernet keys from /etc/keystone/fernet-keys/, but `[fernet_tokens] max_active_keys = 3`; perhaps there have not been enough key rotations to reach `max_active_keys` yet? {{(pid=42466) load_keys /opt/stack/keystone/keystone/common/fernet_utils.py:297}}
Jan 28 15:34:34 devstack devstack@keystone.service[42466]: [pid: 42466|app: 0|req: 11/23] 192.168.122.226 () {58 vars in 1036 bytes} [Wed Jan 28 15:34:34 2026] POST /identity/v3/auth/tokens => generated 866 bytes in 133 msecs (HTTP/1.1 201) 6 headers in 363 bytes (1 switches on core 0)
Jan 28 15:34:35 devstack devstack@keystone.service[42465]: DEBUG keystone.server.flask.request_processing.middleware.auth_context [None req-f4334754-daea-4ad7-8b20-de6eb9498236 None None] Authenticating user token {{(pid=42465) process_request /opt/stack/data/venv/lib/python3.10/site-packages/keystonemiddleware/auth_token/__init__.py:407}}
Jan 28 15:34:35 devstack devstack@keystone.service[42466]: DEBUG keystone.server.flask.request_processing.req_logging [None req-bb9793ac-1967-45b2-b703-c457da342fb5 None None] REQUEST_METHOD: `GET` {{(pid=42466) log_request_info /opt/stack/keystone/keystone/server/flask/request_processing/req_logging.py:26}}
Jan 28 15:34:35 devstack devstack@keystone.service[42466]: DEBUG keystone.server.flask.request_processing.req_logging [None req-bb9793ac-1967-45b2-b703-c457da342fb5 None None] SCRIPT_NAME: `/identity` {{(pid=42466) log_request_info /opt/stack/keystone/keystone/server/flask/request_processing/req_logging.py:27}}
Jan 28 15:34:35 devstack devstack@keystone.service[42466]: DEBUG keystone.server.flask.request_processing.req_logging [None req-bb9793ac-1967-45b2-b703-c457da342fb5 None None] PATH_INFO: `/` {{(pid=42466) log_request_info /opt/stack/keystone/keystone/server/flask/request_processing/req_logging.py:28}}
Jan 28 15:34:35 devstack devstack@keystone.service[42466]: [pid: 42466|app: 0|req: 12/24] 192.168.122.226 () {54 vars in 939 bytes} [Wed Jan 28 15:34:35 2026] GET /identity => generated 274 bytes in 4 msecs (HTTP/1.1 300) 6 headers in 238 bytes (1 switches on core 0)
Jan 28 15:34:35 devstack devstack@keystone.service[42466]: DEBUG keystone.server.flask.request_processing.req_logging [None req-9a7fa1a2-31b7-40c8-969c-4a01a7c4efff None None] REQUEST_METHOD: `POST` {{(pid=42466) log_request_info /opt/stack/keystone/keystone/server/flask/request_processing/req_logging.py:26}}
Jan 28 15:34:35 devstack devstack@keystone.service[42466]: DEBUG keystone.server.flask.request_processing.req_logging [None req-9a7fa1a2-31b7-40c8-969c-4a01a7c4efff None None] SCRIPT_NAME: `/identity` {{(pid=42466) log_request_info /opt/stack/keystone/keystone/server/flask/request_processing/req_logging.py:27}}
Jan 28 15:34:35 devstack devstack@keystone.service[42466]: DEBUG keystone.server.flask.request_processing.req_logging [None req-9a7fa1a2-31b7-40c8-969c-4a01a7c4efff None None] PATH_INFO: `/v3/auth/tokens` {{(pid=42466) log_request_info /opt/stack/keystone/keystone/server/flask/request_processing/req_logging.py:28}}
Jan 28 15:34:35 devstack devstack@keystone.service[42466]: WARNING keystone.common.password_hashing [None req-9a7fa1a2-31b7-40c8-969c-4a01a7c4efff None None] Truncating password to algorithm specific maximum length 72 characters.
Jan 28 15:34:35 devstack devstack@keystone.service[42465]: DEBUG keystone.server.flask.request_processing.middleware.auth_context [None req-f4334754-daea-4ad7-8b20-de6eb9498236 None None] Validating token access rules against request {{(pid=42465) validate_allowed_request /opt/stack/data/venv/lib/python3.10/site-packages/keystonemiddleware/auth_token/__init__.py:545}}
Jan 28 15:34:35 devstack devstack@keystone.service[42466]: DEBUG keystone.auth.core [None req-9a7fa1a2-31b7-40c8-969c-4a01a7c4efff None None] MFA Rules not processed for user `6e0dbadfa75944f78ac1136c3568aea4`. Rule list: `[]` (Enabled: `True`). {{(pid=42466) check_auth_methods_against_rules /opt/stack/keystone/keystone/auth/core.py:476}}
Jan 28 15:34:35 devstack devstack@keystone.service[42466]: DEBUG keystone.common.fernet_utils [None req-9a7fa1a2-31b7-40c8-969c-4a01a7c4efff None None] Loaded 2 Fernet keys from /etc/keystone/fernet-keys/, but `[fernet_tokens] max_active_keys = 3`; perhaps there have not been enough key rotations to reach `max_active_keys` yet? {{(pid=42466) load_keys /opt/stack/keystone/keystone/common/fernet_utils.py:297}}
Jan 28 15:34:35 devstack devstack@keystone.service[42465]: DEBUG keystone.server.flask.request_processing.middleware.auth_context [None req-a7e1204e-a6c3-4f00-b6b5-bfce5e214602 None admin] RBAC: auth_context: {'token': , 'domain_id': None, 'trust_id': None, 'trustor_id': None, 'trustee_id': None, 'domain_name': None, 'group_ids': [], 'user_id': '6e0dbadfa75944f78ac1136c3568aea4', 'user_domain_id': 'default', 'system_scope': 'all', 'project_id': None, 'project_domain_id': None, 'roles': ['admin', 'manager', 'member', 'reader'], 'is_admin_project': True, 'service_user_id': None, 'service_user_domain_id': None, 'service_project_id': None, 'service_project_domain_id': None, 'service_roles': []} {{(pid=42465) fill_context /opt/stack/keystone/keystone/server/flask/request_processing/middleware/auth_context.py:509}}
Jan 28 15:34:35 devstack devstack@keystone.service[42465]: DEBUG keystone.server.flask.request_processing.req_logging [None req-a7e1204e-a6c3-4f00-b6b5-bfce5e214602 None admin] REQUEST_METHOD: `GET` {{(pid=42465) log_request_info /opt/stack/keystone/keystone/server/flask/request_processing/req_logging.py:26}}
Jan 28 15:34:35 devstack devstack@keystone.service[42465]: DEBUG keystone.server.flask.request_processing.req_logging [None req-a7e1204e-a6c3-4f00-b6b5-bfce5e214602 None admin] SCRIPT_NAME: `/identity` {{(pid=42465) log_request_info /opt/stack/keystone/keystone/server/flask/request_processing/req_logging.py:27}}
Jan 28 15:34:35 devstack devstack@keystone.service[42465]: DEBUG keystone.server.flask.request_processing.req_logging [None req-a7e1204e-a6c3-4f00-b6b5-bfce5e214602 None admin] PATH_INFO: `/v3/domains/Default` {{(pid=42465) log_request_info /opt/stack/keystone/keystone/server/flask/request_processing/req_logging.py:28}}
Jan 28 15:34:35 devstack devstack@keystone.service[42465]: DEBUG keystone.common.rbac_enforcer.enforcer [None req-a7e1204e-a6c3-4f00-b6b5-bfce5e214602 None admin] RBAC: Authorizing `identity:get_domain(domain_id=Default)` {{(pid=42465) enforce_call /opt/stack/keystone/keystone/common/rbac_enforcer/enforcer.py:494}}
Jan 28 15:34:35 devstack devstack@keystone.service[42465]: DEBUG keystone.common.rbac_enforcer.enforcer [None req-a7e1204e-a6c3-4f00-b6b5-bfce5e214602 None admin] RBAC: Authorization granted {{(pid=42465) enforce_call /opt/stack/keystone/keystone/common/rbac_enforcer/enforcer.py:505}}
Jan 28 15:34:35 devstack devstack@keystone.service[42465]: DEBUG keystone.server.flask.application [None req-a7e1204e-a6c3-4f00-b6b5-bfce5e214602 None admin] Could not find domain: Default. {{(pid=42465) _handle_keystone_exception /opt/stack/keystone/keystone/server/flask/application.py:146}}
Jan 28 15:34:35 devstack devstack@keystone.service[42465]: [pid: 42465|app: 0|req: 13/25] 192.168.122.226 () {56 vars in 1120 bytes} [Wed Jan 28 15:34:35 2026] GET /identity/v3/domains/Default => generated 87 bytes in 119 msecs (HTTP/1.1 404) 5 headers in 183 bytes (1 switches on core 0)
Jan 28 15:34:35 devstack devstack@keystone.service[42465]: DEBUG keystone.server.flask.request_processing.req_logging [None req-efd5849a-3fe7-4ceb-9bf7-374af5fbdba4 None None] REQUEST_METHOD: `GET` {{(pid=42465) log_request_info /opt/stack/keystone/keystone/server/flask/request_processing/req_logging.py:26}}
Jan 28 15:34:35 devstack devstack@keystone.service[42465]: DEBUG keystone.server.flask.request_processing.req_logging [None req-efd5849a-3fe7-4ceb-9bf7-374af5fbdba4 None None] SCRIPT_NAME: `/identity` {{(pid=42465) log_request_info /opt/stack/keystone/keystone/server/flask/request_processing/req_logging.py:27}}
Jan 28 15:34:35 devstack devstack@keystone.service[42465]: DEBUG keystone.server.flask.request_processing.req_logging [None req-efd5849a-3fe7-4ceb-9bf7-374af5fbdba4 None None] PATH_INFO: `/` {{(pid=42465) log_request_info /opt/stack/keystone/keystone/server/flask/request_processing/req_logging.py:28}}
Jan 28 15:34:35 devstack devstack@keystone.service[42465]: [pid: 42465|app: 0|req: 14/26] 192.168.122.226 () {54 vars in 939 bytes} [Wed Jan 28 15:34:35 2026] GET /identity => generated 274 bytes in 2 msecs (HTTP/1.1 300) 6 headers in 238 bytes (1 switches on core 0)
Jan 28 15:34:35 devstack devstack@keystone.service[42465]: DEBUG keystone.server.flask.request_processing.middleware.auth_context [None req-efd5849a-3fe7-4ceb-9bf7-374af5fbdba4 None None] Authenticating user token {{(pid=42465) process_request /opt/stack/data/venv/lib/python3.10/site-packages/keystonemiddleware/auth_token/__init__.py:407}}
Jan 28 15:34:35 devstack devstack@keystone.service[42466]: [pid: 42466|app: 0|req: 13/27] 192.168.122.226 () {58 vars in 1036 bytes} [Wed Jan 28 15:34:35 2026] POST /identity/v3/auth/tokens => generated 866 bytes in 123 msecs (HTTP/1.1 201) 6 headers in 363 bytes (1 switches on core 0)
Jan 28 15:34:35 devstack devstack@keystone.service[42466]: DEBUG keystone.server.flask.request_processing.req_logging [None req-aa8c4c7f-4278-42ae-aad5-316c86f3e0b0 None None] REQUEST_METHOD: `POST` {{(pid=42466) log_request_info /opt/stack/keystone/keystone/server/flask/request_processing/req_logging.py:26}}
Jan 28 15:34:35 devstack devstack@keystone.service[42466]: DEBUG keystone.server.flask.request_processing.req_logging [None req-aa8c4c7f-4278-42ae-aad5-316c86f3e0b0 None None] SCRIPT_NAME: `/identity` {{(pid=42466) log_request_info /opt/stack/keystone/keystone/server/flask/request_processing/req_logging.py:27}}
Jan 28 15:34:35 devstack devstack@keystone.service[42466]: DEBUG keystone.server.flask.request_processing.req_logging [None req-aa8c4c7f-4278-42ae-aad5-316c86f3e0b0 None None] PATH_INFO: `/v3/auth/tokens` {{(pid=42466) log_request_info /opt/stack/keystone/keystone/server/flask/request_processing/req_logging.py:28}}
