Jan 28 15:39:47 devstack devstack@g-api.service[75711]: DEBUG glance.common.config [None req-d243d6cc-fa25-4b73-82a7-4d46c6449b74 None None] barbican_service_user.cafile = None {{(pid=75711) log_opt_values /opt/stack/data/venv/lib/python3.10/site-packages/oslo_config/cfg.py:2824}}
Jan 28 15:39:47 devstack devstack@g-api.service[75711]: DEBUG glance.common.config [None req-d243d6cc-fa25-4b73-82a7-4d46c6449b74 None None] barbican_service_user.certfile = None {{(pid=75711) log_opt_values /opt/stack/data/venv/lib/python3.10/site-packages/oslo_config/cfg.py:2824}}
Jan 28 15:39:47 devstack devstack@g-api.service[75711]: DEBUG glance.common.config [None req-d243d6cc-fa25-4b73-82a7-4d46c6449b74 None None] barbican_service_user.collect_timing = False {{(pid=75711) log_opt_values /opt/stack/data/venv/lib/python3.10/site-packages/oslo_config/cfg.py:2824}}
Jan 28 15:39:47 devstack devstack@g-api.service[75711]: DEBUG glance.common.config [None req-d243d6cc-fa25-4b73-82a7-4d46c6449b74 None None] barbican_service_user.insecure = False {{(pid=75711) log_opt_values /opt/stack/data/venv/lib/python3.10/site-packages/oslo_config/cfg.py:2824}}
Jan 28 15:39:47 devstack devstack@g-api.service[75711]: DEBUG glance.common.config [None req-d243d6cc-fa25-4b73-82a7-4d46c6449b74 None None] barbican_service_user.keyfile = None {{(pid=75711) log_opt_values /opt/stack/data/venv/lib/python3.10/site-packages/oslo_config/cfg.py:2824}}
Jan 28 15:39:47 devstack devstack@g-api.service[75711]: DEBUG glance.common.config [None req-d243d6cc-fa25-4b73-82a7-4d46c6449b74 None None] barbican_service_user.split_loggers = False {{(pid=75711) log_opt_values /opt/stack/data/venv/lib/python3.10/site-packages/oslo_config/cfg.py:2824}}
Jan 28 15:39:47 devstack devstack@g-api.service[75711]: DEBUG glance.common.config [None req-d243d6cc-fa25-4b73-82a7-4d46c6449b74 None None] barbican_service_user.timeout = None {{(pid=75711) log_opt_values /opt/stack/data/venv/lib/python3.10/site-packages/oslo_config/cfg.py:2824}}
Jan 28 15:39:47 devstack devstack@g-api.service[75711]: DEBUG glance.common.config [None req-d243d6cc-fa25-4b73-82a7-4d46c6449b74 None None] database.asyncio_connection = **** {{(pid=75711) log_opt_values /opt/stack/data/venv/lib/python3.10/site-packages/oslo_config/cfg.py:2824}}
Jan 28 15:39:47 devstack devstack@g-api.service[75711]: DEBUG glance.common.config [None req-d243d6cc-fa25-4b73-82a7-4d46c6449b74 None None] database.asyncio_slave_connection = **** {{(pid=75711) log_opt_values /opt/stack/data/venv/lib/python3.10/site-packages/oslo_config/cfg.py:2824}}
Jan 28 15:39:47 devstack devstack@g-api.service[75711]: DEBUG glance.common.config [None req-d243d6cc-fa25-4b73-82a7-4d46c6449b74 None None] database.backend = sqlalchemy {{(pid=75711) log_opt_values /opt/stack/data/venv/lib/python3.10/site-packages/oslo_config/cfg.py:2824}}
Jan 28 15:39:47 devstack devstack@g-api.service[75711]: DEBUG glance.common.config [None req-d243d6cc-fa25-4b73-82a7-4d46c6449b74 None None] database.connection = **** {{(pid=75711) log_opt_values /opt/stack/data/venv/lib/python3.10/site-packages/oslo_config/cfg.py:2824}}
Jan 28 15:39:47 devstack devstack@g-api.service[75711]: DEBUG glance.common.config [None req-d243d6cc-fa25-4b73-82a7-4d46c6449b74 None None] database.connection_debug = 0 {{(pid=75711) log_opt_values /opt/stack/data/venv/lib/python3.10/site-packages/oslo_config/cfg.py:2824}}
Jan 28 15:39:47 devstack devstack@g-api.service[75711]: DEBUG glance.common.config [None req-d243d6cc-fa25-4b73-82a7-4d46c6449b74 None None] database.connection_parameters = {{(pid=75711) log_opt_values /opt/stack/data/venv/lib/python3.10/site-packages/oslo_config/cfg.py:2824}}
Jan 28 15:39:47 devstack devstack@g-api.service[75711]: DEBUG glance.common.config [None req-d243d6cc-fa25-4b73-82a7-4d46c6449b74 None None] database.connection_recycle_time = 3600 {{(pid=75711) log_opt_values /opt/stack/data/venv/lib/python3.10/site-packages/oslo_config/cfg.py:2824}}
Jan 28 15:39:47 devstack devstack@g-api.service[75711]: DEBUG glance.common.config [None req-d243d6cc-fa25-4b73-82a7-4d46c6449b74 None None] database.connection_trace = False {{(pid=75711) log_opt_values /opt/stack/data/venv/lib/python3.10/site-packages/oslo_config/cfg.py:2824}}
Jan 28 15:39:47 devstack devstack@g-api.service[75711]: DEBUG glance.common.config [None req-d243d6cc-fa25-4b73-82a7-4d46c6449b74 None None] database.db_inc_retry_interval = True {{(pid=75711) log_opt_values /opt/stack/data/venv/lib/python3.10/site-packages/oslo_config/cfg.py:2824}}
Jan 28 15:39:47 devstack devstack@g-api.service[75711]: DEBUG glance.common.config [None req-d243d6cc-fa25-4b73-82a7-4d46c6449b74 None None] database.db_max_retries = 20 {{(pid=75711) log_opt_values /opt/stack/data/venv/lib/python3.10/site-packages/oslo_config/cfg.py:2824}}
Jan 28 15:39:47 devstack devstack@g-api.service[75711]: DEBUG glance.common.config [None req-d243d6cc-fa25-4b73-82a7-4d46c6449b74 None None] database.db_max_retry_interval = 10 {{(pid=75711) log_opt_values /opt/stack/data/venv/lib/python3.10/site-packages/oslo_config/cfg.py:2824}}
Jan 28 15:39:47 devstack devstack@g-api.service[75711]: DEBUG glance.common.config [None req-d243d6cc-fa25-4b73-82a7-4d46c6449b74 None None] database.db_retry_interval = 1 {{(pid=75711) log_opt_values /opt/stack/data/venv/lib/python3.10/site-packages/oslo_config/cfg.py:2824}}
Jan 28 15:39:47 devstack devstack@g-api.service[75711]: DEBUG glance.common.config [None req-d243d6cc-fa25-4b73-82a7-4d46c6449b74 None None] database.max_overflow = 50 {{(pid=75711) log_opt_values /opt/stack/data/venv/lib/python3.10/site-packages/oslo_config/cfg.py:2824}}
Jan 28 15:39:47 devstack devstack@g-api.service[75711]: DEBUG glance.common.config [None req-d243d6cc-fa25-4b73-82a7-4d46c6449b74 None None] database.max_pool_size = 5 {{(pid=75711) log_opt_values /opt/stack/data/venv/lib/python3.10/site-packages/oslo_config/cfg.py:2824}}
Jan 28 15:39:47 devstack devstack@g-api.service[75711]: DEBUG glance.common.config [None req-d243d6cc-fa25-4b73-82a7-4d46c6449b74 None None] database.max_retries = 10 {{(pid=75711) log_opt_values /opt/stack/data/venv/lib/python3.10/site-packages/oslo_config/cfg.py:2824}}
Jan 28 15:39:47 devstack devstack@g-api.service[75711]: DEBUG glance.common.config [None req-d243d6cc-fa25-4b73-82a7-4d46c6449b74 None None] database.mysql_sql_mode = TRADITIONAL {{(pid=75711) log_opt_values /opt/stack/data/venv/lib/python3.10/site-packages/oslo_config/cfg.py:2824}}
Jan 28 15:39:47 devstack devstack@g-api.service[75711]: DEBUG glance.common.config [None req-d243d6cc-fa25-4b73-82a7-4d46c6449b74 None None] database.mysql_wsrep_sync_wait = None {{(pid=75711) log_opt_values /opt/stack/data/venv/lib/python3.10/site-packages/oslo_config/cfg.py:2824}}
Jan 28 15:39:47 devstack devstack@g-api.service[75711]: DEBUG glance.common.config [None req-d243d6cc-fa25-4b73-82a7-4d46c6449b74 None None] database.pool_timeout = None {{(pid=75711) log_opt_values /opt/stack/data/venv/lib/python3.10/site-packages/oslo_config/cfg.py:2824}}
Jan 28 15:39:47 devstack devstack@g-api.service[75711]: DEBUG glance.common.config [None req-d243d6cc-fa25-4b73-82a7-4d46c6449b74 None None] database.retry_interval = 10 {{(pid=75711) log_opt_values /opt/stack/data/venv/lib/python3.10/site-packages/oslo_config/cfg.py:2824}}
Jan 28 15:39:47 devstack devstack@g-api.service[75711]: DEBUG glance.common.config [None req-d243d6cc-fa25-4b73-82a7-4d46c6449b74 None None] database.slave_connection = **** {{(pid=75711) log_opt_values /opt/stack/data/venv/lib/python3.10/site-packages/oslo_config/cfg.py:2824}}
Jan 28 15:39:47 devstack devstack@g-api.service[75711]: DEBUG glance.common.config [None req-d243d6cc-fa25-4b73-82a7-4d46c6449b74 None None] database.sqlite_synchronous = True {{(pid=75711) log_opt_values /opt/stack/data/venv/lib/python3.10/site-packages/oslo_config/cfg.py:2824}}
Jan 28 15:39:47 devstack devstack@g-api.service[75711]: DEBUG glance.common.config [None req-d243d6cc-fa25-4b73-82a7-4d46c6449b74 None None] database.synchronous_reader = True {{(pid=75711) log_opt_values /opt/stack/data/venv/lib/python3.10/site-packages/oslo_config/cfg.py:2824}}
Jan 28 15:39:47 devstack devstack@g-api.service[75711]: DEBUG glance.common.config [None req-d243d6cc-fa25-4b73-82a7-4d46c6449b74 None None] database.use_db_reconnect = False {{(pid=75711) log_opt_values /opt/stack/data/venv/lib/python3.10/site-packages/oslo_config/cfg.py:2824}}
Jan 28 15:39:47 devstack devstack@g-api.service[75711]: DEBUG glance.common.config [None req-d243d6cc-fa25-4b73-82a7-4d46c6449b74 None None] healthcheck.allowed_source_ranges = [] {{(pid=75711) log_opt_values /opt/stack/data/venv/lib/python3.10/site-packages/oslo_config/cfg.py:2824}}
Jan 28 15:39:47 devstack devstack@g-api.service[75711]: DEBUG glance.common.config [None req-d243d6cc-fa25-4b73-82a7-4d46c6449b74 None None] healthcheck.backends = ['disable_by_file'] {{(pid=75711) log_opt_values /opt/stack/data/venv/lib/python3.10/site-packages/oslo_config/cfg.py:2824}}
Jan 28 15:39:47 devstack devstack@g-api.service[75711]: DEBUG glance.common.config [None req-d243d6cc-fa25-4b73-82a7-4d46c6449b74 None None] healthcheck.detailed = False {{(pid=75711) log_opt_values /opt/stack/data/venv/lib/python3.10/site-packages/oslo_config/cfg.py:2824}}
Jan 28 15:39:47 devstack devstack@g-api.service[75711]: DEBUG glance.common.config [None req-d243d6cc-fa25-4b73-82a7-4d46c6449b74 None None] healthcheck.disable_by_file_path = None {{(pid=75711) log_opt_values /opt/stack/data/venv/lib/python3.10/site-packages/oslo_config/cfg.py:2824}}
Jan 28 15:39:47 devstack devstack@g-api.service[75711]: DEBUG glance.common.config [None req-d243d6cc-fa25-4b73-82a7-4d46c6449b74 None None] healthcheck.ignore_proxied_requests = False {{(pid=75711) log_opt_values /opt/stack/data/venv/lib/python3.10/site-packages/oslo_config/cfg.py:2824}}
Jan 28 15:39:47 devstack devstack@g-api.service[75711]: DEBUG glance.common.config [None req-d243d6cc-fa25-4b73-82a7-4d46c6449b74 None None] ******************************************************************************** {{(pid=75711) log_opt_values /opt/stack/data/venv/lib/python3.10/site-packages/oslo_config/cfg.py:2828}}
Jan 28 15:39:47 devstack devstack@g-api.service[75711]: WSGI app 0 (mountpoint='') ready in 4 seconds on interpreter 0x56141388f6a0 pid: 75711 (default app)
Jan 28 15:39:50 devstack devstack@g-api.service[75712]: DEBUG glance.api.middleware.version_negotiation [None req-b6f0a264-714a-4079-a81f-3661430f43e7 None None] Determining version of request: GET / Accept: application/json {{(pid=75712) process_request /opt/stack/glance/glance/api/middleware/version_negotiation.py:44}}
Jan 28 15:39:50 devstack devstack@g-api.service[75712]: DEBUG glance.api.middleware.version_negotiation [None req-b6f0a264-714a-4079-a81f-3661430f43e7 None None] Using url versioning {{(pid=75712) process_request /opt/stack/glance/glance/api/middleware/version_negotiation.py:57}}
Jan 28 15:39:50 devstack devstack@g-api.service[75712]: DEBUG glance.api.middleware.version_negotiation [None req-b6f0a264-714a-4079-a81f-3661430f43e7 None None] Unknown version. Returning version choices. {{(pid=75712) process_request /opt/stack/glance/glance/api/middleware/version_negotiation.py:64}}
Jan 28 15:39:50 devstack devstack@g-api.service[75712]: [pid: 75712|app: 0|req: 2/2] 127.0.0.1 () {34 vars in 519 bytes} [Wed Jan 28 15:39:50 2026] GET / => generated 1459 bytes in 2 msecs (HTTP/1.1 300) 3 headers in 106 bytes (1 switches on core 0)
Jan 28 15:39:50 devstack devstack@g-api.service[75711]: DEBUG glance.api.middleware.version_negotiation [None req-d243d6cc-fa25-4b73-82a7-4d46c6449b74 None None] Determining version of request: POST /v2/images Accept: */* {{(pid=75711) process_request /opt/stack/glance/glance/api/middleware/version_negotiation.py:44}}
Jan 28 15:39:50 devstack devstack@g-api.service[75711]: DEBUG glance.api.middleware.version_negotiation [None req-d243d6cc-fa25-4b73-82a7-4d46c6449b74 None None] Using url versioning {{(pid=75711) process_request /opt/stack/glance/glance/api/middleware/version_negotiation.py:57}}
Jan 28 15:39:50 devstack devstack@g-api.service[75711]: DEBUG glance.api.middleware.version_negotiation [None req-d243d6cc-fa25-4b73-82a7-4d46c6449b74 None None] Matched version: v2 {{(pid=75711) process_request /opt/stack/glance/glance/api/middleware/version_negotiation.py:69}}
Jan 28 15:39:50 devstack devstack@g-api.service[75711]: DEBUG glance.api.middleware.version_negotiation [None req-d243d6cc-fa25-4b73-82a7-4d46c6449b74 None None] new path /v2/images {{(pid=75711) process_request /opt/stack/glance/glance/api/middleware/version_negotiation.py:70}}
Jan 28 15:39:50 devstack devstack@g-api.service[75711]: [pid: 75711|app: 0|req: 1/3] 127.0.0.1 () {40 vars in 782 bytes} [Wed Jan 28 15:39:50 2026] POST /v2/images => generated 807 bytes in 815 msecs (HTTP/1.1 201) 6 headers in 314 bytes (1 switches on core 0)
Jan 28 15:39:50 devstack devstack@g-api.service[75712]: DEBUG glance.api.middleware.version_negotiation [None req-b6f0a264-714a-4079-a81f-3661430f43e7 None None] Determining version of request: PUT /v2/images/8f9de07d-3731-4500-b571-84e6ff474ea1/file Accept: {{(pid=75712) process_request /opt/stack/glance/glance/api/middleware/version_negotiation.py:44}}
Jan 28 15:39:50 devstack devstack@g-api.service[75712]: DEBUG glance.api.middleware.version_negotiation [None req-b6f0a264-714a-4079-a81f-3661430f43e7 None None] Using url versioning {{(pid=75712) process_request /opt/stack/glance/glance/api/middleware/version_negotiation.py:57}}
Jan 28 15:39:50 devstack devstack@g-api.service[75712]: DEBUG glance.api.middleware.version_negotiation [None req-b6f0a264-714a-4079-a81f-3661430f43e7 None None] Matched version: v2 {{(pid=75712) process_request /opt/stack/glance/glance/api/middleware/version_negotiation.py:69}}
Jan 28 15:39:50 devstack devstack@g-api.service[75712]: DEBUG glance.api.middleware.version_negotiation [None req-b6f0a264-714a-4079-a81f-3661430f43e7 None None] new path /v2/images/8f9de07d-3731-4500-b571-84e6ff474ea1/file {{(pid=75712) process_request /opt/stack/glance/glance/api/middleware/version_negotiation.py:70}}
Jan 28 15:39:51 devstack devstack@g-api.service[75712]: INFO glance.api.v2.image_data [None req-5b0dd451-eca1-48de-8dc4-ac1c164b67fd admin admin] Unable to create trust: no such option collect_timing in group [keystone_authtoken] Use the existing user token.
Jan 28 15:39:52 devstack devstack@g-api.service[75712]: DEBUG glance.location [None req-5b0dd451-eca1-48de-8dc4-ac1c164b67fd admin admin] Enabling in-flight format inspection for qcow2 {{(pid=75712) set_data /opt/stack/glance/glance/location.py:616}}
Jan 28 15:39:52 devstack devstack@g-api.service[75712]: DEBUG oslo_utils.imageutils.format_inspector [None req-5b0dd451-eca1-48de-8dc4-ac1c164b67fd admin admin] Format inspector for vmdk does not match, excluding from consideration (Signature KDMV not found: b'QFI\xfb') {{(pid=75712) _process_chunk /opt/stack/data/venv/lib/python3.10/site-packages/oslo_utils/imageutils/format_inspector.py:1537}}
Jan 28 15:39:52 devstack devstack@g-api.service[75712]: DEBUG oslo_utils.imageutils.format_inspector [None req-5b0dd451-eca1-48de-8dc4-ac1c164b67fd admin admin] Format inspector for vhdx does not match, excluding from consideration (Region signature not found at 30000) {{(pid=75712) _process_chunk /opt/stack/data/venv/lib/python3.10/site-packages/oslo_utils/imageutils/format_inspector.py:1537}}
Jan 28 15:39:52 devstack devstack@g-api.service[75712]: DEBUG glance_store._drivers.filesystem [None req-5b0dd451-eca1-48de-8dc4-ac1c164b67fd admin admin] Wrote 21692416 bytes to /opt/stack/data/glance/images/8f9de07d-3731-4500-b571-84e6ff474ea1 with checksum 87617e24a5e30cb3b87fda8c0764838f and multihash 9a9bce0083a00939ec17c11febbfc767aa211aaa54f51e75c5a8b271a9b5637c77205a518b7a2007cb391d23cceb01e0e4e8d64832317151bc85b734b92a7be0 {{(pid=75712) add /opt/stack/data/venv/lib/python3.10/site-packages/glance_store/_drivers/filesystem.py:794}}
Jan 28 15:39:52 devstack devstack@g-api.service[75712]: INFO glance.location [None req-5b0dd451-eca1-48de-8dc4-ac1c164b67fd admin admin] Image format matched and virtual size computed: 117440512
Jan 28 15:39:52 devstack devstack@g-api.service[75712]: DEBUG glance_store.backend [None req-5b0dd451-eca1-48de-8dc4-ac1c164b67fd admin admin] Skipping store.set_acls... not implemented. {{(pid=75712) set_acls /opt/stack/data/venv/lib/python3.10/site-packages/glance_store/backend.py:507}}
Jan 28 15:39:52 devstack devstack@g-api.service[75712]: [pid: 75712|app: 0|req: 3/4] 127.0.0.1 () {40 vars in 875 bytes} [Wed Jan 28 15:39:50 2026] PUT /v2/images/8f9de07d-3731-4500-b571-84e6ff474ea1/file => generated 0 bytes in 1317 msecs (HTTP/1.1 204) 4 headers in 171 bytes (1 switches on core 0)
Jan 28 15:39:52 devstack devstack@g-api.service[75711]: DEBUG glance.api.middleware.version_negotiation [None req-be5e5036-d09c-462b-aef0-a10ef10c1969 admin admin] Determining version of request: GET /v2/images/8f9de07d-3731-4500-b571-84e6ff474ea1 Accept: */* {{(pid=75711) process_request /opt/stack/glance/glance/api/middleware/version_negotiation.py:44}}
Jan 28 15:39:52 devstack devstack@g-api.service[75711]: DEBUG glance.api.middleware.version_negotiation [None req-be5e5036-d09c-462b-aef0-a10ef10c1969 admin admin] Using url versioning {{(pid=75711) process_request /opt/stack/glance/glance/api/middleware/version_negotiation.py:57}}
Jan 28 15:39:52 devstack devstack@g-api.service[75711]: DEBUG glance.api.middleware.version_negotiation [None req-be5e5036-d09c-462b-aef0-a10ef10c1969 admin admin] Matched version: v2 {{(pid=75711) process_request /opt/stack/glance/glance/api/middleware/version_negotiation.py:69}}
Jan 28 15:39:52 devstack devstack@g-api.service[75711]: DEBUG glance.api.middleware.version_negotiation [None req-be5e5036-d09c-462b-aef0-a10ef10c1969 admin admin] new path /v2/images/8f9de07d-3731-4500-b571-84e6ff474ea1 {{(pid=75711) process_request /opt/stack/glance/glance/api/middleware/version_negotiation.py:70}}
Jan 28 15:39:52 devstack devstack@g-api.service[75711]: [pid: 75711|app: 0|req: 2/5] 127.0.0.1 () {36 vars in 802 bytes} [Wed Jan 28 15:39:52 2026] GET /v2/images/8f9de07d-3731-4500-b571-84e6ff474ea1 => generated 976 bytes in 18 msecs (HTTP/1.1 200) 4 headers in 157 bytes (1 switches on core 0)
Jan 28 15:40:02 devstack devstack@g-api.service[75712]: DEBUG dbcounter [-] [75712] Writing DB stats glance:INSERT=5,glance:SELECT=16,glance:UPDATE=2 {{(pid=75712) stat_writer /opt/stack/data/venv/lib/python3.10/site-packages/dbcounter.py:115}}
Jan 28 15:40:02 devstack devstack@g-api.service[75711]: DEBUG dbcounter [-] [75711] Writing DB stats glance:INSERT=9,glance:SELECT=6 {{(pid=75711) stat_writer /opt/stack/data/venv/lib/python3.10/site-packages/dbcounter.py:115}}
Jan 28 15:40:30 devstack devstack@g-api.service[75712]: DEBUG glance.api.middleware.version_negotiation [None req-5b0dd451-eca1-48de-8dc4-ac1c164b67fd admin admin] Determining version of request: GET / Accept: application/json {{(pid=75712) process_request /opt/stack/glance/glance/api/middleware/version_negotiation.py:44}}
Jan 28 15:40:30 devstack devstack@g-api.service[75712]: DEBUG glance.api.middleware.version_negotiation [None req-5b0dd451-eca1-48de-8dc4-ac1c164b67fd admin admin] Using url versioning {{(pid=75712) process_request /opt/stack/glance/glance/api/middleware/version_negotiation.py:57}}
Jan 28 15:40:30 devstack devstack@g-api.service[75712]: DEBUG glance.api.middleware.version_negotiation [None req-5b0dd451-eca1-48de-8dc4-ac1c164b67fd admin admin] Unknown version. Returning version choices. {{(pid=75712) process_request /opt/stack/glance/glance/api/middleware/version_negotiation.py:64}}
Jan 28 15:40:30 devstack devstack@g-api.service[75712]: [pid: 75712|app: 0|req: 4/6] 127.0.0.1 () {34 vars in 515 bytes} [Wed Jan 28 15:40:30 2026] GET / => generated 1459 bytes in 2 msecs (HTTP/1.1 300) 3 headers in 106 bytes (1 switches on core 0)
Jan 28 15:40:30 devstack devstack@g-api.service[75711]: DEBUG glance.api.middleware.version_negotiation [None req-7af4cc3f-4b2e-468d-bcc8-fc0ff5735c14 admin admin] Determining version of request: GET /v2/images Accept: application/json {{(pid=75711) process_request /opt/stack/glance/glance/api/middleware/version_negotiation.py:44}}
Jan 28 15:40:30 devstack devstack@g-api.service[75711]: DEBUG glance.api.middleware.version_negotiation [None req-7af4cc3f-4b2e-468d-bcc8-fc0ff5735c14 admin admin] Using url versioning {{(pid=75711) process_request /opt/stack/glance/glance/api/middleware/version_negotiation.py:57}}
Jan 28 15:40:30 devstack devstack@g-api.service[75711]: DEBUG glance.api.middleware.version_negotiation [None req-7af4cc3f-4b2e-468d-bcc8-fc0ff5735c14 admin admin] Matched version: v2 {{(pid=75711) process_request /opt/stack/glance/glance/api/middleware/version_negotiation.py:69}}
Jan 28 15:40:30 devstack devstack@g-api.service[75711]: DEBUG glance.api.middleware.version_negotiation [None req-7af4cc3f-4b2e-468d-bcc8-fc0ff5735c14 admin admin] new path /v2/images {{(pid=75711) process_request /opt/stack/glance/glance/api/middleware/version_negotiation.py:70}}
Jan 28 15:40:30 devstack devstack@g-api.service[75711]: [pid: 75711|app: 0|req: 3/7] 127.0.0.1 () {36 vars in 737 bytes} [Wed Jan 28 15:40:30 2026] GET /v2/images => generated 1045 bytes in 70 msecs (HTTP/1.1 200) 4 headers in 158 bytes (1 switches on core 0)
Jan 28 15:40:36 devstack devstack@g-api.service[75712]: DEBUG glance.api.middleware.version_negotiation [None req-5b0dd451-eca1-48de-8dc4-ac1c164b67fd admin admin] Determining version of request: GET / Accept: application/json {{(pid=75712) process_request /opt/stack/glance/glance/api/middleware/version_negotiation.py:44}}
Jan 28 15:40:36 devstack devstack@g-api.service[75712]: DEBUG glance.api.middleware.version_negotiation [None req-5b0dd451-eca1-48de-8dc4-ac1c164b67fd admin admin] Using url versioning {{(pid=75712) process_request /opt/stack/glance/glance/api/middleware/version_negotiation.py:57}}
Jan 28 15:40:36 devstack devstack@g-api.service[75712]: DEBUG glance.api.middleware.version_negotiation [None req-5b0dd451-eca1-48de-8dc4-ac1c164b67fd admin admin] Unknown version. Returning version choices. {{(pid=75712) process_request /opt/stack/glance/glance/api/middleware/version_negotiation.py:64}}
Jan 28 15:40:36 devstack devstack@g-api.service[75712]: [pid: 75712|app: 0|req: 5/8] 127.0.0.1 () {34 vars in 515 bytes} [Wed Jan 28 15:40:36 2026] GET / => generated 1459 bytes in 2 msecs (HTTP/1.1 300) 3 headers in 106 bytes (1 switches on core 0)
Jan 28 15:40:36 devstack devstack@g-api.service[75711]: DEBUG glance.api.middleware.version_negotiation [None req-b4274676-5c5c-4fd8-bfe7-4014f14c561d admin admin] Determining version of request: GET /v2/images/8f9de07d-3731-4500-b571-84e6ff474ea1 Accept: */* {{(pid=75711) process_request /opt/stack/glance/glance/api/middleware/version_negotiation.py:44}}
Jan 28 15:40:36 devstack devstack@g-api.service[75711]: DEBUG glance.api.middleware.version_negotiation [None req-b4274676-5c5c-4fd8-bfe7-4014f14c561d admin admin] Using url versioning {{(pid=75711) process_request /opt/stack/glance/glance/api/middleware/version_negotiation.py:57}}
Jan 28 15:40:36 devstack devstack@g-api.service[75711]: DEBUG glance.api.middleware.version_negotiation [None req-b4274676-5c5c-4fd8-bfe7-4014f14c561d admin admin] Matched version: v2 {{(pid=75711) process_request /opt/stack/glance/glance/api/middleware/version_negotiation.py:69}}
Jan 28 15:40:36 devstack devstack@g-api.service[75711]: DEBUG glance.api.middleware.version_negotiation [None req-b4274676-5c5c-4fd8-bfe7-4014f14c561d admin admin] new path /v2/images/8f9de07d-3731-4500-b571-84e6ff474ea1 {{(pid=75711) process_request /opt/stack/glance/glance/api/middleware/version_negotiation.py:70}}
Jan 28 15:40:36 devstack devstack@g-api.service[75711]: [pid: 75711|app: 0|req: 4/9] 127.0.0.1 () {36 vars in 798 bytes} [Wed Jan 28 15:40:36 2026] GET /v2/images/8f9de07d-3731-4500-b571-84e6ff474ea1 => generated 976 bytes in 43 msecs (HTTP/1.1 200) 4 headers in 157 bytes (1 switches on core 0)
Jan 28 15:40:40 devstack devstack@g-api.service[75712]: DEBUG glance.api.middleware.version_negotiation [None req-5b0dd451-eca1-48de-8dc4-ac1c164b67fd admin admin] Determining version of request: GET / Accept: application/json {{(pid=75712) process_request /opt/stack/glance/glance/api/middleware/version_negotiation.py:44}}
Jan 28 15:40:40 devstack devstack@g-api.service[75712]: DEBUG glance.api.middleware.version_negotiation [None req-5b0dd451-eca1-48de-8dc4-ac1c164b67fd admin admin] Using url versioning {{(pid=75712) process_request /opt/stack/glance/glance/api/middleware/version_negotiation.py:57}}
Jan 28 15:40:40 devstack devstack@g-api.service[75712]: DEBUG glance.api.middleware.version_negotiation [None req-5b0dd451-eca1-48de-8dc4-ac1c164b67fd admin admin] Unknown version. Returning version choices. {{(pid=75712) process_request /opt/stack/glance/glance/api/middleware/version_negotiation.py:64}}
Jan 28 15:40:40 devstack devstack@g-api.service[75712]: [pid: 75712|app: 0|req: 6/10] 127.0.0.1 () {34 vars in 515 bytes} [Wed Jan 28 15:40:40 2026] GET / => generated 1459 bytes in 2 msecs (HTTP/1.1 300) 3 headers in 106 bytes (1 switches on core 0)
Jan 28 15:40:40 devstack devstack@g-api.service[75711]: DEBUG glance.api.middleware.version_negotiation [None req-bbb5cc99-2c6d-414e-925f-d41ada6ce721 admin admin] Determining version of request: GET /v2/images/8f9de07d-3731-4500-b571-84e6ff474ea1 Accept: */* {{(pid=75711) process_request /opt/stack/glance/glance/api/middleware/version_negotiation.py:44}}
Jan 28 15:40:40 devstack devstack@g-api.service[75711]: DEBUG glance.api.middleware.version_negotiation [None req-bbb5cc99-2c6d-414e-925f-d41ada6ce721 admin admin] Using url versioning {{(pid=75711) process_request /opt/stack/glance/glance/api/middleware/version_negotiation.py:57}}
Jan 28 15:40:40 devstack devstack@g-api.service[75711]: DEBUG glance.api.middleware.version_negotiation [None req-bbb5cc99-2c6d-414e-925f-d41ada6ce721 admin admin] Matched version: v2 {{(pid=75711) process_request /opt/stack/glance/glance/api/middleware/version_negotiation.py:69}}
Jan 28 15:40:40 devstack devstack@g-api.service[75711]: DEBUG glance.api.middleware.version_negotiation [None req-bbb5cc99-2c6d-414e-925f-d41ada6ce721 admin admin] new path /v2/images/8f9de07d-3731-4500-b571-84e6ff474ea1 {{(pid=75711) process_request /opt/stack/glance/glance/api/middleware/version_negotiation.py:70}}
Jan 28 15:40:40 devstack devstack@g-api.service[75711]: [pid: 75711|app: 0|req: 5/11] 127.0.0.1 () {36 vars in 798 bytes} [Wed Jan 28 15:40:40 2026] GET /v2/images/8f9de07d-3731-4500-b571-84e6ff474ea1 => generated 976 bytes in 46 msecs (HTTP/1.1 200) 4 headers in 157 bytes (1 switches on core 0)
Jan 28 15:40:50 devstack devstack@g-api.service[75711]: DEBUG dbcounter [-] [75711] Writing DB stats glance:SELECT=5 {{(pid=75711) stat_writer /opt/stack/data/venv/lib/python3.10/site-packages/dbcounter.py:115}}
Jan 28 15:41:58 devstack devstack@g-api.service[75712]: DEBUG glance.api.middleware.version_negotiation [None req-5b0dd451-eca1-48de-8dc4-ac1c164b67fd admin admin] Determining version of request: GET / Accept: application/json {{(pid=75712) process_request /opt/stack/glance/glance/api/middleware/version_negotiation.py:44}}
Jan 28 15:41:58 devstack devstack@g-api.service[75712]: DEBUG glance.api.middleware.version_negotiation [None req-5b0dd451-eca1-48de-8dc4-ac1c164b67fd admin admin] Using url versioning {{(pid=75712) process_request /opt/stack/glance/glance/api/middleware/version_negotiation.py:57}}
Jan 28 15:41:58 devstack devstack@g-api.service[75712]: DEBUG glance.api.middleware.version_negotiation [None req-5b0dd451-eca1-48de-8dc4-ac1c164b67fd admin admin] Unknown version. Returning version choices. {{(pid=75712) process_request /opt/stack/glance/glance/api/middleware/version_negotiation.py:64}}
Jan 28 15:41:58 devstack devstack@g-api.service[75712]: [pid: 75712|app: 0|req: 7/12] 127.0.0.1 () {36 vars in 486 bytes} [Wed Jan 28 15:41:58 2026] GET / => generated 1459 bytes in 2 msecs (HTTP/1.1 300) 3 headers in 106 bytes (1 switches on core 0)
Jan 28 15:43:06 devstack devstack@g-api.service[75711]: DEBUG glance.api.middleware.version_negotiation [None req-704b3005-b995-4fdb-9388-1d96aef29b0c admin admin] Determining version of request: GET /v2/images/8f9de07d-3731-4500-b571-84e6ff474ea1 Accept: application/json {{(pid=75711) process_request /opt/stack/glance/glance/api/middleware/version_negotiation.py:44}}
Jan 28 15:43:06 devstack devstack@g-api.service[75711]: DEBUG glance.api.middleware.version_negotiation [None req-704b3005-b995-4fdb-9388-1d96aef29b0c admin admin] Using url versioning {{(pid=75711) process_request /opt/stack/glance/glance/api/middleware/version_negotiation.py:57}}
Jan 28 15:43:06 devstack devstack@g-api.service[75711]: DEBUG glance.api.middleware.version_negotiation [None req-704b3005-b995-4fdb-9388-1d96aef29b0c admin admin] Matched version: v2 {{(pid=75711) process_request /opt/stack/glance/glance/api/middleware/version_negotiation.py:69}}
Jan 28 15:43:06 devstack devstack@g-api.service[75711]: DEBUG glance.api.middleware.version_negotiation [None req-704b3005-b995-4fdb-9388-1d96aef29b0c admin admin] new path /v2/images/8f9de07d-3731-4500-b571-84e6ff474ea1 {{(pid=75711) process_request /opt/stack/glance/glance/api/middleware/version_negotiation.py:70}}
Jan 28 15:43:07 devstack devstack@g-api.service[75711]: [pid: 75711|app: 0|req: 6/13] 127.0.0.1 () {38 vars in 782 bytes} [Wed Jan 28 15:43:06 2026] GET /v2/images/8f9de07d-3731-4500-b571-84e6ff474ea1 => generated 976 bytes in 216 msecs (HTTP/1.1 200) 4 headers in 157 bytes (1 switches on core 0)
Jan 28 15:43:07 devstack devstack@g-api.service[75712]: DEBUG glance.api.middleware.version_negotiation [None req-5b0dd451-eca1-48de-8dc4-ac1c164b67fd admin admin] Determining version of request: GET /v2/images/8f9de07d-3731-4500-b571-84e6ff474ea1/file Accept: application/json {{(pid=75712) process_request /opt/stack/glance/glance/api/middleware/version_negotiation.py:44}}
Jan 28 15:43:07 devstack devstack@g-api.service[75712]: DEBUG glance.api.middleware.version_negotiation [None req-5b0dd451-eca1-48de-8dc4-ac1c164b67fd admin admin] Using url versioning {{(pid=75712) process_request /opt/stack/glance/glance/api/middleware/version_negotiation.py:57}}
Jan 28 15:43:07 devstack devstack@g-api.service[75712]: DEBUG glance.api.middleware.version_negotiation [None req-5b0dd451-eca1-48de-8dc4-ac1c164b67fd admin admin] Matched version: v2 {{(pid=75712) process_request /opt/stack/glance/glance/api/middleware/version_negotiation.py:69}}
Jan 28 15:43:07 devstack devstack@g-api.service[75712]: DEBUG glance.api.middleware.version_negotiation [None req-5b0dd451-eca1-48de-8dc4-ac1c164b67fd admin admin] new path /v2/images/8f9de07d-3731-4500-b571-84e6ff474ea1/file {{(pid=75712) process_request /opt/stack/glance/glance/api/middleware/version_negotiation.py:70}}
Jan 28 15:43:07 devstack devstack@g-api.service[75712]: DEBUG glance_store._drivers.filesystem [None req-55a9484c-8d4b-4aaa-879c-79d9ff794725 tempest-AttachSCSIVolumeTestJSON-1702362073 tempest-AttachSCSIVolumeTestJSON-1702362073-project-admin] Found image at /opt/stack/data/glance/images/8f9de07d-3731-4500-b571-84e6ff474ea1. Returning in ChunkedFile. {{(pid=75712) get /opt/stack/data/venv/lib/python3.10/site-packages/glance_store/_drivers/filesystem.py:618}}
Jan 28 15:43:07 devstack devstack@g-api.service[75712]: DEBUG glance.image_cache [None req-55a9484c-8d4b-4aaa-879c-79d9ff794725 tempest-AttachSCSIVolumeTestJSON-1702362073 tempest-AttachSCSIVolumeTestJSON-1702362073-project-admin] Tee'ing image '8f9de07d-3731-4500-b571-84e6ff474ea1' into cache {{(pid=75712) get_caching_iter /opt/stack/glance/glance/image_cache/__init__.py:350}}
Jan 28 15:43:07 devstack devstack@g-api.service[75711]: DEBUG glance.api.middleware.version_negotiation [None req-4f7a5f0d-6457-4c09-af26-2a370b7b6167 tempest-AttachSCSIVolumeTestJSON-1702362073 tempest-AttachSCSIVolumeTestJSON-1702362073-project-admin] Determining version of request: POST /v2/images Accept: application/json {{(pid=75711) process_request /opt/stack/glance/glance/api/middleware/version_negotiation.py:44}}
Jan 28 15:43:07 devstack devstack@g-api.service[75711]: DEBUG glance.api.middleware.version_negotiation [None req-4f7a5f0d-6457-4c09-af26-2a370b7b6167 tempest-AttachSCSIVolumeTestJSON-1702362073 tempest-AttachSCSIVolumeTestJSON-1702362073-project-admin] Using url versioning {{(pid=75711) process_request /opt/stack/glance/glance/api/middleware/version_negotiation.py:57}}
Jan 28 15:43:07 devstack devstack@g-api.service[75711]: DEBUG glance.api.middleware.version_negotiation [None req-4f7a5f0d-6457-4c09-af26-2a370b7b6167 tempest-AttachSCSIVolumeTestJSON-1702362073 tempest-AttachSCSIVolumeTestJSON-1702362073-project-admin] Matched version: v2 {{(pid=75711) process_request /opt/stack/glance/glance/api/middleware/version_negotiation.py:69}}
Jan 28 15:43:07 devstack devstack@g-api.service[75711]: DEBUG glance.api.middleware.version_negotiation [None req-4f7a5f0d-6457-4c09-af26-2a370b7b6167 tempest-AttachSCSIVolumeTestJSON-1702362073 tempest-AttachSCSIVolumeTestJSON-1702362073-project-admin] new path /v2/images {{(pid=75711) process_request /opt/stack/glance/glance/api/middleware/version_negotiation.py:70}}
Jan 28 15:43:07 devstack devstack@g-api.service[75711]: [pid: 75711|app: 0|req: 7/14] 127.0.0.1 () {40 vars in 730 bytes} [Wed Jan 28 15:43:07 2026] POST /v2/images => generated 690 bytes in 560 msecs (HTTP/1.1 201) 6 headers in 314 bytes (1 switches on core 0)
Jan 28 15:43:07 devstack devstack@g-api.service[75711]: DEBUG glance.api.middleware.version_negotiation [None req-c011d56c-770c-4919-a2c7-0476a63f45dd tempest-AttachSCSIVolumeTestJSON-1702362073 tempest-AttachSCSIVolumeTestJSON-1702362073-project-admin] Determining version of request: PUT /v2/images/360ee830-164d-433f-8f3d-bbee653fc58b/file Accept: {{(pid=75711) process_request /opt/stack/glance/glance/api/middleware/version_negotiation.py:44}}
Jan 28 15:43:07 devstack devstack@g-api.service[75711]: DEBUG glance.api.middleware.version_negotiation [None req-c011d56c-770c-4919-a2c7-0476a63f45dd tempest-AttachSCSIVolumeTestJSON-1702362073 tempest-AttachSCSIVolumeTestJSON-1702362073-project-admin] Using url versioning {{(pid=75711) process_request /opt/stack/glance/glance/api/middleware/version_negotiation.py:57}}
Jan 28 15:43:07 devstack devstack@g-api.service[75711]: DEBUG glance.api.middleware.version_negotiation [None req-c011d56c-770c-4919-a2c7-0476a63f45dd tempest-AttachSCSIVolumeTestJSON-1702362073 tempest-AttachSCSIVolumeTestJSON-1702362073-project-admin] Matched version: v2 {{(pid=75711) process_request /opt/stack/glance/glance/api/middleware/version_negotiation.py:69}}
Jan 28 15:43:07 devstack devstack@g-api.service[75711]: DEBUG glance.api.middleware.version_negotiation [None req-c011d56c-770c-4919-a2c7-0476a63f45dd tempest-AttachSCSIVolumeTestJSON-1702362073 tempest-AttachSCSIVolumeTestJSON-1702362073-project-admin] new path /v2/images/360ee830-164d-433f-8f3d-bbee653fc58b/file {{(pid=75711) process_request /opt/stack/glance/glance/api/middleware/version_negotiation.py:70}}
Jan 28 15:43:07 devstack devstack@g-api.service[75712]: DEBUG glance.image_cache.drivers.centralized_db [None req-55a9484c-8d4b-4aaa-879c-79d9ff794725 tempest-AttachSCSIVolumeTestJSON-1702362073 tempest-AttachSCSIVolumeTestJSON-1702362073-project-admin] Fetch finished, moving '/opt/stack/data/glance/cache/incomplete/8f9de07d-3731-4500-b571-84e6ff474ea1' to '/opt/stack/data/glance/cache/8f9de07d-3731-4500-b571-84e6ff474ea1' {{(pid=75712) commit /opt/stack/glance/glance/image_cache/drivers/centralized_db.py:235}}
Jan 28 15:43:07 devstack devstack@g-api.service[75712]: DEBUG glance.image_cache.drivers.centralized_db [None req-55a9484c-8d4b-4aaa-879c-79d9ff794725 tempest-AttachSCSIVolumeTestJSON-1702362073 tempest-AttachSCSIVolumeTestJSON-1702362073-project-admin] Image cached successfully. {{(pid=75712) commit /opt/stack/glance/glance/image_cache/drivers/centralized_db.py:250}}
Jan 28 15:43:07 devstack devstack@g-api.service[75712]: [pid: 75712|app: 0|req: 8/15] 127.0.0.1 () {38 vars in 792 bytes} [Wed Jan 28 15:43:07 2026] GET /v2/images/8f9de07d-3731-4500-b571-84e6ff474ea1/file => generated 21692416 bytes in 719 msecs (HTTP/1.1 200) 4 headers in 191 bytes (335 switches on core 0)
Jan 28 15:43:08 devstack devstack@g-api.service[75711]: INFO glance.api.v2.image_data [None req-9f584de4-c721-4f9c-bf5c-039146db8d0f tempest-AttachSCSIVolumeTestJSON-1702362073 tempest-AttachSCSIVolumeTestJSON-1702362073-project-admin] Unable to create trust: no such option collect_timing in group [keystone_authtoken] Use the existing user token.
Jan 28 15:43:08 devstack devstack@g-api.service[75711]: DEBUG glance.location [None req-9f584de4-c721-4f9c-bf5c-039146db8d0f tempest-AttachSCSIVolumeTestJSON-1702362073 tempest-AttachSCSIVolumeTestJSON-1702362073-project-admin] Enabling in-flight format inspection for qcow2 {{(pid=75711) set_data /opt/stack/glance/glance/location.py:616}}
Jan 28 15:43:08 devstack devstack@g-api.service[75711]: DEBUG oslo_utils.imageutils.format_inspector [None req-9f584de4-c721-4f9c-bf5c-039146db8d0f tempest-AttachSCSIVolumeTestJSON-1702362073 tempest-AttachSCSIVolumeTestJSON-1702362073-project-admin] Format inspector for vmdk does not match, excluding from consideration (Signature KDMV not found: b'QFI\xfb') {{(pid=75711) _process_chunk /opt/stack/data/venv/lib/python3.10/site-packages/oslo_utils/imageutils/format_inspector.py:1537}}
Jan 28 15:43:08 devstack devstack@g-api.service[75711]: DEBUG oslo_utils.imageutils.format_inspector [None req-9f584de4-c721-4f9c-bf5c-039146db8d0f tempest-AttachSCSIVolumeTestJSON-1702362073 tempest-AttachSCSIVolumeTestJSON-1702362073-project-admin] Format inspector for vhdx does not match, excluding from consideration (Region signature not found at 30000) {{(pid=75711) _process_chunk /opt/stack/data/venv/lib/python3.10/site-packages/oslo_utils/imageutils/format_inspector.py:1537}}
Jan 28 15:43:09 devstack devstack@g-api.service[75711]: DEBUG glance_store._drivers.filesystem [None req-9f584de4-c721-4f9c-bf5c-039146db8d0f tempest-AttachSCSIVolumeTestJSON-1702362073 tempest-AttachSCSIVolumeTestJSON-1702362073-project-admin] Wrote 21692416 bytes to /opt/stack/data/glance/images/360ee830-164d-433f-8f3d-bbee653fc58b with checksum 87617e24a5e30cb3b87fda8c0764838f and multihash 9a9bce0083a00939ec17c11febbfc767aa211aaa54f51e75c5a8b271a9b5637c77205a518b7a2007cb391d23cceb01e0e4e8d64832317151bc85b734b92a7be0 {{(pid=75711) add /opt/stack/data/venv/lib/python3.10/site-packages/glance_store/_drivers/filesystem.py:794}}
Jan 28 15:43:09 devstack devstack@g-api.service[75711]: INFO glance.location [None req-9f584de4-c721-4f9c-bf5c-039146db8d0f tempest-AttachSCSIVolumeTestJSON-1702362073 tempest-AttachSCSIVolumeTestJSON-1702362073-project-admin] Image format matched and virtual size computed: 117440512
Jan 28 15:43:09 devstack devstack@g-api.service[75711]: DEBUG glance_store.backend [None req-9f584de4-c721-4f9c-bf5c-039146db8d0f tempest-AttachSCSIVolumeTestJSON-1702362073 tempest-AttachSCSIVolumeTestJSON-1702362073-project-admin] Skipping store.set_acls... not implemented. {{(pid=75711) set_acls /opt/stack/data/venv/lib/python3.10/site-packages/glance_store/backend.py:507}}
Jan 28 15:43:09 devstack devstack@g-api.service[75711]: [pid: 75711|app: 0|req: 8/16] 127.0.0.1 () {38 vars in 802 bytes} [Wed Jan 28 15:43:07 2026] PUT /v2/images/360ee830-164d-433f-8f3d-bbee653fc58b/file => generated 0 bytes in 1479 msecs (HTTP/1.1 204) 4 headers in 171 bytes (1 switches on core 0)
Jan 28 15:43:17 devstack devstack@g-api.service[75712]: DEBUG dbcounter [-] [75712] Writing DB stats glance:SELECT=5,glance:INSERT=1 {{(pid=75712) stat_writer /opt/stack/data/venv/lib/python3.10/site-packages/dbcounter.py:115}}
Jan 28 15:43:19 devstack devstack@g-api.service[75711]: DEBUG dbcounter [-] [75711] Writing DB stats glance:SELECT=22,glance:INSERT=5,glance:UPDATE=2 {{(pid=75711) stat_writer /opt/stack/data/venv/lib/python3.10/site-packages/dbcounter.py:115}}
Jan 28 15:43:21 devstack devstack@g-api.service[75712]: DEBUG glance.api.middleware.version_negotiation [None req-55a9484c-8d4b-4aaa-879c-79d9ff794725 tempest-AttachSCSIVolumeTestJSON-1702362073 tempest-AttachSCSIVolumeTestJSON-1702362073-project-admin] Determining version of request: GET / Accept: application/json {{(pid=75712) process_request /opt/stack/glance/glance/api/middleware/version_negotiation.py:44}}
Jan 28 15:43:21 devstack devstack@g-api.service[75712]: DEBUG glance.api.middleware.version_negotiation [None req-55a9484c-8d4b-4aaa-879c-79d9ff794725 tempest-AttachSCSIVolumeTestJSON-1702362073 tempest-AttachSCSIVolumeTestJSON-1702362073-project-admin] Using url versioning {{(pid=75712) process_request /opt/stack/glance/glance/api/middleware/version_negotiation.py:57}}
Jan 28 15:43:21 devstack devstack@g-api.service[75712]: DEBUG glance.api.middleware.version_negotiation [None req-55a9484c-8d4b-4aaa-879c-79d9ff794725 tempest-AttachSCSIVolumeTestJSON-1702362073 tempest-AttachSCSIVolumeTestJSON-1702362073-project-admin] Unknown version. Returning version choices. {{(pid=75712) process_request /opt/stack/glance/glance/api/middleware/version_negotiation.py:64}}
Jan 28 15:43:21 devstack devstack@g-api.service[75712]: [pid: 75712|app: 0|req: 9/17] 127.0.0.1 () {34 vars in 502 bytes} [Wed Jan 28 15:43:21 2026] GET / => generated 1459 bytes in 3 msecs (HTTP/1.1 300) 3 headers in 106 bytes (1 switches on core 0)
Jan 28 15:43:21 devstack devstack@g-api.service[75711]: DEBUG glance.api.middleware.version_negotiation [None req-9f584de4-c721-4f9c-bf5c-039146db8d0f tempest-AttachSCSIVolumeTestJSON-1702362073 tempest-AttachSCSIVolumeTestJSON-1702362073-project-admin] Determining version of request: GET /v2/images/360ee830-164d-433f-8f3d-bbee653fc58b Accept: */* {{(pid=75711) process_request /opt/stack/glance/glance/api/middleware/version_negotiation.py:44}}
Jan 28 15:43:21 devstack devstack@g-api.service[75711]: DEBUG glance.api.middleware.version_negotiation [None req-9f584de4-c721-4f9c-bf5c-039146db8d0f tempest-AttachSCSIVolumeTestJSON-1702362073 tempest-AttachSCSIVolumeTestJSON-1702362073-project-admin] Using url versioning {{(pid=75711) process_request /opt/stack/glance/glance/api/middleware/version_negotiation.py:57}}
Jan 28 15:43:21 devstack devstack@g-api.service[75711]: DEBUG glance.api.middleware.version_negotiation [None req-9f584de4-c721-4f9c-bf5c-039146db8d0f tempest-AttachSCSIVolumeTestJSON-1702362073 tempest-AttachSCSIVolumeTestJSON-1702362073-project-admin] Matched version: v2 {{(pid=75711) process_request /opt/stack/glance/glance/api/middleware/version_negotiation.py:69}}
Jan 28 15:43:21 devstack devstack@g-api.service[75711]: DEBUG glance.api.middleware.version_negotiation [None req-9f584de4-c721-4f9c-bf5c-039146db8d0f tempest-AttachSCSIVolumeTestJSON-1702362073 tempest-AttachSCSIVolumeTestJSON-1702362073-project-admin] new path /v2/images/360ee830-164d-433f-8f3d-bbee653fc58b {{(pid=75711) process_request /opt/stack/glance/glance/api/middleware/version_negotiation.py:70}}
Jan 28 15:43:21 devstack devstack@g-api.service[75711]: WARNING keystonemiddleware.auth_token [None req-9f584de4-c721-4f9c-bf5c-039146db8d0f tempest-AttachSCSIVolumeTestJSON-1702362073 tempest-AttachSCSIVolumeTestJSON-1702362073-project-admin] A valid token was submitted as a service token, but it was not a valid service token. This is incorrect but backwards compatible behaviour. This will be removed in future releases.
Jan 28 15:43:21 devstack devstack@g-api.service[75711]: [pid: 75711|app: 0|req: 9/18] 127.0.0.1 () {42 vars in 1057 bytes} [Wed Jan 28 15:43:21 2026] GET /v2/images/360ee830-164d-433f-8f3d-bbee653fc58b => generated 859 bytes in 117 msecs (HTTP/1.1 200) 4 headers in 157 bytes (1 switches on core 0)
Jan 28 15:43:21 devstack devstack@g-api.service[75712]: DEBUG glance.api.middleware.version_negotiation [None req-55a9484c-8d4b-4aaa-879c-79d9ff794725 tempest-AttachSCSIVolumeTestJSON-1702362073 tempest-AttachSCSIVolumeTestJSON-1702362073-project-admin] Determining version of request: GET /v2/schemas/image Accept: */* {{(pid=75712) process_request /opt/stack/glance/glance/api/middleware/version_negotiation.py:44}}
Jan 28 15:43:21 devstack devstack@g-api.service[75712]: DEBUG glance.api.middleware.version_negotiation [None req-55a9484c-8d4b-4aaa-879c-79d9ff794725 tempest-AttachSCSIVolumeTestJSON-1702362073 tempest-AttachSCSIVolumeTestJSON-1702362073-project-admin] Using url versioning {{(pid=75712) process_request /opt/stack/glance/glance/api/middleware/version_negotiation.py:57}}
Jan 28 15:43:21 devstack devstack@g-api.service[75712]: DEBUG glance.api.middleware.version_negotiation [None req-55a9484c-8d4b-4aaa-879c-79d9ff794725 tempest-AttachSCSIVolumeTestJSON-1702362073 tempest-AttachSCSIVolumeTestJSON-1702362073-project-admin] Matched version: v2 {{(pid=75712) process_request /opt/stack/glance/glance/api/middleware/version_negotiation.py:69}}
Jan 28 15:43:21 devstack devstack@g-api.service[75712]: DEBUG glance.api.middleware.version_negotiation [None req-55a9484c-8d4b-4aaa-879c-79d9ff794725 tempest-AttachSCSIVolumeTestJSON-1702362073 tempest-AttachSCSIVolumeTestJSON-1702362073-project-admin] new path /v2/schemas/image {{(pid=75712) process_request /opt/stack/glance/glance/api/middleware/version_negotiation.py:70}}
Jan 28 15:43:21 devstack devstack@g-api.service[75712]: WARNING keystonemiddleware.auth_token [None req-55a9484c-8d4b-4aaa-879c-79d9ff794725 tempest-AttachSCSIVolumeTestJSON-1702362073 tempest-AttachSCSIVolumeTestJSON-1702362073-project-admin] A valid token was submitted as a service token, but it was not a valid service token. This is incorrect but backwards compatible behaviour. This will be removed in future releases.
Jan 28 15:43:21 devstack devstack@g-api.service[75712]: [pid: 75712|app: 0|req: 10/19] 127.0.0.1 () {42 vars in 997 bytes} [Wed Jan 28 15:43:21 2026] GET /v2/schemas/image => generated 6083 bytes in 6 msecs (HTTP/1.1 200) 4 headers in 158 bytes (1 switches on core 0)
Jan 28 15:43:25 devstack devstack@g-api.service[75711]: DEBUG glance.api.middleware.version_negotiation [None req-1bc7bfdc-fad6-4f48-aa38-3043765f1c47 tempest-AttachSCSIVolumeTestJSON-1513943833 tempest-AttachSCSIVolumeTestJSON-1513943833-project-member] Determining version of request: GET / Accept: application/json {{(pid=75711) process_request /opt/stack/glance/glance/api/middleware/version_negotiation.py:44}}
Jan 28 15:43:25 devstack devstack@g-api.service[75711]: DEBUG glance.api.middleware.version_negotiation [None req-1bc7bfdc-fad6-4f48-aa38-3043765f1c47 tempest-AttachSCSIVolumeTestJSON-1513943833 tempest-AttachSCSIVolumeTestJSON-1513943833-project-member] Using url versioning {{(pid=75711) process_request /opt/stack/glance/glance/api/middleware/version_negotiation.py:57}}
Jan 28 15:43:25 devstack devstack@g-api.service[75711]: DEBUG glance.api.middleware.version_negotiation [None req-1bc7bfdc-fad6-4f48-aa38-3043765f1c47 tempest-AttachSCSIVolumeTestJSON-1513943833 tempest-AttachSCSIVolumeTestJSON-1513943833-project-member] Unknown version. Returning version choices. {{(pid=75711) process_request /opt/stack/glance/glance/api/middleware/version_negotiation.py:64}}
Jan 28 15:43:25 devstack devstack@g-api.service[75711]: [pid: 75711|app: 0|req: 10/20] 127.0.0.1 () {34 vars in 502 bytes} [Wed Jan 28 15:43:25 2026] GET / => generated 1459 bytes in 9 msecs (HTTP/1.1 300) 3 headers in 106 bytes (1 switches on core 0)
Jan 28 15:43:25 devstack devstack@g-api.service[75712]: DEBUG glance.api.middleware.version_negotiation [None req-1bc7bfdc-fad6-4f48-aa38-3043765f1c47 tempest-AttachSCSIVolumeTestJSON-1513943833 tempest-AttachSCSIVolumeTestJSON-1513943833-project-member] Determining version of request: GET /v2/images/8f9de07d-3731-4500-b571-84e6ff474ea1 Accept: */* {{(pid=75712) process_request /opt/stack/glance/glance/api/middleware/version_negotiation.py:44}}
Jan 28 15:43:25 devstack devstack@g-api.service[75712]: DEBUG glance.api.middleware.version_negotiation [None req-1bc7bfdc-fad6-4f48-aa38-3043765f1c47 tempest-AttachSCSIVolumeTestJSON-1513943833 tempest-AttachSCSIVolumeTestJSON-1513943833-project-member] Using url versioning {{(pid=75712) process_request /opt/stack/glance/glance/api/middleware/version_negotiation.py:57}}
Jan 28 15:43:25 devstack devstack@g-api.service[75712]: DEBUG glance.api.middleware.version_negotiation [None req-1bc7bfdc-fad6-4f48-aa38-3043765f1c47 tempest-AttachSCSIVolumeTestJSON-1513943833 tempest-AttachSCSIVolumeTestJSON-1513943833-project-member] Matched version: v2 {{(pid=75712) process_request /opt/stack/glance/glance/api/middleware/version_negotiation.py:69}}
Jan 28 15:43:25 devstack devstack@g-api.service[75712]: DEBUG glance.api.middleware.version_negotiation [None req-1bc7bfdc-fad6-4f48-aa38-3043765f1c47 tempest-AttachSCSIVolumeTestJSON-1513943833 tempest-AttachSCSIVolumeTestJSON-1513943833-project-member] new path /v2/images/8f9de07d-3731-4500-b571-84e6ff474ea1 {{(pid=75712) process_request /opt/stack/glance/glance/api/middleware/version_negotiation.py:70}}
Jan 28 15:43:25 devstack devstack@g-api.service[75712]: [pid: 75712|app: 0|req: 11/21] 127.0.0.1 () {42 vars in 1057 bytes} [Wed Jan 28 15:43:25 2026] GET /v2/images/8f9de07d-3731-4500-b571-84e6ff474ea1 => generated 976 bytes in 119 msecs (HTTP/1.1 200) 4 headers in 157 bytes (1 switches on core 0)
Jan 28 15:43:25 devstack devstack@g-api.service[75711]: DEBUG glance.api.middleware.version_negotiation [None req-1bc7bfdc-fad6-4f48-aa38-3043765f1c47 tempest-AttachSCSIVolumeTestJSON-1513943833 tempest-AttachSCSIVolumeTestJSON-1513943833-project-member] Determining version of request: GET /v2/schemas/image Accept: */* {{(pid=75711) process_request /opt/stack/glance/glance/api/middleware/version_negotiation.py:44}}
