Feb 25 22:22:33 devstack cinder-volume[83163]: DEBUG oslo_concurrency.processutils [None req-8990ed1f-7b5b-44fe-9ca2-199c47980b9e tempest-VolumesDeleteCascade-930824698 None] Running cmd (subprocess): sudo cinder-rootwrap /etc/cinder/rootwrap.conf truncate -s0 /opt/stack/data/cinder/mnt/06889241143596db4aa69c3c3cb93a79/volume-c27feebd-bcc0-4a04-a4ab-1201995c779e.info {{(pid=83163) execute /opt/stack/data/venv/lib/python3.10/site-packages/oslo_concurrency/processutils.py:440}}
Feb 25 22:22:33 devstack sudo[85815]: quobyte : PWD=/ ; USER=root ; COMMAND=/opt/stack/data/venv/bin/cinder-rootwrap /etc/cinder/rootwrap.conf truncate -s0 /opt/stack/data/cinder/mnt/06889241143596db4aa69c3c3cb93a79/volume-c27feebd-bcc0-4a04-a4ab-1201995c779e.info
Feb 25 22:22:33 devstack sudo[85815]: pam_unix(sudo:session): session opened for user root(uid=0) by (uid=1000)
Feb 25 22:22:33 devstack sudo[85815]: pam_unix(sudo:session): session closed for user root
Feb 25 22:22:33 devstack cinder-volume[83163]: DEBUG oslo_concurrency.processutils [None req-8990ed1f-7b5b-44fe-9ca2-199c47980b9e tempest-VolumesDeleteCascade-930824698 None] CMD "sudo cinder-rootwrap /etc/cinder/rootwrap.conf truncate -s0 /opt/stack/data/cinder/mnt/06889241143596db4aa69c3c3cb93a79/volume-c27feebd-bcc0-4a04-a4ab-1201995c779e.info" returned: 0 in 0.399s {{(pid=83163) execute /opt/stack/data/venv/lib/python3.10/site-packages/oslo_concurrency/processutils.py:468}}
Feb 25 22:22:33 devstack cinder-volume[83163]: WARNING cinder.volume.drivers.remotefs [None req-8990ed1f-7b5b-44fe-9ca2-199c47980b9e tempest-VolumesDeleteCascade-930824698 None] /opt/stack/data/cinder/mnt/06889241143596db4aa69c3c3cb93a79/volume-c27feebd-bcc0-4a04-a4ab-1201995c779e.info is being set with open permissions: ugo+rw
Feb 25 22:22:33 devstack cinder-volume[83163]: DEBUG oslo_concurrency.processutils [None req-8990ed1f-7b5b-44fe-9ca2-199c47980b9e tempest-VolumesDeleteCascade-930824698 None] Running cmd (subprocess): sudo cinder-rootwrap /etc/cinder/rootwrap.conf chmod ugo+rw /opt/stack/data/cinder/mnt/06889241143596db4aa69c3c3cb93a79/volume-c27feebd-bcc0-4a04-a4ab-1201995c779e.info {{(pid=83163) execute /opt/stack/data/venv/lib/python3.10/site-packages/oslo_concurrency/processutils.py:440}}
Feb 25 22:22:33 devstack sudo[85818]: quobyte : PWD=/ ; USER=root ; COMMAND=/opt/stack/data/venv/bin/cinder-rootwrap /etc/cinder/rootwrap.conf chmod ugo+rw /opt/stack/data/cinder/mnt/06889241143596db4aa69c3c3cb93a79/volume-c27feebd-bcc0-4a04-a4ab-1201995c779e.info
Feb 25 22:22:33 devstack sudo[85818]: pam_unix(sudo:session): session opened for user root(uid=0) by (uid=1000)
Feb 25 22:22:34 devstack sudo[85818]: pam_unix(sudo:session): session closed for user root
Feb 25 22:22:34 devstack cinder-volume[83163]: DEBUG oslo_concurrency.processutils [None req-8990ed1f-7b5b-44fe-9ca2-199c47980b9e tempest-VolumesDeleteCascade-930824698 None] CMD "sudo cinder-rootwrap /etc/cinder/rootwrap.conf chmod ugo+rw /opt/stack/data/cinder/mnt/06889241143596db4aa69c3c3cb93a79/volume-c27feebd-bcc0-4a04-a4ab-1201995c779e.info" returned: 0 in 0.405s {{(pid=83163) execute /opt/stack/data/venv/lib/python3.10/site-packages/oslo_concurrency/processutils.py:468}}
Feb 25 22:22:34 devstack cinder-volume[83163]: DEBUG oslo_concurrency.lockutils [None req-8990ed1f-7b5b-44fe-9ca2-199c47980b9e tempest-VolumesDeleteCascade-930824698 None] Lock "quobyte" "released" by "cinder.volume.drivers.quobyte.QuobyteDriver.create_snapshot" :: held 2.816s {{(pid=83163) inner /opt/stack/data/venv/lib/python3.10/site-packages/oslo_concurrency/lockutils.py:538}}
Feb 25 22:22:34 devstack cinder-volume[83163]: INFO cinder.volume.manager [None req-8990ed1f-7b5b-44fe-9ca2-199c47980b9e tempest-VolumesDeleteCascade-930824698 None] Create snapshot completed successfully
Feb 25 22:22:34 devstack cinder-volume[83163]: DEBUG oslo_concurrency.lockutils [None req-fd543b02-41a7-448a-898e-02050f89656a tempest-VolumesDeleteCascade-930824698 None] Acquiring lock "quobyte" by "cinder.volume.drivers.quobyte.QuobyteDriver.create_snapshot" {{(pid=83163) inner /opt/stack/data/venv/lib/python3.10/site-packages/oslo_concurrency/lockutils.py:506}}
Feb 25 22:22:34 devstack cinder-volume[83163]: DEBUG oslo_concurrency.lockutils [None req-fd543b02-41a7-448a-898e-02050f89656a tempest-VolumesDeleteCascade-930824698 None] Lock "quobyte" acquired by "cinder.volume.drivers.quobyte.QuobyteDriver.create_snapshot" :: waited 0.001s {{(pid=83163) inner /opt/stack/data/venv/lib/python3.10/site-packages/oslo_concurrency/lockutils.py:519}}
Feb 25 22:22:34 devstack cinder-volume[83163]: DEBUG cinder.volume.drivers.remotefs [None req-fd543b02-41a7-448a-898e-02050f89656a tempest-VolumesDeleteCascade-930824698 None] Creating offline snapshot dd6ed418-22fa-4da2-81c7-01a233d171e9 of volume c27feebd-bcc0-4a04-a4ab-1201995c779e {{(pid=83163) _create_snapshot /opt/stack/cinder/cinder/volume/drivers/remotefs.py:1815}}
Feb 25 22:22:34 devstack cinder-volume[83163]: DEBUG oslo.privsep.daemon [-] privsep: reply[a93c0692-c427-4e8a-8423-16c939618f0e]: (4, 'qcow2') {{(pid=84012) _call_back /opt/stack/data/venv/lib/python3.10/site-packages/oslo_privsep/daemon.py:573}}
Feb 25 22:22:34 devstack cinder-volume[83163]: DEBUG oslo_concurrency.processutils [None req-fd543b02-41a7-448a-898e-02050f89656a tempest-VolumesDeleteCascade-930824698 None] Running cmd (subprocess): /opt/stack/data/venv/bin/python3.10 -m oslo_concurrency.prlimit --as=1073741824 --cpu=60 -- sudo cinder-rootwrap /etc/cinder/rootwrap.conf env LC_ALL=C qemu-img info -f qcow2 --output=json --force-share /opt/stack/data/cinder/mnt/06889241143596db4aa69c3c3cb93a79/volume-c27feebd-bcc0-4a04-a4ab-1201995c779e.9a1a0b2c-2bf0-4cca-aee1-662c6d3eb239 {{(pid=83163) execute /opt/stack/data/venv/lib/python3.10/site-packages/oslo_concurrency/processutils.py:440}}
Feb 25 22:22:34 devstack sudo[85824]: quobyte : PWD=/ ; USER=root ; COMMAND=/opt/stack/data/venv/bin/cinder-rootwrap /etc/cinder/rootwrap.conf env LC_ALL=C qemu-img info -f qcow2 --output=json --force-share /opt/stack/data/cinder/mnt/06889241143596db4aa69c3c3cb93a79/volume-c27feebd-bcc0-4a04-a4ab-1201995c779e.9a1a0b2c-2bf0-4cca-aee1-662c6d3eb239
Feb 25 22:22:34 devstack sudo[85824]: pam_unix(sudo:session): session opened for user root(uid=0) by (uid=1000)
Feb 25 22:22:35 devstack sudo[85824]: pam_unix(sudo:session): session closed for user root
Feb 25 22:22:35 devstack cinder-volume[83163]: DEBUG oslo_concurrency.processutils [None req-fd543b02-41a7-448a-898e-02050f89656a tempest-VolumesDeleteCascade-930824698 None] CMD "/opt/stack/data/venv/bin/python3.10 -m oslo_concurrency.prlimit --as=1073741824 --cpu=60 -- sudo cinder-rootwrap /etc/cinder/rootwrap.conf env LC_ALL=C qemu-img info -f qcow2 --output=json --force-share /opt/stack/data/cinder/mnt/06889241143596db4aa69c3c3cb93a79/volume-c27feebd-bcc0-4a04-a4ab-1201995c779e.9a1a0b2c-2bf0-4cca-aee1-662c6d3eb239" returned: 0 in 0.484s {{(pid=83163) execute /opt/stack/data/venv/lib/python3.10/site-packages/oslo_concurrency/processutils.py:468}}
Feb 25 22:22:35 devstack cinder-volume[83163]: DEBUG cinder.volume.drivers.remotefs [None req-fd543b02-41a7-448a-898e-02050f89656a tempest-VolumesDeleteCascade-930824698 None] Fetching qemu-img info with special backing_file_template: (/opt/stack/data/cinder/mnt/[0-9a-f]+/)?(volume-c27feebd-bcc0-4a04-a4ab-1201995c779e(.(tmp-snap-)?[0-9a-f-]+)?|volume_from_snapshot_cache/(tmp-snap-)?[0-9a-f-]+(.(child-|parent-)[0-9a-f-]+)?)$ {{(pid=83163) _qemu_img_info_base /opt/stack/cinder/cinder/volume/drivers/remotefs.py:896}}
Feb 25 22:22:35 devstack cinder-volume[83163]: DEBUG oslo_concurrency.processutils [None req-fd543b02-41a7-448a-898e-02050f89656a tempest-VolumesDeleteCascade-930824698 None] Running cmd (subprocess): sudo cinder-rootwrap /etc/cinder/rootwrap.conf qemu-img create -f qcow2 -o backing_file=/opt/stack/data/cinder/mnt/06889241143596db4aa69c3c3cb93a79/volume-c27feebd-bcc0-4a04-a4ab-1201995c779e.9a1a0b2c-2bf0-4cca-aee1-662c6d3eb239,backing_fmt=qcow2 /opt/stack/data/cinder/mnt/06889241143596db4aa69c3c3cb93a79/volume-c27feebd-bcc0-4a04-a4ab-1201995c779e.dd6ed418-22fa-4da2-81c7-01a233d171e9 1G {{(pid=83163) execute /opt/stack/data/venv/lib/python3.10/site-packages/oslo_concurrency/processutils.py:440}}
Feb 25 22:22:35 devstack sudo[85829]: quobyte : PWD=/ ; USER=root ; COMMAND=/opt/stack/data/venv/bin/cinder-rootwrap /etc/cinder/rootwrap.conf qemu-img create -f qcow2 -o backing_file=/opt/stack/data/cinder/mnt/06889241143596db4aa69c3c3cb93a79/volume-c27feebd-bcc0-4a04-a4ab-1201995c779e.9a1a0b2c-2bf0-4cca-aee1-662c6d3eb239,backing_fmt=qcow2 /opt/stack/data/cinder/mnt/06889241143596db4aa69c3c3cb93a79/volume-c27feebd-bcc0-4a04-a4ab-1201995c779e.dd6ed418-22fa-4da2-81c7-01a233d171e9 1G
Feb 25 22:22:35 devstack sudo[85829]: pam_unix(sudo:session): session opened for user root(uid=0) by (uid=1000)
Feb 25 22:22:35 devstack sudo[85829]: pam_unix(sudo:session): session closed for user root
Feb 25 22:22:35 devstack cinder-volume[83163]: DEBUG oslo_concurrency.processutils [None req-fd543b02-41a7-448a-898e-02050f89656a tempest-VolumesDeleteCascade-930824698 None] CMD "sudo cinder-rootwrap /etc/cinder/rootwrap.conf qemu-img create -f qcow2 -o backing_file=/opt/stack/data/cinder/mnt/06889241143596db4aa69c3c3cb93a79/volume-c27feebd-bcc0-4a04-a4ab-1201995c779e.9a1a0b2c-2bf0-4cca-aee1-662c6d3eb239,backing_fmt=qcow2 /opt/stack/data/cinder/mnt/06889241143596db4aa69c3c3cb93a79/volume-c27feebd-bcc0-4a04-a4ab-1201995c779e.dd6ed418-22fa-4da2-81c7-01a233d171e9 1G" returned: 0 in 0.531s {{(pid=83163) execute /opt/stack/data/venv/lib/python3.10/site-packages/oslo_concurrency/processutils.py:468}}
Feb 25 22:22:35 devstack cinder-volume[83163]: DEBUG oslo_concurrency.processutils [None req-fd543b02-41a7-448a-898e-02050f89656a tempest-VolumesDeleteCascade-930824698 None] Running cmd (subprocess): sudo cinder-rootwrap /etc/cinder/rootwrap.conf qemu-img rebase -u -b volume-c27feebd-bcc0-4a04-a4ab-1201995c779e.9a1a0b2c-2bf0-4cca-aee1-662c6d3eb239 -F qcow2 /opt/stack/data/cinder/mnt/06889241143596db4aa69c3c3cb93a79/volume-c27feebd-bcc0-4a04-a4ab-1201995c779e.dd6ed418-22fa-4da2-81c7-01a233d171e9 {{(pid=83163) execute /opt/stack/data/venv/lib/python3.10/site-packages/oslo_concurrency/processutils.py:440}}
Feb 25 22:22:35 devstack sudo[85834]: quobyte : PWD=/ ; USER=root ; COMMAND=/opt/stack/data/venv/bin/cinder-rootwrap /etc/cinder/rootwrap.conf qemu-img rebase -u -b volume-c27feebd-bcc0-4a04-a4ab-1201995c779e.9a1a0b2c-2bf0-4cca-aee1-662c6d3eb239 -F qcow2 /opt/stack/data/cinder/mnt/06889241143596db4aa69c3c3cb93a79/volume-c27feebd-bcc0-4a04-a4ab-1201995c779e.dd6ed418-22fa-4da2-81c7-01a233d171e9
Feb 25 22:22:35 devstack sudo[85834]: pam_unix(sudo:session): session opened for user root(uid=0) by (uid=1000)
Feb 25 22:22:36 devstack sudo[85834]: pam_unix(sudo:session): session closed for user root
Feb 25 22:22:36 devstack cinder-volume[83163]: DEBUG oslo_concurrency.processutils [None req-fd543b02-41a7-448a-898e-02050f89656a tempest-VolumesDeleteCascade-930824698 None] CMD "sudo cinder-rootwrap /etc/cinder/rootwrap.conf qemu-img rebase -u -b volume-c27feebd-bcc0-4a04-a4ab-1201995c779e.9a1a0b2c-2bf0-4cca-aee1-662c6d3eb239 -F qcow2 /opt/stack/data/cinder/mnt/06889241143596db4aa69c3c3cb93a79/volume-c27feebd-bcc0-4a04-a4ab-1201995c779e.dd6ed418-22fa-4da2-81c7-01a233d171e9" returned: 0 in 0.399s {{(pid=83163) execute /opt/stack/data/venv/lib/python3.10/site-packages/oslo_concurrency/processutils.py:468}}
Feb 25 22:22:36 devstack cinder-volume[83163]: WARNING cinder.volume.drivers.remotefs [None req-fd543b02-41a7-448a-898e-02050f89656a tempest-VolumesDeleteCascade-930824698 None] /opt/stack/data/cinder/mnt/06889241143596db4aa69c3c3cb93a79/volume-c27feebd-bcc0-4a04-a4ab-1201995c779e.dd6ed418-22fa-4da2-81c7-01a233d171e9 is being set with open permissions: ugo+rw
Feb 25 22:22:36 devstack cinder-volume[83163]: DEBUG oslo_concurrency.processutils [None req-fd543b02-41a7-448a-898e-02050f89656a tempest-VolumesDeleteCascade-930824698 None] Running cmd (subprocess): sudo cinder-rootwrap /etc/cinder/rootwrap.conf chmod ugo+rw /opt/stack/data/cinder/mnt/06889241143596db4aa69c3c3cb93a79/volume-c27feebd-bcc0-4a04-a4ab-1201995c779e.dd6ed418-22fa-4da2-81c7-01a233d171e9 {{(pid=83163) execute /opt/stack/data/venv/lib/python3.10/site-packages/oslo_concurrency/processutils.py:440}}
Feb 25 22:22:36 devstack sudo[85839]: quobyte : PWD=/ ; USER=root ; COMMAND=/opt/stack/data/venv/bin/cinder-rootwrap /etc/cinder/rootwrap.conf chmod ugo+rw /opt/stack/data/cinder/mnt/06889241143596db4aa69c3c3cb93a79/volume-c27feebd-bcc0-4a04-a4ab-1201995c779e.dd6ed418-22fa-4da2-81c7-01a233d171e9
Feb 25 22:22:36 devstack sudo[85839]: pam_unix(sudo:session): session opened for user root(uid=0) by (uid=1000)
Feb 25 22:22:36 devstack sudo[85839]: pam_unix(sudo:session): session closed for user root
Feb 25 22:22:36 devstack cinder-volume[83163]: DEBUG oslo_concurrency.processutils [None req-fd543b02-41a7-448a-898e-02050f89656a tempest-VolumesDeleteCascade-930824698 None] CMD "sudo cinder-rootwrap /etc/cinder/rootwrap.conf chmod ugo+rw /opt/stack/data/cinder/mnt/06889241143596db4aa69c3c3cb93a79/volume-c27feebd-bcc0-4a04-a4ab-1201995c779e.dd6ed418-22fa-4da2-81c7-01a233d171e9" returned: 0 in 0.388s {{(pid=83163) execute /opt/stack/data/venv/lib/python3.10/site-packages/oslo_concurrency/processutils.py:468}}
Feb 25 22:22:36 devstack cinder-volume[83163]: DEBUG oslo_concurrency.lockutils [None req-fd543b02-41a7-448a-898e-02050f89656a tempest-VolumesDeleteCascade-930824698 None] Lock "quobyte" "released" by "cinder.volume.drivers.quobyte.QuobyteDriver.create_snapshot" :: held 1.854s {{(pid=83163) inner /opt/stack/data/venv/lib/python3.10/site-packages/oslo_concurrency/lockutils.py:538}}
Feb 25 22:22:36 devstack cinder-volume[83163]: INFO cinder.volume.manager [None req-fd543b02-41a7-448a-898e-02050f89656a tempest-VolumesDeleteCascade-930824698 None] Create snapshot completed successfully
Feb 25 22:22:36 devstack cinder-volume[83163]: DEBUG cinder.coordination [None req-706a801c-18bc-48f3-b1f5-a61e317e9b20 tempest-VolumesDeleteCascade-930824698 None] Acquiring lock "cinder-c27feebd-bcc0-4a04-a4ab-1201995c779e-delete_volume" by "delete_volume" {{(pid=83163) __acquire /opt/stack/cinder/cinder/coordination.py:138}}
Feb 25 22:22:36 devstack cinder-volume[83163]: DEBUG cinder.coordination [None req-706a801c-18bc-48f3-b1f5-a61e317e9b20 tempest-VolumesDeleteCascade-930824698 None] Lock "cinder-c27feebd-bcc0-4a04-a4ab-1201995c779e-delete_volume" acquired by "delete_volume" :: waited 0.009s {{(pid=83163) __acquire /opt/stack/cinder/cinder/coordination.py:141}}
Feb 25 22:22:37 devstack cinder-volume[83163]: DEBUG cinder.volume.manager [None req-706a801c-18bc-48f3-b1f5-a61e317e9b20 tempest-VolumesDeleteCascade-930824698 None] Performing cascade delete. {{(pid=83163) delete_volume /opt/stack/cinder/cinder/volume/manager.py:995}}
Feb 25 22:22:37 devstack cinder-volume[83163]: DEBUG cinder.coordination [None req-706a801c-18bc-48f3-b1f5-a61e317e9b20 tempest-VolumesDeleteCascade-930824698 None] Acquiring lock "cinder-9a1a0b2c-2bf0-4cca-aee1-662c6d3eb239-delete_snapshot" by "delete_snapshot" {{(pid=83163) __acquire /opt/stack/cinder/cinder/coordination.py:138}}
Feb 25 22:22:37 devstack cinder-volume[83163]: DEBUG cinder.coordination [None req-706a801c-18bc-48f3-b1f5-a61e317e9b20 tempest-VolumesDeleteCascade-930824698 None] Lock "cinder-9a1a0b2c-2bf0-4cca-aee1-662c6d3eb239-delete_snapshot" acquired by "delete_snapshot" :: waited 0.007s {{(pid=83163) __acquire /opt/stack/cinder/cinder/coordination.py:141}}
Feb 25 22:22:37 devstack cinder-volume[83163]: DEBUG cinder.coordination [None req-706a801c-18bc-48f3-b1f5-a61e317e9b20 tempest-VolumesDeleteCascade-930824698 None] Acquiring lock "cinder-quobyte-c27feebd-bcc0-4a04-a4ab-1201995c779e" by "delete_snapshot" {{(pid=83163) __acquire /opt/stack/cinder/cinder/coordination.py:138}}
Feb 25 22:22:37 devstack cinder-volume[83163]: DEBUG cinder.coordination [None req-706a801c-18bc-48f3-b1f5-a61e317e9b20 tempest-VolumesDeleteCascade-930824698 None] Lock "cinder-quobyte-c27feebd-bcc0-4a04-a4ab-1201995c779e" acquired by "delete_snapshot" :: waited 0.007s {{(pid=83163) __acquire /opt/stack/cinder/cinder/coordination.py:141}}
Feb 25 22:22:37 devstack cinder-volume[83163]: DEBUG cinder.coordination [None req-706a801c-18bc-48f3-b1f5-a61e317e9b20 tempest-VolumesDeleteCascade-930824698 None] Acquiring lock "cinder-quobyte-9a1a0b2c-2bf0-4cca-aee1-662c6d3eb239" by "_delete_snapshot" {{(pid=83163) __acquire /opt/stack/cinder/cinder/coordination.py:138}}
Feb 25 22:22:37 devstack cinder-volume[83163]: DEBUG cinder.coordination [None req-706a801c-18bc-48f3-b1f5-a61e317e9b20 tempest-VolumesDeleteCascade-930824698 None] Lock "cinder-quobyte-9a1a0b2c-2bf0-4cca-aee1-662c6d3eb239" acquired by "_delete_snapshot" :: waited 0.006s {{(pid=83163) __acquire /opt/stack/cinder/cinder/coordination.py:141}}
Feb 25 22:22:37 devstack cinder-volume[83163]: DEBUG cinder.volume.drivers.remotefs [None req-706a801c-18bc-48f3-b1f5-a61e317e9b20 tempest-VolumesDeleteCascade-930824698 None] Deleting offline snapshot 9a1a0b2c-2bf0-4cca-aee1-662c6d3eb239 of volume c27feebd-bcc0-4a04-a4ab-1201995c779e {{(pid=83163) _delete_snapshot /opt/stack/cinder/cinder/volume/drivers/remotefs.py:1288}}
Feb 25 22:22:37 devstack cinder-volume[83163]: DEBUG cinder.volume.drivers.remotefs [None req-706a801c-18bc-48f3-b1f5-a61e317e9b20 tempest-VolumesDeleteCascade-930824698 None] snapshot_file for this snap is: volume-c27feebd-bcc0-4a04-a4ab-1201995c779e.9a1a0b2c-2bf0-4cca-aee1-662c6d3eb239 {{(pid=83163) _delete_snapshot /opt/stack/cinder/cinder/volume/drivers/remotefs.py:1317}}
Feb 25 22:22:37 devstack cinder-volume[83163]: DEBUG oslo.privsep.daemon [-] privsep: reply[32c5c8d8-c94d-4c41-ba9f-fb12efca4698]: (4, 'qcow2') {{(pid=84012) _call_back /opt/stack/data/venv/lib/python3.10/site-packages/oslo_privsep/daemon.py:573}}
Feb 25 22:22:37 devstack cinder-volume[83163]: DEBUG oslo_concurrency.processutils [None req-706a801c-18bc-48f3-b1f5-a61e317e9b20 tempest-VolumesDeleteCascade-930824698 None] Running cmd (subprocess): /opt/stack/data/venv/bin/python3.10 -m oslo_concurrency.prlimit --as=1073741824 --cpu=60 -- sudo cinder-rootwrap /etc/cinder/rootwrap.conf env LC_ALL=C qemu-img info -f qcow2 --output=json --force-share /opt/stack/data/cinder/mnt/06889241143596db4aa69c3c3cb93a79/volume-c27feebd-bcc0-4a04-a4ab-1201995c779e.9a1a0b2c-2bf0-4cca-aee1-662c6d3eb239 {{(pid=83163) execute /opt/stack/data/venv/lib/python3.10/site-packages/oslo_concurrency/processutils.py:440}}
Feb 25 22:22:37 devstack sudo[85842]: quobyte : PWD=/ ; USER=root ; COMMAND=/opt/stack/data/venv/bin/cinder-rootwrap /etc/cinder/rootwrap.conf env LC_ALL=C qemu-img info -f qcow2 --output=json --force-share /opt/stack/data/cinder/mnt/06889241143596db4aa69c3c3cb93a79/volume-c27feebd-bcc0-4a04-a4ab-1201995c779e.9a1a0b2c-2bf0-4cca-aee1-662c6d3eb239
Feb 25 22:22:37 devstack sudo[85842]: pam_unix(sudo:session): session opened for user root(uid=0) by (uid=1000)
Feb 25 22:22:37 devstack sudo[85842]: pam_unix(sudo:session): session closed for user root
Feb 25 22:22:37 devstack cinder-volume[83163]: DEBUG oslo_concurrency.processutils [None req-706a801c-18bc-48f3-b1f5-a61e317e9b20 tempest-VolumesDeleteCascade-930824698 None] CMD "/opt/stack/data/venv/bin/python3.10 -m oslo_concurrency.prlimit --as=1073741824 --cpu=60 -- sudo cinder-rootwrap /etc/cinder/rootwrap.conf env LC_ALL=C qemu-img info -f qcow2 --output=json --force-share /opt/stack/data/cinder/mnt/06889241143596db4aa69c3c3cb93a79/volume-c27feebd-bcc0-4a04-a4ab-1201995c779e.9a1a0b2c-2bf0-4cca-aee1-662c6d3eb239" returned: 0 in 0.462s {{(pid=83163) execute /opt/stack/data/venv/lib/python3.10/site-packages/oslo_concurrency/processutils.py:468}}
Feb 25 22:22:37 devstack cinder-volume[83163]: DEBUG cinder.volume.drivers.remotefs [None req-706a801c-18bc-48f3-b1f5-a61e317e9b20 tempest-VolumesDeleteCascade-930824698 None] Fetching qemu-img info with special backing_file_template: (/opt/stack/data/cinder/mnt/[0-9a-f]+/)?(volume-c27feebd-bcc0-4a04-a4ab-1201995c779e(.(tmp-snap-)?[0-9a-f-]+)?|volume_from_snapshot_cache/(tmp-snap-)?[0-9a-f-]+(.(child-|parent-)[0-9a-f-]+)?)$ {{(pid=83163) _qemu_img_info_base /opt/stack/cinder/cinder/volume/drivers/remotefs.py:896}}
Feb 25 22:22:37 devstack cinder-volume[83163]: DEBUG oslo.privsep.daemon [-] privsep: reply[9b1f6487-639d-4d12-8faf-53a13bd684e9]: (4, 'qcow2') {{(pid=84012) _call_back /opt/stack/data/venv/lib/python3.10/site-packages/oslo_privsep/daemon.py:573}}
Feb 25 22:22:37 devstack cinder-volume[83163]: DEBUG oslo_concurrency.processutils [None req-706a801c-18bc-48f3-b1f5-a61e317e9b20 tempest-VolumesDeleteCascade-930824698 None] Running cmd (subprocess): /opt/stack/data/venv/bin/python3.10 -m oslo_concurrency.prlimit --as=1073741824 --cpu=60 -- sudo cinder-rootwrap /etc/cinder/rootwrap.conf env LC_ALL=C qemu-img info -f qcow2 --output=json --force-share /opt/stack/data/cinder/mnt/06889241143596db4aa69c3c3cb93a79/volume-c27feebd-bcc0-4a04-a4ab-1201995c779e {{(pid=83163) execute /opt/stack/data/venv/lib/python3.10/site-packages/oslo_concurrency/processutils.py:440}}
Feb 25 22:22:37 devstack sudo[85847]: quobyte : PWD=/ ; USER=root ; COMMAND=/opt/stack/data/venv/bin/cinder-rootwrap /etc/cinder/rootwrap.conf env LC_ALL=C qemu-img info -f qcow2 --output=json --force-share /opt/stack/data/cinder/mnt/06889241143596db4aa69c3c3cb93a79/volume-c27feebd-bcc0-4a04-a4ab-1201995c779e
Feb 25 22:22:37 devstack sudo[85847]: pam_unix(sudo:session): session opened for user root(uid=0) by (uid=1000)
Feb 25 22:22:38 devstack sudo[85847]: pam_unix(sudo:session): session closed for user root
Feb 25 22:22:38 devstack cinder-volume[83163]: DEBUG oslo_concurrency.processutils [None req-706a801c-18bc-48f3-b1f5-a61e317e9b20 tempest-VolumesDeleteCascade-930824698 None] CMD "/opt/stack/data/venv/bin/python3.10 -m oslo_concurrency.prlimit --as=1073741824 --cpu=60 -- sudo cinder-rootwrap /etc/cinder/rootwrap.conf env LC_ALL=C qemu-img info -f qcow2 --output=json --force-share /opt/stack/data/cinder/mnt/06889241143596db4aa69c3c3cb93a79/volume-c27feebd-bcc0-4a04-a4ab-1201995c779e" returned: 0 in 0.458s {{(pid=83163) execute /opt/stack/data/venv/lib/python3.10/site-packages/oslo_concurrency/processutils.py:468}}
Feb 25 22:22:38 devstack cinder-volume[83163]: DEBUG oslo.privsep.daemon [-] privsep: reply[15cbe321-db38-44c8-9b6c-94bd3fd383aa]: (4, 'qcow2') {{(pid=84012) _call_back /opt/stack/data/venv/lib/python3.10/site-packages/oslo_privsep/daemon.py:573}}
Feb 25 22:22:38 devstack cinder-volume[83163]: DEBUG oslo_concurrency.processutils [None req-706a801c-18bc-48f3-b1f5-a61e317e9b20 tempest-VolumesDeleteCascade-930824698 None] Running cmd (subprocess): /opt/stack/data/venv/bin/python3.10 -m oslo_concurrency.prlimit --as=1073741824 --cpu=60 -- sudo cinder-rootwrap /etc/cinder/rootwrap.conf env LC_ALL=C qemu-img info -f qcow2 --output=json --force-share /opt/stack/data/cinder/mnt/06889241143596db4aa69c3c3cb93a79/volume-c27feebd-bcc0-4a04-a4ab-1201995c779e.dd6ed418-22fa-4da2-81c7-01a233d171e9 {{(pid=83163) execute /opt/stack/data/venv/lib/python3.10/site-packages/oslo_concurrency/processutils.py:440}}
Feb 25 22:22:38 devstack sudo[85853]: quobyte : PWD=/ ; USER=root ; COMMAND=/opt/stack/data/venv/bin/cinder-rootwrap /etc/cinder/rootwrap.conf env LC_ALL=C qemu-img info -f qcow2 --output=json --force-share /opt/stack/data/cinder/mnt/06889241143596db4aa69c3c3cb93a79/volume-c27feebd-bcc0-4a04-a4ab-1201995c779e.dd6ed418-22fa-4da2-81c7-01a233d171e9
Feb 25 22:22:38 devstack sudo[85853]: pam_unix(sudo:session): session opened for user root(uid=0) by (uid=1000)
Feb 25 22:22:38 devstack sudo[85853]: pam_unix(sudo:session): session closed for user root
Feb 25 22:22:38 devstack cinder-volume[83163]: DEBUG oslo_concurrency.processutils [None req-706a801c-18bc-48f3-b1f5-a61e317e9b20 tempest-VolumesDeleteCascade-930824698 None] CMD "/opt/stack/data/venv/bin/python3.10 -m oslo_concurrency.prlimit --as=1073741824 --cpu=60 -- sudo cinder-rootwrap /etc/cinder/rootwrap.conf env LC_ALL=C qemu-img info -f qcow2 --output=json --force-share /opt/stack/data/cinder/mnt/06889241143596db4aa69c3c3cb93a79/volume-c27feebd-bcc0-4a04-a4ab-1201995c779e.dd6ed418-22fa-4da2-81c7-01a233d171e9" returned: 0 in 0.504s {{(pid=83163) execute /opt/stack/data/venv/lib/python3.10/site-packages/oslo_concurrency/processutils.py:468}}
Feb 25 22:22:38 devstack cinder-volume[83163]: DEBUG cinder.volume.drivers.remotefs [None req-706a801c-18bc-48f3-b1f5-a61e317e9b20 tempest-VolumesDeleteCascade-930824698 None] Fetching qemu-img info with special backing_file_template: (/opt/stack/data/cinder/mnt/[0-9a-f]+/)?(volume-c27feebd-bcc0-4a04-a4ab-1201995c779e(.(tmp-snap-)?[0-9a-f-]+)?|volume_from_snapshot_cache/(tmp-snap-)?[0-9a-f-]+(.(child-|parent-)[0-9a-f-]+)?)$ {{(pid=83163) _qemu_img_info_base /opt/stack/cinder/cinder/volume/drivers/remotefs.py:896}}
Feb 25 22:22:38 devstack cinder-volume[83163]: DEBUG oslo.privsep.daemon [-] privsep: reply[92457be1-1cb0-4247-a7c6-7e44923ac2bd]: (4, 'qcow2') {{(pid=84012) _call_back /opt/stack/data/venv/lib/python3.10/site-packages/oslo_privsep/daemon.py:573}}
Feb 25 22:22:38 devstack cinder-volume[83163]: DEBUG oslo_concurrency.processutils [None req-706a801c-18bc-48f3-b1f5-a61e317e9b20 tempest-VolumesDeleteCascade-930824698 None] Running cmd (subprocess): /opt/stack/data/venv/bin/python3.10 -m oslo_concurrency.prlimit --as=1073741824 --cpu=60 -- sudo cinder-rootwrap /etc/cinder/rootwrap.conf env LC_ALL=C qemu-img info -f qcow2 --output=json --force-share /opt/stack/data/cinder/mnt/06889241143596db4aa69c3c3cb93a79/volume-c27feebd-bcc0-4a04-a4ab-1201995c779e.9a1a0b2c-2bf0-4cca-aee1-662c6d3eb239 {{(pid=83163) execute /opt/stack/data/venv/lib/python3.10/site-packages/oslo_concurrency/processutils.py:440}}
Feb 25 22:22:38 devstack sudo[85858]: quobyte : PWD=/ ; USER=root ; COMMAND=/opt/stack/data/venv/bin/cinder-rootwrap /etc/cinder/rootwrap.conf env LC_ALL=C qemu-img info -f qcow2 --output=json --force-share /opt/stack/data/cinder/mnt/06889241143596db4aa69c3c3cb93a79/volume-c27feebd-bcc0-4a04-a4ab-1201995c779e.9a1a0b2c-2bf0-4cca-aee1-662c6d3eb239
Feb 25 22:22:38 devstack sudo[85858]: pam_unix(sudo:session): session opened for user root(uid=0) by (uid=1000)
Feb 25 22:22:39 devstack sudo[85858]: pam_unix(sudo:session): session closed for user root
Feb 25 22:22:39 devstack cinder-volume[83163]: DEBUG oslo_concurrency.processutils [None req-706a801c-18bc-48f3-b1f5-a61e317e9b20 tempest-VolumesDeleteCascade-930824698 None] CMD "/opt/stack/data/venv/bin/python3.10 -m oslo_concurrency.prlimit --as=1073741824 --cpu=60 -- sudo cinder-rootwrap /etc/cinder/rootwrap.conf env LC_ALL=C qemu-img info -f qcow2 --output=json --force-share /opt/stack/data/cinder/mnt/06889241143596db4aa69c3c3cb93a79/volume-c27feebd-bcc0-4a04-a4ab-1201995c779e.9a1a0b2c-2bf0-4cca-aee1-662c6d3eb239" returned: 0 in 0.452s {{(pid=83163) execute /opt/stack/data/venv/lib/python3.10/site-packages/oslo_concurrency/processutils.py:468}}
Feb 25 22:22:39 devstack cinder-volume[83163]: DEBUG cinder.volume.drivers.remotefs [None req-706a801c-18bc-48f3-b1f5-a61e317e9b20 tempest-VolumesDeleteCascade-930824698 None] Fetching qemu-img info with special backing_file_template: (/opt/stack/data/cinder/mnt/[0-9a-f]+/)?(volume-c27feebd-bcc0-4a04-a4ab-1201995c779e(.(tmp-snap-)?[0-9a-f-]+)?|volume_from_snapshot_cache/(tmp-snap-)?[0-9a-f-]+(.(child-|parent-)[0-9a-f-]+)?)$ {{(pid=83163) _qemu_img_info_base /opt/stack/cinder/cinder/volume/drivers/remotefs.py:896}}
Feb 25 22:22:39 devstack cinder-volume[83163]: DEBUG oslo.privsep.daemon [-] privsep: reply[8c49fdaf-bb62-4b9d-88dc-d0afeafdcdc5]: (4, 'qcow2') {{(pid=84012) _call_back /opt/stack/data/venv/lib/python3.10/site-packages/oslo_privsep/daemon.py:573}}
Feb 25 22:22:39 devstack cinder-volume[83163]: DEBUG oslo_concurrency.processutils [None req-706a801c-18bc-48f3-b1f5-a61e317e9b20 tempest-VolumesDeleteCascade-930824698 None] Running cmd (subprocess): /opt/stack/data/venv/bin/python3.10 -m oslo_concurrency.prlimit --as=1073741824 --cpu=60 -- sudo cinder-rootwrap /etc/cinder/rootwrap.conf env LC_ALL=C qemu-img info -f qcow2 --output=json --force-share /opt/stack/data/cinder/mnt/06889241143596db4aa69c3c3cb93a79/volume-c27feebd-bcc0-4a04-a4ab-1201995c779e {{(pid=83163) execute /opt/stack/data/venv/lib/python3.10/site-packages/oslo_concurrency/processutils.py:440}}
Feb 25 22:22:39 devstack sudo[85863]: quobyte : PWD=/ ; USER=root ; COMMAND=/opt/stack/data/venv/bin/cinder-rootwrap /etc/cinder/rootwrap.conf env LC_ALL=C qemu-img info -f qcow2 --output=json --force-share /opt/stack/data/cinder/mnt/06889241143596db4aa69c3c3cb93a79/volume-c27feebd-bcc0-4a04-a4ab-1201995c779e
Feb 25 22:22:39 devstack sudo[85863]: pam_unix(sudo:session): session opened for user root(uid=0) by (uid=1000)
Feb 25 22:22:39 devstack sudo[85863]: pam_unix(sudo:session): session closed for user root
Feb 25 22:22:39 devstack cinder-volume[83163]: DEBUG oslo_concurrency.processutils [None req-706a801c-18bc-48f3-b1f5-a61e317e9b20 tempest-VolumesDeleteCascade-930824698 None] CMD "/opt/stack/data/venv/bin/python3.10 -m oslo_concurrency.prlimit --as=1073741824 --cpu=60 -- sudo cinder-rootwrap /etc/cinder/rootwrap.conf env LC_ALL=C qemu-img info -f qcow2 --output=json --force-share /opt/stack/data/cinder/mnt/06889241143596db4aa69c3c3cb93a79/volume-c27feebd-bcc0-4a04-a4ab-1201995c779e" returned: 0 in 0.543s {{(pid=83163) execute /opt/stack/data/venv/lib/python3.10/site-packages/oslo_concurrency/processutils.py:468}}
Feb 25 22:22:39 devstack cinder-volume[83163]: DEBUG oslo_concurrency.processutils [None req-706a801c-18bc-48f3-b1f5-a61e317e9b20 tempest-VolumesDeleteCascade-930824698 None] Running cmd (subprocess): sudo cinder-rootwrap /etc/cinder/rootwrap.conf qemu-img commit -d /opt/stack/data/cinder/mnt/06889241143596db4aa69c3c3cb93a79/volume-c27feebd-bcc0-4a04-a4ab-1201995c779e.9a1a0b2c-2bf0-4cca-aee1-662c6d3eb239 {{(pid=83163) execute /opt/stack/data/venv/lib/python3.10/site-packages/oslo_concurrency/processutils.py:440}}
Feb 25 22:22:39 devstack sudo[85868]: quobyte : PWD=/ ; USER=root ; COMMAND=/opt/stack/data/venv/bin/cinder-rootwrap /etc/cinder/rootwrap.conf qemu-img commit -d /opt/stack/data/cinder/mnt/06889241143596db4aa69c3c3cb93a79/volume-c27feebd-bcc0-4a04-a4ab-1201995c779e.9a1a0b2c-2bf0-4cca-aee1-662c6d3eb239
Feb 25 22:22:39 devstack sudo[85868]: pam_unix(sudo:session): session opened for user root(uid=0) by (uid=1000)
Feb 25 22:22:40 devstack sudo[85868]: pam_unix(sudo:session): session closed for user root
Feb 25 22:22:40 devstack cinder-volume[83163]: DEBUG oslo_concurrency.processutils [None req-706a801c-18bc-48f3-b1f5-a61e317e9b20 tempest-VolumesDeleteCascade-930824698 None] CMD "sudo cinder-rootwrap /etc/cinder/rootwrap.conf qemu-img commit -d /opt/stack/data/cinder/mnt/06889241143596db4aa69c3c3cb93a79/volume-c27feebd-bcc0-4a04-a4ab-1201995c779e.9a1a0b2c-2bf0-4cca-aee1-662c6d3eb239" returned: 0 in 0.517s {{(pid=83163) execute /opt/stack/data/venv/lib/python3.10/site-packages/oslo_concurrency/processutils.py:468}}
Feb 25 22:22:40 devstack cinder-volume[83163]: DEBUG oslo_concurrency.processutils [None req-706a801c-18bc-48f3-b1f5-a61e317e9b20 tempest-VolumesDeleteCascade-930824698 None] Running cmd (subprocess): sudo cinder-rootwrap /etc/cinder/rootwrap.conf rm -f /opt/stack/data/cinder/mnt/06889241143596db4aa69c3c3cb93a79/volume-c27feebd-bcc0-4a04-a4ab-1201995c779e.9a1a0b2c-2bf0-4cca-aee1-662c6d3eb239 {{(pid=83163) execute /opt/stack/data/venv/lib/python3.10/site-packages/oslo_concurrency/processutils.py:440}}
Feb 25 22:22:40 devstack sudo[85873]: quobyte : PWD=/ ; USER=root ; COMMAND=/opt/stack/data/venv/bin/cinder-rootwrap /etc/cinder/rootwrap.conf rm -f /opt/stack/data/cinder/mnt/06889241143596db4aa69c3c3cb93a79/volume-c27feebd-bcc0-4a04-a4ab-1201995c779e.9a1a0b2c-2bf0-4cca-aee1-662c6d3eb239
Feb 25 22:22:40 devstack sudo[85873]: pam_unix(sudo:session): session opened for user root(uid=0) by (uid=1000)
Feb 25 22:22:40 devstack sudo[85873]: pam_unix(sudo:session): session closed for user root
Feb 25 22:22:40 devstack cinder-volume[83163]: DEBUG oslo_concurrency.processutils [None req-706a801c-18bc-48f3-b1f5-a61e317e9b20 tempest-VolumesDeleteCascade-930824698 None] CMD "sudo cinder-rootwrap /etc/cinder/rootwrap.conf rm -f /opt/stack/data/cinder/mnt/06889241143596db4aa69c3c3cb93a79/volume-c27feebd-bcc0-4a04-a4ab-1201995c779e.9a1a0b2c-2bf0-4cca-aee1-662c6d3eb239" returned: 0 in 0.530s {{(pid=83163) execute /opt/stack/data/venv/lib/python3.10/site-packages/oslo_concurrency/processutils.py:468}}
Feb 25 22:22:40 devstack cinder-volume[83163]: DEBUG oslo_concurrency.processutils [None req-706a801c-18bc-48f3-b1f5-a61e317e9b20 tempest-VolumesDeleteCascade-930824698 None] Running cmd (subprocess): sudo cinder-rootwrap /etc/cinder/rootwrap.conf qemu-img rebase -u -b volume-c27feebd-bcc0-4a04-a4ab-1201995c779e /opt/stack/data/cinder/mnt/06889241143596db4aa69c3c3cb93a79/volume-c27feebd-bcc0-4a04-a4ab-1201995c779e.dd6ed418-22fa-4da2-81c7-01a233d171e9 -F qcow2 {{(pid=83163) execute /opt/stack/data/venv/lib/python3.10/site-packages/oslo_concurrency/processutils.py:440}}
Feb 25 22:22:40 devstack sudo[85877]: quobyte : PWD=/ ; USER=root ; COMMAND=/opt/stack/data/venv/bin/cinder-rootwrap /etc/cinder/rootwrap.conf qemu-img rebase -u -b volume-c27feebd-bcc0-4a04-a4ab-1201995c779e /opt/stack/data/cinder/mnt/06889241143596db4aa69c3c3cb93a79/volume-c27feebd-bcc0-4a04-a4ab-1201995c779e.dd6ed418-22fa-4da2-81c7-01a233d171e9 -F qcow2
Feb 25 22:22:40 devstack sudo[85877]: pam_unix(sudo:session): session opened for user root(uid=0) by (uid=1000)
Feb 25 22:22:41 devstack sudo[85877]: pam_unix(sudo:session): session closed for user root
Feb 25 22:22:41 devstack cinder-volume[83163]: DEBUG oslo_concurrency.processutils [None req-706a801c-18bc-48f3-b1f5-a61e317e9b20 tempest-VolumesDeleteCascade-930824698 None] CMD "sudo cinder-rootwrap /etc/cinder/rootwrap.conf qemu-img rebase -u -b volume-c27feebd-bcc0-4a04-a4ab-1201995c779e /opt/stack/data/cinder/mnt/06889241143596db4aa69c3c3cb93a79/volume-c27feebd-bcc0-4a04-a4ab-1201995c779e.dd6ed418-22fa-4da2-81c7-01a233d171e9 -F qcow2" returned: 0 in 0.435s {{(pid=83163) execute /opt/stack/data/venv/lib/python3.10/site-packages/oslo_concurrency/processutils.py:468}}
Feb 25 22:22:41 devstack cinder-volume[83163]: DEBUG cinder.coordination [None req-706a801c-18bc-48f3-b1f5-a61e317e9b20 tempest-VolumesDeleteCascade-930824698 None] Lock "cinder-quobyte-9a1a0b2c-2bf0-4cca-aee1-662c6d3eb239" released by "_delete_snapshot" :: held 4.004s {{(pid=83163) __release /opt/stack/cinder/cinder/coordination.py:152}}
Feb 25 22:22:41 devstack cinder-volume[83163]: DEBUG cinder.coordination [None req-706a801c-18bc-48f3-b1f5-a61e317e9b20 tempest-VolumesDeleteCascade-930824698 None] Lock "cinder-quobyte-c27feebd-bcc0-4a04-a4ab-1201995c779e" released by "delete_snapshot" :: held 4.014s {{(pid=83163) __release /opt/stack/cinder/cinder/coordination.py:152}}
Feb 25 22:22:41 devstack cinder-volume[83163]: DEBUG cinder.quota [None req-706a801c-18bc-48f3-b1f5-a61e317e9b20 tempest-VolumesDeleteCascade-930824698 None] Created reservations ['eb6a4426-6ab6-459a-ab96-da7915230dde', '9448e85c-450f-489a-97e8-16feee7e4c93', 'fabb2668-05e0-4f4d-afe9-f364bdaddbb3', 'aeccc39f-ea01-49d8-bc82-dd2f4d675ef3'] {{(pid=83163) reserve /opt/stack/cinder/cinder/quota.py:752}}
Feb 25 22:22:41 devstack cinder-volume[83163]: INFO cinder.volume.manager [None req-706a801c-18bc-48f3-b1f5-a61e317e9b20 tempest-VolumesDeleteCascade-930824698 None] Delete snapshot completed successfully.
Feb 25 22:22:41 devstack cinder-volume[83163]: DEBUG cinder.coordination [None req-706a801c-18bc-48f3-b1f5-a61e317e9b20 tempest-VolumesDeleteCascade-930824698 None] Lock "cinder-9a1a0b2c-2bf0-4cca-aee1-662c6d3eb239-delete_snapshot" released by "delete_snapshot" :: held 4.151s {{(pid=83163) __release /opt/stack/cinder/cinder/coordination.py:152}}
Feb 25 22:22:41 devstack cinder-volume[83163]: DEBUG cinder.coordination [None req-706a801c-18bc-48f3-b1f5-a61e317e9b20 tempest-VolumesDeleteCascade-930824698 None] Acquiring lock "cinder-dd6ed418-22fa-4da2-81c7-01a233d171e9-delete_snapshot" by "delete_snapshot" {{(pid=83163) __acquire /opt/stack/cinder/cinder/coordination.py:138}}
Feb 25 22:22:41 devstack cinder-volume[83163]: DEBUG cinder.coordination [None req-706a801c-18bc-48f3-b1f5-a61e317e9b20 tempest-VolumesDeleteCascade-930824698 None] Lock "cinder-dd6ed418-22fa-4da2-81c7-01a233d171e9-delete_snapshot" acquired by "delete_snapshot" :: waited 0.007s {{(pid=83163) __acquire /opt/stack/cinder/cinder/coordination.py:141}}
Feb 25 22:22:41 devstack cinder-volume[83163]: DEBUG cinder.coordination [None req-706a801c-18bc-48f3-b1f5-a61e317e9b20 tempest-VolumesDeleteCascade-930824698 None] Acquiring lock "cinder-quobyte-c27feebd-bcc0-4a04-a4ab-1201995c779e" by "delete_snapshot" {{(pid=83163) __acquire /opt/stack/cinder/cinder/coordination.py:138}}
Feb 25 22:22:41 devstack cinder-volume[83163]: DEBUG cinder.coordination [None req-706a801c-18bc-48f3-b1f5-a61e317e9b20 tempest-VolumesDeleteCascade-930824698 None] Lock "cinder-quobyte-c27feebd-bcc0-4a04-a4ab-1201995c779e" acquired by "delete_snapshot" :: waited 0.008s {{(pid=83163) __acquire /opt/stack/cinder/cinder/coordination.py:141}}
Feb 25 22:22:41 devstack cinder-volume[83163]: DEBUG cinder.coordination [None req-706a801c-18bc-48f3-b1f5-a61e317e9b20 tempest-VolumesDeleteCascade-930824698 None] Acquiring lock "cinder-quobyte-dd6ed418-22fa-4da2-81c7-01a233d171e9" by "_delete_snapshot" {{(pid=83163) __acquire /opt/stack/cinder/cinder/coordination.py:138}}
Feb 25 22:22:41 devstack cinder-volume[83163]: DEBUG cinder.coordination [None req-706a801c-18bc-48f3-b1f5-a61e317e9b20 tempest-VolumesDeleteCascade-930824698 None] Lock "cinder-quobyte-dd6ed418-22fa-4da2-81c7-01a233d171e9" acquired by "_delete_snapshot" :: waited 0.007s {{(pid=83163) __acquire /opt/stack/cinder/cinder/coordination.py:141}}
Feb 25 22:22:41 devstack cinder-volume[83163]: DEBUG cinder.volume.drivers.remotefs [None req-706a801c-18bc-48f3-b1f5-a61e317e9b20 tempest-VolumesDeleteCascade-930824698 None] Deleting offline snapshot dd6ed418-22fa-4da2-81c7-01a233d171e9 of volume c27feebd-bcc0-4a04-a4ab-1201995c779e {{(pid=83163) _delete_snapshot /opt/stack/cinder/cinder/volume/drivers/remotefs.py:1288}}
Feb 25 22:22:41 devstack cinder-volume[83163]: DEBUG cinder.volume.drivers.remotefs [None req-706a801c-18bc-48f3-b1f5-a61e317e9b20 tempest-VolumesDeleteCascade-930824698 None] snapshot_file for this snap is: volume-c27feebd-bcc0-4a04-a4ab-1201995c779e.dd6ed418-22fa-4da2-81c7-01a233d171e9 {{(pid=83163) _delete_snapshot /opt/stack/cinder/cinder/volume/drivers/remotefs.py:1317}}
Feb 25 22:22:41 devstack cinder-volume[83163]: DEBUG oslo.privsep.daemon [-] privsep: reply[bb770ad4-40c1-4068-a3b5-d456916285cb]: (4, 'qcow2') {{(pid=84012) _call_back /opt/stack/data/venv/lib/python3.10/site-packages/oslo_privsep/daemon.py:573}}
Feb 25 22:22:41 devstack cinder-volume[83163]: DEBUG oslo_concurrency.processutils [None req-706a801c-18bc-48f3-b1f5-a61e317e9b20 tempest-VolumesDeleteCascade-930824698 None] Running cmd (subprocess): /opt/stack/data/venv/bin/python3.10 -m oslo_concurrency.prlimit --as=1073741824 --cpu=60 -- sudo cinder-rootwrap /etc/cinder/rootwrap.conf env LC_ALL=C qemu-img info -f qcow2 --output=json --force-share /opt/stack/data/cinder/mnt/06889241143596db4aa69c3c3cb93a79/volume-c27feebd-bcc0-4a04-a4ab-1201995c779e.dd6ed418-22fa-4da2-81c7-01a233d171e9 {{(pid=83163) execute /opt/stack/data/venv/lib/python3.10/site-packages/oslo_concurrency/processutils.py:440}}
Feb 25 22:22:41 devstack sudo[85885]: quobyte : PWD=/ ; USER=root ; COMMAND=/opt/stack/data/venv/bin/cinder-rootwrap /etc/cinder/rootwrap.conf env LC_ALL=C qemu-img info -f qcow2 --output=json --force-share /opt/stack/data/cinder/mnt/06889241143596db4aa69c3c3cb93a79/volume-c27feebd-bcc0-4a04-a4ab-1201995c779e.dd6ed418-22fa-4da2-81c7-01a233d171e9
Feb 25 22:22:41 devstack sudo[85885]: pam_unix(sudo:session): session opened for user root(uid=0) by (uid=1000)
Feb 25 22:22:41 devstack sudo[85885]: pam_unix(sudo:session): session closed for user root
Feb 25 22:22:41 devstack cinder-volume[83163]: DEBUG oslo_concurrency.processutils [None req-706a801c-18bc-48f3-b1f5-a61e317e9b20 tempest-VolumesDeleteCascade-930824698 None] CMD "/opt/stack/data/venv/bin/python3.10 -m oslo_concurrency.prlimit --as=1073741824 --cpu=60 -- sudo cinder-rootwrap /etc/cinder/rootwrap.conf env LC_ALL=C qemu-img info -f qcow2 --output=json --force-share /opt/stack/data/cinder/mnt/06889241143596db4aa69c3c3cb93a79/volume-c27feebd-bcc0-4a04-a4ab-1201995c779e.dd6ed418-22fa-4da2-81c7-01a233d171e9" returned: 0 in 0.554s {{(pid=83163) execute /opt/stack/data/venv/lib/python3.10/site-packages/oslo_concurrency/processutils.py:468}}
Feb 25 22:22:41 devstack cinder-volume[83163]: DEBUG cinder.volume.drivers.remotefs [None req-706a801c-18bc-48f3-b1f5-a61e317e9b20 tempest-VolumesDeleteCascade-930824698 None] Fetching qemu-img info with special backing_file_template: (/opt/stack/data/cinder/mnt/[0-9a-f]+/)?(volume-c27feebd-bcc0-4a04-a4ab-1201995c779e(.(tmp-snap-)?[0-9a-f-]+)?|volume_from_snapshot_cache/(tmp-snap-)?[0-9a-f-]+(.(child-|parent-)[0-9a-f-]+)?)$ {{(pid=83163) _qemu_img_info_base /opt/stack/cinder/cinder/volume/drivers/remotefs.py:896}}
Feb 25 22:22:41 devstack cinder-volume[83163]: DEBUG oslo.privsep.daemon [-] privsep: reply[8306519d-b65c-40a6-bc0b-b21fe4ecfe55]: (4, 'qcow2') {{(pid=84012) _call_back /opt/stack/data/venv/lib/python3.10/site-packages/oslo_privsep/daemon.py:573}}
Feb 25 22:22:41 devstack cinder-volume[83163]: DEBUG oslo_concurrency.processutils [None req-706a801c-18bc-48f3-b1f5-a61e317e9b20 tempest-VolumesDeleteCascade-930824698 None] Running cmd (subprocess): /opt/stack/data/venv/bin/python3.10 -m oslo_concurrency.prlimit --as=1073741824 --cpu=60 -- sudo cinder-rootwrap /etc/cinder/rootwrap.conf env LC_ALL=C qemu-img info -f qcow2 --output=json --force-share /opt/stack/data/cinder/mnt/06889241143596db4aa69c3c3cb93a79/volume-c27feebd-bcc0-4a04-a4ab-1201995c779e {{(pid=83163) execute /opt/stack/data/venv/lib/python3.10/site-packages/oslo_concurrency/processutils.py:440}}
Feb 25 22:22:41 devstack sudo[85892]: quobyte : PWD=/ ; USER=root ; COMMAND=/opt/stack/data/venv/bin/cinder-rootwrap /etc/cinder/rootwrap.conf env LC_ALL=C qemu-img info -f qcow2 --output=json --force-share /opt/stack/data/cinder/mnt/06889241143596db4aa69c3c3cb93a79/volume-c27feebd-bcc0-4a04-a4ab-1201995c779e
Feb 25 22:22:41 devstack sudo[85892]: pam_unix(sudo:session): session opened for user root(uid=0) by (uid=1000)
Feb 25 22:22:42 devstack cinder-volume[83163]: WARNING py.warnings [req-b68cddad-52d5-4cdd-856c-1c99ef5bf435 req-3f1d7c52-262c-48ab-94a8-4662e29c50d6 tempest-TestVolumeBootPattern-39022058 None] /opt/stack/cinder/cinder/db/sqlalchemy/api.py:2470: SAWarning: SELECT statement has a cartesian product between FROM element(s) "volumes" and FROM element "volume_attachment". Apply join condition(s) between each element to resolve.
Feb 25 22:22:42 devstack cinder-volume[83163]: .first()
Feb 25 22:22:42 devstack cinder-volume[83163]:
Feb 25 22:22:42 devstack cinder-volume[83163]: DEBUG oslo_concurrency.lockutils [req-b68cddad-52d5-4cdd-856c-1c99ef5bf435 req-3f1d7c52-262c-48ab-94a8-4662e29c50d6 tempest-TestVolumeBootPattern-39022058 None] Acquiring lock "quobyte" by "cinder.volume.drivers.quobyte.QuobyteDriver.initialize_connection" {{(pid=83163) inner /opt/stack/data/venv/lib/python3.10/site-packages/oslo_concurrency/lockutils.py:506}}
Feb 25 22:22:42 devstack cinder-volume[83163]: DEBUG oslo_concurrency.lockutils [req-b68cddad-52d5-4cdd-856c-1c99ef5bf435 req-3f1d7c52-262c-48ab-94a8-4662e29c50d6 tempest-TestVolumeBootPattern-39022058 None] Lock "quobyte" acquired by "cinder.volume.drivers.quobyte.QuobyteDriver.initialize_connection" :: waited 0.001s {{(pid=83163) inner /opt/stack/data/venv/lib/python3.10/site-packages/oslo_concurrency/lockutils.py:519}}
Feb 25 22:22:42 devstack cinder-volume[83163]: DEBUG oslo.privsep.daemon [-] privsep: reply[1ab4ae3e-683c-4f41-9666-40f0c6a98b3a]: (4, 'raw') {{(pid=84012) _call_back /opt/stack/data/venv/lib/python3.10/site-packages/oslo_privsep/daemon.py:573}}
Feb 25 22:22:42 devstack cinder-volume[83163]: DEBUG oslo_concurrency.processutils [req-b68cddad-52d5-4cdd-856c-1c99ef5bf435 req-3f1d7c52-262c-48ab-94a8-4662e29c50d6 tempest-TestVolumeBootPattern-39022058 None] Running cmd (subprocess): /opt/stack/data/venv/bin/python3.10 -m oslo_concurrency.prlimit --as=1073741824 --cpu=60 -- sudo cinder-rootwrap /etc/cinder/rootwrap.conf env LC_ALL=C qemu-img info -f raw --output=json --force-share /opt/stack/data/cinder/mnt/06889241143596db4aa69c3c3cb93a79/volume-9a24e423-c407-4724-b131-135d94a25e53 {{(pid=83163) execute /opt/stack/data/venv/lib/python3.10/site-packages/oslo_concurrency/processutils.py:440}}
Feb 25 22:22:42 devstack sudo[85902]: quobyte : PWD=/ ; USER=root ; COMMAND=/opt/stack/data/venv/bin/cinder-rootwrap /etc/cinder/rootwrap.conf env LC_ALL=C qemu-img info -f raw --output=json --force-share /opt/stack/data/cinder/mnt/06889241143596db4aa69c3c3cb93a79/volume-9a24e423-c407-4724-b131-135d94a25e53
Feb 25 22:22:42 devstack sudo[85902]: pam_unix(sudo:session): session opened for user root(uid=0) by (uid=1000)
Feb 25 22:22:42 devstack sudo[85892]: pam_unix(sudo:session): session closed for user root
Feb 25 22:22:42 devstack cinder-volume[83163]: DEBUG oslo_concurrency.processutils [None req-706a801c-18bc-48f3-b1f5-a61e317e9b20 tempest-VolumesDeleteCascade-930824698 None] CMD "/opt/stack/data/venv/bin/python3.10 -m oslo_concurrency.prlimit --as=1073741824 --cpu=60 -- sudo cinder-rootwrap /etc/cinder/rootwrap.conf env LC_ALL=C qemu-img info -f qcow2 --output=json --force-share /opt/stack/data/cinder/mnt/06889241143596db4aa69c3c3cb93a79/volume-c27feebd-bcc0-4a04-a4ab-1201995c779e" returned: 0 in 0.522s {{(pid=83163) execute /opt/stack/data/venv/lib/python3.10/site-packages/oslo_concurrency/processutils.py:468}}
Feb 25 22:22:42 devstack cinder-volume[83163]: DEBUG oslo_concurrency.processutils [None req-706a801c-18bc-48f3-b1f5-a61e317e9b20 tempest-VolumesDeleteCascade-930824698 None] Running cmd (subprocess): sudo cinder-rootwrap /etc/cinder/rootwrap.conf qemu-img commit -d /opt/stack/data/cinder/mnt/06889241143596db4aa69c3c3cb93a79/volume-c27feebd-bcc0-4a04-a4ab-1201995c779e.dd6ed418-22fa-4da2-81c7-01a233d171e9 {{(pid=83163) execute /opt/stack/data/venv/lib/python3.10/site-packages/oslo_concurrency/processutils.py:440}}
Feb 25 22:22:42 devstack sudo[85907]: quobyte : PWD=/ ; USER=root ; COMMAND=/opt/stack/data/venv/bin/cinder-rootwrap /etc/cinder/rootwrap.conf qemu-img commit -d /opt/stack/data/cinder/mnt/06889241143596db4aa69c3c3cb93a79/volume-c27feebd-bcc0-4a04-a4ab-1201995c779e.dd6ed418-22fa-4da2-81c7-01a233d171e9
Feb 25 22:22:42 devstack sudo[85907]: pam_unix(sudo:session): session opened for user root(uid=0) by (uid=1000)
Feb 25 22:22:42 devstack sudo[85902]: pam_unix(sudo:session): session closed for user root
Feb 25 22:22:42 devstack cinder-volume[83163]: DEBUG oslo_concurrency.processutils [req-b68cddad-52d5-4cdd-856c-1c99ef5bf435 req-3f1d7c52-262c-48ab-94a8-4662e29c50d6 tempest-TestVolumeBootPattern-39022058 None] CMD "/opt/stack/data/venv/bin/python3.10 -m oslo_concurrency.prlimit --as=1073741824 --cpu=60 -- sudo cinder-rootwrap /etc/cinder/rootwrap.conf env LC_ALL=C qemu-img info -f raw --output=json --force-share /opt/stack/data/cinder/mnt/06889241143596db4aa69c3c3cb93a79/volume-9a24e423-c407-4724-b131-135d94a25e53" returned: 0 in 0.462s {{(pid=83163) execute /opt/stack/data/venv/lib/python3.10/site-packages/oslo_concurrency/processutils.py:468}}
Feb 25 22:22:42 devstack cinder-volume[83163]: DEBUG oslo_concurrency.processutils [req-b68cddad-52d5-4cdd-856c-1c99ef5bf435 req-3f1d7c52-262c-48ab-94a8-4662e29c50d6 tempest-TestVolumeBootPattern-39022058 None] Running cmd (subprocess): /opt/stack/data/venv/bin/python3.10 -m oslo_concurrency.prlimit --as=1073741824 --cpu=60 -- sudo cinder-rootwrap /etc/cinder/rootwrap.conf env LC_ALL=C qemu-img info -f luks --output=json --force-share /opt/stack/data/cinder/mnt/06889241143596db4aa69c3c3cb93a79/volume-9a24e423-c407-4724-b131-135d94a25e53 {{(pid=83163) execute /opt/stack/data/venv/lib/python3.10/site-packages/oslo_concurrency/processutils.py:440}}
Feb 25 22:22:42 devstack sudo[85911]: quobyte : PWD=/ ; USER=root ; COMMAND=/opt/stack/data/venv/bin/cinder-rootwrap /etc/cinder/rootwrap.conf env LC_ALL=C qemu-img info -f luks --output=json --force-share /opt/stack/data/cinder/mnt/06889241143596db4aa69c3c3cb93a79/volume-9a24e423-c407-4724-b131-135d94a25e53
Feb 25 22:22:42 devstack sudo[85911]: pam_unix(sudo:session): session opened for user root(uid=0) by (uid=1000)
Feb 25 22:22:42 devstack sudo[85907]: pam_unix(sudo:session): session closed for user root
Feb 25 22:22:42 devstack cinder-volume[83163]: DEBUG oslo_concurrency.processutils [None req-706a801c-18bc-48f3-b1f5-a61e317e9b20 tempest-VolumesDeleteCascade-930824698 None] CMD "sudo cinder-rootwrap /etc/cinder/rootwrap.conf qemu-img commit -d /opt/stack/data/cinder/mnt/06889241143596db4aa69c3c3cb93a79/volume-c27feebd-bcc0-4a04-a4ab-1201995c779e.dd6ed418-22fa-4da2-81c7-01a233d171e9" returned: 0 in 0.477s {{(pid=83163) execute /opt/stack/data/venv/lib/python3.10/site-packages/oslo_concurrency/processutils.py:468}}
Feb 25 22:22:42 devstack cinder-volume[83163]: DEBUG oslo_concurrency.processutils [None req-706a801c-18bc-48f3-b1f5-a61e317e9b20 tempest-VolumesDeleteCascade-930824698 None] Running cmd (subprocess): sudo cinder-rootwrap /etc/cinder/rootwrap.conf rm -f /opt/stack/data/cinder/mnt/06889241143596db4aa69c3c3cb93a79/volume-c27feebd-bcc0-4a04-a4ab-1201995c779e.dd6ed418-22fa-4da2-81c7-01a233d171e9 {{(pid=83163) execute /opt/stack/data/venv/lib/python3.10/site-packages/oslo_concurrency/processutils.py:440}}
