Jul 23 03:23:12 devstack cinder-volume[88392]: DEBUG cinder.volume.manager [None req-61a858fe-82c8-4e5c-9f9b-9b8a21706acc tempest-GroupSnapshotsV319Test-101133003 None] Task 'cinder.volume.flows.manager.create_volume.CreateVolumeOnFinishTask;volume:create, create.end' (58e238f1-a57a-4eda-9e6f-573a3b5cf05d) transitioned into state 'RUNNING' from state 'PENDING' {{(pid=88392) _task_receiver /opt/stack/data/venv/lib/python3.12/site-packages/taskflow/listeners/logging.py:242}}
Jul 23 03:23:12 devstack cinder-volume[88392]: INFO cinder.volume.flows.manager.create_volume [None req-61a858fe-82c8-4e5c-9f9b-9b8a21706acc tempest-GroupSnapshotsV319Test-101133003 None] Volume volume-d95bd40e-dbd0-4080-9e81-670a60ee48ab (d95bd40e-dbd0-4080-9e81-670a60ee48ab): created successfully
Jul 23 03:23:12 devstack cinder-volume[88392]: DEBUG cinder.volume.manager [None req-61a858fe-82c8-4e5c-9f9b-9b8a21706acc tempest-GroupSnapshotsV319Test-101133003 None] Task 'cinder.volume.flows.manager.create_volume.CreateVolumeOnFinishTask;volume:create, create.end' (58e238f1-a57a-4eda-9e6f-573a3b5cf05d) transitioned into state 'SUCCESS' from state 'RUNNING' with result 'None' {{(pid=88392) _task_receiver /opt/stack/data/venv/lib/python3.12/site-packages/taskflow/listeners/logging.py:218}}
Jul 23 03:23:12 devstack cinder-volume[88392]: DEBUG cinder.volume.manager [None req-61a858fe-82c8-4e5c-9f9b-9b8a21706acc tempest-GroupSnapshotsV319Test-101133003 None] Flow 'volume_create_manager' (056d83bc-ba42-4ab7-bd32-9a1c3cec1e0e) transitioned into state 'SUCCESS' from state 'RUNNING' {{(pid=88392) _flow_receiver /opt/stack/data/venv/lib/python3.12/site-packages/taskflow/listeners/logging.py:160}}
Jul 23 03:23:12 devstack cinder-volume[88392]: INFO cinder.volume.manager [None req-61a858fe-82c8-4e5c-9f9b-9b8a21706acc tempest-GroupSnapshotsV319Test-101133003 None] Created volume successfully.
Jul 23 03:23:12 devstack sudo[96755]: pam_unix(sudo:session): session closed for user root
Jul 23 03:23:12 devstack cinder-volume[88392]: DEBUG oslo_concurrency.processutils [None req-002a0aca-5d6a-4b51-b602-c72a2413cdeb tempest-VolumesImageMetadata-655019996 None] CMD "/opt/stack/data/venv/bin/python3.12 -m oslo_concurrency.prlimit --as=1073741824 --cpu=60 -- sudo cinder-rootwrap /etc/cinder/rootwrap.conf env LC_ALL=C qemu-img info -f qcow2 --output=json --force-share /opt/stack/data/cinder/mnt/2d86ac1258d195ad33876999d8ee2c00/volume-c326674c-714d-4c46-bc9e-564ab3ec61a0" returned: 0 in 0.408s {{(pid=88392) execute /opt/stack/data/venv/lib/python3.12/site-packages/oslo_concurrency/processutils.py:468}}
Jul 23 03:23:12 devstack cinder-volume[88392]: DEBUG oslo_concurrency.processutils [None req-002a0aca-5d6a-4b51-b602-c72a2413cdeb tempest-VolumesImageMetadata-655019996 None] Running cmd (subprocess): sudo cinder-rootwrap /etc/cinder/rootwrap.conf rm -f /opt/stack/data/cinder/mnt/2d86ac1258d195ad33876999d8ee2c00/volume-c326674c-714d-4c46-bc9e-564ab3ec61a0 {{(pid=88392) execute /opt/stack/data/venv/lib/python3.12/site-packages/oslo_concurrency/processutils.py:440}}
Jul 23 03:23:12 devstack sudo[96764]: quobyte : PWD=/ ; USER=root ; COMMAND=/opt/stack/data/venv/bin/cinder-rootwrap /etc/cinder/rootwrap.conf rm -f /opt/stack/data/cinder/mnt/2d86ac1258d195ad33876999d8ee2c00/volume-c326674c-714d-4c46-bc9e-564ab3ec61a0
Jul 23 03:23:12 devstack sudo[96764]: pam_unix(sudo:session): session opened for user root(uid=0) by (uid=1000)
Jul 23 03:23:13 devstack sudo[96764]: pam_unix(sudo:session): session closed for user root
Jul 23 03:23:13 devstack cinder-volume[88392]: DEBUG oslo_concurrency.processutils [None req-002a0aca-5d6a-4b51-b602-c72a2413cdeb tempest-VolumesImageMetadata-655019996 None] CMD "sudo cinder-rootwrap /etc/cinder/rootwrap.conf rm -f /opt/stack/data/cinder/mnt/2d86ac1258d195ad33876999d8ee2c00/volume-c326674c-714d-4c46-bc9e-564ab3ec61a0" returned: 0 in 0.239s {{(pid=88392) execute /opt/stack/data/venv/lib/python3.12/site-packages/oslo_concurrency/processutils.py:468}}
Jul 23 03:23:13 devstack cinder-volume[88392]: DEBUG cinder.coordination [None req-002a0aca-5d6a-4b51-b602-c72a2413cdeb tempest-VolumesImageMetadata-655019996 None] Lock "cinder-quobyte-c326674c-714d-4c46-bc9e-564ab3ec61a0" released by "delete_volume" :: held 0.688s {{(pid=88392) __release /opt/stack/cinder/cinder/coordination.py:152}}
Jul 23 03:23:13 devstack cinder-volume[88392]: DEBUG cinder.quota [None req-002a0aca-5d6a-4b51-b602-c72a2413cdeb tempest-VolumesImageMetadata-655019996 None] Created reservations ['36ddf48a-776f-44ae-b2f3-183a8c6fa8c3', 'aec66848-db90-4764-920c-f74fd112d9f1', '4acb58c8-5502-436d-9c3d-72da394c0924', '837793e3-dcd3-4c0a-bcef-fa43c22e440d'] {{(pid=88392) reserve /opt/stack/cinder/cinder/quota.py:752}}
Jul 23 03:23:13 devstack cinder-volume[88392]: DEBUG oslo_concurrency.lockutils [None req-002a0aca-5d6a-4b51-b602-c72a2413cdeb tempest-VolumesImageMetadata-655019996 None] Acquiring lock "quobyte_ensure" by "cinder.volume.drivers.quobyte.QuobyteDriver._ensure_shares_mounted" {{(pid=88392) inner /opt/stack/data/venv/lib/python3.12/site-packages/oslo_concurrency/lockutils.py:512}}
Jul 23 03:23:13 devstack cinder-volume[88392]: DEBUG oslo_concurrency.lockutils [None req-002a0aca-5d6a-4b51-b602-c72a2413cdeb tempest-VolumesImageMetadata-655019996 None] Lock "quobyte_ensure" acquired by "cinder.volume.drivers.quobyte.QuobyteDriver._ensure_shares_mounted" :: waited 0.001s {{(pid=88392) inner /opt/stack/data/venv/lib/python3.12/site-packages/oslo_concurrency/lockutils.py:525}}
Jul 23 03:23:13 devstack cinder-volume[88392]: DEBUG cinder.volume.drivers.quobyte [None req-002a0aca-5d6a-4b51-b602-c72a2413cdeb tempest-VolumesImageMetadata-655019996 None] Quobyte Volume URL set to: {'osci02.corp.quobyte.com/cinder-vol-ef05a0d5-6055-4cc2-b596-139a1dfe3173': None} {{(pid=88392) _load_shares_config /opt/stack/cinder/cinder/volume/drivers/quobyte.py:651}}
Jul 23 03:23:13 devstack cinder-volume[88392]: DEBUG cinder.volume.drivers.quobyte [None req-002a0aca-5d6a-4b51-b602-c72a2413cdeb tempest-VolumesImageMetadata-655019996 None] Available shares ['osci02.corp.quobyte.com/cinder-vol-ef05a0d5-6055-4cc2-b596-139a1dfe3173'] {{(pid=88392) _ensure_shares_mounted /opt/stack/cinder/cinder/volume/drivers/quobyte.py:681}}
Jul 23 03:23:13 devstack cinder-volume[88392]: DEBUG oslo_concurrency.lockutils [None req-002a0aca-5d6a-4b51-b602-c72a2413cdeb tempest-VolumesImageMetadata-655019996 None] Lock "quobyte_ensure" "released" by "cinder.volume.drivers.quobyte.QuobyteDriver._ensure_shares_mounted" :: held 0.011s {{(pid=88392) inner /opt/stack/data/venv/lib/python3.12/site-packages/oslo_concurrency/lockutils.py:544}}
Jul 23 03:23:13 devstack cinder-volume[88392]: DEBUG oslo_concurrency.processutils [None req-002a0aca-5d6a-4b51-b602-c72a2413cdeb tempest-VolumesImageMetadata-655019996 None] Running cmd (subprocess): sudo cinder-rootwrap /etc/cinder/rootwrap.conf df --portability --block-size 1 /opt/stack/data/cinder/mnt/2d86ac1258d195ad33876999d8ee2c00 {{(pid=88392) execute /opt/stack/data/venv/lib/python3.12/site-packages/oslo_concurrency/processutils.py:440}}
Jul 23 03:23:13 devstack sudo[96767]: quobyte : PWD=/ ; USER=root ; COMMAND=/opt/stack/data/venv/bin/cinder-rootwrap /etc/cinder/rootwrap.conf df --portability --block-size 1 /opt/stack/data/cinder/mnt/2d86ac1258d195ad33876999d8ee2c00
Jul 23 03:23:13 devstack sudo[96767]: pam_unix(sudo:session): session opened for user root(uid=0) by (uid=1000)
Jul 23 03:23:13 devstack sudo[96767]: pam_unix(sudo:session): session closed for user root
Jul 23 03:23:13 devstack cinder-volume[88392]: DEBUG oslo_concurrency.processutils [None req-002a0aca-5d6a-4b51-b602-c72a2413cdeb tempest-VolumesImageMetadata-655019996 None] CMD "sudo cinder-rootwrap /etc/cinder/rootwrap.conf df --portability --block-size 1 /opt/stack/data/cinder/mnt/2d86ac1258d195ad33876999d8ee2c00" returned: 0 in 0.274s {{(pid=88392) execute /opt/stack/data/venv/lib/python3.12/site-packages/oslo_concurrency/processutils.py:468}}
Jul 23 03:23:13 devstack cinder-volume[88392]: DEBUG cinder.manager [None req-002a0aca-5d6a-4b51-b602-c72a2413cdeb tempest-VolumesImageMetadata-655019996 None] Notifying Schedulers of capabilities ... {{(pid=88392) _publish_service_capabilities /opt/stack/cinder/cinder/manager.py:219}}
Jul 23 03:23:13 devstack cinder-volume[88392]: INFO cinder.volume.manager [None req-002a0aca-5d6a-4b51-b602-c72a2413cdeb tempest-VolumesImageMetadata-655019996 None] Deleted volume successfully.
Jul 23 03:23:13 devstack cinder-volume[88392]: DEBUG cinder.coordination [None req-002a0aca-5d6a-4b51-b602-c72a2413cdeb tempest-VolumesImageMetadata-655019996 None] Lock "cinder-c326674c-714d-4c46-bc9e-564ab3ec61a0-delete_volume" released by "delete_volume" :: held 1.202s {{(pid=88392) __release /opt/stack/cinder/cinder/coordination.py:152}}
Jul 23 03:23:13 devstack cinder-volume[88392]: INFO cinder.volume.manager [None req-1c39f9b2-c02e-4e34-9ebe-74649d121a24 tempest-GroupSnapshotsTest-2072320542 None] Update group completed successfully.
Jul 23 03:23:14 devstack cinder-volume[88392]: INFO cinder.volume.manager [None req-8b49d75a-c7c9-4dce-81da-18203c4c364c tempest-GroupSnapshotsV319Test-101133003 None] GroupSnapshot 8187c308-b67b-48fa-a2c3-3b48a5c0cdbb: creating.
Jul 23 03:23:14 devstack cinder-volume[88392]: DEBUG cinder.volume.manager [None req-8b49d75a-c7c9-4dce-81da-18203c4c364c tempest-GroupSnapshotsV319Test-101133003 None] Group snapshot 8187c308-b67b-48fa-a2c3-3b48a5c0cdbb: creating. {{(pid=88392) create_group_snapshot /opt/stack/cinder/cinder/volume/manager.py:4175}}
Jul 23 03:23:14 devstack cinder-volume[88392]: DEBUG oslo_concurrency.lockutils [None req-8b49d75a-c7c9-4dce-81da-18203c4c364c tempest-GroupSnapshotsV319Test-101133003 None] Acquiring lock "quobyte" by "cinder.volume.drivers.quobyte.QuobyteDriver.create_snapshot" {{(pid=88392) inner /opt/stack/data/venv/lib/python3.12/site-packages/oslo_concurrency/lockutils.py:512}}
Jul 23 03:23:14 devstack cinder-volume[88392]: DEBUG oslo_concurrency.lockutils [None req-8b49d75a-c7c9-4dce-81da-18203c4c364c tempest-GroupSnapshotsV319Test-101133003 None] Lock "quobyte" acquired by "cinder.volume.drivers.quobyte.QuobyteDriver.create_snapshot" :: waited 0.001s {{(pid=88392) inner /opt/stack/data/venv/lib/python3.12/site-packages/oslo_concurrency/lockutils.py:525}}
Jul 23 03:23:14 devstack cinder-volume[88392]: DEBUG cinder.volume.drivers.remotefs [None req-8b49d75a-c7c9-4dce-81da-18203c4c364c tempest-GroupSnapshotsV319Test-101133003 None] Creating offline snapshot 08d874cc-dbed-401e-a57b-4782eb610bee of volume d95bd40e-dbd0-4080-9e81-670a60ee48ab {{(pid=88392) _create_snapshot /opt/stack/cinder/cinder/volume/drivers/remotefs.py:2066}}
Jul 23 03:23:14 devstack cinder-volume[88392]: DEBUG oslo.privsep.daemon [-] privsep: reply[104af29b-5910-47db-9d55-4629aa327f9e]: (4, 'qcow2') {{(pid=90167) _call_back /opt/stack/data/venv/lib/python3.12/site-packages/oslo_privsep/daemon.py:580}}
Jul 23 03:23:14 devstack cinder-volume[88392]: DEBUG oslo_concurrency.processutils [None req-8b49d75a-c7c9-4dce-81da-18203c4c364c tempest-GroupSnapshotsV319Test-101133003 None] Running cmd (subprocess): /opt/stack/data/venv/bin/python3.12 -m oslo_concurrency.prlimit --as=1073741824 --cpu=60 -- sudo cinder-rootwrap /etc/cinder/rootwrap.conf env LC_ALL=C qemu-img info -f qcow2 --output=json --force-share /opt/stack/data/cinder/mnt/2d86ac1258d195ad33876999d8ee2c00/volume-d95bd40e-dbd0-4080-9e81-670a60ee48ab {{(pid=88392) execute /opt/stack/data/venv/lib/python3.12/site-packages/oslo_concurrency/processutils.py:440}}
Jul 23 03:23:14 devstack sudo[96770]: quobyte : PWD=/ ; USER=root ; COMMAND=/opt/stack/data/venv/bin/cinder-rootwrap /etc/cinder/rootwrap.conf env LC_ALL=C qemu-img info -f qcow2 --output=json --force-share /opt/stack/data/cinder/mnt/2d86ac1258d195ad33876999d8ee2c00/volume-d95bd40e-dbd0-4080-9e81-670a60ee48ab
Jul 23 03:23:14 devstack sudo[96770]: pam_unix(sudo:session): session opened for user root(uid=0) by (uid=1000)
Jul 23 03:23:15 devstack sudo[96770]: pam_unix(sudo:session): session closed for user root
Jul 23 03:23:15 devstack cinder-volume[88392]: DEBUG oslo_concurrency.processutils [None req-8b49d75a-c7c9-4dce-81da-18203c4c364c tempest-GroupSnapshotsV319Test-101133003 None] CMD "/opt/stack/data/venv/bin/python3.12 -m oslo_concurrency.prlimit --as=1073741824 --cpu=60 -- sudo cinder-rootwrap /etc/cinder/rootwrap.conf env LC_ALL=C qemu-img info -f qcow2 --output=json --force-share /opt/stack/data/cinder/mnt/2d86ac1258d195ad33876999d8ee2c00/volume-d95bd40e-dbd0-4080-9e81-670a60ee48ab" returned: 0 in 0.652s {{(pid=88392) execute /opt/stack/data/venv/lib/python3.12/site-packages/oslo_concurrency/processutils.py:468}}
Jul 23 03:23:15 devstack cinder-volume[88392]: DEBUG oslo_concurrency.processutils [None req-8b49d75a-c7c9-4dce-81da-18203c4c364c tempest-GroupSnapshotsV319Test-101133003 None] Running cmd (subprocess): sudo cinder-rootwrap /etc/cinder/rootwrap.conf qemu-img create -f qcow2 -o backing_file=/opt/stack/data/cinder/mnt/2d86ac1258d195ad33876999d8ee2c00/volume-d95bd40e-dbd0-4080-9e81-670a60ee48ab,backing_fmt=qcow2 /opt/stack/data/cinder/mnt/2d86ac1258d195ad33876999d8ee2c00/volume-d95bd40e-dbd0-4080-9e81-670a60ee48ab.08d874cc-dbed-401e-a57b-4782eb610bee 1G {{(pid=88392) execute /opt/stack/data/venv/lib/python3.12/site-packages/oslo_concurrency/processutils.py:440}}
Jul 23 03:23:15 devstack cinder-volume[88392]: INFO cinder.volume.manager [None req-86a849fd-ca2c-4bcc-a69a-de8db627e18a tempest-GroupSnapshotsTest-2072320542 None] GroupSnapshot 33677286-7e05-4fe1-bb9a-6a6dec7e3ec4: creating.
Jul 23 03:23:15 devstack sudo[96775]: quobyte : PWD=/ ; USER=root ; COMMAND=/opt/stack/data/venv/bin/cinder-rootwrap /etc/cinder/rootwrap.conf qemu-img create -f qcow2 -o backing_file=/opt/stack/data/cinder/mnt/2d86ac1258d195ad33876999d8ee2c00/volume-d95bd40e-dbd0-4080-9e81-670a60ee48ab,backing_fmt=qcow2 /opt/stack/data/cinder/mnt/2d86ac1258d195ad33876999d8ee2c00/volume-d95bd40e-dbd0-4080-9e81-670a60ee48ab.08d874cc-dbed-401e-a57b-4782eb610bee 1G
Jul 23 03:23:15 devstack sudo[96775]: pam_unix(sudo:session): session opened for user root(uid=0) by (uid=1000)
Jul 23 03:23:15 devstack cinder-volume[88392]: DEBUG cinder.volume.manager [None req-86a849fd-ca2c-4bcc-a69a-de8db627e18a tempest-GroupSnapshotsTest-2072320542 None] Group snapshot 33677286-7e05-4fe1-bb9a-6a6dec7e3ec4: creating. {{(pid=88392) create_group_snapshot /opt/stack/cinder/cinder/volume/manager.py:4175}}
Jul 23 03:23:15 devstack cinder-volume[88392]: DEBUG oslo_concurrency.lockutils [None req-86a849fd-ca2c-4bcc-a69a-de8db627e18a tempest-GroupSnapshotsTest-2072320542 None] Acquiring lock "quobyte" by "cinder.volume.drivers.quobyte.QuobyteDriver.create_snapshot" {{(pid=88392) inner /opt/stack/data/venv/lib/python3.12/site-packages/oslo_concurrency/lockutils.py:512}}
Jul 23 03:23:16 devstack sudo[96775]: pam_unix(sudo:session): session closed for user root
Jul 23 03:23:16 devstack cinder-volume[88392]: DEBUG oslo_concurrency.processutils [None req-8b49d75a-c7c9-4dce-81da-18203c4c364c tempest-GroupSnapshotsV319Test-101133003 None] CMD "sudo cinder-rootwrap /etc/cinder/rootwrap.conf qemu-img create -f qcow2 -o backing_file=/opt/stack/data/cinder/mnt/2d86ac1258d195ad33876999d8ee2c00/volume-d95bd40e-dbd0-4080-9e81-670a60ee48ab,backing_fmt=qcow2 /opt/stack/data/cinder/mnt/2d86ac1258d195ad33876999d8ee2c00/volume-d95bd40e-dbd0-4080-9e81-670a60ee48ab.08d874cc-dbed-401e-a57b-4782eb610bee 1G" returned: 0 in 0.584s {{(pid=88392) execute /opt/stack/data/venv/lib/python3.12/site-packages/oslo_concurrency/processutils.py:468}}
Jul 23 03:23:16 devstack cinder-volume[88392]: DEBUG oslo_concurrency.processutils [None req-8b49d75a-c7c9-4dce-81da-18203c4c364c tempest-GroupSnapshotsV319Test-101133003 None] Running cmd (subprocess): sudo cinder-rootwrap /etc/cinder/rootwrap.conf qemu-img rebase -u -b volume-d95bd40e-dbd0-4080-9e81-670a60ee48ab -F qcow2 /opt/stack/data/cinder/mnt/2d86ac1258d195ad33876999d8ee2c00/volume-d95bd40e-dbd0-4080-9e81-670a60ee48ab.08d874cc-dbed-401e-a57b-4782eb610bee {{(pid=88392) execute /opt/stack/data/venv/lib/python3.12/site-packages/oslo_concurrency/processutils.py:440}}
Jul 23 03:23:16 devstack sudo[96781]: quobyte : PWD=/ ; USER=root ; COMMAND=/opt/stack/data/venv/bin/cinder-rootwrap /etc/cinder/rootwrap.conf qemu-img rebase -u -b volume-d95bd40e-dbd0-4080-9e81-670a60ee48ab -F qcow2 /opt/stack/data/cinder/mnt/2d86ac1258d195ad33876999d8ee2c00/volume-d95bd40e-dbd0-4080-9e81-670a60ee48ab.08d874cc-dbed-401e-a57b-4782eb610bee
Jul 23 03:23:16 devstack sudo[96781]: pam_unix(sudo:session): session opened for user root(uid=0) by (uid=1000)
Jul 23 03:23:16 devstack sudo[96781]: pam_unix(sudo:session): session closed for user root
Jul 23 03:23:16 devstack cinder-volume[88392]: DEBUG oslo_concurrency.processutils [None req-8b49d75a-c7c9-4dce-81da-18203c4c364c tempest-GroupSnapshotsV319Test-101133003 None] CMD "sudo cinder-rootwrap /etc/cinder/rootwrap.conf qemu-img rebase -u -b volume-d95bd40e-dbd0-4080-9e81-670a60ee48ab -F qcow2 /opt/stack/data/cinder/mnt/2d86ac1258d195ad33876999d8ee2c00/volume-d95bd40e-dbd0-4080-9e81-670a60ee48ab.08d874cc-dbed-401e-a57b-4782eb610bee" returned: 0 in 0.344s {{(pid=88392) execute /opt/stack/data/venv/lib/python3.12/site-packages/oslo_concurrency/processutils.py:468}}
Jul 23 03:23:16 devstack cinder-volume[88392]: WARNING cinder.volume.drivers.remotefs [None req-8b49d75a-c7c9-4dce-81da-18203c4c364c tempest-GroupSnapshotsV319Test-101133003 None] /opt/stack/data/cinder/mnt/2d86ac1258d195ad33876999d8ee2c00/volume-d95bd40e-dbd0-4080-9e81-670a60ee48ab.08d874cc-dbed-401e-a57b-4782eb610bee is being set with open permissions: ugo+rw: NotImplementedError
Jul 23 03:23:16 devstack cinder-volume[88392]: DEBUG oslo_concurrency.processutils [None req-8b49d75a-c7c9-4dce-81da-18203c4c364c tempest-GroupSnapshotsV319Test-101133003 None] Running cmd (subprocess): sudo cinder-rootwrap /etc/cinder/rootwrap.conf chmod ugo+rw /opt/stack/data/cinder/mnt/2d86ac1258d195ad33876999d8ee2c00/volume-d95bd40e-dbd0-4080-9e81-670a60ee48ab.08d874cc-dbed-401e-a57b-4782eb610bee {{(pid=88392) execute /opt/stack/data/venv/lib/python3.12/site-packages/oslo_concurrency/processutils.py:440}}
Jul 23 03:23:16 devstack sudo[96789]: quobyte : PWD=/ ; USER=root ; COMMAND=/opt/stack/data/venv/bin/cinder-rootwrap /etc/cinder/rootwrap.conf chmod ugo+rw /opt/stack/data/cinder/mnt/2d86ac1258d195ad33876999d8ee2c00/volume-d95bd40e-dbd0-4080-9e81-670a60ee48ab.08d874cc-dbed-401e-a57b-4782eb610bee
Jul 23 03:23:16 devstack sudo[96789]: pam_unix(sudo:session): session opened for user root(uid=0) by (uid=1000)
Jul 23 03:23:16 devstack sudo[96789]: pam_unix(sudo:session): session closed for user root
Jul 23 03:23:16 devstack cinder-volume[88392]: DEBUG oslo_concurrency.processutils [None req-8b49d75a-c7c9-4dce-81da-18203c4c364c tempest-GroupSnapshotsV319Test-101133003 None] CMD "sudo cinder-rootwrap /etc/cinder/rootwrap.conf chmod ugo+rw /opt/stack/data/cinder/mnt/2d86ac1258d195ad33876999d8ee2c00/volume-d95bd40e-dbd0-4080-9e81-670a60ee48ab.08d874cc-dbed-401e-a57b-4782eb610bee" returned: 0 in 0.306s {{(pid=88392) execute /opt/stack/data/venv/lib/python3.12/site-packages/oslo_concurrency/processutils.py:468}}
Jul 23 03:23:16 devstack cinder-volume[88392]: DEBUG oslo_concurrency.processutils [None req-8b49d75a-c7c9-4dce-81da-18203c4c364c tempest-GroupSnapshotsV319Test-101133003 None] Running cmd (subprocess): sudo cinder-rootwrap /etc/cinder/rootwrap.conf truncate -s0 /opt/stack/data/cinder/mnt/2d86ac1258d195ad33876999d8ee2c00/volume-d95bd40e-dbd0-4080-9e81-670a60ee48ab.info {{(pid=88392) execute /opt/stack/data/venv/lib/python3.12/site-packages/oslo_concurrency/processutils.py:440}}
Jul 23 03:23:16 devstack sudo[96792]: quobyte : PWD=/ ; USER=root ; COMMAND=/opt/stack/data/venv/bin/cinder-rootwrap /etc/cinder/rootwrap.conf truncate -s0 /opt/stack/data/cinder/mnt/2d86ac1258d195ad33876999d8ee2c00/volume-d95bd40e-dbd0-4080-9e81-670a60ee48ab.info
Jul 23 03:23:16 devstack sudo[96792]: pam_unix(sudo:session): session opened for user root(uid=0) by (uid=1000)
Jul 23 03:23:16 devstack sudo[96792]: pam_unix(sudo:session): session closed for user root
Jul 23 03:23:16 devstack cinder-volume[88392]: DEBUG oslo_concurrency.processutils [None req-8b49d75a-c7c9-4dce-81da-18203c4c364c tempest-GroupSnapshotsV319Test-101133003 None] CMD "sudo cinder-rootwrap /etc/cinder/rootwrap.conf truncate -s0 /opt/stack/data/cinder/mnt/2d86ac1258d195ad33876999d8ee2c00/volume-d95bd40e-dbd0-4080-9e81-670a60ee48ab.info" returned: 0 in 0.286s {{(pid=88392) execute /opt/stack/data/venv/lib/python3.12/site-packages/oslo_concurrency/processutils.py:468}}
Jul 23 03:23:16 devstack cinder-volume[88392]: WARNING cinder.volume.drivers.remotefs [None req-8b49d75a-c7c9-4dce-81da-18203c4c364c tempest-GroupSnapshotsV319Test-101133003 None] /opt/stack/data/cinder/mnt/2d86ac1258d195ad33876999d8ee2c00/volume-d95bd40e-dbd0-4080-9e81-670a60ee48ab.info is being set with open permissions: ugo+rw: NotImplementedError
Jul 23 03:23:16 devstack cinder-volume[88392]: DEBUG oslo_concurrency.processutils [None req-8b49d75a-c7c9-4dce-81da-18203c4c364c tempest-GroupSnapshotsV319Test-101133003 None] Running cmd (subprocess): sudo cinder-rootwrap /etc/cinder/rootwrap.conf chmod ugo+rw /opt/stack/data/cinder/mnt/2d86ac1258d195ad33876999d8ee2c00/volume-d95bd40e-dbd0-4080-9e81-670a60ee48ab.info {{(pid=88392) execute /opt/stack/data/venv/lib/python3.12/site-packages/oslo_concurrency/processutils.py:440}}
Jul 23 03:23:17 devstack sudo[96795]: quobyte : PWD=/ ; USER=root ; COMMAND=/opt/stack/data/venv/bin/cinder-rootwrap /etc/cinder/rootwrap.conf chmod ugo+rw /opt/stack/data/cinder/mnt/2d86ac1258d195ad33876999d8ee2c00/volume-d95bd40e-dbd0-4080-9e81-670a60ee48ab.info
Jul 23 03:23:17 devstack sudo[96795]: pam_unix(sudo:session): session opened for user root(uid=0) by (uid=1000)
Jul 23 03:23:17 devstack sudo[96795]: pam_unix(sudo:session): session closed for user root
Jul 23 03:23:17 devstack cinder-volume[88392]: DEBUG oslo_concurrency.processutils [None req-8b49d75a-c7c9-4dce-81da-18203c4c364c tempest-GroupSnapshotsV319Test-101133003 None] CMD "sudo cinder-rootwrap /etc/cinder/rootwrap.conf chmod ugo+rw /opt/stack/data/cinder/mnt/2d86ac1258d195ad33876999d8ee2c00/volume-d95bd40e-dbd0-4080-9e81-670a60ee48ab.info" returned: 0 in 0.277s {{(pid=88392) execute /opt/stack/data/venv/lib/python3.12/site-packages/oslo_concurrency/processutils.py:468}}
Jul 23 03:23:17 devstack cinder-volume[88392]: DEBUG oslo_concurrency.lockutils [None req-8b49d75a-c7c9-4dce-81da-18203c4c364c tempest-GroupSnapshotsV319Test-101133003 None] Lock "quobyte" "released" by "cinder.volume.drivers.quobyte.QuobyteDriver.create_snapshot" :: held 2.565s {{(pid=88392) inner /opt/stack/data/venv/lib/python3.12/site-packages/oslo_concurrency/lockutils.py:544}}
Jul 23 03:23:17 devstack cinder-volume[88392]: DEBUG oslo_concurrency.lockutils [None req-86a849fd-ca2c-4bcc-a69a-de8db627e18a tempest-GroupSnapshotsTest-2072320542 None] Lock "quobyte" acquired by "cinder.volume.drivers.quobyte.QuobyteDriver.create_snapshot" :: waited 1.758s {{(pid=88392) inner /opt/stack/data/venv/lib/python3.12/site-packages/oslo_concurrency/lockutils.py:525}}
Jul 23 03:23:17 devstack cinder-volume[88392]: DEBUG cinder.volume.drivers.remotefs [None req-86a849fd-ca2c-4bcc-a69a-de8db627e18a tempest-GroupSnapshotsTest-2072320542 None] Creating offline snapshot 24b3a766-30d9-4081-86f2-a07289996e65 of volume 01b49a17-848b-4b81-a77b-18e8320a8cab {{(pid=88392) _create_snapshot /opt/stack/cinder/cinder/volume/drivers/remotefs.py:2066}}
Jul 23 03:23:17 devstack cinder-volume[88392]: DEBUG cinder.volume.flows.manager.create_volume [None req-d8c53c3d-2d72-4dbe-85e1-1fab6a6ea256 tempest-VolumesDeleteCascade-1631690257 None] Volume reschedule parameters: True retry: {'num_attempts': 1, 'backends': ['devstack@QuobyteHD#QuobyteHD'], 'hosts': ['devstack@QuobyteHD#QuobyteHD']} {{(pid=88392) get_flow /opt/stack/cinder/cinder/volume/flows/manager/create_volume.py:1397}}
Jul 23 03:23:17 devstack cinder-volume[88392]: DEBUG cinder.volume.manager [None req-d8c53c3d-2d72-4dbe-85e1-1fab6a6ea256 tempest-VolumesDeleteCascade-1631690257 None] Flow 'volume_create_manager' (8ccbab7c-0fea-43fe-a942-60bfe24cfb45) transitioned into state 'RUNNING' from state 'PENDING' {{(pid=88392) _flow_receiver /opt/stack/data/venv/lib/python3.12/site-packages/taskflow/listeners/logging.py:160}}
Jul 23 03:23:17 devstack cinder-volume[88392]: DEBUG cinder.volume.manager [None req-d8c53c3d-2d72-4dbe-85e1-1fab6a6ea256 tempest-VolumesDeleteCascade-1631690257 None] Task 'cinder.volume.flows.manager.create_volume.ExtractVolumeRefTask;volume:create' (3d4fc125-d2a3-4573-ba19-d7276a34742c) transitioned into state 'RUNNING' from state 'PENDING' {{(pid=88392) _task_receiver /opt/stack/data/venv/lib/python3.12/site-packages/taskflow/listeners/logging.py:242}}
Jul 23 03:23:17 devstack cinder-volume[88392]: DEBUG oslo.privsep.daemon [-] privsep: reply[ff69419f-82c6-4a33-92e3-2a61c40089e0]: (4, 'qcow2') {{(pid=90167) _call_back /opt/stack/data/venv/lib/python3.12/site-packages/oslo_privsep/daemon.py:580}}
Jul 23 03:23:17 devstack cinder-volume[88392]: DEBUG oslo_concurrency.processutils [None req-86a849fd-ca2c-4bcc-a69a-de8db627e18a tempest-GroupSnapshotsTest-2072320542 None] Running cmd (subprocess): /opt/stack/data/venv/bin/python3.12 -m oslo_concurrency.prlimit --as=1073741824 --cpu=60 -- sudo cinder-rootwrap /etc/cinder/rootwrap.conf env LC_ALL=C qemu-img info -f qcow2 --output=json --force-share /opt/stack/data/cinder/mnt/2d86ac1258d195ad33876999d8ee2c00/volume-01b49a17-848b-4b81-a77b-18e8320a8cab {{(pid=88392) execute /opt/stack/data/venv/lib/python3.12/site-packages/oslo_concurrency/processutils.py:440}}
Jul 23 03:23:17 devstack cinder-volume[88392]: DEBUG cinder.volume.manager [None req-d8c53c3d-2d72-4dbe-85e1-1fab6a6ea256 tempest-VolumesDeleteCascade-1631690257 None] Task 'cinder.volume.flows.manager.create_volume.ExtractVolumeRefTask;volume:create' (3d4fc125-d2a3-4573-ba19-d7276a34742c) transitioned into state 'SUCCESS' from state 'RUNNING' with result 'Volume(_name_id=None,admin_metadata=,attach_status='detached',availability_zone='nova',bootable=False,cluster=,cluster_name=None,consistencygroup=,consistencygroup_id=None,created_at=2026-07-23T01:23:17Z,deleted=False,deleted_at=None,display_description=None,display_name='tempest-VolumesDeleteCascade-Volume-816438716',ec2_id=None,encryption_key_id=None,glance_metadata=,group=,group_id=None,host='devstack@QuobyteHD#QuobyteHD',id=8645fed8-4127-4d9a-900c-8b8c95104f95,launched_at=None,metadata={},migration_status=None,multiattach=False,previous_status=None,project_id='625a31faedf14304a2fcf1380e3f4ffc',provider_auth=None,provider_geometry=None,provider_id=None,provider_location=None,replication_driver_data=None,replication_extended_status=None,replication_status=None,scheduled_at=2026-07-23T01:23:17Z,service_uuid=None,shared_targets=True,size=1,snapshot_id=None,snapshots=,source_volid=None,status='creating',terminated_at=None,updated_at=2026-07-23T01:23:17Z,use_quota=True,user_id='88b03dd327654e829d1a7732c0574c5c',volume_attachment=VolumeAttachmentList,volume_type=VolumeType(785e17ff-9d91-4abb-bfc3-2b812a66638f),volume_type_id=785e17ff-9d91-4abb-bfc3-2b812a66638f)' {{(pid=88392) _task_receiver /opt/stack/data/venv/lib/python3.12/site-packages/taskflow/listeners/logging.py:218}}
Jul 23 03:23:17 devstack cinder-volume[88392]: DEBUG cinder.volume.manager [None req-d8c53c3d-2d72-4dbe-85e1-1fab6a6ea256 tempest-VolumesDeleteCascade-1631690257 None] Task 'cinder.volume.flows.manager.create_volume.OnFailureRescheduleTask;volume:create' (7e3f0435-85a2-4887-94cf-a5af48175185) transitioned into state 'RUNNING' from state 'PENDING' {{(pid=88392) _task_receiver /opt/stack/data/venv/lib/python3.12/site-packages/taskflow/listeners/logging.py:242}}
Jul 23 03:23:17 devstack cinder-volume[88392]: DEBUG cinder.volume.manager [None req-d8c53c3d-2d72-4dbe-85e1-1fab6a6ea256 tempest-VolumesDeleteCascade-1631690257 None] Task 'cinder.volume.flows.manager.create_volume.OnFailureRescheduleTask;volume:create' (7e3f0435-85a2-4887-94cf-a5af48175185) transitioned into state 'SUCCESS' from state 'RUNNING' with result 'None' {{(pid=88392) _task_receiver /opt/stack/data/venv/lib/python3.12/site-packages/taskflow/listeners/logging.py:218}}
Jul 23 03:23:17 devstack cinder-volume[88392]: DEBUG cinder.volume.manager [None req-d8c53c3d-2d72-4dbe-85e1-1fab6a6ea256 tempest-VolumesDeleteCascade-1631690257 None] Task 'cinder.volume.flows.manager.create_volume.ExtractVolumeSpecTask;volume:create' (371d4d52-1ce6-498d-9dc7-62a3d3a57b99) transitioned into state 'RUNNING' from state 'PENDING' {{(pid=88392) _task_receiver /opt/stack/data/venv/lib/python3.12/site-packages/taskflow/listeners/logging.py:242}}
Jul 23 03:23:17 devstack cinder-volume[88392]: DEBUG cinder.volume.manager [None req-d8c53c3d-2d72-4dbe-85e1-1fab6a6ea256 tempest-VolumesDeleteCascade-1631690257 None] Task 'cinder.volume.flows.manager.create_volume.ExtractVolumeSpecTask;volume:create' (371d4d52-1ce6-498d-9dc7-62a3d3a57b99) transitioned into state 'SUCCESS' from state 'RUNNING' with result '{'status': 'creating', 'type': 'raw', 'volume_id': '8645fed8-4127-4d9a-900c-8b8c95104f95', 'volume_name': 'volume-8645fed8-4127-4d9a-900c-8b8c95104f95', 'volume_size': 1}' {{(pid=88392) _task_receiver /opt/stack/data/venv/lib/python3.12/site-packages/taskflow/listeners/logging.py:218}}
Jul 23 03:23:17 devstack cinder-volume[88392]: DEBUG cinder.volume.manager [None req-d8c53c3d-2d72-4dbe-85e1-1fab6a6ea256 tempest-VolumesDeleteCascade-1631690257 None] Task 'cinder.volume.flows.manager.create_volume.NotifyVolumeActionTask;volume:create, create.start' (094259a6-39a9-4883-813d-2783cd0612ec) transitioned into state 'RUNNING' from state 'PENDING' {{(pid=88392) _task_receiver /opt/stack/data/venv/lib/python3.12/site-packages/taskflow/listeners/logging.py:242}}
Jul 23 03:23:17 devstack cinder-volume[88392]: DEBUG cinder.volume.manager [None req-d8c53c3d-2d72-4dbe-85e1-1fab6a6ea256 tempest-VolumesDeleteCascade-1631690257 None] Task 'cinder.volume.flows.manager.create_volume.NotifyVolumeActionTask;volume:create, create.start' (094259a6-39a9-4883-813d-2783cd0612ec) transitioned into state 'SUCCESS' from state 'RUNNING' with result 'None' {{(pid=88392) _task_receiver /opt/stack/data/venv/lib/python3.12/site-packages/taskflow/listeners/logging.py:218}}
Jul 23 03:23:17 devstack cinder-volume[88392]: DEBUG cinder.volume.manager [None req-d8c53c3d-2d72-4dbe-85e1-1fab6a6ea256 tempest-VolumesDeleteCascade-1631690257 None] Task 'cinder.volume.flows.manager.create_volume.CreateVolumeFromSpecTask;volume:create' (5655f9b9-ed5f-4fcf-a35b-b03f29cfaac8) transitioned into state 'RUNNING' from state 'PENDING' {{(pid=88392) _task_receiver /opt/stack/data/venv/lib/python3.12/site-packages/taskflow/listeners/logging.py:242}}
Jul 23 03:23:17 devstack cinder-volume[88392]: INFO cinder.volume.flows.manager.create_volume [None req-d8c53c3d-2d72-4dbe-85e1-1fab6a6ea256 tempest-VolumesDeleteCascade-1631690257 None] Volume 8645fed8-4127-4d9a-900c-8b8c95104f95: being created as raw with specification: {'status': 'creating', 'volume_name': 'volume-8645fed8-4127-4d9a-900c-8b8c95104f95', 'volume_size': 1}
Jul 23 03:23:17 devstack cinder-volume[88392]: DEBUG oslo_concurrency.lockutils [None req-d8c53c3d-2d72-4dbe-85e1-1fab6a6ea256 tempest-VolumesDeleteCascade-1631690257 None] Acquiring lock "quobyte" by "cinder.volume.drivers.quobyte.QuobyteDriver.create_volume" {{(pid=88392) inner /opt/stack/data/venv/lib/python3.12/site-packages/oslo_concurrency/lockutils.py:512}}
Jul 23 03:23:17 devstack cinder-volume[88392]: INFO cinder.volume.manager [None req-8b49d75a-c7c9-4dce-81da-18203c4c364c tempest-GroupSnapshotsV319Test-101133003 None] group_snapshot 8187c308-b67b-48fa-a2c3-3b48a5c0cdbb: created successfully
Jul 23 03:23:17 devstack sudo[96798]: quobyte : PWD=/ ; USER=root ; COMMAND=/opt/stack/data/venv/bin/cinder-rootwrap /etc/cinder/rootwrap.conf env LC_ALL=C qemu-img info -f qcow2 --output=json --force-share /opt/stack/data/cinder/mnt/2d86ac1258d195ad33876999d8ee2c00/volume-01b49a17-848b-4b81-a77b-18e8320a8cab
Jul 23 03:23:17 devstack sudo[96798]: pam_unix(sudo:session): session opened for user root(uid=0) by (uid=1000)
Jul 23 03:23:17 devstack sudo[96798]: pam_unix(sudo:session): session closed for user root
Jul 23 03:23:17 devstack cinder-volume[88392]: DEBUG oslo_concurrency.processutils [None req-86a849fd-ca2c-4bcc-a69a-de8db627e18a tempest-GroupSnapshotsTest-2072320542 None] CMD "/opt/stack/data/venv/bin/python3.12 -m oslo_concurrency.prlimit --as=1073741824 --cpu=60 -- sudo cinder-rootwrap /etc/cinder/rootwrap.conf env LC_ALL=C qemu-img info -f qcow2 --output=json --force-share /opt/stack/data/cinder/mnt/2d86ac1258d195ad33876999d8ee2c00/volume-01b49a17-848b-4b81-a77b-18e8320a8cab" returned: 0 in 0.375s {{(pid=88392) execute /opt/stack/data/venv/lib/python3.12/site-packages/oslo_concurrency/processutils.py:468}}
Jul 23 03:23:17 devstack cinder-volume[88392]: DEBUG oslo_concurrency.processutils [None req-86a849fd-ca2c-4bcc-a69a-de8db627e18a tempest-GroupSnapshotsTest-2072320542 None] Running cmd (subprocess): sudo cinder-rootwrap /etc/cinder/rootwrap.conf qemu-img create -f qcow2 -o backing_file=/opt/stack/data/cinder/mnt/2d86ac1258d195ad33876999d8ee2c00/volume-01b49a17-848b-4b81-a77b-18e8320a8cab,backing_fmt=qcow2 /opt/stack/data/cinder/mnt/2d86ac1258d195ad33876999d8ee2c00/volume-01b49a17-848b-4b81-a77b-18e8320a8cab.24b3a766-30d9-4081-86f2-a07289996e65 1G {{(pid=88392) execute /opt/stack/data/venv/lib/python3.12/site-packages/oslo_concurrency/processutils.py:440}}
Jul 23 03:23:17 devstack sudo[96803]: quobyte : PWD=/ ; USER=root ; COMMAND=/opt/stack/data/venv/bin/cinder-rootwrap /etc/cinder/rootwrap.conf qemu-img create -f qcow2 -o backing_file=/opt/stack/data/cinder/mnt/2d86ac1258d195ad33876999d8ee2c00/volume-01b49a17-848b-4b81-a77b-18e8320a8cab,backing_fmt=qcow2 /opt/stack/data/cinder/mnt/2d86ac1258d195ad33876999d8ee2c00/volume-01b49a17-848b-4b81-a77b-18e8320a8cab.24b3a766-30d9-4081-86f2-a07289996e65 1G
Jul 23 03:23:17 devstack sudo[96803]: pam_unix(sudo:session): session opened for user root(uid=0) by (uid=1000)
Jul 23 03:23:18 devstack sudo[96803]: pam_unix(sudo:session): session closed for user root
Jul 23 03:23:18 devstack cinder-volume[88392]: DEBUG oslo_concurrency.processutils [None req-86a849fd-ca2c-4bcc-a69a-de8db627e18a tempest-GroupSnapshotsTest-2072320542 None] CMD "sudo cinder-rootwrap /etc/cinder/rootwrap.conf qemu-img create -f qcow2 -o backing_file=/opt/stack/data/cinder/mnt/2d86ac1258d195ad33876999d8ee2c00/volume-01b49a17-848b-4b81-a77b-18e8320a8cab,backing_fmt=qcow2 /opt/stack/data/cinder/mnt/2d86ac1258d195ad33876999d8ee2c00/volume-01b49a17-848b-4b81-a77b-18e8320a8cab.24b3a766-30d9-4081-86f2-a07289996e65 1G" returned: 0 in 0.527s {{(pid=88392) execute /opt/stack/data/venv/lib/python3.12/site-packages/oslo_concurrency/processutils.py:468}}
Jul 23 03:23:18 devstack cinder-volume[88392]: DEBUG oslo_concurrency.processutils [None req-86a849fd-ca2c-4bcc-a69a-de8db627e18a tempest-GroupSnapshotsTest-2072320542 None] Running cmd (subprocess): sudo cinder-rootwrap /etc/cinder/rootwrap.conf qemu-img rebase -u -b volume-01b49a17-848b-4b81-a77b-18e8320a8cab -F qcow2 /opt/stack/data/cinder/mnt/2d86ac1258d195ad33876999d8ee2c00/volume-01b49a17-848b-4b81-a77b-18e8320a8cab.24b3a766-30d9-4081-86f2-a07289996e65 {{(pid=88392) execute /opt/stack/data/venv/lib/python3.12/site-packages/oslo_concurrency/processutils.py:440}}
Jul 23 03:23:18 devstack sudo[96809]: quobyte : PWD=/ ; USER=root ; COMMAND=/opt/stack/data/venv/bin/cinder-rootwrap /etc/cinder/rootwrap.conf qemu-img rebase -u -b volume-01b49a17-848b-4b81-a77b-18e8320a8cab -F qcow2 /opt/stack/data/cinder/mnt/2d86ac1258d195ad33876999d8ee2c00/volume-01b49a17-848b-4b81-a77b-18e8320a8cab.24b3a766-30d9-4081-86f2-a07289996e65
Jul 23 03:23:18 devstack sudo[96809]: pam_unix(sudo:session): session opened for user root(uid=0) by (uid=1000)
Jul 23 03:23:18 devstack cinder-volume[88392]: INFO cinder.volume.manager [None req-4771b536-6fb7-409a-9cf7-6a881503d9f0 tempest-GroupSnapshotsV319Test-101133003 None] group_snapshot 8187c308-b67b-48fa-a2c3-3b48a5c0cdbb: deleting
Jul 23 03:23:18 devstack cinder-volume[88392]: DEBUG dbcounter [-] [88392] Writing DB stats cinder:SELECT=173,cinder:INSERT=45,cinder:UPDATE=184,cinder:DELETE=15 {{(pid=88392) stat_writer /opt/stack/data/venv/lib/python3.12/site-packages/dbcounter.py:115}}
Jul 23 03:23:18 devstack cinder-volume[88392]: DEBUG dbcounter [-] [88392] Writing DB stats cinder:SELECT=152,cinder:INSERT=49,cinder:UPDATE=187,cinder:DELETE=11 {{(pid=88392) stat_writer /opt/stack/data/venv/lib/python3.12/site-packages/dbcounter.py:115}}
Jul 23 03:23:18 devstack cinder-volume[88392]: DEBUG cinder.volume.manager [None req-4771b536-6fb7-409a-9cf7-6a881503d9f0 tempest-GroupSnapshotsV319Test-101133003 None] group_snapshot 8187c308-b67b-48fa-a2c3-3b48a5c0cdbb: deleting {{(pid=88392) delete_group_snapshot /opt/stack/cinder/cinder/volume/manager.py:4350}}
Jul 23 03:23:18 devstack cinder-volume[88392]: DEBUG cinder.coordination [None req-4771b536-6fb7-409a-9cf7-6a881503d9f0 tempest-GroupSnapshotsV319Test-101133003 None] Acquiring lock "cinder-quobyte-d95bd40e-dbd0-4080-9e81-670a60ee48ab" by "delete_snapshot" {{(pid=88392) __acquire /opt/stack/cinder/cinder/coordination.py:138}}
Jul 23 03:23:18 devstack cinder-volume[88392]: DEBUG cinder.coordination [None req-4771b536-6fb7-409a-9cf7-6a881503d9f0 tempest-GroupSnapshotsV319Test-101133003 None] Lock "cinder-quobyte-d95bd40e-dbd0-4080-9e81-670a60ee48ab" acquired by "delete_snapshot" :: waited 0.026s {{(pid=88392) __acquire /opt/stack/cinder/cinder/coordination.py:141}}
Jul 23 03:23:18 devstack cinder-volume[88392]: DEBUG cinder.coordination [None req-4771b536-6fb7-409a-9cf7-6a881503d9f0 tempest-GroupSnapshotsV319Test-101133003 None] Acquiring lock "cinder-quobyte-08d874cc-dbed-401e-a57b-4782eb610bee" by "_delete_snapshot" {{(pid=88392) __acquire /opt/stack/cinder/cinder/coordination.py:138}}
Jul 23 03:23:18 devstack cinder-volume[88392]: DEBUG cinder.coordination [None req-4771b536-6fb7-409a-9cf7-6a881503d9f0 tempest-GroupSnapshotsV319Test-101133003 None] Lock "cinder-quobyte-08d874cc-dbed-401e-a57b-4782eb610bee" acquired by "_delete_snapshot" :: waited 0.022s {{(pid=88392) __acquire /opt/stack/cinder/cinder/coordination.py:141}}
Jul 23 03:23:18 devstack cinder-volume[88392]: DEBUG cinder.volume.drivers.remotefs [None req-4771b536-6fb7-409a-9cf7-6a881503d9f0 tempest-GroupSnapshotsV319Test-101133003 None] Deleting offline snapshot 08d874cc-dbed-401e-a57b-4782eb610bee of volume d95bd40e-dbd0-4080-9e81-670a60ee48ab {{(pid=88392) _delete_snapshot /opt/stack/cinder/cinder/volume/drivers/remotefs.py:1288}}
Jul 23 03:23:18 devstack cinder-volume[88392]: DEBUG cinder.volume.drivers.remotefs [None req-4771b536-6fb7-409a-9cf7-6a881503d9f0 tempest-GroupSnapshotsV319Test-101133003 None] snapshot_file for this snap is: volume-d95bd40e-dbd0-4080-9e81-670a60ee48ab.08d874cc-dbed-401e-a57b-4782eb610bee {{(pid=88392) _delete_snapshot /opt/stack/cinder/cinder/volume/drivers/remotefs.py:1322}}
Jul 23 03:23:18 devstack cinder-volume[88392]: DEBUG oslo.privsep.daemon [-] privsep: reply[f49afc92-7291-47b3-92c7-60b567babb0c]: (4, 'qcow2') {{(pid=90167) _call_back /opt/stack/data/venv/lib/python3.12/site-packages/oslo_privsep/daemon.py:580}}
Jul 23 03:23:18 devstack cinder-volume[88392]: DEBUG oslo_concurrency.processutils [None req-4771b536-6fb7-409a-9cf7-6a881503d9f0 tempest-GroupSnapshotsV319Test-101133003 None] Running cmd (subprocess): /opt/stack/data/venv/bin/python3.12 -m oslo_concurrency.prlimit --as=1073741824 --cpu=60 -- sudo cinder-rootwrap /etc/cinder/rootwrap.conf env LC_ALL=C qemu-img info -f qcow2 --output=json --force-share /opt/stack/data/cinder/mnt/2d86ac1258d195ad33876999d8ee2c00/volume-d95bd40e-dbd0-4080-9e81-670a60ee48ab.08d874cc-dbed-401e-a57b-4782eb610bee {{(pid=88392) execute /opt/stack/data/venv/lib/python3.12/site-packages/oslo_concurrency/processutils.py:440}}
Jul 23 03:23:18 devstack sudo[96809]: pam_unix(sudo:session): session closed for user root
Jul 23 03:23:18 devstack cinder-volume[88392]: DEBUG oslo_concurrency.processutils [None req-86a849fd-ca2c-4bcc-a69a-de8db627e18a tempest-GroupSnapshotsTest-2072320542 None] CMD "sudo cinder-rootwrap /etc/cinder/rootwrap.conf qemu-img rebase -u -b volume-01b49a17-848b-4b81-a77b-18e8320a8cab -F qcow2 /opt/stack/data/cinder/mnt/2d86ac1258d195ad33876999d8ee2c00/volume-01b49a17-848b-4b81-a77b-18e8320a8cab.24b3a766-30d9-4081-86f2-a07289996e65" returned: 0 in 0.333s {{(pid=88392) execute /opt/stack/data/venv/lib/python3.12/site-packages/oslo_concurrency/processutils.py:468}}
Jul 23 03:23:18 devstack cinder-volume[88392]: WARNING cinder.volume.drivers.remotefs [None req-86a849fd-ca2c-4bcc-a69a-de8db627e18a tempest-GroupSnapshotsTest-2072320542 None] /opt/stack/data/cinder/mnt/2d86ac1258d195ad33876999d8ee2c00/volume-01b49a17-848b-4b81-a77b-18e8320a8cab.24b3a766-30d9-4081-86f2-a07289996e65 is being set with open permissions: ugo+rw: NotImplementedError
Jul 23 03:23:18 devstack cinder-volume[88392]: DEBUG oslo_concurrency.processutils [None req-86a849fd-ca2c-4bcc-a69a-de8db627e18a tempest-GroupSnapshotsTest-2072320542 None] Running cmd (subprocess): sudo cinder-rootwrap /etc/cinder/rootwrap.conf chmod ugo+rw /opt/stack/data/cinder/mnt/2d86ac1258d195ad33876999d8ee2c00/volume-01b49a17-848b-4b81-a77b-18e8320a8cab.24b3a766-30d9-4081-86f2-a07289996e65 {{(pid=88392) execute /opt/stack/data/venv/lib/python3.12/site-packages/oslo_concurrency/processutils.py:440}}
Jul 23 03:23:18 devstack sudo[96816]: quobyte : PWD=/ ; USER=root ; COMMAND=/opt/stack/data/venv/bin/cinder-rootwrap /etc/cinder/rootwrap.conf chmod ugo+rw /opt/stack/data/cinder/mnt/2d86ac1258d195ad33876999d8ee2c00/volume-01b49a17-848b-4b81-a77b-18e8320a8cab.24b3a766-30d9-4081-86f2-a07289996e65
Jul 23 03:23:18 devstack sudo[96816]: pam_unix(sudo:session): session opened for user root(uid=0) by (uid=1000)
Jul 23 03:23:18 devstack sudo[96815]: quobyte : PWD=/ ; USER=root ; COMMAND=/opt/stack/data/venv/bin/cinder-rootwrap /etc/cinder/rootwrap.conf env LC_ALL=C qemu-img info -f qcow2 --output=json --force-share /opt/stack/data/cinder/mnt/2d86ac1258d195ad33876999d8ee2c00/volume-d95bd40e-dbd0-4080-9e81-670a60ee48ab.08d874cc-dbed-401e-a57b-4782eb610bee
Jul 23 03:23:18 devstack sudo[96815]: pam_unix(sudo:session): session opened for user root(uid=0) by (uid=1000)
Jul 23 03:23:18 devstack sudo[96816]: pam_unix(sudo:session): session closed for user root
Jul 23 03:23:18 devstack cinder-volume[88392]: DEBUG oslo_concurrency.processutils [None req-86a849fd-ca2c-4bcc-a69a-de8db627e18a tempest-GroupSnapshotsTest-2072320542 None] CMD "sudo cinder-rootwrap /etc/cinder/rootwrap.conf chmod ugo+rw /opt/stack/data/cinder/mnt/2d86ac1258d195ad33876999d8ee2c00/volume-01b49a17-848b-4b81-a77b-18e8320a8cab.24b3a766-30d9-4081-86f2-a07289996e65" returned: 0 in 0.288s {{(pid=88392) execute /opt/stack/data/venv/lib/python3.12/site-packages/oslo_concurrency/processutils.py:468}}
Jul 23 03:23:18 devstack cinder-volume[88392]: DEBUG oslo_concurrency.processutils [None req-86a849fd-ca2c-4bcc-a69a-de8db627e18a tempest-GroupSnapshotsTest-2072320542 None] Running cmd (subprocess): sudo cinder-rootwrap /etc/cinder/rootwrap.conf truncate -s0 /opt/stack/data/cinder/mnt/2d86ac1258d195ad33876999d8ee2c00/volume-01b49a17-848b-4b81-a77b-18e8320a8cab.info {{(pid=88392) execute /opt/stack/data/venv/lib/python3.12/site-packages/oslo_concurrency/processutils.py:440}}
Jul 23 03:23:18 devstack sudo[96823]: quobyte : PWD=/ ; USER=root ; COMMAND=/opt/stack/data/venv/bin/cinder-rootwrap /etc/cinder/rootwrap.conf truncate -s0 /opt/stack/data/cinder/mnt/2d86ac1258d195ad33876999d8ee2c00/volume-01b49a17-848b-4b81-a77b-18e8320a8cab.info
Jul 23 03:23:18 devstack sudo[96823]: pam_unix(sudo:session): session opened for user root(uid=0) by (uid=1000)
Jul 23 03:23:18 devstack sudo[96815]: pam_unix(sudo:session): session closed for user root
Jul 23 03:23:18 devstack cinder-volume[88392]: DEBUG oslo_concurrency.processutils [None req-4771b536-6fb7-409a-9cf7-6a881503d9f0 tempest-GroupSnapshotsV319Test-101133003 None] CMD "/opt/stack/data/venv/bin/python3.12 -m oslo_concurrency.prlimit --as=1073741824 --cpu=60 -- sudo cinder-rootwrap /etc/cinder/rootwrap.conf env LC_ALL=C qemu-img info -f qcow2 --output=json --force-share /opt/stack/data/cinder/mnt/2d86ac1258d195ad33876999d8ee2c00/volume-d95bd40e-dbd0-4080-9e81-670a60ee48ab.08d874cc-dbed-401e-a57b-4782eb610bee" returned: 0 in 0.406s {{(pid=88392) execute /opt/stack/data/venv/lib/python3.12/site-packages/oslo_concurrency/processutils.py:468}}
Jul 23 03:23:18 devstack cinder-volume[88392]: DEBUG cinder.volume.drivers.remotefs [None req-4771b536-6fb7-409a-9cf7-6a881503d9f0 tempest-GroupSnapshotsV319Test-101133003 None] Fetching qemu-img info with special backing_file_template: (/opt/stack/data/cinder/mnt/[0-9a-f]+/)?(volume-d95bd40e-dbd0-4080-9e81-670a60ee48ab(.(tmp-snap-)?[0-9a-f-]+)?|volume_from_snapshot_cache/(tmp-snap-)?[0-9a-f-]+(.(child-|parent-)[0-9a-f-]+)?)$ {{(pid=88392) _qemu_img_info_base /opt/stack/cinder/cinder/volume/drivers/remotefs.py:896}}
Jul 23 03:23:19 devstack cinder-volume[88392]: DEBUG oslo.privsep.daemon [-] privsep: reply[73dd0b85-2dac-4ef6-aae7-084be2439209]: (4, 'qcow2') {{(pid=90167) _call_back /opt/stack/data/venv/lib/python3.12/site-packages/oslo_privsep/daemon.py:580}}
Jul 23 03:23:19 devstack cinder-volume[88392]: DEBUG oslo_concurrency.processutils [None req-4771b536-6fb7-409a-9cf7-6a881503d9f0 tempest-GroupSnapshotsV319Test-101133003 None] Running cmd (subprocess): /opt/stack/data/venv/bin/python3.12 -m oslo_concurrency.prlimit --as=1073741824 --cpu=60 -- sudo cinder-rootwrap /etc/cinder/rootwrap.conf env LC_ALL=C qemu-img info -f qcow2 --output=json --force-share /opt/stack/data/cinder/mnt/2d86ac1258d195ad33876999d8ee2c00/volume-d95bd40e-dbd0-4080-9e81-670a60ee48ab {{(pid=88392) execute /opt/stack/data/venv/lib/python3.12/site-packages/oslo_concurrency/processutils.py:440}}
Jul 23 03:23:19 devstack sudo[96825]: quobyte : PWD=/ ; USER=root ; COMMAND=/opt/stack/data/venv/bin/cinder-rootwrap /etc/cinder/rootwrap.conf env LC_ALL=C qemu-img info -f qcow2 --output=json --force-share /opt/stack/data/cinder/mnt/2d86ac1258d195ad33876999d8ee2c00/volume-d95bd40e-dbd0-4080-9e81-670a60ee48ab
Jul 23 03:23:19 devstack sudo[96825]: pam_unix(sudo:session): session opened for user root(uid=0) by (uid=1000)
Jul 23 03:23:19 devstack sudo[96823]: pam_unix(sudo:session): session closed for user root
Jul 23 03:23:19 devstack cinder-volume[88392]: DEBUG oslo_concurrency.processutils [None req-86a849fd-ca2c-4bcc-a69a-de8db627e18a tempest-GroupSnapshotsTest-2072320542 None] CMD "sudo cinder-rootwrap /etc/cinder/rootwrap.conf truncate -s0 /opt/stack/data/cinder/mnt/2d86ac1258d195ad33876999d8ee2c00/volume-01b49a17-848b-4b81-a77b-18e8320a8cab.info" returned: 0 in 0.280s {{(pid=88392) execute /opt/stack/data/venv/lib/python3.12/site-packages/oslo_concurrency/processutils.py:468}}
Jul 23 03:23:19 devstack cinder-volume[88392]: WARNING cinder.volume.drivers.remotefs [None req-86a849fd-ca2c-4bcc-a69a-de8db627e18a tempest-GroupSnapshotsTest-2072320542 None] /opt/stack/data/cinder/mnt/2d86ac1258d195ad33876999d8ee2c00/volume-01b49a17-848b-4b81-a77b-18e8320a8cab.info is being set with open permissions: ugo+rw: NotImplementedError
Jul 23 03:23:19 devstack cinder-volume[88392]: DEBUG oslo_concurrency.processutils [None req-86a849fd-ca2c-4bcc-a69a-de8db627e18a tempest-GroupSnapshotsTest-2072320542 None] Running cmd (subprocess): sudo cinder-rootwrap /etc/cinder/rootwrap.conf chmod ugo+rw /opt/stack/data/cinder/mnt/2d86ac1258d195ad33876999d8ee2c00/volume-01b49a17-848b-4b81-a77b-18e8320a8cab.info {{(pid=88392) execute /opt/stack/data/venv/lib/python3.12/site-packages/oslo_concurrency/processutils.py:440}}
Jul 23 03:23:19 devstack sudo[96828]: quobyte : PWD=/ ; USER=root ; COMMAND=/opt/stack/data/venv/bin/cinder-rootwrap /etc/cinder/rootwrap.conf chmod ugo+rw /opt/stack/data/cinder/mnt/2d86ac1258d195ad33876999d8ee2c00/volume-01b49a17-848b-4b81-a77b-18e8320a8cab.info
Jul 23 03:23:19 devstack sudo[96828]: pam_unix(sudo:session): session opened for user root(uid=0) by (uid=1000)
Jul 23 03:23:19 devstack sudo[96825]: pam_unix(sudo:session): session closed for user root
Jul 23 03:23:19 devstack cinder-volume[88392]: DEBUG oslo_concurrency.processutils [None req-4771b536-6fb7-409a-9cf7-6a881503d9f0 tempest-GroupSnapshotsV319Test-101133003 None] CMD "/opt/stack/data/venv/bin/python3.12 -m oslo_concurrency.prlimit --as=1073741824 --cpu=60 -- sudo cinder-rootwrap /etc/cinder/rootwrap.conf env LC_ALL=C qemu-img info -f qcow2 --output=json --force-share /opt/stack/data/cinder/mnt/2d86ac1258d195ad33876999d8ee2c00/volume-d95bd40e-dbd0-4080-9e81-670a60ee48ab" returned: 0 in 0.413s {{(pid=88392) execute /opt/stack/data/venv/lib/python3.12/site-packages/oslo_concurrency/processutils.py:468}}
Jul 23 03:23:19 devstack cinder-volume[88392]: DEBUG oslo_concurrency.processutils [None req-4771b536-6fb7-409a-9cf7-6a881503d9f0 tempest-GroupSnapshotsV319Test-101133003 None] Running cmd (subprocess): sudo cinder-rootwrap /etc/cinder/rootwrap.conf qemu-img commit -d /opt/stack/data/cinder/mnt/2d86ac1258d195ad33876999d8ee2c00/volume-d95bd40e-dbd0-4080-9e81-670a60ee48ab.08d874cc-dbed-401e-a57b-4782eb610bee {{(pid=88392) execute /opt/stack/data/venv/lib/python3.12/site-packages/oslo_concurrency/processutils.py:440}}
Jul 23 03:23:19 devstack sudo[96833]: quobyte : PWD=/ ; USER=root ; COMMAND=/opt/stack/data/venv/bin/cinder-rootwrap /etc/cinder/rootwrap.conf qemu-img commit -d /opt/stack/data/cinder/mnt/2d86ac1258d195ad33876999d8ee2c00/volume-d95bd40e-dbd0-4080-9e81-670a60ee48ab.08d874cc-dbed-401e-a57b-4782eb610bee
