Apr 17 05:27:40 devstack cinder-volume[82266]: DEBUG oslo_concurrency.processutils [None req-a0bea3a2-255e-4752-bcd2-ebe07c98f65d tempest-GroupSnapshotsTest-774474103 None] Running cmd (subprocess): sudo cinder-rootwrap /etc/cinder/rootwrap.conf qemu-img create -f qcow2 -o backing_file=/opt/stack/data/cinder/mnt/e0dbd85de63b361a51f4bfb6d963a772/volume-0ecf926b-fe20-4fd0-981c-4b1d4a9e6e0e,backing_fmt=qcow2 /opt/stack/data/cinder/mnt/e0dbd85de63b361a51f4bfb6d963a772/volume-0ecf926b-fe20-4fd0-981c-4b1d4a9e6e0e.f80e6031-a4c8-4769-b0db-49c0bacf687d 1G {{(pid=82266) execute /opt/stack/data/venv/lib/python3.10/site-packages/oslo_concurrency/processutils.py:440}}
Apr 17 05:27:40 devstack sudo[83762]: quobyte : PWD=/ ; USER=root ; COMMAND=/opt/stack/data/venv/bin/cinder-rootwrap /etc/cinder/rootwrap.conf qemu-img create -f qcow2 -o backing_file=/opt/stack/data/cinder/mnt/e0dbd85de63b361a51f4bfb6d963a772/volume-0ecf926b-fe20-4fd0-981c-4b1d4a9e6e0e,backing_fmt=qcow2 /opt/stack/data/cinder/mnt/e0dbd85de63b361a51f4bfb6d963a772/volume-0ecf926b-fe20-4fd0-981c-4b1d4a9e6e0e.f80e6031-a4c8-4769-b0db-49c0bacf687d 1G
Apr 17 05:27:40 devstack sudo[83762]: pam_unix(sudo:session): session opened for user root(uid=0) by (uid=1000)
Apr 17 05:27:41 devstack cinder-volume[82266]: DEBUG oslo_concurrency.lockutils [None req-f710689c-8859-47aa-af5c-95bf494794c7 tempest-SnapshotsActionsTest-2056862822 None] Acquiring lock "quobyte" by "cinder.volume.drivers.quobyte.QuobyteDriver.create_snapshot" {{(pid=82266) inner /opt/stack/data/venv/lib/python3.10/site-packages/oslo_concurrency/lockutils.py:506}}
Apr 17 05:27:41 devstack sudo[83762]: pam_unix(sudo:session): session closed for user root
Apr 17 05:27:41 devstack cinder-volume[82266]: DEBUG oslo_concurrency.processutils [None req-a0bea3a2-255e-4752-bcd2-ebe07c98f65d tempest-GroupSnapshotsTest-774474103 None] CMD "sudo cinder-rootwrap /etc/cinder/rootwrap.conf qemu-img create -f qcow2 -o backing_file=/opt/stack/data/cinder/mnt/e0dbd85de63b361a51f4bfb6d963a772/volume-0ecf926b-fe20-4fd0-981c-4b1d4a9e6e0e,backing_fmt=qcow2 /opt/stack/data/cinder/mnt/e0dbd85de63b361a51f4bfb6d963a772/volume-0ecf926b-fe20-4fd0-981c-4b1d4a9e6e0e.f80e6031-a4c8-4769-b0db-49c0bacf687d 1G" returned: 0 in 0.698s {{(pid=82266) execute /opt/stack/data/venv/lib/python3.10/site-packages/oslo_concurrency/processutils.py:468}}
Apr 17 05:27:41 devstack cinder-volume[82266]: DEBUG oslo_concurrency.processutils [None req-a0bea3a2-255e-4752-bcd2-ebe07c98f65d tempest-GroupSnapshotsTest-774474103 None] Running cmd (subprocess): sudo cinder-rootwrap /etc/cinder/rootwrap.conf qemu-img rebase -u -b volume-0ecf926b-fe20-4fd0-981c-4b1d4a9e6e0e -F qcow2 /opt/stack/data/cinder/mnt/e0dbd85de63b361a51f4bfb6d963a772/volume-0ecf926b-fe20-4fd0-981c-4b1d4a9e6e0e.f80e6031-a4c8-4769-b0db-49c0bacf687d {{(pid=82266) execute /opt/stack/data/venv/lib/python3.10/site-packages/oslo_concurrency/processutils.py:440}}
Apr 17 05:27:41 devstack sudo[83773]: quobyte : PWD=/ ; USER=root ; COMMAND=/opt/stack/data/venv/bin/cinder-rootwrap /etc/cinder/rootwrap.conf qemu-img rebase -u -b volume-0ecf926b-fe20-4fd0-981c-4b1d4a9e6e0e -F qcow2 /opt/stack/data/cinder/mnt/e0dbd85de63b361a51f4bfb6d963a772/volume-0ecf926b-fe20-4fd0-981c-4b1d4a9e6e0e.f80e6031-a4c8-4769-b0db-49c0bacf687d
Apr 17 05:27:41 devstack sudo[83773]: pam_unix(sudo:session): session opened for user root(uid=0) by (uid=1000)
Apr 17 05:27:42 devstack sudo[83773]: pam_unix(sudo:session): session closed for user root
Apr 17 05:27:42 devstack cinder-volume[82266]: DEBUG oslo_concurrency.processutils [None req-a0bea3a2-255e-4752-bcd2-ebe07c98f65d tempest-GroupSnapshotsTest-774474103 None] CMD "sudo cinder-rootwrap /etc/cinder/rootwrap.conf qemu-img rebase -u -b volume-0ecf926b-fe20-4fd0-981c-4b1d4a9e6e0e -F qcow2 /opt/stack/data/cinder/mnt/e0dbd85de63b361a51f4bfb6d963a772/volume-0ecf926b-fe20-4fd0-981c-4b1d4a9e6e0e.f80e6031-a4c8-4769-b0db-49c0bacf687d" returned: 0 in 0.521s {{(pid=82266) execute /opt/stack/data/venv/lib/python3.10/site-packages/oslo_concurrency/processutils.py:468}}
Apr 17 05:27:42 devstack cinder-volume[82266]: WARNING cinder.volume.drivers.remotefs [None req-a0bea3a2-255e-4752-bcd2-ebe07c98f65d tempest-GroupSnapshotsTest-774474103 None] /opt/stack/data/cinder/mnt/e0dbd85de63b361a51f4bfb6d963a772/volume-0ecf926b-fe20-4fd0-981c-4b1d4a9e6e0e.f80e6031-a4c8-4769-b0db-49c0bacf687d is being set with open permissions: ugo+rw: NotImplementedError
Apr 17 05:27:42 devstack cinder-volume[82266]: DEBUG oslo_concurrency.processutils [None req-a0bea3a2-255e-4752-bcd2-ebe07c98f65d tempest-GroupSnapshotsTest-774474103 None] Running cmd (subprocess): sudo cinder-rootwrap /etc/cinder/rootwrap.conf chmod ugo+rw /opt/stack/data/cinder/mnt/e0dbd85de63b361a51f4bfb6d963a772/volume-0ecf926b-fe20-4fd0-981c-4b1d4a9e6e0e.f80e6031-a4c8-4769-b0db-49c0bacf687d {{(pid=82266) execute /opt/stack/data/venv/lib/python3.10/site-packages/oslo_concurrency/processutils.py:440}}
Apr 17 05:27:42 devstack sudo[83784]: quobyte : PWD=/ ; USER=root ; COMMAND=/opt/stack/data/venv/bin/cinder-rootwrap /etc/cinder/rootwrap.conf chmod ugo+rw /opt/stack/data/cinder/mnt/e0dbd85de63b361a51f4bfb6d963a772/volume-0ecf926b-fe20-4fd0-981c-4b1d4a9e6e0e.f80e6031-a4c8-4769-b0db-49c0bacf687d
Apr 17 05:27:42 devstack sudo[83784]: pam_unix(sudo:session): session opened for user root(uid=0) by (uid=1000)
Apr 17 05:27:42 devstack sudo[83784]: pam_unix(sudo:session): session closed for user root
Apr 17 05:27:42 devstack cinder-volume[82266]: DEBUG oslo_concurrency.processutils [None req-a0bea3a2-255e-4752-bcd2-ebe07c98f65d tempest-GroupSnapshotsTest-774474103 None] CMD "sudo cinder-rootwrap /etc/cinder/rootwrap.conf chmod ugo+rw /opt/stack/data/cinder/mnt/e0dbd85de63b361a51f4bfb6d963a772/volume-0ecf926b-fe20-4fd0-981c-4b1d4a9e6e0e.f80e6031-a4c8-4769-b0db-49c0bacf687d" returned: 0 in 0.501s {{(pid=82266) execute /opt/stack/data/venv/lib/python3.10/site-packages/oslo_concurrency/processutils.py:468}}
Apr 17 05:27:42 devstack cinder-volume[82266]: DEBUG oslo_concurrency.processutils [None req-a0bea3a2-255e-4752-bcd2-ebe07c98f65d tempest-GroupSnapshotsTest-774474103 None] Running cmd (subprocess): sudo cinder-rootwrap /etc/cinder/rootwrap.conf truncate -s0 /opt/stack/data/cinder/mnt/e0dbd85de63b361a51f4bfb6d963a772/volume-0ecf926b-fe20-4fd0-981c-4b1d4a9e6e0e.info {{(pid=82266) execute /opt/stack/data/venv/lib/python3.10/site-packages/oslo_concurrency/processutils.py:440}}
Apr 17 05:27:42 devstack sudo[83790]: quobyte : PWD=/ ; USER=root ; COMMAND=/opt/stack/data/venv/bin/cinder-rootwrap /etc/cinder/rootwrap.conf truncate -s0 /opt/stack/data/cinder/mnt/e0dbd85de63b361a51f4bfb6d963a772/volume-0ecf926b-fe20-4fd0-981c-4b1d4a9e6e0e.info
Apr 17 05:27:42 devstack sudo[83790]: pam_unix(sudo:session): session opened for user root(uid=0) by (uid=1000)
Apr 17 05:27:43 devstack sudo[83790]: pam_unix(sudo:session): session closed for user root
Apr 17 05:27:43 devstack cinder-volume[82266]: DEBUG oslo_concurrency.processutils [None req-a0bea3a2-255e-4752-bcd2-ebe07c98f65d tempest-GroupSnapshotsTest-774474103 None] CMD "sudo cinder-rootwrap /etc/cinder/rootwrap.conf truncate -s0 /opt/stack/data/cinder/mnt/e0dbd85de63b361a51f4bfb6d963a772/volume-0ecf926b-fe20-4fd0-981c-4b1d4a9e6e0e.info" returned: 0 in 0.553s {{(pid=82266) execute /opt/stack/data/venv/lib/python3.10/site-packages/oslo_concurrency/processutils.py:468}}
Apr 17 05:27:43 devstack cinder-volume[82266]: WARNING cinder.volume.drivers.remotefs [None req-a0bea3a2-255e-4752-bcd2-ebe07c98f65d tempest-GroupSnapshotsTest-774474103 None] /opt/stack/data/cinder/mnt/e0dbd85de63b361a51f4bfb6d963a772/volume-0ecf926b-fe20-4fd0-981c-4b1d4a9e6e0e.info is being set with open permissions: ugo+rw: NotImplementedError
Apr 17 05:27:43 devstack cinder-volume[82266]: DEBUG oslo_concurrency.processutils [None req-a0bea3a2-255e-4752-bcd2-ebe07c98f65d tempest-GroupSnapshotsTest-774474103 None] Running cmd (subprocess): sudo cinder-rootwrap /etc/cinder/rootwrap.conf chmod ugo+rw /opt/stack/data/cinder/mnt/e0dbd85de63b361a51f4bfb6d963a772/volume-0ecf926b-fe20-4fd0-981c-4b1d4a9e6e0e.info {{(pid=82266) execute /opt/stack/data/venv/lib/python3.10/site-packages/oslo_concurrency/processutils.py:440}}
Apr 17 05:27:43 devstack sudo[83794]: quobyte : PWD=/ ; USER=root ; COMMAND=/opt/stack/data/venv/bin/cinder-rootwrap /etc/cinder/rootwrap.conf chmod ugo+rw /opt/stack/data/cinder/mnt/e0dbd85de63b361a51f4bfb6d963a772/volume-0ecf926b-fe20-4fd0-981c-4b1d4a9e6e0e.info
Apr 17 05:27:43 devstack sudo[83794]: pam_unix(sudo:session): session opened for user root(uid=0) by (uid=1000)
Apr 17 05:27:43 devstack sudo[83794]: pam_unix(sudo:session): session closed for user root
Apr 17 05:27:43 devstack cinder-volume[82266]: DEBUG oslo_concurrency.processutils [None req-a0bea3a2-255e-4752-bcd2-ebe07c98f65d tempest-GroupSnapshotsTest-774474103 None] CMD "sudo cinder-rootwrap /etc/cinder/rootwrap.conf chmod ugo+rw /opt/stack/data/cinder/mnt/e0dbd85de63b361a51f4bfb6d963a772/volume-0ecf926b-fe20-4fd0-981c-4b1d4a9e6e0e.info" returned: 0 in 0.478s {{(pid=82266) execute /opt/stack/data/venv/lib/python3.10/site-packages/oslo_concurrency/processutils.py:468}}
Apr 17 05:27:43 devstack cinder-volume[82266]: DEBUG oslo_concurrency.lockutils [None req-a0bea3a2-255e-4752-bcd2-ebe07c98f65d tempest-GroupSnapshotsTest-774474103 None] Lock "quobyte" "released" by "cinder.volume.drivers.quobyte.QuobyteDriver.create_snapshot" :: held 3.458s {{(pid=82266) inner /opt/stack/data/venv/lib/python3.10/site-packages/oslo_concurrency/lockutils.py:538}}
Apr 17 05:27:43 devstack cinder-volume[82266]: DEBUG oslo_concurrency.lockutils [None req-f710689c-8859-47aa-af5c-95bf494794c7 tempest-SnapshotsActionsTest-2056862822 None] Lock "quobyte" acquired by "cinder.volume.drivers.quobyte.QuobyteDriver.create_snapshot" :: waited 2.138s {{(pid=82266) inner /opt/stack/data/venv/lib/python3.10/site-packages/oslo_concurrency/lockutils.py:519}}
Apr 17 05:27:43 devstack cinder-volume[82266]: DEBUG cinder.volume.drivers.remotefs [None req-f710689c-8859-47aa-af5c-95bf494794c7 tempest-SnapshotsActionsTest-2056862822 None] Creating offline snapshot 585b4d77-a7a8-4576-b0ff-42a118e89f4d of volume e809ba47-79df-4c74-a9c3-f9c980168dcc {{(pid=82266) _create_snapshot /opt/stack/cinder/cinder/volume/drivers/remotefs.py:1816}}
Apr 17 05:27:43 devstack cinder-volume[82266]: DEBUG oslo.privsep.daemon [-] privsep: reply[9a149cb9-f761-401a-8e14-00e2b58ddcd1]: (4, 'qcow2') {{(pid=83012) _call_back /opt/stack/data/venv/lib/python3.10/site-packages/oslo_privsep/daemon.py:573}}
Apr 17 05:27:43 devstack cinder-volume[82266]: DEBUG oslo_concurrency.processutils [None req-f710689c-8859-47aa-af5c-95bf494794c7 tempest-SnapshotsActionsTest-2056862822 None] Running cmd (subprocess): /opt/stack/data/venv/bin/python3.10 -m oslo_concurrency.prlimit --as=1073741824 --cpu=60 -- sudo cinder-rootwrap /etc/cinder/rootwrap.conf env LC_ALL=C qemu-img info -f qcow2 --output=json --force-share /opt/stack/data/cinder/mnt/e0dbd85de63b361a51f4bfb6d963a772/volume-e809ba47-79df-4c74-a9c3-f9c980168dcc {{(pid=82266) execute /opt/stack/data/venv/lib/python3.10/site-packages/oslo_concurrency/processutils.py:440}}
Apr 17 05:27:43 devstack cinder-volume[82266]: INFO cinder.volume.manager [None req-a0bea3a2-255e-4752-bcd2-ebe07c98f65d tempest-GroupSnapshotsTest-774474103 None] group_snapshot 4285c887-00e0-4c8c-a333-1812bb6db199: created successfully
Apr 17 05:27:43 devstack sudo[83797]: quobyte : PWD=/ ; USER=root ; COMMAND=/opt/stack/data/venv/bin/cinder-rootwrap /etc/cinder/rootwrap.conf env LC_ALL=C qemu-img info -f qcow2 --output=json --force-share /opt/stack/data/cinder/mnt/e0dbd85de63b361a51f4bfb6d963a772/volume-e809ba47-79df-4c74-a9c3-f9c980168dcc
Apr 17 05:27:43 devstack sudo[83797]: pam_unix(sudo:session): session opened for user root(uid=0) by (uid=1000)
Apr 17 05:27:44 devstack sudo[83797]: pam_unix(sudo:session): session closed for user root
Apr 17 05:27:44 devstack cinder-volume[82266]: DEBUG oslo_concurrency.processutils [None req-f710689c-8859-47aa-af5c-95bf494794c7 tempest-SnapshotsActionsTest-2056862822 None] CMD "/opt/stack/data/venv/bin/python3.10 -m oslo_concurrency.prlimit --as=1073741824 --cpu=60 -- sudo cinder-rootwrap /etc/cinder/rootwrap.conf env LC_ALL=C qemu-img info -f qcow2 --output=json --force-share /opt/stack/data/cinder/mnt/e0dbd85de63b361a51f4bfb6d963a772/volume-e809ba47-79df-4c74-a9c3-f9c980168dcc" returned: 0 in 0.615s {{(pid=82266) execute /opt/stack/data/venv/lib/python3.10/site-packages/oslo_concurrency/processutils.py:468}}
Apr 17 05:27:44 devstack cinder-volume[82266]: DEBUG oslo_concurrency.processutils [None req-f710689c-8859-47aa-af5c-95bf494794c7 tempest-SnapshotsActionsTest-2056862822 None] Running cmd (subprocess): sudo cinder-rootwrap /etc/cinder/rootwrap.conf qemu-img create -f qcow2 -o backing_file=/opt/stack/data/cinder/mnt/e0dbd85de63b361a51f4bfb6d963a772/volume-e809ba47-79df-4c74-a9c3-f9c980168dcc,backing_fmt=qcow2 /opt/stack/data/cinder/mnt/e0dbd85de63b361a51f4bfb6d963a772/volume-e809ba47-79df-4c74-a9c3-f9c980168dcc.585b4d77-a7a8-4576-b0ff-42a118e89f4d 1G {{(pid=82266) execute /opt/stack/data/venv/lib/python3.10/site-packages/oslo_concurrency/processutils.py:440}}
Apr 17 05:27:44 devstack sudo[83802]: quobyte : PWD=/ ; USER=root ; COMMAND=/opt/stack/data/venv/bin/cinder-rootwrap /etc/cinder/rootwrap.conf qemu-img create -f qcow2 -o backing_file=/opt/stack/data/cinder/mnt/e0dbd85de63b361a51f4bfb6d963a772/volume-e809ba47-79df-4c74-a9c3-f9c980168dcc,backing_fmt=qcow2 /opt/stack/data/cinder/mnt/e0dbd85de63b361a51f4bfb6d963a772/volume-e809ba47-79df-4c74-a9c3-f9c980168dcc.585b4d77-a7a8-4576-b0ff-42a118e89f4d 1G
Apr 17 05:27:44 devstack sudo[83802]: pam_unix(sudo:session): session opened for user root(uid=0) by (uid=1000)
Apr 17 05:27:44 devstack sudo[83802]: pam_unix(sudo:session): session closed for user root
Apr 17 05:27:44 devstack cinder-volume[82266]: DEBUG oslo_concurrency.processutils [None req-f710689c-8859-47aa-af5c-95bf494794c7 tempest-SnapshotsActionsTest-2056862822 None] CMD "sudo cinder-rootwrap /etc/cinder/rootwrap.conf qemu-img create -f qcow2 -o backing_file=/opt/stack/data/cinder/mnt/e0dbd85de63b361a51f4bfb6d963a772/volume-e809ba47-79df-4c74-a9c3-f9c980168dcc,backing_fmt=qcow2 /opt/stack/data/cinder/mnt/e0dbd85de63b361a51f4bfb6d963a772/volume-e809ba47-79df-4c74-a9c3-f9c980168dcc.585b4d77-a7a8-4576-b0ff-42a118e89f4d 1G" returned: 0 in 0.566s {{(pid=82266) execute /opt/stack/data/venv/lib/python3.10/site-packages/oslo_concurrency/processutils.py:468}}
Apr 17 05:27:44 devstack cinder-volume[82266]: DEBUG oslo_concurrency.processutils [None req-f710689c-8859-47aa-af5c-95bf494794c7 tempest-SnapshotsActionsTest-2056862822 None] Running cmd (subprocess): sudo cinder-rootwrap /etc/cinder/rootwrap.conf qemu-img rebase -u -b volume-e809ba47-79df-4c74-a9c3-f9c980168dcc -F qcow2 /opt/stack/data/cinder/mnt/e0dbd85de63b361a51f4bfb6d963a772/volume-e809ba47-79df-4c74-a9c3-f9c980168dcc.585b4d77-a7a8-4576-b0ff-42a118e89f4d {{(pid=82266) execute /opt/stack/data/venv/lib/python3.10/site-packages/oslo_concurrency/processutils.py:440}}
Apr 17 05:27:44 devstack sudo[83807]: quobyte : PWD=/ ; USER=root ; COMMAND=/opt/stack/data/venv/bin/cinder-rootwrap /etc/cinder/rootwrap.conf qemu-img rebase -u -b volume-e809ba47-79df-4c74-a9c3-f9c980168dcc -F qcow2 /opt/stack/data/cinder/mnt/e0dbd85de63b361a51f4bfb6d963a772/volume-e809ba47-79df-4c74-a9c3-f9c980168dcc.585b4d77-a7a8-4576-b0ff-42a118e89f4d
Apr 17 05:27:44 devstack sudo[83807]: pam_unix(sudo:session): session opened for user root(uid=0) by (uid=1000)
Apr 17 05:27:45 devstack cinder-volume[82266]: DEBUG oslo_concurrency.lockutils [None req-45d3bf09-7669-47dc-a83c-5dfcd06383af tempest-GroupSnapshotsTest-774474103 None] Acquiring lock "quobyte" by "cinder.volume.drivers.quobyte.QuobyteDriver.create_volume_from_snapshot" {{(pid=82266) inner /opt/stack/data/venv/lib/python3.10/site-packages/oslo_concurrency/lockutils.py:506}}
Apr 17 05:27:45 devstack sudo[83807]: pam_unix(sudo:session): session closed for user root
Apr 17 05:27:45 devstack cinder-volume[82266]: DEBUG oslo_concurrency.processutils [None req-f710689c-8859-47aa-af5c-95bf494794c7 tempest-SnapshotsActionsTest-2056862822 None] CMD "sudo cinder-rootwrap /etc/cinder/rootwrap.conf qemu-img rebase -u -b volume-e809ba47-79df-4c74-a9c3-f9c980168dcc -F qcow2 /opt/stack/data/cinder/mnt/e0dbd85de63b361a51f4bfb6d963a772/volume-e809ba47-79df-4c74-a9c3-f9c980168dcc.585b4d77-a7a8-4576-b0ff-42a118e89f4d" returned: 0 in 0.538s {{(pid=82266) execute /opt/stack/data/venv/lib/python3.10/site-packages/oslo_concurrency/processutils.py:468}}
Apr 17 05:27:45 devstack cinder-volume[82266]: WARNING cinder.volume.drivers.remotefs [None req-f710689c-8859-47aa-af5c-95bf494794c7 tempest-SnapshotsActionsTest-2056862822 None] /opt/stack/data/cinder/mnt/e0dbd85de63b361a51f4bfb6d963a772/volume-e809ba47-79df-4c74-a9c3-f9c980168dcc.585b4d77-a7a8-4576-b0ff-42a118e89f4d is being set with open permissions: ugo+rw
Apr 17 05:27:45 devstack cinder-volume[82266]: DEBUG oslo_concurrency.processutils [None req-f710689c-8859-47aa-af5c-95bf494794c7 tempest-SnapshotsActionsTest-2056862822 None] Running cmd (subprocess): sudo cinder-rootwrap /etc/cinder/rootwrap.conf chmod ugo+rw /opt/stack/data/cinder/mnt/e0dbd85de63b361a51f4bfb6d963a772/volume-e809ba47-79df-4c74-a9c3-f9c980168dcc.585b4d77-a7a8-4576-b0ff-42a118e89f4d {{(pid=82266) execute /opt/stack/data/venv/lib/python3.10/site-packages/oslo_concurrency/processutils.py:440}}
Apr 17 05:27:45 devstack sudo[83815]: quobyte : PWD=/ ; USER=root ; COMMAND=/opt/stack/data/venv/bin/cinder-rootwrap /etc/cinder/rootwrap.conf chmod ugo+rw /opt/stack/data/cinder/mnt/e0dbd85de63b361a51f4bfb6d963a772/volume-e809ba47-79df-4c74-a9c3-f9c980168dcc.585b4d77-a7a8-4576-b0ff-42a118e89f4d
Apr 17 05:27:45 devstack sudo[83815]: pam_unix(sudo:session): session opened for user root(uid=0) by (uid=1000)
Apr 17 05:27:45 devstack sudo[83815]: pam_unix(sudo:session): session closed for user root
Apr 17 05:27:45 devstack cinder-volume[82266]: DEBUG oslo_concurrency.processutils [None req-f710689c-8859-47aa-af5c-95bf494794c7 tempest-SnapshotsActionsTest-2056862822 None] CMD "sudo cinder-rootwrap /etc/cinder/rootwrap.conf chmod ugo+rw /opt/stack/data/cinder/mnt/e0dbd85de63b361a51f4bfb6d963a772/volume-e809ba47-79df-4c74-a9c3-f9c980168dcc.585b4d77-a7a8-4576-b0ff-42a118e89f4d" returned: 0 in 0.509s {{(pid=82266) execute /opt/stack/data/venv/lib/python3.10/site-packages/oslo_concurrency/processutils.py:468}}
Apr 17 05:27:45 devstack cinder-volume[82266]: DEBUG oslo_concurrency.processutils [None req-f710689c-8859-47aa-af5c-95bf494794c7 tempest-SnapshotsActionsTest-2056862822 None] Running cmd (subprocess): sudo cinder-rootwrap /etc/cinder/rootwrap.conf truncate -s0 /opt/stack/data/cinder/mnt/e0dbd85de63b361a51f4bfb6d963a772/volume-e809ba47-79df-4c74-a9c3-f9c980168dcc.info {{(pid=82266) execute /opt/stack/data/venv/lib/python3.10/site-packages/oslo_concurrency/processutils.py:440}}
Apr 17 05:27:45 devstack sudo[83819]: quobyte : PWD=/ ; USER=root ; COMMAND=/opt/stack/data/venv/bin/cinder-rootwrap /etc/cinder/rootwrap.conf truncate -s0 /opt/stack/data/cinder/mnt/e0dbd85de63b361a51f4bfb6d963a772/volume-e809ba47-79df-4c74-a9c3-f9c980168dcc.info
Apr 17 05:27:45 devstack sudo[83819]: pam_unix(sudo:session): session opened for user root(uid=0) by (uid=1000)
Apr 17 05:27:46 devstack sudo[83819]: pam_unix(sudo:session): session closed for user root
Apr 17 05:27:46 devstack cinder-volume[82266]: DEBUG oslo_concurrency.processutils [None req-f710689c-8859-47aa-af5c-95bf494794c7 tempest-SnapshotsActionsTest-2056862822 None] CMD "sudo cinder-rootwrap /etc/cinder/rootwrap.conf truncate -s0 /opt/stack/data/cinder/mnt/e0dbd85de63b361a51f4bfb6d963a772/volume-e809ba47-79df-4c74-a9c3-f9c980168dcc.info" returned: 0 in 0.590s {{(pid=82266) execute /opt/stack/data/venv/lib/python3.10/site-packages/oslo_concurrency/processutils.py:468}}
Apr 17 05:27:46 devstack cinder-volume[82266]: WARNING cinder.volume.drivers.remotefs [None req-f710689c-8859-47aa-af5c-95bf494794c7 tempest-SnapshotsActionsTest-2056862822 None] /opt/stack/data/cinder/mnt/e0dbd85de63b361a51f4bfb6d963a772/volume-e809ba47-79df-4c74-a9c3-f9c980168dcc.info is being set with open permissions: ugo+rw
Apr 17 05:27:46 devstack cinder-volume[82266]: DEBUG oslo_concurrency.processutils [None req-f710689c-8859-47aa-af5c-95bf494794c7 tempest-SnapshotsActionsTest-2056862822 None] Running cmd (subprocess): sudo cinder-rootwrap /etc/cinder/rootwrap.conf chmod ugo+rw /opt/stack/data/cinder/mnt/e0dbd85de63b361a51f4bfb6d963a772/volume-e809ba47-79df-4c74-a9c3-f9c980168dcc.info {{(pid=82266) execute /opt/stack/data/venv/lib/python3.10/site-packages/oslo_concurrency/processutils.py:440}}
Apr 17 05:27:46 devstack sudo[83828]: quobyte : PWD=/ ; USER=root ; COMMAND=/opt/stack/data/venv/bin/cinder-rootwrap /etc/cinder/rootwrap.conf chmod ugo+rw /opt/stack/data/cinder/mnt/e0dbd85de63b361a51f4bfb6d963a772/volume-e809ba47-79df-4c74-a9c3-f9c980168dcc.info
Apr 17 05:27:46 devstack sudo[83828]: pam_unix(sudo:session): session opened for user root(uid=0) by (uid=1000)
Apr 17 05:27:47 devstack sudo[83828]: pam_unix(sudo:session): session closed for user root
Apr 17 05:27:47 devstack cinder-volume[82266]: DEBUG oslo_concurrency.processutils [None req-f710689c-8859-47aa-af5c-95bf494794c7 tempest-SnapshotsActionsTest-2056862822 None] CMD "sudo cinder-rootwrap /etc/cinder/rootwrap.conf chmod ugo+rw /opt/stack/data/cinder/mnt/e0dbd85de63b361a51f4bfb6d963a772/volume-e809ba47-79df-4c74-a9c3-f9c980168dcc.info" returned: 0 in 0.602s {{(pid=82266) execute /opt/stack/data/venv/lib/python3.10/site-packages/oslo_concurrency/processutils.py:468}}
Apr 17 05:27:47 devstack cinder-volume[82266]: DEBUG oslo_concurrency.lockutils [None req-f710689c-8859-47aa-af5c-95bf494794c7 tempest-SnapshotsActionsTest-2056862822 None] Lock "quobyte" "released" by "cinder.volume.drivers.quobyte.QuobyteDriver.create_snapshot" :: held 3.488s {{(pid=82266) inner /opt/stack/data/venv/lib/python3.10/site-packages/oslo_concurrency/lockutils.py:538}}
Apr 17 05:27:47 devstack cinder-volume[82266]: DEBUG oslo_concurrency.lockutils [None req-45d3bf09-7669-47dc-a83c-5dfcd06383af tempest-GroupSnapshotsTest-774474103 None] Lock "quobyte" acquired by "cinder.volume.drivers.quobyte.QuobyteDriver.create_volume_from_snapshot" :: waited 1.988s {{(pid=82266) inner /opt/stack/data/venv/lib/python3.10/site-packages/oslo_concurrency/lockutils.py:519}}
Apr 17 05:27:47 devstack cinder-volume[82266]: DEBUG cinder.coordination [None req-45d3bf09-7669-47dc-a83c-5dfcd06383af tempest-GroupSnapshotsTest-774474103 None] Acquiring lock "cinder-quobyte-f80e6031-a4c8-4769-b0db-49c0bacf687d-0d1aaf9f-b327-4ecb-ab98-72656253fa54" by "_create_volume_from_snapshot" {{(pid=82266) __acquire /opt/stack/cinder/cinder/coordination.py:138}}
Apr 17 05:27:47 devstack cinder-volume[82266]: INFO cinder.volume.manager [None req-f710689c-8859-47aa-af5c-95bf494794c7 tempest-SnapshotsActionsTest-2056862822 None] Create snapshot completed successfully
Apr 17 05:27:47 devstack cinder-volume[82266]: DEBUG cinder.coordination [None req-45d3bf09-7669-47dc-a83c-5dfcd06383af tempest-GroupSnapshotsTest-774474103 None] Lock "cinder-quobyte-f80e6031-a4c8-4769-b0db-49c0bacf687d-0d1aaf9f-b327-4ecb-ab98-72656253fa54" acquired by "_create_volume_from_snapshot" :: waited 0.033s {{(pid=82266) __acquire /opt/stack/cinder/cinder/coordination.py:141}}
Apr 17 05:27:47 devstack cinder-volume[82266]: DEBUG cinder.volume.drivers.quobyte [None req-45d3bf09-7669-47dc-a83c-5dfcd06383af tempest-GroupSnapshotsTest-774474103 None] Creating volume 0d1aaf9f-b327-4ecb-ab98-72656253fa54 from snapshot f80e6031-a4c8-4769-b0db-49c0bacf687d {{(pid=82266) _create_volume_from_snapshot /opt/stack/cinder/cinder/volume/drivers/quobyte.py:356}}
Apr 17 05:27:47 devstack cinder-volume[82266]: DEBUG oslo_concurrency.lockutils [None req-45d3bf09-7669-47dc-a83c-5dfcd06383af tempest-GroupSnapshotsTest-774474103 None] Acquiring lock "quobyte_ensure" by "cinder.volume.drivers.quobyte.QuobyteDriver._ensure_shares_mounted" {{(pid=82266) inner /opt/stack/data/venv/lib/python3.10/site-packages/oslo_concurrency/lockutils.py:506}}
Apr 17 05:27:47 devstack cinder-volume[82266]: DEBUG oslo_concurrency.lockutils [None req-45d3bf09-7669-47dc-a83c-5dfcd06383af tempest-GroupSnapshotsTest-774474103 None] Lock "quobyte_ensure" acquired by "cinder.volume.drivers.quobyte.QuobyteDriver._ensure_shares_mounted" :: waited 0.000s {{(pid=82266) inner /opt/stack/data/venv/lib/python3.10/site-packages/oslo_concurrency/lockutils.py:519}}
Apr 17 05:27:47 devstack cinder-volume[82266]: DEBUG cinder.volume.drivers.quobyte [None req-45d3bf09-7669-47dc-a83c-5dfcd06383af tempest-GroupSnapshotsTest-774474103 None] Quobyte Volume URL set to: {'osci02.corp.quobyte.com/cinder-vol-8e7642a6-0147-4cfc-92c6-86e2e2c93b12': None} {{(pid=82266) _load_shares_config /opt/stack/cinder/cinder/volume/drivers/quobyte.py:617}}
Apr 17 05:27:47 devstack cinder-volume[82266]: DEBUG cinder.volume.drivers.quobyte [None req-45d3bf09-7669-47dc-a83c-5dfcd06383af tempest-GroupSnapshotsTest-774474103 None] Available shares ['osci02.corp.quobyte.com/cinder-vol-8e7642a6-0147-4cfc-92c6-86e2e2c93b12'] {{(pid=82266) _ensure_shares_mounted /opt/stack/cinder/cinder/volume/drivers/quobyte.py:647}}
Apr 17 05:27:47 devstack cinder-volume[82266]: DEBUG oslo_concurrency.lockutils [None req-45d3bf09-7669-47dc-a83c-5dfcd06383af tempest-GroupSnapshotsTest-774474103 None] Lock "quobyte_ensure" "released" by "cinder.volume.drivers.quobyte.QuobyteDriver._ensure_shares_mounted" :: held 0.008s {{(pid=82266) inner /opt/stack/data/venv/lib/python3.10/site-packages/oslo_concurrency/lockutils.py:538}}
Apr 17 05:27:47 devstack cinder-volume[82266]: DEBUG cinder.volume.drivers.quobyte [None req-45d3bf09-7669-47dc-a83c-5dfcd06383af tempest-GroupSnapshotsTest-774474103 None] Selected osci02.corp.quobyte.com/cinder-vol-8e7642a6-0147-4cfc-92c6-86e2e2c93b12 as target Quobyte volume. {{(pid=82266) _find_share /opt/stack/cinder/cinder/volume/drivers/quobyte.py:668}}
Apr 17 05:27:47 devstack cinder-volume[82266]: DEBUG cinder.coordination [None req-45d3bf09-7669-47dc-a83c-5dfcd06383af tempest-GroupSnapshotsTest-774474103 None] Acquiring lock "cinder-quobyte-0d1aaf9f-b327-4ecb-ab98-72656253fa54" by "_copy_volume_from_snapshot" {{(pid=82266) __acquire /opt/stack/cinder/cinder/coordination.py:138}}
Apr 17 05:27:47 devstack cinder-volume[82266]: DEBUG cinder.coordination [None req-45d3bf09-7669-47dc-a83c-5dfcd06383af tempest-GroupSnapshotsTest-774474103 None] Lock "cinder-quobyte-0d1aaf9f-b327-4ecb-ab98-72656253fa54" acquired by "_copy_volume_from_snapshot" :: waited 0.014s {{(pid=82266) __acquire /opt/stack/cinder/cinder/coordination.py:141}}
Apr 17 05:27:47 devstack cinder-volume[82266]: DEBUG cinder.volume.drivers.quobyte [None req-45d3bf09-7669-47dc-a83c-5dfcd06383af tempest-GroupSnapshotsTest-774474103 None] snapshot: f80e6031-a4c8-4769-b0db-49c0bacf687d, volume: 0d1aaf9f-b327-4ecb-ab98-72656253fa54, {{(pid=82266) _copy_volume_from_snapshot /opt/stack/cinder/cinder/volume/drivers/quobyte.py:401}}
Apr 17 05:27:47 devstack cinder-volume[82266]: DEBUG oslo_concurrency.lockutils [None req-45d3bf09-7669-47dc-a83c-5dfcd06383af tempest-GroupSnapshotsTest-774474103 None] Acquiring lock "quobyte_ensure" by "cinder.volume.drivers.quobyte.QuobyteDriver._ensure_shares_mounted" {{(pid=82266) inner /opt/stack/data/venv/lib/python3.10/site-packages/oslo_concurrency/lockutils.py:506}}
Apr 17 05:27:47 devstack cinder-volume[82266]: DEBUG oslo_concurrency.lockutils [None req-45d3bf09-7669-47dc-a83c-5dfcd06383af tempest-GroupSnapshotsTest-774474103 None] Lock "quobyte_ensure" acquired by "cinder.volume.drivers.quobyte.QuobyteDriver._ensure_shares_mounted" :: waited 0.001s {{(pid=82266) inner /opt/stack/data/venv/lib/python3.10/site-packages/oslo_concurrency/lockutils.py:519}}
Apr 17 05:27:47 devstack cinder-volume[82266]: DEBUG cinder.volume.drivers.quobyte [None req-45d3bf09-7669-47dc-a83c-5dfcd06383af tempest-GroupSnapshotsTest-774474103 None] Quobyte Volume URL set to: {'osci02.corp.quobyte.com/cinder-vol-8e7642a6-0147-4cfc-92c6-86e2e2c93b12': None} {{(pid=82266) _load_shares_config /opt/stack/cinder/cinder/volume/drivers/quobyte.py:617}}
Apr 17 05:27:47 devstack cinder-volume[82266]: DEBUG cinder.volume.drivers.quobyte [None req-45d3bf09-7669-47dc-a83c-5dfcd06383af tempest-GroupSnapshotsTest-774474103 None] Available shares ['osci02.corp.quobyte.com/cinder-vol-8e7642a6-0147-4cfc-92c6-86e2e2c93b12'] {{(pid=82266) _ensure_shares_mounted /opt/stack/cinder/cinder/volume/drivers/quobyte.py:647}}
Apr 17 05:27:47 devstack cinder-volume[82266]: DEBUG oslo_concurrency.lockutils [None req-45d3bf09-7669-47dc-a83c-5dfcd06383af tempest-GroupSnapshotsTest-774474103 None] Lock "quobyte_ensure" "released" by "cinder.volume.drivers.quobyte.QuobyteDriver._ensure_shares_mounted" :: held 0.003s {{(pid=82266) inner /opt/stack/data/venv/lib/python3.10/site-packages/oslo_concurrency/lockutils.py:538}}
Apr 17 05:27:47 devstack cinder-volume[82266]: DEBUG oslo.privsep.daemon [-] privsep: reply[64a42ee8-1ab0-415c-b20c-33c74038c3c5]: (4, 'qcow2') {{(pid=83012) _call_back /opt/stack/data/venv/lib/python3.10/site-packages/oslo_privsep/daemon.py:573}}
Apr 17 05:27:47 devstack cinder-volume[82266]: DEBUG oslo_concurrency.processutils [None req-45d3bf09-7669-47dc-a83c-5dfcd06383af tempest-GroupSnapshotsTest-774474103 None] Running cmd (subprocess): /opt/stack/data/venv/bin/python3.10 -m oslo_concurrency.prlimit --as=1073741824 --cpu=60 -- sudo cinder-rootwrap /etc/cinder/rootwrap.conf env LC_ALL=C qemu-img info -f qcow2 --output=json --force-share /opt/stack/data/cinder/mnt/e0dbd85de63b361a51f4bfb6d963a772/volume-0ecf926b-fe20-4fd0-981c-4b1d4a9e6e0e.f80e6031-a4c8-4769-b0db-49c0bacf687d {{(pid=82266) execute /opt/stack/data/venv/lib/python3.10/site-packages/oslo_concurrency/processutils.py:440}}
Apr 17 05:27:47 devstack sudo[83834]: quobyte : PWD=/ ; USER=root ; COMMAND=/opt/stack/data/venv/bin/cinder-rootwrap /etc/cinder/rootwrap.conf env LC_ALL=C qemu-img info -f qcow2 --output=json --force-share /opt/stack/data/cinder/mnt/e0dbd85de63b361a51f4bfb6d963a772/volume-0ecf926b-fe20-4fd0-981c-4b1d4a9e6e0e.f80e6031-a4c8-4769-b0db-49c0bacf687d
Apr 17 05:27:47 devstack sudo[83834]: pam_unix(sudo:session): session opened for user root(uid=0) by (uid=1000)
Apr 17 05:27:47 devstack sudo[83834]: pam_unix(sudo:session): session closed for user root
Apr 17 05:27:47 devstack cinder-volume[82266]: DEBUG oslo_concurrency.processutils [None req-45d3bf09-7669-47dc-a83c-5dfcd06383af tempest-GroupSnapshotsTest-774474103 None] CMD "/opt/stack/data/venv/bin/python3.10 -m oslo_concurrency.prlimit --as=1073741824 --cpu=60 -- sudo cinder-rootwrap /etc/cinder/rootwrap.conf env LC_ALL=C qemu-img info -f qcow2 --output=json --force-share /opt/stack/data/cinder/mnt/e0dbd85de63b361a51f4bfb6d963a772/volume-0ecf926b-fe20-4fd0-981c-4b1d4a9e6e0e.f80e6031-a4c8-4769-b0db-49c0bacf687d" returned: 0 in 0.792s {{(pid=82266) execute /opt/stack/data/venv/lib/python3.10/site-packages/oslo_concurrency/processutils.py:468}}
Apr 17 05:27:47 devstack cinder-volume[82266]: DEBUG cinder.volume.drivers.remotefs [None req-45d3bf09-7669-47dc-a83c-5dfcd06383af tempest-GroupSnapshotsTest-774474103 None] Fetching qemu-img info with special backing_file_template: (/opt/stack/data/cinder/mnt/[0-9a-f]+/)?(volume-0ecf926b-fe20-4fd0-981c-4b1d4a9e6e0e(.(tmp-snap-)?[0-9a-f-]+)?|volume_from_snapshot_cache/(tmp-snap-)?[0-9a-f-]+(.(child-|parent-)[0-9a-f-]+)?)$ {{(pid=82266) _qemu_img_info_base /opt/stack/cinder/cinder/volume/drivers/remotefs.py:896}}
Apr 17 05:27:47 devstack cinder-volume[82266]: DEBUG cinder.volume.drivers.quobyte [None req-45d3bf09-7669-47dc-a83c-5dfcd06383af tempest-GroupSnapshotsTest-774474103 None] will copy from snapshot at /opt/stack/data/cinder/mnt/e0dbd85de63b361a51f4bfb6d963a772/volume-0ecf926b-fe20-4fd0-981c-4b1d4a9e6e0e {{(pid=82266) _copy_volume_from_snapshot /opt/stack/cinder/cinder/volume/drivers/quobyte.py:420}}
Apr 17 05:27:47 devstack cinder-volume[82266]: DEBUG cinder.volume.drivers.quobyte [None req-45d3bf09-7669-47dc-a83c-5dfcd06383af tempest-GroupSnapshotsTest-774474103 None] Creating direct copy from snapshot {{(pid=82266) _copy_volume_from_snapshot /opt/stack/cinder/cinder/volume/drivers/quobyte.py:428}}
Apr 17 05:27:47 devstack cinder-volume[82266]: DEBUG oslo.privsep.daemon [-] privsep: reply[0231d1dc-9284-419b-9b16-20647eedc0f2]: (4, 'qcow2') {{(pid=83012) _call_back /opt/stack/data/venv/lib/python3.10/site-packages/oslo_privsep/daemon.py:573}}
Apr 17 05:27:47 devstack cinder-volume[82266]: DEBUG oslo_concurrency.processutils [None req-45d3bf09-7669-47dc-a83c-5dfcd06383af tempest-GroupSnapshotsTest-774474103 None] Running cmd (subprocess): /opt/stack/data/venv/bin/python3.10 -m oslo_concurrency.prlimit --as=1073741824 --cpu=60 -- sudo cinder-rootwrap /etc/cinder/rootwrap.conf env LC_ALL=C qemu-img info -f qcow2 --output=json /opt/stack/data/cinder/mnt/e0dbd85de63b361a51f4bfb6d963a772/volume-0ecf926b-fe20-4fd0-981c-4b1d4a9e6e0e {{(pid=82266) execute /opt/stack/data/venv/lib/python3.10/site-packages/oslo_concurrency/processutils.py:440}}
Apr 17 05:27:48 devstack sudo[83856]: quobyte : PWD=/ ; USER=root ; COMMAND=/opt/stack/data/venv/bin/cinder-rootwrap /etc/cinder/rootwrap.conf env LC_ALL=C qemu-img info -f qcow2 --output=json /opt/stack/data/cinder/mnt/e0dbd85de63b361a51f4bfb6d963a772/volume-0ecf926b-fe20-4fd0-981c-4b1d4a9e6e0e
Apr 17 05:27:48 devstack sudo[83856]: pam_unix(sudo:session): session opened for user root(uid=0) by (uid=1000)
Apr 17 05:27:48 devstack cinder-volume[82266]: DEBUG oslo_concurrency.lockutils [None req-b5836917-5512-4e6d-b4f3-0957f59df3f2 tempest-SnapshotsActionsTest-2056862822 None] Acquiring lock "quobyte" by "cinder.volume.drivers.quobyte.QuobyteDriver.create_snapshot" {{(pid=82266) inner /opt/stack/data/venv/lib/python3.10/site-packages/oslo_concurrency/lockutils.py:506}}
Apr 17 05:27:48 devstack sudo[83856]: pam_unix(sudo:session): session closed for user root
Apr 17 05:27:48 devstack cinder-volume[82266]: DEBUG oslo_concurrency.processutils [None req-45d3bf09-7669-47dc-a83c-5dfcd06383af tempest-GroupSnapshotsTest-774474103 None] CMD "/opt/stack/data/venv/bin/python3.10 -m oslo_concurrency.prlimit --as=1073741824 --cpu=60 -- sudo cinder-rootwrap /etc/cinder/rootwrap.conf env LC_ALL=C qemu-img info -f qcow2 --output=json /opt/stack/data/cinder/mnt/e0dbd85de63b361a51f4bfb6d963a772/volume-0ecf926b-fe20-4fd0-981c-4b1d4a9e6e0e" returned: 0 in 0.717s {{(pid=82266) execute /opt/stack/data/venv/lib/python3.10/site-packages/oslo_concurrency/processutils.py:468}}
Apr 17 05:27:48 devstack cinder-volume[82266]: DEBUG cinder.utils [None req-45d3bf09-7669-47dc-a83c-5dfcd06383af tempest-GroupSnapshotsTest-774474103 None] Path /opt/stack/data/cinder/mnt/e0dbd85de63b361a51f4bfb6d963a772/volume-0d1aaf9f-b327-4ecb-ab98-72656253fa54 not found in is_blk_device check {{(pid=82266) is_blk_device /opt/stack/cinder/cinder/utils.py:602}}
Apr 17 05:27:48 devstack cinder-volume[82266]: DEBUG oslo_concurrency.processutils [None req-45d3bf09-7669-47dc-a83c-5dfcd06383af tempest-GroupSnapshotsTest-774474103 None] Running cmd (subprocess): sudo cinder-rootwrap /etc/cinder/rootwrap.conf qemu-img convert -O qcow2 /opt/stack/data/cinder/mnt/e0dbd85de63b361a51f4bfb6d963a772/volume-0ecf926b-fe20-4fd0-981c-4b1d4a9e6e0e /opt/stack/data/cinder/mnt/e0dbd85de63b361a51f4bfb6d963a772/volume-0d1aaf9f-b327-4ecb-ab98-72656253fa54 {{(pid=82266) execute /opt/stack/data/venv/lib/python3.10/site-packages/oslo_concurrency/processutils.py:440}}
Apr 17 05:27:48 devstack sudo[83861]: quobyte : PWD=/ ; USER=root ; COMMAND=/opt/stack/data/venv/bin/cinder-rootwrap /etc/cinder/rootwrap.conf qemu-img convert -O qcow2 /opt/stack/data/cinder/mnt/e0dbd85de63b361a51f4bfb6d963a772/volume-0ecf926b-fe20-4fd0-981c-4b1d4a9e6e0e /opt/stack/data/cinder/mnt/e0dbd85de63b361a51f4bfb6d963a772/volume-0d1aaf9f-b327-4ecb-ab98-72656253fa54
Apr 17 05:27:48 devstack sudo[83861]: pam_unix(sudo:session): session opened for user root(uid=0) by (uid=1000)
Apr 17 05:27:51 devstack sudo[83861]: pam_unix(sudo:session): session closed for user root
Apr 17 05:27:51 devstack cinder-volume[82266]: DEBUG oslo_concurrency.processutils [None req-45d3bf09-7669-47dc-a83c-5dfcd06383af tempest-GroupSnapshotsTest-774474103 None] CMD "sudo cinder-rootwrap /etc/cinder/rootwrap.conf qemu-img convert -O qcow2 /opt/stack/data/cinder/mnt/e0dbd85de63b361a51f4bfb6d963a772/volume-0ecf926b-fe20-4fd0-981c-4b1d4a9e6e0e /opt/stack/data/cinder/mnt/e0dbd85de63b361a51f4bfb6d963a772/volume-0d1aaf9f-b327-4ecb-ab98-72656253fa54" returned: 0 in 2.789s {{(pid=82266) execute /opt/stack/data/venv/lib/python3.10/site-packages/oslo_concurrency/processutils.py:468}}
Apr 17 05:27:51 devstack cinder-volume[82266]: DEBUG oslo.privsep.daemon [-] privsep: reply[ecd57a16-3b6b-4eb4-aab8-902f1b391325]: (4, 'qcow2') {{(pid=83012) _call_back /opt/stack/data/venv/lib/python3.10/site-packages/oslo_privsep/daemon.py:573}}
Apr 17 05:27:51 devstack cinder-volume[82266]: DEBUG oslo_concurrency.processutils [None req-45d3bf09-7669-47dc-a83c-5dfcd06383af tempest-GroupSnapshotsTest-774474103 None] Running cmd (subprocess): /opt/stack/data/venv/bin/python3.10 -m oslo_concurrency.prlimit --as=1073741824 --cpu=60 -- sudo cinder-rootwrap /etc/cinder/rootwrap.conf env LC_ALL=C qemu-img info -f qcow2 --output=json /opt/stack/data/cinder/mnt/e0dbd85de63b361a51f4bfb6d963a772/volume-0ecf926b-fe20-4fd0-981c-4b1d4a9e6e0e {{(pid=82266) execute /opt/stack/data/venv/lib/python3.10/site-packages/oslo_concurrency/processutils.py:440}}
Apr 17 05:27:51 devstack sudo[83904]: quobyte : PWD=/ ; USER=root ; COMMAND=/opt/stack/data/venv/bin/cinder-rootwrap /etc/cinder/rootwrap.conf env LC_ALL=C qemu-img info -f qcow2 --output=json /opt/stack/data/cinder/mnt/e0dbd85de63b361a51f4bfb6d963a772/volume-0ecf926b-fe20-4fd0-981c-4b1d4a9e6e0e
Apr 17 05:27:51 devstack sudo[83904]: pam_unix(sudo:session): session opened for user root(uid=0) by (uid=1000)
Apr 17 05:27:52 devstack sudo[83904]: pam_unix(sudo:session): session closed for user root
Apr 17 05:27:52 devstack cinder-volume[82266]: DEBUG oslo_concurrency.processutils [None req-45d3bf09-7669-47dc-a83c-5dfcd06383af tempest-GroupSnapshotsTest-774474103 None] CMD "/opt/stack/data/venv/bin/python3.10 -m oslo_concurrency.prlimit --as=1073741824 --cpu=60 -- sudo cinder-rootwrap /etc/cinder/rootwrap.conf env LC_ALL=C qemu-img info -f qcow2 --output=json /opt/stack/data/cinder/mnt/e0dbd85de63b361a51f4bfb6d963a772/volume-0ecf926b-fe20-4fd0-981c-4b1d4a9e6e0e" returned: 0 in 0.802s {{(pid=82266) execute /opt/stack/data/venv/lib/python3.10/site-packages/oslo_concurrency/processutils.py:468}}
Apr 17 05:27:52 devstack cinder-volume[82266]: DEBUG cinder.image.image_utils [None req-45d3bf09-7669-47dc-a83c-5dfcd06383af tempest-GroupSnapshotsTest-774474103 None] Image conversion details: src /opt/stack/data/cinder/mnt/e0dbd85de63b361a51f4bfb6d963a772/volume-0ecf926b-fe20-4fd0-981c-4b1d4a9e6e0e, size 1024.00 MB, duration 2.79 sec, destination /opt/stack/data/cinder/mnt/e0dbd85de63b361a51f4bfb6d963a772/volume-0d1aaf9f-b327-4ecb-ab98-72656253fa54 {{(pid=82266) _convert_image /opt/stack/cinder/cinder/image/image_utils.py:533}}
Apr 17 05:27:52 devstack cinder-volume[82266]: INFO cinder.image.image_utils [None req-45d3bf09-7669-47dc-a83c-5dfcd06383af tempest-GroupSnapshotsTest-774474103 None] Converted 1024.00 MB image at 367.02 MB/s
Apr 17 05:27:52 devstack cinder-volume[82266]: WARNING cinder.volume.drivers.remotefs [None req-45d3bf09-7669-47dc-a83c-5dfcd06383af tempest-GroupSnapshotsTest-774474103 None] /opt/stack/data/cinder/mnt/e0dbd85de63b361a51f4bfb6d963a772/volume-0d1aaf9f-b327-4ecb-ab98-72656253fa54 is being set with open permissions: ugo+rw: NotImplementedError
Apr 17 05:27:52 devstack cinder-volume[82266]: DEBUG oslo_concurrency.processutils [None req-45d3bf09-7669-47dc-a83c-5dfcd06383af tempest-GroupSnapshotsTest-774474103 None] Running cmd (subprocess): sudo cinder-rootwrap /etc/cinder/rootwrap.conf chmod ugo+rw /opt/stack/data/cinder/mnt/e0dbd85de63b361a51f4bfb6d963a772/volume-0d1aaf9f-b327-4ecb-ab98-72656253fa54 {{(pid=82266) execute /opt/stack/data/venv/lib/python3.10/site-packages/oslo_concurrency/processutils.py:440}}
Apr 17 05:27:52 devstack sudo[83910]: quobyte : PWD=/ ; USER=root ; COMMAND=/opt/stack/data/venv/bin/cinder-rootwrap /etc/cinder/rootwrap.conf chmod ugo+rw /opt/stack/data/cinder/mnt/e0dbd85de63b361a51f4bfb6d963a772/volume-0d1aaf9f-b327-4ecb-ab98-72656253fa54
Apr 17 05:27:52 devstack sudo[83910]: pam_unix(sudo:session): session opened for user root(uid=0) by (uid=1000)
Apr 17 05:27:52 devstack cinder-volume[82266]: DEBUG oslo_service.periodic_task [None req-daeb6c79-0e78-4b2a-9225-56af3b5b1a02 None None] Running periodic task VolumeManager.publish_service_capabilities {{(pid=82266) run_periodic_tasks /opt/stack/data/venv/lib/python3.10/site-packages/oslo_service/periodic_task.py:210}}
Apr 17 05:27:52 devstack cinder-volume[82266]: DEBUG oslo_concurrency.lockutils [None req-daeb6c79-0e78-4b2a-9225-56af3b5b1a02 None None] Acquiring lock "quobyte_ensure" by "cinder.volume.drivers.quobyte.QuobyteDriver._ensure_shares_mounted" {{(pid=82266) inner /opt/stack/data/venv/lib/python3.10/site-packages/oslo_concurrency/lockutils.py:506}}
Apr 17 05:27:52 devstack cinder-volume[82266]: DEBUG oslo_concurrency.lockutils [None req-daeb6c79-0e78-4b2a-9225-56af3b5b1a02 None None] Lock "quobyte_ensure" acquired by "cinder.volume.drivers.quobyte.QuobyteDriver._ensure_shares_mounted" :: waited 0.001s {{(pid=82266) inner /opt/stack/data/venv/lib/python3.10/site-packages/oslo_concurrency/lockutils.py:519}}
Apr 17 05:27:52 devstack cinder-volume[82266]: DEBUG cinder.volume.drivers.quobyte [None req-daeb6c79-0e78-4b2a-9225-56af3b5b1a02 None None] Quobyte Volume URL set to: {'osci02.corp.quobyte.com/cinder-vol-8e7642a6-0147-4cfc-92c6-86e2e2c93b12': None} {{(pid=82266) _load_shares_config /opt/stack/cinder/cinder/volume/drivers/quobyte.py:617}}
Apr 17 05:27:52 devstack cinder-volume[82266]: DEBUG cinder.volume.drivers.quobyte [None req-daeb6c79-0e78-4b2a-9225-56af3b5b1a02 None None] Available shares ['osci02.corp.quobyte.com/cinder-vol-8e7642a6-0147-4cfc-92c6-86e2e2c93b12'] {{(pid=82266) _ensure_shares_mounted /opt/stack/cinder/cinder/volume/drivers/quobyte.py:647}}
Apr 17 05:27:52 devstack cinder-volume[82266]: DEBUG oslo_concurrency.lockutils [None req-daeb6c79-0e78-4b2a-9225-56af3b5b1a02 None None] Lock "quobyte_ensure" "released" by "cinder.volume.drivers.quobyte.QuobyteDriver._ensure_shares_mounted" :: held 0.004s {{(pid=82266) inner /opt/stack/data/venv/lib/python3.10/site-packages/oslo_concurrency/lockutils.py:538}}
Apr 17 05:27:52 devstack cinder-volume[82266]: DEBUG oslo_concurrency.processutils [None req-daeb6c79-0e78-4b2a-9225-56af3b5b1a02 None None] Running cmd (subprocess): sudo cinder-rootwrap /etc/cinder/rootwrap.conf df --portability --block-size 1 /opt/stack/data/cinder/mnt/e0dbd85de63b361a51f4bfb6d963a772 {{(pid=82266) execute /opt/stack/data/venv/lib/python3.10/site-packages/oslo_concurrency/processutils.py:440}}
Apr 17 05:27:52 devstack sudo[83910]: pam_unix(sudo:session): session closed for user root
Apr 17 05:27:52 devstack cinder-volume[82266]: DEBUG oslo_concurrency.processutils [None req-45d3bf09-7669-47dc-a83c-5dfcd06383af tempest-GroupSnapshotsTest-774474103 None] CMD "sudo cinder-rootwrap /etc/cinder/rootwrap.conf chmod ugo+rw /opt/stack/data/cinder/mnt/e0dbd85de63b361a51f4bfb6d963a772/volume-0d1aaf9f-b327-4ecb-ab98-72656253fa54" returned: 0 in 0.530s {{(pid=82266) execute /opt/stack/data/venv/lib/python3.10/site-packages/oslo_concurrency/processutils.py:468}}
Apr 17 05:27:52 devstack cinder-volume[82266]: DEBUG cinder.coordination [None req-45d3bf09-7669-47dc-a83c-5dfcd06383af tempest-GroupSnapshotsTest-774474103 None] Lock "cinder-quobyte-0d1aaf9f-b327-4ecb-ab98-72656253fa54" released by "_copy_volume_from_snapshot" :: held 5.699s {{(pid=82266) __release /opt/stack/cinder/cinder/coordination.py:152}}
Apr 17 05:27:52 devstack cinder-volume[82266]: DEBUG cinder.coordination [None req-45d3bf09-7669-47dc-a83c-5dfcd06383af tempest-GroupSnapshotsTest-774474103 None] Lock "cinder-quobyte-f80e6031-a4c8-4769-b0db-49c0bacf687d-0d1aaf9f-b327-4ecb-ab98-72656253fa54" released by "_create_volume_from_snapshot" :: held 5.729s {{(pid=82266) __release /opt/stack/cinder/cinder/coordination.py:152}}
Apr 17 05:27:52 devstack cinder-volume[82266]: DEBUG oslo_concurrency.lockutils [None req-45d3bf09-7669-47dc-a83c-5dfcd06383af tempest-GroupSnapshotsTest-774474103 None] Lock "quobyte" "released" by "cinder.volume.drivers.quobyte.QuobyteDriver.create_volume_from_snapshot" :: held 5.763s {{(pid=82266) inner /opt/stack/data/venv/lib/python3.10/site-packages/oslo_concurrency/lockutils.py:538}}
Apr 17 05:27:52 devstack sudo[83915]: quobyte : PWD=/ ; USER=root ; COMMAND=/opt/stack/data/venv/bin/cinder-rootwrap /etc/cinder/rootwrap.conf df --portability --block-size 1 /opt/stack/data/cinder/mnt/e0dbd85de63b361a51f4bfb6d963a772
Apr 17 05:27:52 devstack cinder-volume[82266]: DEBUG oslo_concurrency.lockutils [None req-b5836917-5512-4e6d-b4f3-0957f59df3f2 tempest-SnapshotsActionsTest-2056862822 None] Lock "quobyte" acquired by "cinder.volume.drivers.quobyte.QuobyteDriver.create_snapshot" :: waited 4.638s {{(pid=82266) inner /opt/stack/data/venv/lib/python3.10/site-packages/oslo_concurrency/lockutils.py:519}}
Apr 17 05:27:52 devstack sudo[83915]: pam_unix(sudo:session): session opened for user root(uid=0) by (uid=1000)
Apr 17 05:27:52 devstack cinder-volume[82266]: DEBUG cinder.volume.drivers.remotefs [None req-b5836917-5512-4e6d-b4f3-0957f59df3f2 tempest-SnapshotsActionsTest-2056862822 None] Creating offline snapshot 2bd287fb-d8f2-4754-a513-6c1c8fbac973 of volume e809ba47-79df-4c74-a9c3-f9c980168dcc {{(pid=82266) _create_snapshot /opt/stack/cinder/cinder/volume/drivers/remotefs.py:1816}}
Apr 17 05:27:52 devstack cinder-volume[82266]: DEBUG oslo.privsep.daemon [-] privsep: reply[94e66f7f-44c7-4987-af9e-756374a05d37]: (4, 'qcow2') {{(pid=83012) _call_back /opt/stack/data/venv/lib/python3.10/site-packages/oslo_privsep/daemon.py:573}}
Apr 17 05:27:52 devstack cinder-volume[82266]: DEBUG oslo_concurrency.processutils [None req-b5836917-5512-4e6d-b4f3-0957f59df3f2 tempest-SnapshotsActionsTest-2056862822 None] Running cmd (subprocess): /opt/stack/data/venv/bin/python3.10 -m oslo_concurrency.prlimit --as=1073741824 --cpu=60 -- sudo cinder-rootwrap /etc/cinder/rootwrap.conf env LC_ALL=C qemu-img info -f qcow2 --output=json --force-share /opt/stack/data/cinder/mnt/e0dbd85de63b361a51f4bfb6d963a772/volume-e809ba47-79df-4c74-a9c3-f9c980168dcc.585b4d77-a7a8-4576-b0ff-42a118e89f4d {{(pid=82266) execute /opt/stack/data/venv/lib/python3.10/site-packages/oslo_concurrency/processutils.py:440}}
Apr 17 05:27:53 devstack sudo[83917]: quobyte : PWD=/ ; USER=root ; COMMAND=/opt/stack/data/venv/bin/cinder-rootwrap /etc/cinder/rootwrap.conf env LC_ALL=C qemu-img info -f qcow2 --output=json --force-share /opt/stack/data/cinder/mnt/e0dbd85de63b361a51f4bfb6d963a772/volume-e809ba47-79df-4c74-a9c3-f9c980168dcc.585b4d77-a7a8-4576-b0ff-42a118e89f4d
Apr 17 05:27:53 devstack sudo[83917]: pam_unix(sudo:session): session opened for user root(uid=0) by (uid=1000)
Apr 17 05:27:53 devstack cinder-volume[82266]: INFO cinder.volume.manager [None req-45d3bf09-7669-47dc-a83c-5dfcd06383af tempest-GroupSnapshotsTest-774474103 None] Create group from source-snapshot-4285c887-00e0-4c8c-a333-1812bb6db199 completed successfully.
Apr 17 05:27:53 devstack sudo[83915]: pam_unix(sudo:session): session closed for user root
Apr 17 05:27:53 devstack cinder-volume[82266]: DEBUG oslo_concurrency.processutils [None req-daeb6c79-0e78-4b2a-9225-56af3b5b1a02 None None] CMD "sudo cinder-rootwrap /etc/cinder/rootwrap.conf df --portability --block-size 1 /opt/stack/data/cinder/mnt/e0dbd85de63b361a51f4bfb6d963a772" returned: 0 in 0.506s {{(pid=82266) execute /opt/stack/data/venv/lib/python3.10/site-packages/oslo_concurrency/processutils.py:468}}
Apr 17 05:27:53 devstack cinder-volume[82266]: DEBUG cinder.manager [None req-daeb6c79-0e78-4b2a-9225-56af3b5b1a02 None None] Notifying Schedulers of capabilities ... {{(pid=82266) _publish_service_capabilities /opt/stack/cinder/cinder/manager.py:202}}
Apr 17 05:27:53 devstack cinder-volume[82266]: DEBUG cinder.coordination [None req-0c736ab8-4143-4fa1-aa44-519efe5dbfee tempest-GroupSnapshotsTest-774474103 None] Acquiring lock "cinder-quobyte-0d1aaf9f-b327-4ecb-ab98-72656253fa54" by "delete_volume" {{(pid=82266) __acquire /opt/stack/cinder/cinder/coordination.py:138}}
Apr 17 05:27:53 devstack cinder-volume[82266]: DEBUG cinder.coordination [None req-0c736ab8-4143-4fa1-aa44-519efe5dbfee tempest-GroupSnapshotsTest-774474103 None] Lock "cinder-quobyte-0d1aaf9f-b327-4ecb-ab98-72656253fa54" acquired by "delete_volume" :: waited 0.019s {{(pid=82266) __acquire /opt/stack/cinder/cinder/coordination.py:141}}
Apr 17 05:27:53 devstack cinder-volume[82266]: DEBUG oslo.privsep.daemon [-] privsep: reply[0ddaa830-706c-4764-ba8e-44aedaaf600d]: (4, 'qcow2') {{(pid=83012) _call_back /opt/stack/data/venv/lib/python3.10/site-packages/oslo_privsep/daemon.py:573}}
Apr 17 05:27:53 devstack cinder-volume[82266]: DEBUG oslo_concurrency.processutils [None req-0c736ab8-4143-4fa1-aa44-519efe5dbfee tempest-GroupSnapshotsTest-774474103 None] Running cmd (subprocess): /opt/stack/data/venv/bin/python3.10 -m oslo_concurrency.prlimit --as=1073741824 --cpu=60 -- sudo cinder-rootwrap /etc/cinder/rootwrap.conf env LC_ALL=C qemu-img info -f qcow2 --output=json --force-share /opt/stack/data/cinder/mnt/e0dbd85de63b361a51f4bfb6d963a772/volume-0d1aaf9f-b327-4ecb-ab98-72656253fa54 {{(pid=82266) execute /opt/stack/data/venv/lib/python3.10/site-packages/oslo_concurrency/processutils.py:440}}
