Apr 17 05:22:09 devstack devstack@c-api.service[70989]: DEBUG cinder.api.v3.router [None req-5e456027-5232-441f-bbcb-13d909072fb7 None None] Extended resource: os-hosts {{(pid=70989) _setup_ext_routes /opt/stack/cinder/cinder/api/v3/router.py:122}}
Apr 17 05:22:09 devstack devstack@c-api.service[70988]: DEBUG cinder.api.v3.router [None req-7c01861b-c6f9-43d1-9fa2-87a3cd61a752 None None] Extended resource: os-volume-manage {{(pid=70988) _setup_ext_routes /opt/stack/cinder/cinder/api/v3/router.py:122}}
Apr 17 05:22:09 devstack devstack@c-api.service[70989]: DEBUG cinder.api.v3.router [None req-5e456027-5232-441f-bbcb-13d909072fb7 None None] Extended resource: os-volume-type-access {{(pid=70989) _setup_ext_routes /opt/stack/cinder/cinder/api/v3/router.py:122}}
Apr 17 05:22:09 devstack devstack@c-api.service[70988]: DEBUG cinder.api.v3.router [None req-7c01861b-c6f9-43d1-9fa2-87a3cd61a752 None None] Extended resource: os-hosts {{(pid=70988) _setup_ext_routes /opt/stack/cinder/cinder/api/v3/router.py:122}}
Apr 17 05:22:09 devstack devstack@c-api.service[70988]: DEBUG cinder.api.v3.router [None req-7c01861b-c6f9-43d1-9fa2-87a3cd61a752 None None] Extended resource: os-volume-type-access {{(pid=70988) _setup_ext_routes /opt/stack/cinder/cinder/api/v3/router.py:122}}
Apr 17 05:22:09 devstack devstack@c-api.service[70989]: WARNING stevedore.named [None req-5e456027-5232-441f-bbcb-13d909072fb7 None None] Could not load cinder.keymgr.conf_key_mgr.ConfKeyManager
Apr 17 05:22:09 devstack devstack@c-api.service[70989]: WARNING castellan.key_manager [None req-5e456027-5232-441f-bbcb-13d909072fb7 None None] Deprecation Warning : cinder.keymgr.conf_key_mgr.ConfKeyManager is not a stevedore based driver, trying to load it as a class: stevedore.exception.NoMatches: No 'castellan.drivers' driver found, looking for 'cinder.keymgr.conf_key_mgr.ConfKeyManager'
Apr 17 05:22:09 devstack devstack@c-api.service[70989]: DEBUG cinder.api.contrib.snapshot_actions [None req-5e456027-5232-441f-bbcb-13d909072fb7 None None] SnapshotActionsController initialized {{(pid=70989) __init__ /opt/stack/cinder/cinder/api/contrib/snapshot_actions.py:33}}
Apr 17 05:22:09 devstack devstack@c-api.service[70989]: WARNING stevedore.named [None req-5e456027-5232-441f-bbcb-13d909072fb7 None None] Could not load cinder.keymgr.conf_key_mgr.ConfKeyManager
Apr 17 05:22:09 devstack devstack@c-api.service[70989]: WARNING castellan.key_manager [None req-5e456027-5232-441f-bbcb-13d909072fb7 None None] Deprecation Warning : cinder.keymgr.conf_key_mgr.ConfKeyManager is not a stevedore based driver, trying to load it as a class: stevedore.exception.NoMatches: No 'castellan.drivers' driver found, looking for 'cinder.keymgr.conf_key_mgr.ConfKeyManager'
Apr 17 05:22:09 devstack devstack@c-api.service[70988]: WARNING stevedore.named [None req-7c01861b-c6f9-43d1-9fa2-87a3cd61a752 None None] Could not load cinder.keymgr.conf_key_mgr.ConfKeyManager
Apr 17 05:22:09 devstack devstack@c-api.service[70989]: WARNING stevedore.named [None req-5e456027-5232-441f-bbcb-13d909072fb7 None None] Could not load cinder.keymgr.conf_key_mgr.ConfKeyManager
Apr 17 05:22:09 devstack devstack@c-api.service[70989]: WARNING castellan.key_manager [None req-5e456027-5232-441f-bbcb-13d909072fb7 None None] Deprecation Warning : cinder.keymgr.conf_key_mgr.ConfKeyManager is not a stevedore based driver, trying to load it as a class: stevedore.exception.NoMatches: No 'castellan.drivers' driver found, looking for 'cinder.keymgr.conf_key_mgr.ConfKeyManager'
Apr 17 05:22:09 devstack devstack@c-api.service[70988]: WARNING castellan.key_manager [None req-7c01861b-c6f9-43d1-9fa2-87a3cd61a752 None None] Deprecation Warning : cinder.keymgr.conf_key_mgr.ConfKeyManager is not a stevedore based driver, trying to load it as a class: stevedore.exception.NoMatches: No 'castellan.drivers' driver found, looking for 'cinder.keymgr.conf_key_mgr.ConfKeyManager'
Apr 17 05:22:09 devstack devstack@c-api.service[70989]: WARNING stevedore.named [None req-5e456027-5232-441f-bbcb-13d909072fb7 None None] Could not load cinder.keymgr.conf_key_mgr.ConfKeyManager
Apr 17 05:22:09 devstack devstack@c-api.service[70988]: DEBUG cinder.api.contrib.snapshot_actions [None req-7c01861b-c6f9-43d1-9fa2-87a3cd61a752 None None] SnapshotActionsController initialized {{(pid=70988) __init__ /opt/stack/cinder/cinder/api/contrib/snapshot_actions.py:33}}
Apr 17 05:22:09 devstack devstack@c-api.service[70989]: WARNING castellan.key_manager [None req-5e456027-5232-441f-bbcb-13d909072fb7 None None] Deprecation Warning : cinder.keymgr.conf_key_mgr.ConfKeyManager is not a stevedore based driver, trying to load it as a class: stevedore.exception.NoMatches: No 'castellan.drivers' driver found, looking for 'cinder.keymgr.conf_key_mgr.ConfKeyManager'
Apr 17 05:22:09 devstack devstack@c-api.service[70988]: WARNING stevedore.named [None req-7c01861b-c6f9-43d1-9fa2-87a3cd61a752 None None] Could not load cinder.keymgr.conf_key_mgr.ConfKeyManager
Apr 17 05:22:09 devstack devstack@c-api.service[70988]: WARNING castellan.key_manager [None req-7c01861b-c6f9-43d1-9fa2-87a3cd61a752 None None] Deprecation Warning : cinder.keymgr.conf_key_mgr.ConfKeyManager is not a stevedore based driver, trying to load it as a class: stevedore.exception.NoMatches: No 'castellan.drivers' driver found, looking for 'cinder.keymgr.conf_key_mgr.ConfKeyManager'
Apr 17 05:22:09 devstack devstack@c-api.service[70989]: WARNING stevedore.named [None req-5e456027-5232-441f-bbcb-13d909072fb7 None None] Could not load cinder.keymgr.conf_key_mgr.ConfKeyManager
Apr 17 05:22:09 devstack devstack@c-api.service[70989]: WARNING castellan.key_manager [None req-5e456027-5232-441f-bbcb-13d909072fb7 None None] Deprecation Warning : cinder.keymgr.conf_key_mgr.ConfKeyManager is not a stevedore based driver, trying to load it as a class: stevedore.exception.NoMatches: No 'castellan.drivers' driver found, looking for 'cinder.keymgr.conf_key_mgr.ConfKeyManager'
Apr 17 05:22:09 devstack devstack@c-api.service[70988]: WARNING stevedore.named [None req-7c01861b-c6f9-43d1-9fa2-87a3cd61a752 None None] Could not load cinder.keymgr.conf_key_mgr.ConfKeyManager
Apr 17 05:22:09 devstack devstack@c-api.service[70988]: WARNING castellan.key_manager [None req-7c01861b-c6f9-43d1-9fa2-87a3cd61a752 None None] Deprecation Warning : cinder.keymgr.conf_key_mgr.ConfKeyManager is not a stevedore based driver, trying to load it as a class: stevedore.exception.NoMatches: No 'castellan.drivers' driver found, looking for 'cinder.keymgr.conf_key_mgr.ConfKeyManager'
Apr 17 05:22:09 devstack devstack@c-api.service[70989]: WARNING stevedore.named [None req-5e456027-5232-441f-bbcb-13d909072fb7 None None] Could not load cinder.keymgr.conf_key_mgr.ConfKeyManager
Apr 17 05:22:09 devstack devstack@c-api.service[70989]: WARNING castellan.key_manager [None req-5e456027-5232-441f-bbcb-13d909072fb7 None None] Deprecation Warning : cinder.keymgr.conf_key_mgr.ConfKeyManager is not a stevedore based driver, trying to load it as a class: stevedore.exception.NoMatches: No 'castellan.drivers' driver found, looking for 'cinder.keymgr.conf_key_mgr.ConfKeyManager'
Apr 17 05:22:09 devstack devstack@c-api.service[70988]: WARNING stevedore.named [None req-7c01861b-c6f9-43d1-9fa2-87a3cd61a752 None None] Could not load cinder.keymgr.conf_key_mgr.ConfKeyManager
Apr 17 05:22:09 devstack devstack@c-api.service[70988]: WARNING castellan.key_manager [None req-7c01861b-c6f9-43d1-9fa2-87a3cd61a752 None None] Deprecation Warning : cinder.keymgr.conf_key_mgr.ConfKeyManager is not a stevedore based driver, trying to load it as a class: stevedore.exception.NoMatches: No 'castellan.drivers' driver found, looking for 'cinder.keymgr.conf_key_mgr.ConfKeyManager'
Apr 17 05:22:09 devstack devstack@c-api.service[70989]: WARNING stevedore.named [None req-5e456027-5232-441f-bbcb-13d909072fb7 None None] Could not load cinder.keymgr.conf_key_mgr.ConfKeyManager
Apr 17 05:22:09 devstack devstack@c-api.service[70989]: WARNING castellan.key_manager [None req-5e456027-5232-441f-bbcb-13d909072fb7 None None] Deprecation Warning : cinder.keymgr.conf_key_mgr.ConfKeyManager is not a stevedore based driver, trying to load it as a class: stevedore.exception.NoMatches: No 'castellan.drivers' driver found, looking for 'cinder.keymgr.conf_key_mgr.ConfKeyManager'
Apr 17 05:22:09 devstack devstack@c-api.service[70988]: WARNING stevedore.named [None req-7c01861b-c6f9-43d1-9fa2-87a3cd61a752 None None] Could not load cinder.keymgr.conf_key_mgr.ConfKeyManager
Apr 17 05:22:09 devstack devstack@c-api.service[70989]: DEBUG cinder.api.v3.router [None req-5e456027-5232-441f-bbcb-13d909072fb7 None None] Extension VolumeMigStatusAttribute extending resource: volumes {{(pid=70989) _setup_extensions /opt/stack/cinder/cinder/api/v3/router.py:155}}
Apr 17 05:22:09 devstack devstack@c-api.service[70989]: DEBUG cinder.api.v3.router [None req-5e456027-5232-441f-bbcb-13d909072fb7 None None] Extension VolumeTypeEncryption extending resource: types {{(pid=70989) _setup_extensions /opt/stack/cinder/cinder/api/v3/router.py:155}}
Apr 17 05:22:09 devstack devstack@c-api.service[70988]: WARNING castellan.key_manager [None req-7c01861b-c6f9-43d1-9fa2-87a3cd61a752 None None] Deprecation Warning : cinder.keymgr.conf_key_mgr.ConfKeyManager is not a stevedore based driver, trying to load it as a class: stevedore.exception.NoMatches: No 'castellan.drivers' driver found, looking for 'cinder.keymgr.conf_key_mgr.ConfKeyManager'
Apr 17 05:22:09 devstack devstack@c-api.service[70989]: DEBUG cinder.api.v3.router [None req-5e456027-5232-441f-bbcb-13d909072fb7 None None] Extension UsedLimits extending resource: limits {{(pid=70989) _setup_extensions /opt/stack/cinder/cinder/api/v3/router.py:155}}
Apr 17 05:22:09 devstack devstack@c-api.service[70989]: DEBUG cinder.api.v3.router [None req-5e456027-5232-441f-bbcb-13d909072fb7 None None] Extension VolumeTenantAttribute extending resource: volumes {{(pid=70989) _setup_extensions /opt/stack/cinder/cinder/api/v3/router.py:155}}
Apr 17 05:22:09 devstack devstack@c-api.service[70989]: DEBUG cinder.api.v3.router [None req-5e456027-5232-441f-bbcb-13d909072fb7 None None] Extension VolumeImageMetadata extending resource: volumes {{(pid=70989) _setup_extensions /opt/stack/cinder/cinder/api/v3/router.py:155}}
Apr 17 05:22:09 devstack devstack@c-api.service[70989]: DEBUG cinder.api.v3.router [None req-5e456027-5232-441f-bbcb-13d909072fb7 None None] Extension SnapshotActions extending resource: snapshots {{(pid=70989) _setup_extensions /opt/stack/cinder/cinder/api/v3/router.py:155}}
Apr 17 05:22:09 devstack devstack@c-api.service[70989]: DEBUG cinder.api.v3.router [None req-5e456027-5232-441f-bbcb-13d909072fb7 None None] Extension TypesManage extending resource: types {{(pid=70989) _setup_extensions /opt/stack/cinder/cinder/api/v3/router.py:155}}
Apr 17 05:22:09 devstack devstack@c-api.service[70989]: DEBUG cinder.api.v3.router [None req-5e456027-5232-441f-bbcb-13d909072fb7 None None] Extension VolumeHostAttribute extending resource: volumes {{(pid=70989) _setup_extensions /opt/stack/cinder/cinder/api/v3/router.py:155}}
Apr 17 05:22:09 devstack devstack@c-api.service[70989]: DEBUG cinder.api.v3.router [None req-5e456027-5232-441f-bbcb-13d909072fb7 None None] Extension SnapshotUnmanage extending resource: snapshots {{(pid=70989) _setup_extensions /opt/stack/cinder/cinder/api/v3/router.py:155}}
Apr 17 05:22:09 devstack devstack@c-api.service[70989]: DEBUG cinder.api.v3.router [None req-5e456027-5232-441f-bbcb-13d909072fb7 None None] Extension AdminActions extending resource: volumes {{(pid=70989) _setup_extensions /opt/stack/cinder/cinder/api/v3/router.py:155}}
Apr 17 05:22:09 devstack devstack@c-api.service[70988]: WARNING stevedore.named [None req-7c01861b-c6f9-43d1-9fa2-87a3cd61a752 None None] Could not load cinder.keymgr.conf_key_mgr.ConfKeyManager
Apr 17 05:22:09 devstack devstack@c-api.service[70989]: DEBUG cinder.api.v3.router [None req-5e456027-5232-441f-bbcb-13d909072fb7 None None] Extension AdminActions extending resource: snapshots {{(pid=70989) _setup_extensions /opt/stack/cinder/cinder/api/v3/router.py:155}}
Apr 17 05:22:09 devstack devstack@c-api.service[70989]: DEBUG cinder.api.v3.router [None req-5e456027-5232-441f-bbcb-13d909072fb7 None None] Extension AdminActions extending resource: backups {{(pid=70989) _setup_extensions /opt/stack/cinder/cinder/api/v3/router.py:155}}
Apr 17 05:22:09 devstack devstack@c-api.service[70988]: WARNING castellan.key_manager [None req-7c01861b-c6f9-43d1-9fa2-87a3cd61a752 None None] Deprecation Warning : cinder.keymgr.conf_key_mgr.ConfKeyManager is not a stevedore based driver, trying to load it as a class: stevedore.exception.NoMatches: No 'castellan.drivers' driver found, looking for 'cinder.keymgr.conf_key_mgr.ConfKeyManager'
Apr 17 05:22:09 devstack devstack@c-api.service[70989]: DEBUG cinder.api.v3.router [None req-5e456027-5232-441f-bbcb-13d909072fb7 None None] Extension VolumeUnmanage extending resource: volumes {{(pid=70989) _setup_extensions /opt/stack/cinder/cinder/api/v3/router.py:155}}
Apr 17 05:22:09 devstack devstack@c-api.service[70989]: DEBUG cinder.api.v3.router [None req-5e456027-5232-441f-bbcb-13d909072fb7 None None] Extension ExtendedSnapshotAttributes extending resource: snapshots {{(pid=70989) _setup_extensions /opt/stack/cinder/cinder/api/v3/router.py:155}}
Apr 17 05:22:09 devstack devstack@c-api.service[70989]: DEBUG cinder.api.v3.router [None req-5e456027-5232-441f-bbcb-13d909072fb7 None None] Extension VolumeActions extending resource: volumes {{(pid=70989) _setup_extensions /opt/stack/cinder/cinder/api/v3/router.py:155}}
Apr 17 05:22:09 devstack devstack@c-api.service[70989]: DEBUG cinder.api.v3.router [None req-5e456027-5232-441f-bbcb-13d909072fb7 None None] Extension VolumeTypeAccess extending resource: types {{(pid=70989) _setup_extensions /opt/stack/cinder/cinder/api/v3/router.py:155}}
Apr 17 05:22:09 devstack devstack@c-api.service[70988]: WARNING stevedore.named [None req-7c01861b-c6f9-43d1-9fa2-87a3cd61a752 None None] Could not load cinder.keymgr.conf_key_mgr.ConfKeyManager
Apr 17 05:22:09 devstack devstack@c-api.service[70988]: WARNING castellan.key_manager [None req-7c01861b-c6f9-43d1-9fa2-87a3cd61a752 None None] Deprecation Warning : cinder.keymgr.conf_key_mgr.ConfKeyManager is not a stevedore based driver, trying to load it as a class: stevedore.exception.NoMatches: No 'castellan.drivers' driver found, looking for 'cinder.keymgr.conf_key_mgr.ConfKeyManager'
Apr 17 05:22:09 devstack devstack@c-api.service[70988]: DEBUG cinder.api.v3.router [None req-7c01861b-c6f9-43d1-9fa2-87a3cd61a752 None None] Extension VolumeMigStatusAttribute extending resource: volumes {{(pid=70988) _setup_extensions /opt/stack/cinder/cinder/api/v3/router.py:155}}
Apr 17 05:22:09 devstack devstack@c-api.service[70988]: DEBUG cinder.api.v3.router [None req-7c01861b-c6f9-43d1-9fa2-87a3cd61a752 None None] Extension VolumeTypeEncryption extending resource: types {{(pid=70988) _setup_extensions /opt/stack/cinder/cinder/api/v3/router.py:155}}
Apr 17 05:22:09 devstack devstack@c-api.service[70988]: DEBUG cinder.api.v3.router [None req-7c01861b-c6f9-43d1-9fa2-87a3cd61a752 None None] Extension UsedLimits extending resource: limits {{(pid=70988) _setup_extensions /opt/stack/cinder/cinder/api/v3/router.py:155}}
Apr 17 05:22:09 devstack devstack@c-api.service[70988]: DEBUG cinder.api.v3.router [None req-7c01861b-c6f9-43d1-9fa2-87a3cd61a752 None None] Extension VolumeTenantAttribute extending resource: volumes {{(pid=70988) _setup_extensions /opt/stack/cinder/cinder/api/v3/router.py:155}}
Apr 17 05:22:09 devstack devstack@c-api.service[70988]: DEBUG cinder.api.v3.router [None req-7c01861b-c6f9-43d1-9fa2-87a3cd61a752 None None] Extension VolumeImageMetadata extending resource: volumes {{(pid=70988) _setup_extensions /opt/stack/cinder/cinder/api/v3/router.py:155}}
Apr 17 05:22:09 devstack devstack@c-api.service[70988]: DEBUG cinder.api.v3.router [None req-7c01861b-c6f9-43d1-9fa2-87a3cd61a752 None None] Extension SnapshotActions extending resource: snapshots {{(pid=70988) _setup_extensions /opt/stack/cinder/cinder/api/v3/router.py:155}}
Apr 17 05:22:09 devstack devstack@c-api.service[70988]: DEBUG cinder.api.v3.router [None req-7c01861b-c6f9-43d1-9fa2-87a3cd61a752 None None] Extension TypesManage extending resource: types {{(pid=70988) _setup_extensions /opt/stack/cinder/cinder/api/v3/router.py:155}}
Apr 17 05:22:09 devstack devstack@c-api.service[70988]: DEBUG cinder.api.v3.router [None req-7c01861b-c6f9-43d1-9fa2-87a3cd61a752 None None] Extension VolumeHostAttribute extending resource: volumes {{(pid=70988) _setup_extensions /opt/stack/cinder/cinder/api/v3/router.py:155}}
Apr 17 05:22:09 devstack devstack@c-api.service[70989]: WARNING keystonemiddleware.auth_token [None req-5e456027-5232-441f-bbcb-13d909072fb7 None None] AuthToken middleware is set with keystone_authtoken.service_token_roles_required set to False. This is backwards compatible but deprecated behaviour. Please set this to True.
Apr 17 05:22:09 devstack devstack@c-api.service[70988]: DEBUG cinder.api.v3.router [None req-7c01861b-c6f9-43d1-9fa2-87a3cd61a752 None None] Extension SnapshotUnmanage extending resource: snapshots {{(pid=70988) _setup_extensions /opt/stack/cinder/cinder/api/v3/router.py:155}}
Apr 17 05:22:09 devstack devstack@c-api.service[70988]: DEBUG cinder.api.v3.router [None req-7c01861b-c6f9-43d1-9fa2-87a3cd61a752 None None] Extension AdminActions extending resource: volumes {{(pid=70988) _setup_extensions /opt/stack/cinder/cinder/api/v3/router.py:155}}
Apr 17 05:22:09 devstack devstack@c-api.service[70988]: DEBUG cinder.api.v3.router [None req-7c01861b-c6f9-43d1-9fa2-87a3cd61a752 None None] Extension AdminActions extending resource: snapshots {{(pid=70988) _setup_extensions /opt/stack/cinder/cinder/api/v3/router.py:155}}
Apr 17 05:22:09 devstack devstack@c-api.service[70988]: DEBUG cinder.api.v3.router [None req-7c01861b-c6f9-43d1-9fa2-87a3cd61a752 None None] Extension AdminActions extending resource: backups {{(pid=70988) _setup_extensions /opt/stack/cinder/cinder/api/v3/router.py:155}}
Apr 17 05:22:09 devstack devstack@c-api.service[70988]: DEBUG cinder.api.v3.router [None req-7c01861b-c6f9-43d1-9fa2-87a3cd61a752 None None] Extension VolumeUnmanage extending resource: volumes {{(pid=70988) _setup_extensions /opt/stack/cinder/cinder/api/v3/router.py:155}}
Apr 17 05:22:09 devstack devstack@c-api.service[70988]: DEBUG cinder.api.v3.router [None req-7c01861b-c6f9-43d1-9fa2-87a3cd61a752 None None] Extension ExtendedSnapshotAttributes extending resource: snapshots {{(pid=70988) _setup_extensions /opt/stack/cinder/cinder/api/v3/router.py:155}}
Apr 17 05:22:09 devstack devstack@c-api.service[70988]: DEBUG cinder.api.v3.router [None req-7c01861b-c6f9-43d1-9fa2-87a3cd61a752 None None] Extension VolumeActions extending resource: volumes {{(pid=70988) _setup_extensions /opt/stack/cinder/cinder/api/v3/router.py:155}}
Apr 17 05:22:09 devstack devstack@c-api.service[70988]: DEBUG cinder.api.v3.router [None req-7c01861b-c6f9-43d1-9fa2-87a3cd61a752 None None] Extension VolumeTypeAccess extending resource: types {{(pid=70988) _setup_extensions /opt/stack/cinder/cinder/api/v3/router.py:155}}
Apr 17 05:22:09 devstack devstack@c-api.service[70988]: WARNING keystonemiddleware.auth_token [None req-7c01861b-c6f9-43d1-9fa2-87a3cd61a752 None None] AuthToken middleware is set with keystone_authtoken.service_token_roles_required set to False. This is backwards compatible but deprecated behaviour. Please set this to True.
Apr 17 05:22:09 devstack devstack@c-api.service[70989]: WSGI app 0 (mountpoint='') ready in 3 seconds on interpreter 0x563fe1efc1c0 pid: 70989 (default app)
Apr 17 05:22:09 devstack devstack@c-api.service[70989]: /opt/stack/data/venv/lib/python3.10/site-packages/oslo_policy/policy.py:505: DeprecationWarning: fallback_to_json_file is deprecated and has no effect.
Apr 17 05:22:09 devstack devstack@c-api.service[70989]: warnings.warn(
Apr 17 05:22:09 devstack devstack@c-api.service[70988]: WSGI app 0 (mountpoint='') ready in 3 seconds on interpreter 0x563fe1efc1c0 pid: 70988 (default app)
Apr 17 05:22:09 devstack devstack@c-api.service[70989]: /opt/stack/data/venv/lib/python3.10/site-packages/oslo_policy/policy.py:806: UserWarning: Policy "volume:attachment_create":"" was deprecated in X in favor of "volume:attachment_create":"rule:xena_system_admin_or_project_member". Reason: Default policies now support the three Keystone default roles, namely 'admin', 'member', and 'reader' to implement three Cinder "personas". See "Policy Personas and Permissions" in the "Cinder Service Configuration" documentation (Xena release) for details.. Either ensure your deployment is ready for the new default or copy/paste the deprecated policy into your policy file and maintain it manually.
Apr 17 05:22:09 devstack devstack@c-api.service[70989]: warnings.warn(deprecated_msg)
Apr 17 05:22:09 devstack devstack@c-api.service[70989]: /opt/stack/data/venv/lib/python3.10/site-packages/oslo_policy/policy.py:806: UserWarning: Policy "volume:attachment_update":"rule:admin_or_owner" was deprecated in X in favor of "volume:attachment_update":"rule:xena_system_admin_or_project_member". Reason: Default policies now support the three Keystone default roles, namely 'admin', 'member', and 'reader' to implement three Cinder "personas". See "Policy Personas and Permissions" in the "Cinder Service Configuration" documentation (Xena release) for details.. Either ensure your deployment is ready for the new default or copy/paste the deprecated policy into your policy file and maintain it manually.
Apr 17 05:22:09 devstack devstack@c-api.service[70989]: warnings.warn(deprecated_msg)
Apr 17 05:22:09 devstack devstack@c-api.service[70989]: /opt/stack/data/venv/lib/python3.10/site-packages/oslo_policy/policy.py:806: UserWarning: Policy "volume:attachment_delete":"rule:admin_or_owner" was deprecated in X in favor of "volume:attachment_delete":"rule:xena_system_admin_or_project_member". Reason: Default policies now support the three Keystone default roles, namely 'admin', 'member', and 'reader' to implement three Cinder "personas". See "Policy Personas and Permissions" in the "Cinder Service Configuration" documentation (Xena release) for details.. Either ensure your deployment is ready for the new default or copy/paste the deprecated policy into your policy file and maintain it manually.
Apr 17 05:22:09 devstack devstack@c-api.service[70989]: warnings.warn(deprecated_msg)
Apr 17 05:22:09 devstack devstack@c-api.service[70989]: /opt/stack/data/venv/lib/python3.10/site-packages/oslo_policy/policy.py:806: UserWarning: Policy "volume:attachment_complete":"rule:admin_or_owner" was deprecated in X in favor of "volume:attachment_complete":"rule:xena_system_admin_or_project_member". Reason: Default policies now support the three Keystone default roles, namely 'admin', 'member', and 'reader' to implement three Cinder "personas". See "Policy Personas and Permissions" in the "Cinder Service Configuration" documentation (Xena release) for details.. Either ensure your deployment is ready for the new default or copy/paste the deprecated policy into your policy file and maintain it manually.
Apr 17 05:22:09 devstack devstack@c-api.service[70989]: warnings.warn(deprecated_msg)
Apr 17 05:22:09 devstack devstack@c-api.service[70989]: /opt/stack/data/venv/lib/python3.10/site-packages/oslo_policy/policy.py:806: UserWarning: Policy "volume:multiattach_bootable_volume":"rule:admin_or_owner" was deprecated in X in favor of "volume:multiattach_bootable_volume":"rule:xena_system_admin_or_project_member". Reason: Default policies now support the three Keystone default roles, namely 'admin', 'member', and 'reader' to implement three Cinder "personas". See "Policy Personas and Permissions" in the "Cinder Service Configuration" documentation (Xena release) for details.. Either ensure your deployment is ready for the new default or copy/paste the deprecated policy into your policy file and maintain it manually.
Apr 17 05:22:09 devstack devstack@c-api.service[70989]: warnings.warn(deprecated_msg)
Apr 17 05:22:09 devstack devstack@c-api.service[70989]: /opt/stack/data/venv/lib/python3.10/site-packages/oslo_policy/policy.py:806: UserWarning: Policy "message:get_all":"rule:admin_or_owner" was deprecated in X in favor of "message:get_all":"rule:xena_system_admin_or_project_reader". Reason: Default policies now support the three Keystone default roles, namely 'admin', 'member', and 'reader' to implement three Cinder "personas". See "Policy Personas and Permissions" in the "Cinder Service Configuration" documentation (Xena release) for details.. Either ensure your deployment is ready for the new default or copy/paste the deprecated policy into your policy file and maintain it manually.
Apr 17 05:22:09 devstack devstack@c-api.service[70989]: warnings.warn(deprecated_msg)
Apr 17 05:22:09 devstack devstack@c-api.service[70989]: /opt/stack/data/venv/lib/python3.10/site-packages/oslo_policy/policy.py:806: UserWarning: Policy "message:get":"rule:admin_or_owner" was deprecated in X in favor of "message:get":"rule:xena_system_admin_or_project_reader". Reason: Default policies now support the three Keystone default roles, namely 'admin', 'member', and 'reader' to implement three Cinder "personas". See "Policy Personas and Permissions" in the "Cinder Service Configuration" documentation (Xena release) for details.. Either ensure your deployment is ready for the new default or copy/paste the deprecated policy into your policy file and maintain it manually.
Apr 17 05:22:09 devstack devstack@c-api.service[70989]: warnings.warn(deprecated_msg)
Apr 17 05:22:09 devstack devstack@c-api.service[70989]: /opt/stack/data/venv/lib/python3.10/site-packages/oslo_policy/policy.py:806: UserWarning: Policy "message:delete":"rule:admin_or_owner" was deprecated in X in favor of "message:delete":"rule:xena_system_admin_or_project_member". Reason: Default policies now support the three Keystone default roles, namely 'admin', 'member', and 'reader' to implement three Cinder "personas". See "Policy Personas and Permissions" in the "Cinder Service Configuration" documentation (Xena release) for details.. Either ensure your deployment is ready for the new default or copy/paste the deprecated policy into your policy file and maintain it manually.
Apr 17 05:22:09 devstack devstack@c-api.service[70989]: warnings.warn(deprecated_msg)
Apr 17 05:22:09 devstack devstack@c-api.service[70989]: /opt/stack/data/venv/lib/python3.10/site-packages/oslo_policy/policy.py:806: UserWarning: Policy "volume:get_snapshot_metadata":"rule:admin_or_owner" was deprecated in X in favor of "volume:get_snapshot_metadata":"rule:xena_system_admin_or_project_reader". Reason: Default policies now support the three Keystone default roles, namely 'admin', 'member', and 'reader' to implement three Cinder "personas". See "Policy Personas and Permissions" in the "Cinder Service Configuration" documentation (Xena release) for details.. Either ensure your deployment is ready for the new default or copy/paste the deprecated policy into your policy file and maintain it manually.
Apr 17 05:22:09 devstack devstack@c-api.service[70989]: warnings.warn(deprecated_msg)
Apr 17 05:22:09 devstack devstack@c-api.service[70989]: /opt/stack/data/venv/lib/python3.10/site-packages/oslo_policy/policy.py:806: UserWarning: Policy "volume:update_snapshot_metadata":"rule:admin_or_owner" was deprecated in X in favor of "volume:update_snapshot_metadata":"rule:xena_system_admin_or_project_member". Reason: Default policies now support the three Keystone default roles, namely 'admin', 'member', and 'reader' to implement three Cinder "personas". See "Policy Personas and Permissions" in the "Cinder Service Configuration" documentation (Xena release) for details.. Either ensure your deployment is ready for the new default or copy/paste the deprecated policy into your policy file and maintain it manually.
Apr 17 05:22:09 devstack devstack@c-api.service[70989]: warnings.warn(deprecated_msg)
Apr 17 05:22:09 devstack devstack@c-api.service[70989]: /opt/stack/data/venv/lib/python3.10/site-packages/oslo_policy/policy.py:806: UserWarning: Policy "volume:delete_snapshot_metadata":"rule:admin_or_owner" was deprecated in X in favor of "volume:delete_snapshot_metadata":"rule:xena_system_admin_or_project_member". Reason: Default policies now support the three Keystone default roles, namely 'admin', 'member', and 'reader' to implement three Cinder "personas". See "Policy Personas and Permissions" in the "Cinder Service Configuration" documentation (Xena release) for details.. Either ensure your deployment is ready for the new default or copy/paste the deprecated policy into your policy file and maintain it manually.
Apr 17 05:22:09 devstack devstack@c-api.service[70989]: warnings.warn(deprecated_msg)
Apr 17 05:22:09 devstack devstack@c-api.service[70989]: /opt/stack/data/venv/lib/python3.10/site-packages/oslo_policy/policy.py:806: UserWarning: Policy "volume:get_all_snapshots":"rule:admin_or_owner" was deprecated in X in favor of "volume:get_all_snapshots":"rule:xena_system_admin_or_project_reader". Reason: Default policies now support the three Keystone default roles, namely 'admin', 'member', and 'reader' to implement three Cinder "personas". See "Policy Personas and Permissions" in the "Cinder Service Configuration" documentation (Xena release) for details.. Either ensure your deployment is ready for the new default or copy/paste the deprecated policy into your policy file and maintain it manually.
Apr 17 05:22:09 devstack devstack@c-api.service[70989]: warnings.warn(deprecated_msg)
Apr 17 05:22:09 devstack devstack@c-api.service[70989]: /opt/stack/data/venv/lib/python3.10/site-packages/oslo_policy/policy.py:806: UserWarning: Policy "volume_extension:extended_snapshot_attributes":"rule:admin_or_owner" was deprecated in X in favor of "volume_extension:extended_snapshot_attributes":"rule:xena_system_admin_or_project_reader". Reason: Default policies now support the three Keystone default roles, namely 'admin', 'member', and 'reader' to implement three Cinder "personas". See "Policy Personas and Permissions" in the "Cinder Service Configuration" documentation (Xena release) for details.. Either ensure your deployment is ready for the new default or copy/paste the deprecated policy into your policy file and maintain it manually.
Apr 17 05:22:09 devstack devstack@c-api.service[70989]: warnings.warn(deprecated_msg)
Apr 17 05:22:09 devstack devstack@c-api.service[70989]: /opt/stack/data/venv/lib/python3.10/site-packages/oslo_policy/policy.py:806: UserWarning: Policy "volume:create_snapshot":"rule:admin_or_owner" was deprecated in X in favor of "volume:create_snapshot":"rule:xena_system_admin_or_project_member". Reason: Default policies now support the three Keystone default roles, namely 'admin', 'member', and 'reader' to implement three Cinder "personas". See "Policy Personas and Permissions" in the "Cinder Service Configuration" documentation (Xena release) for details.. Either ensure your deployment is ready for the new default or copy/paste the deprecated policy into your policy file and maintain it manually.
Apr 17 05:22:09 devstack devstack@c-api.service[70989]: warnings.warn(deprecated_msg)
Apr 17 05:22:09 devstack devstack@c-api.service[70989]: /opt/stack/data/venv/lib/python3.10/site-packages/oslo_policy/policy.py:806: UserWarning: Policy "volume:get_snapshot":"rule:admin_or_owner" was deprecated in X in favor of "volume:get_snapshot":"rule:xena_system_admin_or_project_reader". Reason: Default policies now support the three Keystone default roles, namely 'admin', 'member', and 'reader' to implement three Cinder "personas". See "Policy Personas and Permissions" in the "Cinder Service Configuration" documentation (Xena release) for details.. Either ensure your deployment is ready for the new default or copy/paste the deprecated policy into your policy file and maintain it manually.
Apr 17 05:22:09 devstack devstack@c-api.service[70989]: warnings.warn(deprecated_msg)
Apr 17 05:22:09 devstack devstack@c-api.service[70989]: /opt/stack/data/venv/lib/python3.10/site-packages/oslo_policy/policy.py:806: UserWarning: Policy "volume:update_snapshot":"rule:admin_or_owner" was deprecated in X in favor of "volume:update_snapshot":"rule:xena_system_admin_or_project_member". Reason: Default policies now support the three Keystone default roles, namely 'admin', 'member', and 'reader' to implement three Cinder "personas". See "Policy Personas and Permissions" in the "Cinder Service Configuration" documentation (Xena release) for details.. Either ensure your deployment is ready for the new default or copy/paste the deprecated policy into your policy file and maintain it manually.
Apr 17 05:22:09 devstack devstack@c-api.service[70989]: warnings.warn(deprecated_msg)
Apr 17 05:22:09 devstack devstack@c-api.service[70989]: /opt/stack/data/venv/lib/python3.10/site-packages/oslo_policy/policy.py:806: UserWarning: Policy "volume:delete_snapshot":"rule:admin_or_owner" was deprecated in X in favor of "volume:delete_snapshot":"rule:xena_system_admin_or_project_member". Reason: Default policies now support the three Keystone default roles, namely 'admin', 'member', and 'reader' to implement three Cinder "personas". See "Policy Personas and Permissions" in the "Cinder Service Configuration" documentation (Xena release) for details.. Either ensure your deployment is ready for the new default or copy/paste the deprecated policy into your policy file and maintain it manually.
Apr 17 05:22:09 devstack devstack@c-api.service[70989]: warnings.warn(deprecated_msg)
Apr 17 05:22:09 devstack devstack@c-api.service[70989]: /opt/stack/data/venv/lib/python3.10/site-packages/oslo_policy/policy.py:806: UserWarning: Policy "snapshot_extension:snapshot_actions:update_snapshot_status":"" was deprecated in X in favor of "snapshot_extension:snapshot_actions:update_snapshot_status":"rule:xena_system_admin_or_project_member". Reason: Default policies now support the three Keystone default roles, namely 'admin', 'member', and 'reader' to implement three Cinder "personas". See "Policy Personas and Permissions" in the "Cinder Service Configuration" documentation (Xena release) for details.. Either ensure your deployment is ready for the new default or copy/paste the deprecated policy into your policy file and maintain it manually.
Apr 17 05:22:09 devstack devstack@c-api.service[70989]: warnings.warn(deprecated_msg)
Apr 17 05:22:09 devstack devstack@c-api.service[70989]: /opt/stack/data/venv/lib/python3.10/site-packages/oslo_policy/policy.py:806: UserWarning: Policy "backup:get_all":"rule:admin_or_owner" was deprecated in X in favor of "backup:get_all":"rule:xena_system_admin_or_project_reader". Reason: Default policies now support the three Keystone default roles, namely 'admin', 'member', and 'reader' to implement three Cinder "personas". See "Policy Personas and Permissions" in the "Cinder Service Configuration" documentation (Xena release) for details.. Either ensure your deployment is ready for the new default or copy/paste the deprecated policy into your policy file and maintain it manually.
Apr 17 05:22:09 devstack devstack@c-api.service[70989]: warnings.warn(deprecated_msg)
Apr 17 05:22:09 devstack devstack@c-api.service[70989]: /opt/stack/data/venv/lib/python3.10/site-packages/oslo_policy/policy.py:806: UserWarning: Policy "backup:create":"" was deprecated in X in favor of "backup:create":"rule:xena_system_admin_or_project_member". Reason: Default policies now support the three Keystone default roles, namely 'admin', 'member', and 'reader' to implement three Cinder "personas". See "Policy Personas and Permissions" in the "Cinder Service Configuration" documentation (Xena release) for details.. Either ensure your deployment is ready for the new default or copy/paste the deprecated policy into your policy file and maintain it manually.
Apr 17 05:22:09 devstack devstack@c-api.service[70989]: warnings.warn(deprecated_msg)
Apr 17 05:22:09 devstack devstack@c-api.service[70989]: /opt/stack/data/venv/lib/python3.10/site-packages/oslo_policy/policy.py:806: UserWarning: Policy "backup:get":"rule:admin_or_owner" was deprecated in X in favor of "backup:get":"rule:xena_system_admin_or_project_reader". Reason: Default policies now support the three Keystone default roles, namely 'admin', 'member', and 'reader' to implement three Cinder "personas". See "Policy Personas and Permissions" in the "Cinder Service Configuration" documentation (Xena release) for details.. Either ensure your deployment is ready for the new default or copy/paste the deprecated policy into your policy file and maintain it manually.
Apr 17 05:22:09 devstack devstack@c-api.service[70989]: warnings.warn(deprecated_msg)
Apr 17 05:22:09 devstack devstack@c-api.service[70989]: /opt/stack/data/venv/lib/python3.10/site-packages/oslo_policy/policy.py:806: UserWarning: Policy "backup:update":"rule:admin_or_owner" was deprecated in X in favor of "backup:update":"rule:xena_system_admin_or_project_member". Reason: Default policies now support the three Keystone default roles, namely 'admin', 'member', and 'reader' to implement three Cinder "personas". See "Policy Personas and Permissions" in the "Cinder Service Configuration" documentation (Xena release) for details.. Either ensure your deployment is ready for the new default or copy/paste the deprecated policy into your policy file and maintain it manually.
Apr 17 05:22:09 devstack devstack@c-api.service[70989]: warnings.warn(deprecated_msg)
Apr 17 05:22:09 devstack devstack@c-api.service[70989]: /opt/stack/data/venv/lib/python3.10/site-packages/oslo_policy/policy.py:806: UserWarning: Policy "backup:delete":"rule:admin_or_owner" was deprecated in X in favor of "backup:delete":"rule:xena_system_admin_or_project_member". Reason: Default policies now support the three Keystone default roles, namely 'admin', 'member', and 'reader' to implement three Cinder "personas". See "Policy Personas and Permissions" in the "Cinder Service Configuration" documentation (Xena release) for details.. Either ensure your deployment is ready for the new default or copy/paste the deprecated policy into your policy file and maintain it manually.
Apr 17 05:22:09 devstack devstack@c-api.service[70989]: warnings.warn(deprecated_msg)
Apr 17 05:22:09 devstack devstack@c-api.service[70989]: /opt/stack/data/venv/lib/python3.10/site-packages/oslo_policy/policy.py:806: UserWarning: Policy "backup:restore":"rule:admin_or_owner" was deprecated in X in favor of "backup:restore":"rule:xena_system_admin_or_project_member". Reason: Default policies now support the three Keystone default roles, namely 'admin', 'member', and 'reader' to implement three Cinder "personas". See "Policy Personas and Permissions" in the "Cinder Service Configuration" documentation (Xena release) for details.. Either ensure your deployment is ready for the new default or copy/paste the deprecated policy into your policy file and maintain it manually.
Apr 17 05:22:09 devstack devstack@c-api.service[70989]: warnings.warn(deprecated_msg)
Apr 17 05:22:09 devstack devstack@c-api.service[70989]: /opt/stack/data/venv/lib/python3.10/site-packages/oslo_policy/policy.py:806: UserWarning: Policy "group:get_all":"rule:admin_or_owner" was deprecated in X in favor of "group:get_all":"rule:xena_system_admin_or_project_reader". Reason: Default policies now support the three Keystone default roles, namely 'admin', 'member', and 'reader' to implement three Cinder "personas". See "Policy Personas and Permissions" in the "Cinder Service Configuration" documentation (Xena release) for details.. Either ensure your deployment is ready for the new default or copy/paste the deprecated policy into your policy file and maintain it manually.
Apr 17 05:22:09 devstack devstack@c-api.service[70989]: warnings.warn(deprecated_msg)
Apr 17 05:22:09 devstack devstack@c-api.service[70989]: /opt/stack/data/venv/lib/python3.10/site-packages/oslo_policy/policy.py:806: UserWarning: Policy "group:create":"" was deprecated in X in favor of "group:create":"rule:xena_system_admin_or_project_member". Reason: Default policies now support the three Keystone default roles, namely 'admin', 'member', and 'reader' to implement three Cinder "personas". See "Policy Personas and Permissions" in the "Cinder Service Configuration" documentation (Xena release) for details.. Either ensure your deployment is ready for the new default or copy/paste the deprecated policy into your policy file and maintain it manually.
Apr 17 05:22:09 devstack devstack@c-api.service[70989]: warnings.warn(deprecated_msg)
Apr 17 05:22:09 devstack devstack@c-api.service[70989]: /opt/stack/data/venv/lib/python3.10/site-packages/oslo_policy/policy.py:806: UserWarning: Policy "group:get":"rule:admin_or_owner" was deprecated in X in favor of "group:get":"rule:xena_system_admin_or_project_reader". Reason: Default policies now support the three Keystone default roles, namely 'admin', 'member', and 'reader' to implement three Cinder "personas". See "Policy Personas and Permissions" in the "Cinder Service Configuration" documentation (Xena release) for details.. Either ensure your deployment is ready for the new default or copy/paste the deprecated policy into your policy file and maintain it manually.
Apr 17 05:22:09 devstack devstack@c-api.service[70989]: warnings.warn(deprecated_msg)
Apr 17 05:22:09 devstack devstack@c-api.service[70989]: /opt/stack/data/venv/lib/python3.10/site-packages/oslo_policy/policy.py:806: UserWarning: Policy "group:update":"rule:admin_or_owner" was deprecated in X in favor of "group:update":"rule:xena_system_admin_or_project_member". Reason: Default policies now support the three Keystone default roles, namely 'admin', 'member', and 'reader' to implement three Cinder "personas". See "Policy Personas and Permissions" in the "Cinder Service Configuration" documentation (Xena release) for details.. Either ensure your deployment is ready for the new default or copy/paste the deprecated policy into your policy file and maintain it manually.
Apr 17 05:22:09 devstack devstack@c-api.service[70989]: warnings.warn(deprecated_msg)
Apr 17 05:22:09 devstack devstack@c-api.service[70989]: /opt/stack/data/venv/lib/python3.10/site-packages/oslo_policy/policy.py:806: UserWarning: Policy "group:get_all_group_snapshots":"rule:admin_or_owner" was deprecated in X in favor of "group:get_all_group_snapshots":"rule:xena_system_admin_or_project_reader". Reason: Default policies now support the three Keystone default roles, namely 'admin', 'member', and 'reader' to implement three Cinder "personas". See "Policy Personas and Permissions" in the "Cinder Service Configuration" documentation (Xena release) for details.. Either ensure your deployment is ready for the new default or copy/paste the deprecated policy into your policy file and maintain it manually.
Apr 17 05:22:09 devstack devstack@c-api.service[70989]: warnings.warn(deprecated_msg)
Apr 17 05:22:09 devstack devstack@c-api.service[70989]: /opt/stack/data/venv/lib/python3.10/site-packages/oslo_policy/policy.py:806: UserWarning: Policy "group:create_group_snapshot":"" was deprecated in X in favor of "group:create_group_snapshot":"rule:xena_system_admin_or_project_member". Reason: Default policies now support the three Keystone default roles, namely 'admin', 'member', and 'reader' to implement three Cinder "personas". See "Policy Personas and Permissions" in the "Cinder Service Configuration" documentation (Xena release) for details.. Either ensure your deployment is ready for the new default or copy/paste the deprecated policy into your policy file and maintain it manually.
Apr 17 05:22:09 devstack devstack@c-api.service[70989]: warnings.warn(deprecated_msg)
Apr 17 05:22:09 devstack devstack@c-api.service[70989]: /opt/stack/data/venv/lib/python3.10/site-packages/oslo_policy/policy.py:806: UserWarning: Policy "group:get_group_snapshot":"rule:admin_or_owner" was deprecated in X in favor of "group:get_group_snapshot":"rule:xena_system_admin_or_project_reader". Reason: Default policies now support the three Keystone default roles, namely 'admin', 'member', and 'reader' to implement three Cinder "personas". See "Policy Personas and Permissions" in the "Cinder Service Configuration" documentation (Xena release) for details.. Either ensure your deployment is ready for the new default or copy/paste the deprecated policy into your policy file and maintain it manually.
Apr 17 05:22:09 devstack devstack@c-api.service[70989]: warnings.warn(deprecated_msg)
Apr 17 05:22:09 devstack devstack@c-api.service[70989]: /opt/stack/data/venv/lib/python3.10/site-packages/oslo_policy/policy.py:806: UserWarning: Policy "group:delete_group_snapshot":"rule:admin_or_owner" was deprecated in X in favor of "group:delete_group_snapshot":"rule:xena_system_admin_or_project_member". Reason: Default policies now support the three Keystone default roles, namely 'admin', 'member', and 'reader' to implement three Cinder "personas". See "Policy Personas and Permissions" in the "Cinder Service Configuration" documentation (Xena release) for details.. Either ensure your deployment is ready for the new default or copy/paste the deprecated policy into your policy file and maintain it manually.
Apr 17 05:22:09 devstack devstack@c-api.service[70989]: warnings.warn(deprecated_msg)
Apr 17 05:22:09 devstack devstack@c-api.service[70989]: /opt/stack/data/venv/lib/python3.10/site-packages/oslo_policy/policy.py:806: UserWarning: Policy "group:update_group_snapshot":"rule:admin_or_owner" was deprecated in X in favor of "group:update_group_snapshot":"rule:xena_system_admin_or_project_member". Reason: Default policies now support the three Keystone default roles, namely 'admin', 'member', and 'reader' to implement three Cinder "personas". See "Policy Personas and Permissions" in the "Cinder Service Configuration" documentation (Xena release) for details.. Either ensure your deployment is ready for the new default or copy/paste the deprecated policy into your policy file and maintain it manually.
Apr 17 05:22:09 devstack devstack@c-api.service[70989]: warnings.warn(deprecated_msg)
Apr 17 05:22:09 devstack devstack@c-api.service[70989]: /opt/stack/data/venv/lib/python3.10/site-packages/oslo_policy/policy.py:806: UserWarning: Policy "group:delete":"rule:admin_or_owner" was deprecated in X in favor of "group:delete":"rule:xena_system_admin_or_project_member". Reason: Default policies now support the three Keystone default roles, namely 'admin', 'member', and 'reader' to implement three Cinder "personas". See "Policy Personas and Permissions" in the "Cinder Service Configuration" documentation (Xena release) for details.. Either ensure your deployment is ready for the new default or copy/paste the deprecated policy into your policy file and maintain it manually.
Apr 17 05:22:09 devstack devstack@c-api.service[70989]: warnings.warn(deprecated_msg)
Apr 17 05:22:09 devstack devstack@c-api.service[70989]: /opt/stack/data/venv/lib/python3.10/site-packages/oslo_policy/policy.py:806: UserWarning: Policy "group:enable_replication":"rule:admin_or_owner" was deprecated in X in favor of "group:enable_replication":"rule:xena_system_admin_or_project_member". Reason: Default policies now support the three Keystone default roles, namely 'admin', 'member', and 'reader' to implement three Cinder "personas". See "Policy Personas and Permissions" in the "Cinder Service Configuration" documentation (Xena release) for details.. Either ensure your deployment is ready for the new default or copy/paste the deprecated policy into your policy file and maintain it manually.
Apr 17 05:22:09 devstack devstack@c-api.service[70989]: warnings.warn(deprecated_msg)
Apr 17 05:22:09 devstack devstack@c-api.service[70989]: /opt/stack/data/venv/lib/python3.10/site-packages/oslo_policy/policy.py:806: UserWarning: Policy "group:disable_replication":"rule:admin_or_owner" was deprecated in X in favor of "group:disable_replication":"rule:xena_system_admin_or_project_member". Reason: Default policies now support the three Keystone default roles, namely 'admin', 'member', and 'reader' to implement three Cinder "personas". See "Policy Personas and Permissions" in the "Cinder Service Configuration" documentation (Xena release) for details.. Either ensure your deployment is ready for the new default or copy/paste the deprecated policy into your policy file and maintain it manually.
Apr 17 05:22:09 devstack devstack@c-api.service[70989]: warnings.warn(deprecated_msg)
Apr 17 05:22:09 devstack devstack@c-api.service[70989]: /opt/stack/data/venv/lib/python3.10/site-packages/oslo_policy/policy.py:806: UserWarning: Policy "group:failover_replication":"rule:admin_or_owner" was deprecated in X in favor of "group:failover_replication":"rule:xena_system_admin_or_project_member". Reason: Default policies now support the three Keystone default roles, namely 'admin', 'member', and 'reader' to implement three Cinder "personas". See "Policy Personas and Permissions" in the "Cinder Service Configuration" documentation (Xena release) for details.. Either ensure your deployment is ready for the new default or copy/paste the deprecated policy into your policy file and maintain it manually.
Apr 17 05:22:09 devstack devstack@c-api.service[70989]: warnings.warn(deprecated_msg)
