Apr 28 04:53:18 devstack devstack@c-api.service[81910]: INFO cinder.api.openstack.wsgi [None req-5d7d6b45-24fe-4097-ab80-55f1f010edbd tempest-VolumesTestJSON-600194719 tempest-VolumesTestJSON-600194719-project-member] http://192.168.122.146/volume/v3/volumes/cc75e902-89c8-4978-9b3c-ec0a9fd159c0 returned with HTTP 200
Apr 28 04:53:18 devstack devstack@c-api.service[81910]: [pid: 81910|app: 0|req: 157/312] 192.168.122.146 () {58 vars in 1243 bytes} [Tue Apr 28 04:53:18 2026] GET /volume/v3/volumes/cc75e902-89c8-4978-9b3c-ec0a9fd159c0 => generated 860 bytes in 76 msecs (HTTP/1.1 200) 7 headers in 285 bytes (1 switches on core 0)
Apr 28 04:53:18 devstack devstack@c-api.service[81911]: INFO cinder.volume.api [None req-51424740-d92e-4763-afb6-f054a34fd714 tempest-GroupsTest-962582551 tempest-GroupsTest-962582551-project-member] Volume info retrieved successfully.
Apr 28 04:53:18 devstack devstack@c-api.service[81911]: WARNING stevedore.named [None req-51424740-d92e-4763-afb6-f054a34fd714 tempest-GroupsTest-962582551 tempest-GroupsTest-962582551-project-member] Could not load cinder.keymgr.conf_key_mgr.ConfKeyManager
Apr 28 04:53:18 devstack devstack@c-api.service[81911]: WARNING castellan.key_manager [None req-51424740-d92e-4763-afb6-f054a34fd714 tempest-GroupsTest-962582551 tempest-GroupsTest-962582551-project-member] Deprecation Warning : cinder.keymgr.conf_key_mgr.ConfKeyManager is not a stevedore based driver, trying to load it as a class: stevedore.exception.NoMatches: No 'castellan.drivers' driver found, looking for 'cinder.keymgr.conf_key_mgr.ConfKeyManager'
Apr 28 04:53:18 devstack devstack@c-api.service[81911]: DEBUG oslo_db.sqlalchemy.engines [None req-51424740-d92e-4763-afb6-f054a34fd714 tempest-GroupsTest-962582551 tempest-GroupsTest-962582551-project-member] MySQL server mode set to STRICT_TRANS_TABLES,STRICT_ALL_TABLES,NO_ZERO_IN_DATE,NO_ZERO_DATE,ERROR_FOR_DIVISION_BY_ZERO,TRADITIONAL,NO_ENGINE_SUBSTITUTION {{(pid=81911) _check_effective_sql_mode /opt/stack/data/venv/lib/python3.10/site-packages/oslo_db/sqlalchemy/engines.py:325}}
Apr 28 04:53:18 devstack devstack@c-api.service[81911]: /opt/stack/data/venv/lib/python3.10/site-packages/oslo_context/context.py:101: DeprecationWarning: Policy enforcement is depending on the value of is_admin. This key is deprecated. Please update your policy file to use the standard policy values.
Apr 28 04:53:18 devstack devstack@c-api.service[81911]: warnings.warn(
Apr 28 04:53:18 devstack devstack@c-api.service[81911]: INFO cinder.api.openstack.wsgi [None req-51424740-d92e-4763-afb6-f054a34fd714 tempest-GroupsTest-962582551 tempest-GroupsTest-962582551-project-member] http://192.168.122.146/volume/v3/volumes/f9afc8d1-c448-415a-ac9b-4cc150fcbc37 returned with HTTP 200
Apr 28 04:53:18 devstack devstack@c-api.service[81911]: [pid: 81911|app: 0|req: 156/313] 192.168.122.146 () {60 vars in 1284 bytes} [Tue Apr 28 04:53:18 2026] GET /volume/v3/volumes/f9afc8d1-c448-415a-ac9b-4cc150fcbc37 => generated 914 bytes in 233 msecs (HTTP/1.1 200) 7 headers in 286 bytes (1 switches on core 0)
Apr 28 04:53:19 devstack devstack@c-api.service[81910]: DEBUG cinder.api.middleware.request_id [None req-75f8ec85-6edb-4113-af8a-fc779e0a6522 None None] RequestId filter calling following filter/app {{(pid=81910) _context_setter /opt/stack/cinder/cinder/api/middleware/request_id.py:62}}
Apr 28 04:53:19 devstack devstack@c-api.service[81910]: INFO cinder.api.openstack.wsgi [None req-75f8ec85-6edb-4113-af8a-fc779e0a6522 tempest-VolumesTestJSON-600194719 tempest-VolumesTestJSON-600194719-project-member] GET http://192.168.122.146/volume/v3/volumes/cc75e902-89c8-4978-9b3c-ec0a9fd159c0
Apr 28 04:53:19 devstack devstack@c-api.service[81910]: DEBUG cinder.api.openstack.wsgi [None req-75f8ec85-6edb-4113-af8a-fc779e0a6522 tempest-VolumesTestJSON-600194719 tempest-VolumesTestJSON-600194719-project-member] Empty body provided in request {{(pid=81910) get_body /opt/stack/cinder/cinder/api/openstack/wsgi.py:725}}
Apr 28 04:53:19 devstack devstack@c-api.service[81910]: DEBUG cinder.api.openstack.wsgi [None req-75f8ec85-6edb-4113-af8a-fc779e0a6522 tempest-VolumesTestJSON-600194719 tempest-VolumesTestJSON-600194719-project-member] Calling method 'show' {{(pid=81910) _process_stack /opt/stack/cinder/cinder/api/openstack/wsgi.py:878}}
Apr 28 04:53:19 devstack devstack@c-api.service[81910]: /opt/stack/data/venv/lib/python3.10/site-packages/oslo_context/context.py:101: DeprecationWarning: Policy enforcement is depending on the value of is_admin. This key is deprecated. Please update your policy file to use the standard policy values.
Apr 28 04:53:19 devstack devstack@c-api.service[81910]: warnings.warn(
Apr 28 04:53:19 devstack devstack@c-api.service[81910]: INFO cinder.volume.api [None req-75f8ec85-6edb-4113-af8a-fc779e0a6522 tempest-VolumesTestJSON-600194719 tempest-VolumesTestJSON-600194719-project-member] Volume info retrieved successfully.
Apr 28 04:53:19 devstack devstack@c-api.service[81910]: INFO cinder.api.openstack.wsgi [None req-75f8ec85-6edb-4113-af8a-fc779e0a6522 tempest-VolumesTestJSON-600194719 tempest-VolumesTestJSON-600194719-project-member] http://192.168.122.146/volume/v3/volumes/cc75e902-89c8-4978-9b3c-ec0a9fd159c0 returned with HTTP 200
Apr 28 04:53:19 devstack devstack@c-api.service[81910]: [pid: 81910|app: 0|req: 158/314] 192.168.122.146 () {58 vars in 1243 bytes} [Tue Apr 28 04:53:19 2026] GET /volume/v3/volumes/cc75e902-89c8-4978-9b3c-ec0a9fd159c0 => generated 861 bytes in 53 msecs (HTTP/1.1 200) 7 headers in 285 bytes (1 switches on core 0)
Apr 28 04:53:19 devstack devstack@c-api.service[81911]: DEBUG cinder.api.middleware.request_id [None req-d58d164e-a7a5-4b6e-850b-726aeb436b29 None None] RequestId filter calling following filter/app {{(pid=81911) _context_setter /opt/stack/cinder/cinder/api/middleware/request_id.py:62}}
Apr 28 04:53:19 devstack devstack@c-api.service[81910]: DEBUG cinder.api.middleware.request_id [req-1dae7b8d-ea43-4b97-be3b-85cf98583724 req-cfe4511a-18bb-4925-bcd9-8b89f3bf28cf None None] RequestId filter calling following filter/app {{(pid=81910) _context_setter /opt/stack/cinder/cinder/api/middleware/request_id.py:62}}
Apr 28 04:53:19 devstack devstack@c-api.service[81911]: INFO cinder.api.openstack.wsgi [None req-d58d164e-a7a5-4b6e-850b-726aeb436b29 tempest-GroupsTest-962582551 tempest-GroupsTest-962582551-project-member] GET http://192.168.122.146/volume/v3/volumes/f9afc8d1-c448-415a-ac9b-4cc150fcbc37
Apr 28 04:53:19 devstack devstack@c-api.service[81911]: DEBUG cinder.api.openstack.wsgi [None req-d58d164e-a7a5-4b6e-850b-726aeb436b29 tempest-GroupsTest-962582551 tempest-GroupsTest-962582551-project-member] Empty body provided in request {{(pid=81911) get_body /opt/stack/cinder/cinder/api/openstack/wsgi.py:725}}
Apr 28 04:53:19 devstack devstack@c-api.service[81911]: DEBUG cinder.api.openstack.wsgi [None req-d58d164e-a7a5-4b6e-850b-726aeb436b29 tempest-GroupsTest-962582551 tempest-GroupsTest-962582551-project-member] Calling method 'show' {{(pid=81911) _process_stack /opt/stack/cinder/cinder/api/openstack/wsgi.py:878}}
Apr 28 04:53:19 devstack devstack@c-api.service[81910]: INFO cinder.api.openstack.wsgi [req-1dae7b8d-ea43-4b97-be3b-85cf98583724 req-cfe4511a-18bb-4925-bcd9-8b89f3bf28cf tempest-VolumesTestJSON-600194719 tempest-VolumesTestJSON-600194719-project-member] GET http://192.168.122.146/volume/v3/volumes/cc75e902-89c8-4978-9b3c-ec0a9fd159c0
Apr 28 04:53:19 devstack devstack@c-api.service[81910]: DEBUG cinder.api.openstack.wsgi [req-1dae7b8d-ea43-4b97-be3b-85cf98583724 req-cfe4511a-18bb-4925-bcd9-8b89f3bf28cf tempest-VolumesTestJSON-600194719 tempest-VolumesTestJSON-600194719-project-member] Empty body provided in request {{(pid=81910) get_body /opt/stack/cinder/cinder/api/openstack/wsgi.py:725}}
Apr 28 04:53:19 devstack devstack@c-api.service[81910]: DEBUG cinder.api.openstack.wsgi [req-1dae7b8d-ea43-4b97-be3b-85cf98583724 req-cfe4511a-18bb-4925-bcd9-8b89f3bf28cf tempest-VolumesTestJSON-600194719 tempest-VolumesTestJSON-600194719-project-member] Calling method 'show' {{(pid=81910) _process_stack /opt/stack/cinder/cinder/api/openstack/wsgi.py:878}}
Apr 28 04:53:19 devstack devstack@c-api.service[81911]: INFO cinder.api.openstack.wsgi [None req-d58d164e-a7a5-4b6e-850b-726aeb436b29 tempest-GroupsTest-962582551 tempest-GroupsTest-962582551-project-member] http://192.168.122.146/volume/v3/volumes/f9afc8d1-c448-415a-ac9b-4cc150fcbc37 returned with HTTP 404
Apr 28 04:53:19 devstack devstack@c-api.service[81910]: /opt/stack/data/venv/lib/python3.10/site-packages/oslo_context/context.py:101: DeprecationWarning: Policy enforcement is depending on the value of is_admin. This key is deprecated. Please update your policy file to use the standard policy values.
Apr 28 04:53:19 devstack devstack@c-api.service[81910]: warnings.warn(
Apr 28 04:53:19 devstack devstack@c-api.service[81911]: [pid: 81911|app: 0|req: 157/315] 192.168.122.146 () {60 vars in 1284 bytes} [Tue Apr 28 04:53:19 2026] GET /volume/v3/volumes/f9afc8d1-c448-415a-ac9b-4cc150fcbc37 => generated 109 bytes in 27 msecs (HTTP/1.1 404) 7 headers in 293 bytes (1 switches on core 0)
Apr 28 04:53:19 devstack devstack@c-api.service[81911]: DEBUG cinder.api.middleware.request_id [None req-c557bbf9-89d1-4a0d-8de6-4d513e3b644d None None] RequestId filter calling following filter/app {{(pid=81911) _context_setter /opt/stack/cinder/cinder/api/middleware/request_id.py:62}}
Apr 28 04:53:19 devstack devstack@c-api.service[81910]: INFO cinder.volume.api [req-1dae7b8d-ea43-4b97-be3b-85cf98583724 req-cfe4511a-18bb-4925-bcd9-8b89f3bf28cf tempest-VolumesTestJSON-600194719 tempest-VolumesTestJSON-600194719-project-member] Volume info retrieved successfully.
Apr 28 04:53:19 devstack devstack@c-api.service[81911]: INFO cinder.api.openstack.wsgi [None req-c557bbf9-89d1-4a0d-8de6-4d513e3b644d tempest-GroupsTest-962582551 tempest-GroupsTest-962582551-project-member] GET http://192.168.122.146/volume/v3/volumes/c3ae5db7-c0db-4265-b65b-279ce64c64bd
Apr 28 04:53:19 devstack devstack@c-api.service[81911]: DEBUG cinder.api.openstack.wsgi [None req-c557bbf9-89d1-4a0d-8de6-4d513e3b644d tempest-GroupsTest-962582551 tempest-GroupsTest-962582551-project-member] Empty body provided in request {{(pid=81911) get_body /opt/stack/cinder/cinder/api/openstack/wsgi.py:725}}
Apr 28 04:53:19 devstack devstack@c-api.service[81911]: DEBUG cinder.api.openstack.wsgi [None req-c557bbf9-89d1-4a0d-8de6-4d513e3b644d tempest-GroupsTest-962582551 tempest-GroupsTest-962582551-project-member] Calling method 'show' {{(pid=81911) _process_stack /opt/stack/cinder/cinder/api/openstack/wsgi.py:878}}
Apr 28 04:53:19 devstack devstack@c-api.service[81910]: INFO cinder.api.openstack.wsgi [req-1dae7b8d-ea43-4b97-be3b-85cf98583724 req-cfe4511a-18bb-4925-bcd9-8b89f3bf28cf tempest-VolumesTestJSON-600194719 tempest-VolumesTestJSON-600194719-project-member] http://192.168.122.146/volume/v3/volumes/cc75e902-89c8-4978-9b3c-ec0a9fd159c0 returned with HTTP 200
Apr 28 04:53:20 devstack devstack@c-api.service[81911]: INFO cinder.api.openstack.wsgi [None req-c557bbf9-89d1-4a0d-8de6-4d513e3b644d tempest-GroupsTest-962582551 tempest-GroupsTest-962582551-project-member] http://192.168.122.146/volume/v3/volumes/c3ae5db7-c0db-4265-b65b-279ce64c64bd returned with HTTP 404
Apr 28 04:53:20 devstack devstack@c-api.service[81910]: [pid: 81910|app: 0|req: 159/316] 192.168.122.146 () {60 vars in 1498 bytes} [Tue Apr 28 04:53:19 2026] GET /volume/v3/volumes/cc75e902-89c8-4978-9b3c-ec0a9fd159c0 => generated 861 bytes in 48 msecs (HTTP/1.1 200) 7 headers in 285 bytes (1 switches on core 0)
Apr 28 04:53:20 devstack devstack@c-api.service[81911]: [pid: 81911|app: 0|req: 158/317] 192.168.122.146 () {60 vars in 1284 bytes} [Tue Apr 28 04:53:19 2026] GET /volume/v3/volumes/c3ae5db7-c0db-4265-b65b-279ce64c64bd => generated 109 bytes in 23 msecs (HTTP/1.1 404) 7 headers in 293 bytes (1 switches on core 0)
Apr 28 04:53:20 devstack devstack@c-api.service[81911]: DEBUG cinder.api.middleware.request_id [None req-83ed0f24-dca2-4c0b-a7e8-bf5a7a377f02 None None] RequestId filter calling following filter/app {{(pid=81911) _context_setter /opt/stack/cinder/cinder/api/middleware/request_id.py:62}}
Apr 28 04:53:20 devstack devstack@c-api.service[81910]: DEBUG cinder.api.middleware.request_id [None req-b01dedda-fc00-4388-9a0b-39d3e1e44294 None None] RequestId filter calling following filter/app {{(pid=81910) _context_setter /opt/stack/cinder/cinder/api/middleware/request_id.py:62}}
Apr 28 04:53:20 devstack devstack@c-api.service[81911]: INFO cinder.api.openstack.wsgi [None req-83ed0f24-dca2-4c0b-a7e8-bf5a7a377f02 tempest-VolumesTestJSON-600194719 tempest-VolumesTestJSON-600194719-project-member] POST http://192.168.122.146/volume/v3/volumes
Apr 28 04:53:20 devstack devstack@c-api.service[81910]: INFO cinder.api.openstack.wsgi [None req-b01dedda-fc00-4388-9a0b-39d3e1e44294 tempest-GroupsTest-962582551 tempest-GroupsTest-962582551-project-member] GET http://192.168.122.146/volume/v3/groups/ddc73318-d187-4062-b7c3-f1dccc1c4e6f
Apr 28 04:53:20 devstack devstack@c-api.service[81910]: DEBUG cinder.api.openstack.wsgi [None req-b01dedda-fc00-4388-9a0b-39d3e1e44294 tempest-GroupsTest-962582551 tempest-GroupsTest-962582551-project-member] Empty body provided in request {{(pid=81910) get_body /opt/stack/cinder/cinder/api/openstack/wsgi.py:725}}
Apr 28 04:53:20 devstack devstack@c-api.service[81910]: DEBUG cinder.api.openstack.wsgi [None req-b01dedda-fc00-4388-9a0b-39d3e1e44294 tempest-GroupsTest-962582551 tempest-GroupsTest-962582551-project-member] Calling method 'version_select' {{(pid=81910) _process_stack /opt/stack/cinder/cinder/api/openstack/wsgi.py:878}}
Apr 28 04:53:20 devstack devstack@c-api.service[81910]: DEBUG cinder.api.v3.groups [None req-b01dedda-fc00-4388-9a0b-39d3e1e44294 tempest-GroupsTest-962582551 tempest-GroupsTest-962582551-project-member] show called for member ddc73318-d187-4062-b7c3-f1dccc1c4e6f {{(pid=81910) show /opt/stack/cinder/cinder/api/v3/groups.py:58}}
Apr 28 04:53:20 devstack devstack@c-api.service[81911]: DEBUG cinder.api.openstack.wsgi [None req-83ed0f24-dca2-4c0b-a7e8-bf5a7a377f02 tempest-VolumesTestJSON-600194719 tempest-VolumesTestJSON-600194719-project-member] Action: 'create', calling method: create, body: {"volume": {"metadata": {"Type": "work"}, "size": 1, "display_name": "tempest-VolumesTestJSON-volume-621976845"}} {{(pid=81911) _process_stack /opt/stack/cinder/cinder/api/openstack/wsgi.py:876}}
Apr 28 04:53:20 devstack devstack@c-api.service[81911]: DEBUG cinder.api.v3.volumes [None req-83ed0f24-dca2-4c0b-a7e8-bf5a7a377f02 tempest-VolumesTestJSON-600194719 tempest-VolumesTestJSON-600194719-project-member] Create volume request body: {'volume': {'metadata': {'Type': 'work'}, 'size': 1, 'display_name': 'tempest-VolumesTestJSON-volume-621976845'}} {{(pid=81911) create /opt/stack/cinder/cinder/api/v3/volumes.py:368}}
Apr 28 04:53:20 devstack devstack@c-api.service[81911]: INFO cinder.api.v3.volumes [None req-83ed0f24-dca2-4c0b-a7e8-bf5a7a377f02 tempest-VolumesTestJSON-600194719 tempest-VolumesTestJSON-600194719-project-member] Create volume of 1 GB
Apr 28 04:53:20 devstack devstack@c-api.service[81910]: INFO cinder.api.openstack.wsgi [None req-b01dedda-fc00-4388-9a0b-39d3e1e44294 tempest-GroupsTest-962582551 tempest-GroupsTest-962582551-project-member] http://192.168.122.146/volume/v3/groups/ddc73318-d187-4062-b7c3-f1dccc1c4e6f returned with HTTP 404
Apr 28 04:53:20 devstack devstack@c-api.service[81910]: [pid: 81910|app: 0|req: 160/318] 192.168.122.146 () {60 vars in 1281 bytes} [Tue Apr 28 04:53:20 2026] GET /volume/v3/groups/ddc73318-d187-4062-b7c3-f1dccc1c4e6f => generated 108 bytes in 15 msecs (HTTP/1.1 404) 7 headers in 293 bytes (1 switches on core 0)
Apr 28 04:53:20 devstack devstack@c-api.service[81910]: DEBUG cinder.api.middleware.request_id [None req-7be2706a-f98e-44ab-bd0f-651776279dfd None None] RequestId filter calling following filter/app {{(pid=81910) _context_setter /opt/stack/cinder/cinder/api/middleware/request_id.py:62}}
Apr 28 04:53:20 devstack devstack@c-api.service[81910]: INFO cinder.api.openstack.wsgi [None req-7be2706a-f98e-44ab-bd0f-651776279dfd tempest-GroupsTest-1781191276 tempest-GroupsTest-1781191276-project-admin] DELETE http://192.168.122.146/volume/v3/group_types/22b1a106-bda4-476b-9b94-9423d5f82d7d
Apr 28 04:53:20 devstack devstack@c-api.service[81910]: DEBUG cinder.api.openstack.wsgi [None req-7be2706a-f98e-44ab-bd0f-651776279dfd tempest-GroupsTest-1781191276 tempest-GroupsTest-1781191276-project-admin] Empty body provided in request {{(pid=81910) get_body /opt/stack/cinder/cinder/api/openstack/wsgi.py:725}}
Apr 28 04:53:20 devstack devstack@c-api.service[81910]: DEBUG cinder.api.openstack.wsgi [None req-7be2706a-f98e-44ab-bd0f-651776279dfd tempest-GroupsTest-1781191276 tempest-GroupsTest-1781191276-project-admin] Calling method 'version_select' {{(pid=81910) _process_stack /opt/stack/cinder/cinder/api/openstack/wsgi.py:878}}
Apr 28 04:53:20 devstack devstack@c-api.service[81911]: INFO cinder.volume.api [None req-83ed0f24-dca2-4c0b-a7e8-bf5a7a377f02 tempest-VolumesTestJSON-600194719 tempest-VolumesTestJSON-600194719-project-member] Availability Zones retrieved successfully.
Apr 28 04:53:20 devstack devstack@c-api.service[81911]: DEBUG cinder.volume.api [None req-83ed0f24-dca2-4c0b-a7e8-bf5a7a377f02 tempest-VolumesTestJSON-600194719 tempest-VolumesTestJSON-600194719-project-member] Flow 'volume_create_api' (2a50b7d3-ee78-4b63-9537-8dc79f14665d) transitioned into state 'RUNNING' from state 'PENDING' {{(pid=81911) _flow_receiver /opt/stack/data/venv/lib/python3.10/site-packages/taskflow/listeners/logging.py:145}}
Apr 28 04:53:20 devstack devstack@c-api.service[81911]: DEBUG cinder.volume.api [None req-83ed0f24-dca2-4c0b-a7e8-bf5a7a377f02 tempest-VolumesTestJSON-600194719 tempest-VolumesTestJSON-600194719-project-member] Task 'cinder.volume.flows.api.create_volume.ExtractVolumeRequestTask;volume:create' (245397e1-eb1d-44dc-a7b3-f97c859bfbad) transitioned into state 'RUNNING' from state 'PENDING' {{(pid=81911) _task_receiver /opt/stack/data/venv/lib/python3.10/site-packages/taskflow/listeners/logging.py:194}}
Apr 28 04:53:20 devstack devstack@c-api.service[81911]: DEBUG cinder.volume.flows.api.create_volume [None req-83ed0f24-dca2-4c0b-a7e8-bf5a7a377f02 tempest-VolumesTestJSON-600194719 tempest-VolumesTestJSON-600194719-project-member] Validating volume size '1' using validate_int {{(pid=81911) _extract_size /opt/stack/cinder/cinder/volume/flows/api/create_volume.py:226}}
Apr 28 04:53:20 devstack devstack@c-api.service[81910]: INFO cinder.api.openstack.wsgi [None req-7be2706a-f98e-44ab-bd0f-651776279dfd tempest-GroupsTest-1781191276 tempest-GroupsTest-1781191276-project-admin] http://192.168.122.146/volume/v3/group_types/22b1a106-bda4-476b-9b94-9423d5f82d7d returned with HTTP 202
Apr 28 04:53:20 devstack devstack@c-api.service[81910]: [pid: 81910|app: 0|req: 161/319] 192.168.122.146 () {60 vars in 1299 bytes} [Tue Apr 28 04:53:20 2026] DELETE /volume/v3/group_types/22b1a106-bda4-476b-9b94-9423d5f82d7d => generated 0 bytes in 42 msecs (HTTP/1.1 202) 6 headers in 234 bytes (1 switches on core 0)
Apr 28 04:53:20 devstack devstack@c-api.service[81910]: DEBUG cinder.api.middleware.request_id [None req-a2869891-38cb-4065-84f5-141c76cd20e5 None None] RequestId filter calling following filter/app {{(pid=81910) _context_setter /opt/stack/cinder/cinder/api/middleware/request_id.py:62}}
Apr 28 04:53:20 devstack devstack@c-api.service[81910]: INFO cinder.api.openstack.wsgi [None req-a2869891-38cb-4065-84f5-141c76cd20e5 tempest-GroupsTest-1781191276 tempest-GroupsTest-1781191276-project-admin] DELETE http://192.168.122.146/volume/v3/types/14efb6d9-65b8-4ab9-9e26-88bed446a8f7
Apr 28 04:53:20 devstack devstack@c-api.service[81910]: DEBUG cinder.api.openstack.wsgi [None req-a2869891-38cb-4065-84f5-141c76cd20e5 tempest-GroupsTest-1781191276 tempest-GroupsTest-1781191276-project-admin] Empty body provided in request {{(pid=81910) get_body /opt/stack/cinder/cinder/api/openstack/wsgi.py:725}}
Apr 28 04:53:20 devstack devstack@c-api.service[81910]: DEBUG cinder.api.openstack.wsgi [None req-a2869891-38cb-4065-84f5-141c76cd20e5 tempest-GroupsTest-1781191276 tempest-GroupsTest-1781191276-project-admin] Calling method '_delete' {{(pid=81910) _process_stack /opt/stack/cinder/cinder/api/openstack/wsgi.py:878}}
Apr 28 04:53:20 devstack devstack@c-api.service[81911]: DEBUG cinder.volume.api [None req-83ed0f24-dca2-4c0b-a7e8-bf5a7a377f02 tempest-VolumesTestJSON-600194719 tempest-VolumesTestJSON-600194719-project-member] Task 'cinder.volume.flows.api.create_volume.ExtractVolumeRequestTask;volume:create' (245397e1-eb1d-44dc-a7b3-f97c859bfbad) transitioned into state 'SUCCESS' from state 'RUNNING' with result '{'size': 1, 'snapshot_id': None, 'source_volid': None, 'volume_type': VolumeType(created_at=2026-04-28T02:48:15Z,deleted=False,deleted_at=None,description=None,extra_specs={},id=1e6a2665-0249-4e4f-ba00-fef49cf05cd0,is_public=True,name='QuobyteHD',projects=[],qos_specs=,qos_specs_id=None,updated_at=None), 'volume_type_id': '1e6a2665-0249-4e4f-ba00-fef49cf05cd0', 'encryption_key_id': None, 'qos_specs': None, 'consistencygroup_id': None, 'cgsnapshot_id': None, 'group_id': None, 'replication_status': 'disabled', 'refresh_az': False, 'backup_id': None, 'multiattach': False, 'availability_zones': ['nova']}' {{(pid=81911) _task_receiver /opt/stack/data/venv/lib/python3.10/site-packages/taskflow/listeners/logging.py:182}}
Apr 28 04:53:20 devstack devstack@c-api.service[81911]: DEBUG cinder.volume.api [None req-83ed0f24-dca2-4c0b-a7e8-bf5a7a377f02 tempest-VolumesTestJSON-600194719 tempest-VolumesTestJSON-600194719-project-member] Task 'cinder.volume.flows.api.create_volume.QuotaReserveTask;volume:create' (9bf6f4b2-1bc8-4446-a6e3-b1fddb873f85) transitioned into state 'RUNNING' from state 'PENDING' {{(pid=81911) _task_receiver /opt/stack/data/venv/lib/python3.10/site-packages/taskflow/listeners/logging.py:194}}
Apr 28 04:53:20 devstack devstack@c-api.service[81910]: INFO cinder.api.openstack.wsgi [None req-a2869891-38cb-4065-84f5-141c76cd20e5 tempest-GroupsTest-1781191276 tempest-GroupsTest-1781191276-project-admin] http://192.168.122.146/volume/v3/types/14efb6d9-65b8-4ab9-9e26-88bed446a8f7 returned with HTTP 202
Apr 28 04:53:20 devstack devstack@c-api.service[81910]: [pid: 81910|app: 0|req: 162/320] 192.168.122.146 () {58 vars in 1240 bytes} [Tue Apr 28 04:53:20 2026] DELETE /volume/v3/types/14efb6d9-65b8-4ab9-9e26-88bed446a8f7 => generated 0 bytes in 94 msecs (HTTP/1.1 202) 6 headers in 233 bytes (1 switches on core 0)
Apr 28 04:53:20 devstack devstack@c-api.service[81910]: DEBUG cinder.api.middleware.request_id [None req-8a55142d-5210-44b5-bedf-4450c609ae9b None None] RequestId filter calling following filter/app {{(pid=81910) _context_setter /opt/stack/cinder/cinder/api/middleware/request_id.py:62}}
Apr 28 04:53:20 devstack devstack@c-api.service[81910]: INFO cinder.api.openstack.wsgi [None req-8a55142d-5210-44b5-bedf-4450c609ae9b tempest-GroupsTest-1781191276 tempest-GroupsTest-1781191276-project-admin] GET http://192.168.122.146/volume/v3/types/14efb6d9-65b8-4ab9-9e26-88bed446a8f7
Apr 28 04:53:20 devstack devstack@c-api.service[81910]: DEBUG cinder.api.openstack.wsgi [None req-8a55142d-5210-44b5-bedf-4450c609ae9b tempest-GroupsTest-1781191276 tempest-GroupsTest-1781191276-project-admin] Empty body provided in request {{(pid=81910) get_body /opt/stack/cinder/cinder/api/openstack/wsgi.py:725}}
Apr 28 04:53:20 devstack devstack@c-api.service[81910]: DEBUG cinder.api.openstack.wsgi [None req-8a55142d-5210-44b5-bedf-4450c609ae9b tempest-GroupsTest-1781191276 tempest-GroupsTest-1781191276-project-admin] Calling method 'show' {{(pid=81910) _process_stack /opt/stack/cinder/cinder/api/openstack/wsgi.py:878}}
Apr 28 04:53:20 devstack devstack@c-api.service[81910]: INFO cinder.api.openstack.wsgi [None req-8a55142d-5210-44b5-bedf-4450c609ae9b tempest-GroupsTest-1781191276 tempest-GroupsTest-1781191276-project-admin] http://192.168.122.146/volume/v3/types/14efb6d9-65b8-4ab9-9e26-88bed446a8f7 returned with HTTP 404
Apr 28 04:53:20 devstack devstack@c-api.service[81910]: [pid: 81910|app: 0|req: 163/321] 192.168.122.146 () {58 vars in 1237 bytes} [Tue Apr 28 04:53:20 2026] GET /volume/v3/types/14efb6d9-65b8-4ab9-9e26-88bed446a8f7 => generated 114 bytes in 44 msecs (HTTP/1.1 404) 7 headers in 292 bytes (1 switches on core 0)
Apr 28 04:53:20 devstack devstack@c-api.service[81911]: DEBUG cinder.quota [None req-83ed0f24-dca2-4c0b-a7e8-bf5a7a377f02 tempest-VolumesTestJSON-600194719 tempest-VolumesTestJSON-600194719-project-member] Created reservations ['a3bef6b3-1ed7-46b9-9707-58eb40250be8', 'e30e1706-5848-40c9-97d5-09fbadde4f5d', 'cedbf0ae-afb8-4bac-ada7-e241e9368a86', '8303f498-821f-489d-93a1-db233a3ba837'] {{(pid=81911) reserve /opt/stack/cinder/cinder/quota.py:752}}
Apr 28 04:53:20 devstack devstack@c-api.service[81911]: DEBUG cinder.volume.api [None req-83ed0f24-dca2-4c0b-a7e8-bf5a7a377f02 tempest-VolumesTestJSON-600194719 tempest-VolumesTestJSON-600194719-project-member] Task 'cinder.volume.flows.api.create_volume.QuotaReserveTask;volume:create' (9bf6f4b2-1bc8-4446-a6e3-b1fddb873f85) transitioned into state 'SUCCESS' from state 'RUNNING' with result '{'reservations': ['a3bef6b3-1ed7-46b9-9707-58eb40250be8', 'e30e1706-5848-40c9-97d5-09fbadde4f5d', 'cedbf0ae-afb8-4bac-ada7-e241e9368a86', '8303f498-821f-489d-93a1-db233a3ba837']}' {{(pid=81911) _task_receiver /opt/stack/data/venv/lib/python3.10/site-packages/taskflow/listeners/logging.py:182}}
Apr 28 04:53:20 devstack devstack@c-api.service[81911]: DEBUG cinder.volume.api [None req-83ed0f24-dca2-4c0b-a7e8-bf5a7a377f02 tempest-VolumesTestJSON-600194719 tempest-VolumesTestJSON-600194719-project-member] Task 'cinder.volume.flows.api.create_volume.EntryCreateTask;volume:create' (96ced398-cd88-4a49-a0a1-035630d25d61) transitioned into state 'RUNNING' from state 'PENDING' {{(pid=81911) _task_receiver /opt/stack/data/venv/lib/python3.10/site-packages/taskflow/listeners/logging.py:194}}
Apr 28 04:53:20 devstack devstack@c-api.service[81911]: DEBUG cinder.volume.api [None req-83ed0f24-dca2-4c0b-a7e8-bf5a7a377f02 tempest-VolumesTestJSON-600194719 tempest-VolumesTestJSON-600194719-project-member] Task 'cinder.volume.flows.api.create_volume.EntryCreateTask;volume:create' (96ced398-cd88-4a49-a0a1-035630d25d61) transitioned into state 'SUCCESS' from state 'RUNNING' with result '{'volume_id': '84cddeec-fe82-4acd-9338-ed65c5754949', 'volume_properties': VolumeProperties(attach_status='detached',availability_zone='nova',cgsnapshot_id=None,consistencygroup_id=None,display_description=None,display_name='tempest-VolumesTestJSON-volume-621976845',encryption_key_id=None,group_id=None,group_type_id=,metadata={Type='work'},multiattach=False,project_id='f050810fac4549b2bf04ad45567e7d34',qos_specs=None,replication_status=,reservations=['a3bef6b3-1ed7-46b9-9707-58eb40250be8','e30e1706-5848-40c9-97d5-09fbadde4f5d','cedbf0ae-afb8-4bac-ada7-e241e9368a86','8303f498-821f-489d-93a1-db233a3ba837'],size=1,snapshot_id=None,source_replicaid=,source_volid=None,status='creating',user_id='3bdc2ef793ae42909aac5518a0ddb3e6',volume_type_id=1e6a2665-0249-4e4f-ba00-fef49cf05cd0), 'volume': Volume(_name_id=None,admin_metadata=,attach_status='detached',availability_zone='nova',bootable=False,cluster=,cluster_name=None,consistencygroup=,consistencygroup_id=None,created_at=2026-04-28T02:53:20Z,deleted=False,deleted_at=None,display_description=None,display_name='tempest-VolumesTestJSON-volume-621976845',ec2_id=None,encryption_key_id=None,glance_metadata=,group=,group_id=None,host=None,id=84cddeec-fe82-4acd-9338-ed65c5754949,launched_at=None,metadata={Type='work'},migration_status=None,multiattach=False,previous_status=None,project_id='f050810fac4549b2bf04ad45567e7d34',provider_auth=None,provider_geometry=None,provider_id=None,provider_location=None,replication_driver_data=None,replication_extended_status=None,replication_status=None,scheduled_at=None,service_uuid=None,shared_targets=True,size=1,snapshot_id=None,snapshots=,source_volid=None,status='creating',terminated_at=None,updated_at=None,use_quota=True,user_id='3bdc2ef793ae42909aac5518a0ddb3e6',volume_attachment=VolumeAttachmentList,volume_type=VolumeType(1e6a2665-0249-4e4f-ba00-fef49cf05cd0),volume_type_id=1e6a2665-0249-4e4f-ba00-fef49cf05cd0)}' {{(pid=81911) _task_receiver /opt/stack/data/venv/lib/python3.10/site-packages/taskflow/listeners/logging.py:182}}
Apr 28 04:53:20 devstack devstack@c-api.service[81911]: DEBUG cinder.volume.api [None req-83ed0f24-dca2-4c0b-a7e8-bf5a7a377f02 tempest-VolumesTestJSON-600194719 tempest-VolumesTestJSON-600194719-project-member] Task 'cinder.volume.flows.api.create_volume.QuotaCommitTask;volume:create' (fd7d4f53-3d2a-4b16-aa68-a6c574f52e9a) transitioned into state 'RUNNING' from state 'PENDING' {{(pid=81911) _task_receiver /opt/stack/data/venv/lib/python3.10/site-packages/taskflow/listeners/logging.py:194}}
Apr 28 04:53:20 devstack devstack@c-api.service[81911]: DEBUG cinder.volume.api [None req-83ed0f24-dca2-4c0b-a7e8-bf5a7a377f02 tempest-VolumesTestJSON-600194719 tempest-VolumesTestJSON-600194719-project-member] Task 'cinder.volume.flows.api.create_volume.QuotaCommitTask;volume:create' (fd7d4f53-3d2a-4b16-aa68-a6c574f52e9a) transitioned into state 'SUCCESS' from state 'RUNNING' with result '{'volume_properties': VolumeProperties(attach_status='detached',availability_zone='nova',cgsnapshot_id=None,consistencygroup_id=None,display_description=None,display_name='tempest-VolumesTestJSON-volume-621976845',encryption_key_id=None,group_id=None,group_type_id=,metadata={Type='work'},multiattach=False,project_id='f050810fac4549b2bf04ad45567e7d34',qos_specs=None,replication_status=,reservations=['a3bef6b3-1ed7-46b9-9707-58eb40250be8','e30e1706-5848-40c9-97d5-09fbadde4f5d','cedbf0ae-afb8-4bac-ada7-e241e9368a86','8303f498-821f-489d-93a1-db233a3ba837'],size=1,snapshot_id=None,source_replicaid=,source_volid=None,status='creating',user_id='3bdc2ef793ae42909aac5518a0ddb3e6',volume_type_id=1e6a2665-0249-4e4f-ba00-fef49cf05cd0)}' {{(pid=81911) _task_receiver /opt/stack/data/venv/lib/python3.10/site-packages/taskflow/listeners/logging.py:182}}
Apr 28 04:53:20 devstack devstack@c-api.service[81911]: DEBUG cinder.volume.api [None req-83ed0f24-dca2-4c0b-a7e8-bf5a7a377f02 tempest-VolumesTestJSON-600194719 tempest-VolumesTestJSON-600194719-project-member] Task 'cinder.volume.flows.api.create_volume.VolumeCastTask;volume:create' (944a3db6-24e4-432e-8ff5-fb70a8959251) transitioned into state 'RUNNING' from state 'PENDING' {{(pid=81911) _task_receiver /opt/stack/data/venv/lib/python3.10/site-packages/taskflow/listeners/logging.py:194}}
Apr 28 04:53:20 devstack devstack@c-api.service[81911]: DEBUG cinder.volume.api [None req-83ed0f24-dca2-4c0b-a7e8-bf5a7a377f02 tempest-VolumesTestJSON-600194719 tempest-VolumesTestJSON-600194719-project-member] Task 'cinder.volume.flows.api.create_volume.VolumeCastTask;volume:create' (944a3db6-24e4-432e-8ff5-fb70a8959251) transitioned into state 'SUCCESS' from state 'RUNNING' with result 'None' {{(pid=81911) _task_receiver /opt/stack/data/venv/lib/python3.10/site-packages/taskflow/listeners/logging.py:182}}
Apr 28 04:53:20 devstack devstack@c-api.service[81911]: DEBUG cinder.volume.api [None req-83ed0f24-dca2-4c0b-a7e8-bf5a7a377f02 tempest-VolumesTestJSON-600194719 tempest-VolumesTestJSON-600194719-project-member] Flow 'volume_create_api' (2a50b7d3-ee78-4b63-9537-8dc79f14665d) transitioned into state 'SUCCESS' from state 'RUNNING' {{(pid=81911) _flow_receiver /opt/stack/data/venv/lib/python3.10/site-packages/taskflow/listeners/logging.py:145}}
Apr 28 04:53:20 devstack devstack@c-api.service[81911]: INFO cinder.volume.api [None req-83ed0f24-dca2-4c0b-a7e8-bf5a7a377f02 tempest-VolumesTestJSON-600194719 tempest-VolumesTestJSON-600194719-project-member] Create volume request issued successfully.
Apr 28 04:53:20 devstack devstack@c-api.service[81911]: INFO cinder.api.openstack.wsgi [None req-83ed0f24-dca2-4c0b-a7e8-bf5a7a377f02 tempest-VolumesTestJSON-600194719 tempest-VolumesTestJSON-600194719-project-member] http://192.168.122.146/volume/v3/volumes returned with HTTP 202
Apr 28 04:53:20 devstack devstack@c-api.service[81911]: [pid: 81911|app: 0|req: 159/322] 192.168.122.146 () {60 vars in 1154 bytes} [Tue Apr 28 04:53:20 2026] POST /volume/v3/volumes => generated 768 bytes in 447 msecs (HTTP/1.1 202) 7 headers in 291 bytes (1 switches on core 0)
Apr 28 04:53:20 devstack devstack@c-api.service[81910]: DEBUG cinder.api.middleware.request_id [None req-0387a80d-7e0b-4e6b-944f-88a58f5b8fa0 None None] RequestId filter calling following filter/app {{(pid=81910) _context_setter /opt/stack/cinder/cinder/api/middleware/request_id.py:62}}
Apr 28 04:53:20 devstack devstack@c-api.service[81910]: INFO cinder.api.openstack.wsgi [None req-0387a80d-7e0b-4e6b-944f-88a58f5b8fa0 tempest-VolumesTestJSON-600194719 tempest-VolumesTestJSON-600194719-project-member] GET http://192.168.122.146/volume/v3/volumes/84cddeec-fe82-4acd-9338-ed65c5754949
Apr 28 04:53:20 devstack devstack@c-api.service[81910]: DEBUG cinder.api.openstack.wsgi [None req-0387a80d-7e0b-4e6b-944f-88a58f5b8fa0 tempest-VolumesTestJSON-600194719 tempest-VolumesTestJSON-600194719-project-member] Empty body provided in request {{(pid=81910) get_body /opt/stack/cinder/cinder/api/openstack/wsgi.py:725}}
Apr 28 04:53:20 devstack devstack@c-api.service[81910]: DEBUG cinder.api.openstack.wsgi [None req-0387a80d-7e0b-4e6b-944f-88a58f5b8fa0 tempest-VolumesTestJSON-600194719 tempest-VolumesTestJSON-600194719-project-member] Calling method 'show' {{(pid=81910) _process_stack /opt/stack/cinder/cinder/api/openstack/wsgi.py:878}}
Apr 28 04:53:20 devstack devstack@c-api.service[81910]: /opt/stack/data/venv/lib/python3.10/site-packages/oslo_context/context.py:101: DeprecationWarning: Policy enforcement is depending on the value of is_admin. This key is deprecated. Please update your policy file to use the standard policy values.
Apr 28 04:53:20 devstack devstack@c-api.service[81910]: warnings.warn(
Apr 28 04:53:20 devstack devstack@c-api.service[81910]: INFO cinder.volume.api [None req-0387a80d-7e0b-4e6b-944f-88a58f5b8fa0 tempest-VolumesTestJSON-600194719 tempest-VolumesTestJSON-600194719-project-member] Volume info retrieved successfully.
Apr 28 04:53:20 devstack devstack@c-api.service[81910]: INFO cinder.api.openstack.wsgi [None req-0387a80d-7e0b-4e6b-944f-88a58f5b8fa0 tempest-VolumesTestJSON-600194719 tempest-VolumesTestJSON-600194719-project-member] http://192.168.122.146/volume/v3/volumes/84cddeec-fe82-4acd-9338-ed65c5754949 returned with HTTP 200
Apr 28 04:53:20 devstack devstack@c-api.service[81910]: [pid: 81910|app: 0|req: 164/323] 192.168.122.146 () {58 vars in 1243 bytes} [Tue Apr 28 04:53:20 2026] GET /volume/v3/volumes/84cddeec-fe82-4acd-9338-ed65c5754949 => generated 836 bytes in 77 msecs (HTTP/1.1 200) 7 headers in 285 bytes (1 switches on core 0)
Apr 28 04:53:21 devstack devstack@c-api.service[81911]: DEBUG cinder.api.middleware.request_id [None req-fe252e9f-95f7-4c35-9327-a8883ec1602b None None] RequestId filter calling following filter/app {{(pid=81911) _context_setter /opt/stack/cinder/cinder/api/middleware/request_id.py:62}}
Apr 28 04:53:21 devstack devstack@c-api.service[81910]: DEBUG cinder.api.middleware.request_id [req-3951b3d8-22ed-416d-8438-5d7a82adf873 req-7532cf2a-ed71-49f7-b790-fcf6be7c0b72 None None] RequestId filter calling following filter/app {{(pid=81910) _context_setter /opt/stack/cinder/cinder/api/middleware/request_id.py:62}}
Apr 28 04:53:21 devstack devstack@c-api.service[81911]: INFO cinder.api.openstack.wsgi [None req-fe252e9f-95f7-4c35-9327-a8883ec1602b tempest-VolumeSnapshotQuotasNegativeTestJSON-1762587690 tempest-VolumeSnapshotQuotasNegativeTestJSON-1762587690-project-admin] GET http://192.168.122.146/volume/v3/os-quota-sets/81ba6cdb4e0a4af8b4debf5c58ded146
Apr 28 04:53:21 devstack devstack@c-api.service[81911]: DEBUG cinder.api.openstack.wsgi [None req-fe252e9f-95f7-4c35-9327-a8883ec1602b tempest-VolumeSnapshotQuotasNegativeTestJSON-1762587690 tempest-VolumeSnapshotQuotasNegativeTestJSON-1762587690-project-admin] Empty body provided in request {{(pid=81911) get_body /opt/stack/cinder/cinder/api/openstack/wsgi.py:725}}
Apr 28 04:53:21 devstack devstack@c-api.service[81911]: DEBUG cinder.api.openstack.wsgi [None req-fe252e9f-95f7-4c35-9327-a8883ec1602b tempest-VolumeSnapshotQuotasNegativeTestJSON-1762587690 tempest-VolumeSnapshotQuotasNegativeTestJSON-1762587690-project-admin] Calling method 'show' {{(pid=81911) _process_stack /opt/stack/cinder/cinder/api/openstack/wsgi.py:878}}
Apr 28 04:53:21 devstack devstack@c-api.service[81911]: /opt/stack/data/venv/lib/python3.10/site-packages/oslo_context/context.py:101: DeprecationWarning: Policy enforcement is depending on the value of is_admin. This key is deprecated. Please update your policy file to use the standard policy values.
Apr 28 04:53:21 devstack devstack@c-api.service[81911]: warnings.warn(
Apr 28 04:53:21 devstack devstack@c-api.service[81910]: INFO cinder.api.openstack.wsgi [req-3951b3d8-22ed-416d-8438-5d7a82adf873 req-7532cf2a-ed71-49f7-b790-fcf6be7c0b72 tempest-ServerBootFromVolumeStableRescueTest-1822473452 tempest-ServerBootFromVolumeStableRescueTest-1822473452-project-member] GET http://192.168.122.146/volume/v3/volumes/b2663840-3b08-4fd2-9fb6-ec86bd25ac1a
Apr 28 04:53:21 devstack devstack@c-api.service[81910]: DEBUG cinder.api.openstack.wsgi [req-3951b3d8-22ed-416d-8438-5d7a82adf873 req-7532cf2a-ed71-49f7-b790-fcf6be7c0b72 tempest-ServerBootFromVolumeStableRescueTest-1822473452 tempest-ServerBootFromVolumeStableRescueTest-1822473452-project-member] Empty body provided in request {{(pid=81910) get_body /opt/stack/cinder/cinder/api/openstack/wsgi.py:725}}
Apr 28 04:53:21 devstack devstack@c-api.service[81910]: DEBUG cinder.api.openstack.wsgi [req-3951b3d8-22ed-416d-8438-5d7a82adf873 req-7532cf2a-ed71-49f7-b790-fcf6be7c0b72 tempest-ServerBootFromVolumeStableRescueTest-1822473452 tempest-ServerBootFromVolumeStableRescueTest-1822473452-project-member] Calling method 'show' {{(pid=81910) _process_stack /opt/stack/cinder/cinder/api/openstack/wsgi.py:878}}
Apr 28 04:53:21 devstack devstack@c-api.service[81910]: /opt/stack/data/venv/lib/python3.10/site-packages/oslo_context/context.py:101: DeprecationWarning: Policy enforcement is depending on the value of is_admin. This key is deprecated. Please update your policy file to use the standard policy values.
Apr 28 04:53:21 devstack devstack@c-api.service[81910]: warnings.warn(
Apr 28 04:53:21 devstack devstack@c-api.service[81911]: WARNING cinder.quota [None req-fe252e9f-95f7-4c35-9327-a8883ec1602b tempest-VolumeSnapshotQuotasNegativeTestJSON-1762587690 tempest-VolumeSnapshotQuotasNegativeTestJSON-1762587690-project-admin] Deprecated: Default quota for resource: snapshots_QuobyteHD is set by the default quota flag: quota_snapshots_QuobyteHD, it is now deprecated. Please use the default quota class for default quota.
Apr 28 04:53:21 devstack devstack@c-api.service[81910]: INFO cinder.volume.api [req-3951b3d8-22ed-416d-8438-5d7a82adf873 req-7532cf2a-ed71-49f7-b790-fcf6be7c0b72 tempest-ServerBootFromVolumeStableRescueTest-1822473452 tempest-ServerBootFromVolumeStableRescueTest-1822473452-project-member] Volume info retrieved successfully.
Apr 28 04:53:21 devstack devstack@c-api.service[81911]: WARNING cinder.quota [None req-fe252e9f-95f7-4c35-9327-a8883ec1602b tempest-VolumeSnapshotQuotasNegativeTestJSON-1762587690 tempest-VolumeSnapshotQuotasNegativeTestJSON-1762587690-project-admin] Deprecated: Default quota for resource: volumes_lvmdriver-1 is set by the default quota flag: quota_volumes_lvmdriver-1, it is now deprecated. Please use the default quota class for default quota.
Apr 28 04:53:21 devstack devstack@c-api.service[81911]: WARNING cinder.quota [None req-fe252e9f-95f7-4c35-9327-a8883ec1602b tempest-VolumeSnapshotQuotasNegativeTestJSON-1762587690 tempest-VolumeSnapshotQuotasNegativeTestJSON-1762587690-project-admin] Deprecated: Default quota for resource: gigabytes_lvmdriver-1 is set by the default quota flag: quota_gigabytes_lvmdriver-1, it is now deprecated. Please use the default quota class for default quota.
Apr 28 04:53:21 devstack devstack@c-api.service[81911]: WARNING cinder.quota [None req-fe252e9f-95f7-4c35-9327-a8883ec1602b tempest-VolumeSnapshotQuotasNegativeTestJSON-1762587690 tempest-VolumeSnapshotQuotasNegativeTestJSON-1762587690-project-admin] Deprecated: Default quota for resource: snapshots_lvmdriver-1 is set by the default quota flag: quota_snapshots_lvmdriver-1, it is now deprecated. Please use the default quota class for default quota.
Apr 28 04:53:21 devstack devstack@c-api.service[81911]: WARNING cinder.quota [None req-fe252e9f-95f7-4c35-9327-a8883ec1602b tempest-VolumeSnapshotQuotasNegativeTestJSON-1762587690 tempest-VolumeSnapshotQuotasNegativeTestJSON-1762587690-project-admin] Deprecated: Default quota for resource: volumes___DEFAULT__ is set by the default quota flag: quota_volumes___DEFAULT__, it is now deprecated. Please use the default quota class for default quota.
Apr 28 04:53:21 devstack devstack@c-api.service[81911]: WARNING cinder.quota [None req-fe252e9f-95f7-4c35-9327-a8883ec1602b tempest-VolumeSnapshotQuotasNegativeTestJSON-1762587690 tempest-VolumeSnapshotQuotasNegativeTestJSON-1762587690-project-admin] Deprecated: Default quota for resource: gigabytes___DEFAULT__ is set by the default quota flag: quota_gigabytes___DEFAULT__, it is now deprecated. Please use the default quota class for default quota.
Apr 28 04:53:21 devstack devstack@c-api.service[81911]: WARNING cinder.quota [None req-fe252e9f-95f7-4c35-9327-a8883ec1602b tempest-VolumeSnapshotQuotasNegativeTestJSON-1762587690 tempest-VolumeSnapshotQuotasNegativeTestJSON-1762587690-project-admin] Deprecated: Default quota for resource: snapshots___DEFAULT__ is set by the default quota flag: quota_snapshots___DEFAULT__, it is now deprecated. Please use the default quota class for default quota.
Apr 28 04:53:21 devstack devstack@c-api.service[81910]: INFO cinder.api.openstack.wsgi [req-3951b3d8-22ed-416d-8438-5d7a82adf873 req-7532cf2a-ed71-49f7-b790-fcf6be7c0b72 tempest-ServerBootFromVolumeStableRescueTest-1822473452 tempest-ServerBootFromVolumeStableRescueTest-1822473452-project-member] http://192.168.122.146/volume/v3/volumes/b2663840-3b08-4fd2-9fb6-ec86bd25ac1a returned with HTTP 200
Apr 28 04:53:21 devstack devstack@c-api.service[81910]: [pid: 81910|app: 0|req: 165/324] 192.168.122.146 () {60 vars in 1498 bytes} [Tue Apr 28 04:53:21 2026] GET /volume/v3/volumes/b2663840-3b08-4fd2-9fb6-ec86bd25ac1a => generated 862 bytes in 70 msecs (HTTP/1.1 200) 7 headers in 285 bytes (1 switches on core 0)
Apr 28 04:53:21 devstack devstack@c-api.service[81911]: INFO cinder.api.openstack.wsgi [None req-fe252e9f-95f7-4c35-9327-a8883ec1602b tempest-VolumeSnapshotQuotasNegativeTestJSON-1762587690 tempest-VolumeSnapshotQuotasNegativeTestJSON-1762587690-project-admin] http://192.168.122.146/volume/v3/os-quota-sets/81ba6cdb4e0a4af8b4debf5c58ded146 returned with HTTP 200
Apr 28 04:53:21 devstack devstack@c-api.service[81911]: [pid: 81911|app: 0|req: 160/325] 192.168.122.146 () {58 vars in 1249 bytes} [Tue Apr 28 04:53:21 2026] GET /volume/v3/os-quota-sets/81ba6cdb4e0a4af8b4debf5c58ded146 => generated 440 bytes in 284 msecs (HTTP/1.1 200) 7 headers in 285 bytes (1 switches on core 0)
Apr 28 04:53:21 devstack devstack@c-api.service[81910]: DEBUG cinder.api.middleware.request_id [None req-4120fbc6-7861-4c97-9478-92061101372e None None] RequestId filter calling following filter/app {{(pid=81910) _context_setter /opt/stack/cinder/cinder/api/middleware/request_id.py:62}}
Apr 28 04:53:21 devstack devstack@c-api.service[81910]: INFO cinder.api.openstack.wsgi [None req-4120fbc6-7861-4c97-9478-92061101372e tempest-VolumeSnapshotQuotasNegativeTestJSON-1762587690 tempest-VolumeSnapshotQuotasNegativeTestJSON-1762587690-project-admin] PUT http://192.168.122.146/volume/v3/os-quota-sets/81ba6cdb4e0a4af8b4debf5c58ded146
Apr 28 04:53:21 devstack devstack@c-api.service[81910]: DEBUG cinder.api.openstack.wsgi [None req-4120fbc6-7861-4c97-9478-92061101372e tempest-VolumeSnapshotQuotasNegativeTestJSON-1762587690 tempest-VolumeSnapshotQuotasNegativeTestJSON-1762587690-project-admin] Action: 'update', calling method: update, body: {"quota_set": {"gigabytes": 3, "volumes": 1, "snapshots": 1}} {{(pid=81910) _process_stack /opt/stack/cinder/cinder/api/openstack/wsgi.py:876}}
Apr 28 04:53:21 devstack devstack@c-api.service[81911]: DEBUG cinder.api.middleware.request_id [None req-e0e5b9f4-2610-4680-87bf-59f5408a7c4f None None] RequestId filter calling following filter/app {{(pid=81911) _context_setter /opt/stack/cinder/cinder/api/middleware/request_id.py:62}}
Apr 28 04:53:21 devstack devstack@c-api.service[81911]: INFO cinder.api.openstack.wsgi [None req-e0e5b9f4-2610-4680-87bf-59f5408a7c4f tempest-VolumesTestJSON-600194719 tempest-VolumesTestJSON-600194719-project-member] GET http://192.168.122.146/volume/v3/volumes/84cddeec-fe82-4acd-9338-ed65c5754949
Apr 28 04:53:21 devstack devstack@c-api.service[81911]: DEBUG cinder.api.openstack.wsgi [None req-e0e5b9f4-2610-4680-87bf-59f5408a7c4f tempest-VolumesTestJSON-600194719 tempest-VolumesTestJSON-600194719-project-member] Empty body provided in request {{(pid=81911) get_body /opt/stack/cinder/cinder/api/openstack/wsgi.py:725}}
Apr 28 04:53:21 devstack devstack@c-api.service[81911]: DEBUG cinder.api.openstack.wsgi [None req-e0e5b9f4-2610-4680-87bf-59f5408a7c4f tempest-VolumesTestJSON-600194719 tempest-VolumesTestJSON-600194719-project-member] Calling method 'show' {{(pid=81911) _process_stack /opt/stack/cinder/cinder/api/openstack/wsgi.py:878}}
Apr 28 04:53:21 devstack devstack@c-api.service[81911]: /opt/stack/data/venv/lib/python3.10/site-packages/oslo_context/context.py:101: DeprecationWarning: Policy enforcement is depending on the value of is_admin. This key is deprecated. Please update your policy file to use the standard policy values.
Apr 28 04:53:21 devstack devstack@c-api.service[81911]: warnings.warn(
Apr 28 04:53:21 devstack devstack@c-api.service[81911]: INFO cinder.volume.api [None req-e0e5b9f4-2610-4680-87bf-59f5408a7c4f tempest-VolumesTestJSON-600194719 tempest-VolumesTestJSON-600194719-project-member] Volume info retrieved successfully.
Apr 28 04:53:21 devstack devstack@c-api.service[81911]: INFO cinder.api.openstack.wsgi [None req-e0e5b9f4-2610-4680-87bf-59f5408a7c4f tempest-VolumesTestJSON-600194719 tempest-VolumesTestJSON-600194719-project-member] http://192.168.122.146/volume/v3/volumes/84cddeec-fe82-4acd-9338-ed65c5754949 returned with HTTP 200
Apr 28 04:53:21 devstack devstack@c-api.service[81911]: [pid: 81911|app: 0|req: 161/326] 192.168.122.146 () {58 vars in 1243 bytes} [Tue Apr 28 04:53:21 2026] GET /volume/v3/volumes/84cddeec-fe82-4acd-9338-ed65c5754949 => generated 860 bytes in 95 msecs (HTTP/1.1 200) 7 headers in 285 bytes (1 switches on core 0)
Apr 28 04:53:21 devstack devstack@c-api.service[81910]: WARNING cinder.quota [None req-4120fbc6-7861-4c97-9478-92061101372e tempest-VolumeSnapshotQuotasNegativeTestJSON-1762587690 tempest-VolumeSnapshotQuotasNegativeTestJSON-1762587690-project-admin] Deprecated: Default quota for resource: volumes_lvmdriver-1 is set by the default quota flag: quota_volumes_lvmdriver-1, it is now deprecated. Please use the default quota class for default quota.
Apr 28 04:53:21 devstack devstack@c-api.service[81910]: WARNING cinder.quota [None req-4120fbc6-7861-4c97-9478-92061101372e tempest-VolumeSnapshotQuotasNegativeTestJSON-1762587690 tempest-VolumeSnapshotQuotasNegativeTestJSON-1762587690-project-admin] Deprecated: Default quota for resource: gigabytes_lvmdriver-1 is set by the default quota flag: quota_gigabytes_lvmdriver-1, it is now deprecated. Please use the default quota class for default quota.
Apr 28 04:53:21 devstack devstack@c-api.service[81910]: WARNING cinder.quota [None req-4120fbc6-7861-4c97-9478-92061101372e tempest-VolumeSnapshotQuotasNegativeTestJSON-1762587690 tempest-VolumeSnapshotQuotasNegativeTestJSON-1762587690-project-admin] Deprecated: Default quota for resource: snapshots_lvmdriver-1 is set by the default quota flag: quota_snapshots_lvmdriver-1, it is now deprecated. Please use the default quota class for default quota.
Apr 28 04:53:21 devstack devstack@c-api.service[81910]: WARNING cinder.quota [None req-4120fbc6-7861-4c97-9478-92061101372e tempest-VolumeSnapshotQuotasNegativeTestJSON-1762587690 tempest-VolumeSnapshotQuotasNegativeTestJSON-1762587690-project-admin] Deprecated: Default quota for resource: volumes___DEFAULT__ is set by the default quota flag: quota_volumes___DEFAULT__, it is now deprecated. Please use the default quota class for default quota.
Apr 28 04:53:21 devstack devstack@c-api.service[81910]: WARNING cinder.quota [None req-4120fbc6-7861-4c97-9478-92061101372e tempest-VolumeSnapshotQuotasNegativeTestJSON-1762587690 tempest-VolumeSnapshotQuotasNegativeTestJSON-1762587690-project-admin] Deprecated: Default quota for resource: gigabytes___DEFAULT__ is set by the default quota flag: quota_gigabytes___DEFAULT__, it is now deprecated. Please use the default quota class for default quota.
Apr 28 04:53:21 devstack devstack@c-api.service[81910]: WARNING cinder.quota [None req-4120fbc6-7861-4c97-9478-92061101372e tempest-VolumeSnapshotQuotasNegativeTestJSON-1762587690 tempest-VolumeSnapshotQuotasNegativeTestJSON-1762587690-project-admin] Deprecated: Default quota for resource: snapshots___DEFAULT__ is set by the default quota flag: quota_snapshots___DEFAULT__, it is now deprecated. Please use the default quota class for default quota.
