Feb 10 17:53:34 devstack devstack@g-api.service[71354]: DEBUG glance.common.config [None req-16bf27b6-6c90-4601-99f8-20664f19e9da None None] barbican_service_user.cafile = None {{(pid=71354) log_opt_values /opt/stack/data/venv/lib/python3.10/site-packages/oslo_config/cfg.py:2824}}
Feb 10 17:53:34 devstack devstack@g-api.service[71354]: DEBUG glance.common.config [None req-16bf27b6-6c90-4601-99f8-20664f19e9da None None] barbican_service_user.certfile = None {{(pid=71354) log_opt_values /opt/stack/data/venv/lib/python3.10/site-packages/oslo_config/cfg.py:2824}}
Feb 10 17:53:34 devstack devstack@g-api.service[71354]: DEBUG glance.common.config [None req-16bf27b6-6c90-4601-99f8-20664f19e9da None None] barbican_service_user.collect_timing = False {{(pid=71354) log_opt_values /opt/stack/data/venv/lib/python3.10/site-packages/oslo_config/cfg.py:2824}}
Feb 10 17:53:34 devstack devstack@g-api.service[71354]: DEBUG glance.common.config [None req-16bf27b6-6c90-4601-99f8-20664f19e9da None None] barbican_service_user.insecure = False {{(pid=71354) log_opt_values /opt/stack/data/venv/lib/python3.10/site-packages/oslo_config/cfg.py:2824}}
Feb 10 17:53:34 devstack devstack@g-api.service[71354]: DEBUG glance.common.config [None req-16bf27b6-6c90-4601-99f8-20664f19e9da None None] barbican_service_user.keyfile = None {{(pid=71354) log_opt_values /opt/stack/data/venv/lib/python3.10/site-packages/oslo_config/cfg.py:2824}}
Feb 10 17:53:34 devstack devstack@g-api.service[71354]: DEBUG glance.common.config [None req-16bf27b6-6c90-4601-99f8-20664f19e9da None None] barbican_service_user.split_loggers = False {{(pid=71354) log_opt_values /opt/stack/data/venv/lib/python3.10/site-packages/oslo_config/cfg.py:2824}}
Feb 10 17:53:34 devstack devstack@g-api.service[71354]: DEBUG glance.common.config [None req-16bf27b6-6c90-4601-99f8-20664f19e9da None None] barbican_service_user.timeout = None {{(pid=71354) log_opt_values /opt/stack/data/venv/lib/python3.10/site-packages/oslo_config/cfg.py:2824}}
Feb 10 17:53:34 devstack devstack@g-api.service[71354]: DEBUG glance.common.config [None req-16bf27b6-6c90-4601-99f8-20664f19e9da None None] database.asyncio_connection = **** {{(pid=71354) log_opt_values /opt/stack/data/venv/lib/python3.10/site-packages/oslo_config/cfg.py:2824}}
Feb 10 17:53:34 devstack devstack@g-api.service[71354]: DEBUG glance.common.config [None req-16bf27b6-6c90-4601-99f8-20664f19e9da None None] database.asyncio_slave_connection = **** {{(pid=71354) log_opt_values /opt/stack/data/venv/lib/python3.10/site-packages/oslo_config/cfg.py:2824}}
Feb 10 17:53:34 devstack devstack@g-api.service[71354]: DEBUG glance.common.config [None req-16bf27b6-6c90-4601-99f8-20664f19e9da None None] database.backend = sqlalchemy {{(pid=71354) log_opt_values /opt/stack/data/venv/lib/python3.10/site-packages/oslo_config/cfg.py:2824}}
Feb 10 17:53:34 devstack devstack@g-api.service[71354]: DEBUG glance.common.config [None req-16bf27b6-6c90-4601-99f8-20664f19e9da None None] database.connection = **** {{(pid=71354) log_opt_values /opt/stack/data/venv/lib/python3.10/site-packages/oslo_config/cfg.py:2824}}
Feb 10 17:53:34 devstack devstack@g-api.service[71354]: DEBUG glance.common.config [None req-16bf27b6-6c90-4601-99f8-20664f19e9da None None] database.connection_debug = 0 {{(pid=71354) log_opt_values /opt/stack/data/venv/lib/python3.10/site-packages/oslo_config/cfg.py:2824}}
Feb 10 17:53:34 devstack devstack@g-api.service[71354]: DEBUG glance.common.config [None req-16bf27b6-6c90-4601-99f8-20664f19e9da None None] database.connection_parameters = {{(pid=71354) log_opt_values /opt/stack/data/venv/lib/python3.10/site-packages/oslo_config/cfg.py:2824}}
Feb 10 17:53:34 devstack devstack@g-api.service[71354]: DEBUG glance.common.config [None req-16bf27b6-6c90-4601-99f8-20664f19e9da None None] database.connection_recycle_time = 3600 {{(pid=71354) log_opt_values /opt/stack/data/venv/lib/python3.10/site-packages/oslo_config/cfg.py:2824}}
Feb 10 17:53:34 devstack devstack@g-api.service[71354]: DEBUG glance.common.config [None req-16bf27b6-6c90-4601-99f8-20664f19e9da None None] database.connection_trace = False {{(pid=71354) log_opt_values /opt/stack/data/venv/lib/python3.10/site-packages/oslo_config/cfg.py:2824}}
Feb 10 17:53:34 devstack devstack@g-api.service[71354]: DEBUG glance.common.config [None req-16bf27b6-6c90-4601-99f8-20664f19e9da None None] database.db_inc_retry_interval = True {{(pid=71354) log_opt_values /opt/stack/data/venv/lib/python3.10/site-packages/oslo_config/cfg.py:2824}}
Feb 10 17:53:34 devstack devstack@g-api.service[71354]: DEBUG glance.common.config [None req-16bf27b6-6c90-4601-99f8-20664f19e9da None None] database.db_max_retries = 20 {{(pid=71354) log_opt_values /opt/stack/data/venv/lib/python3.10/site-packages/oslo_config/cfg.py:2824}}
Feb 10 17:53:34 devstack devstack@g-api.service[71354]: DEBUG glance.common.config [None req-16bf27b6-6c90-4601-99f8-20664f19e9da None None] database.db_max_retry_interval = 10 {{(pid=71354) log_opt_values /opt/stack/data/venv/lib/python3.10/site-packages/oslo_config/cfg.py:2824}}
Feb 10 17:53:34 devstack devstack@g-api.service[71354]: DEBUG glance.common.config [None req-16bf27b6-6c90-4601-99f8-20664f19e9da None None] database.db_retry_interval = 1 {{(pid=71354) log_opt_values /opt/stack/data/venv/lib/python3.10/site-packages/oslo_config/cfg.py:2824}}
Feb 10 17:53:34 devstack devstack@g-api.service[71354]: DEBUG glance.common.config [None req-16bf27b6-6c90-4601-99f8-20664f19e9da None None] database.max_overflow = 50 {{(pid=71354) log_opt_values /opt/stack/data/venv/lib/python3.10/site-packages/oslo_config/cfg.py:2824}}
Feb 10 17:53:34 devstack devstack@g-api.service[71354]: DEBUG glance.common.config [None req-16bf27b6-6c90-4601-99f8-20664f19e9da None None] database.max_pool_size = 5 {{(pid=71354) log_opt_values /opt/stack/data/venv/lib/python3.10/site-packages/oslo_config/cfg.py:2824}}
Feb 10 17:53:34 devstack devstack@g-api.service[71354]: DEBUG glance.common.config [None req-16bf27b6-6c90-4601-99f8-20664f19e9da None None] database.max_retries = 10 {{(pid=71354) log_opt_values /opt/stack/data/venv/lib/python3.10/site-packages/oslo_config/cfg.py:2824}}
Feb 10 17:53:34 devstack devstack@g-api.service[71354]: DEBUG glance.common.config [None req-16bf27b6-6c90-4601-99f8-20664f19e9da None None] database.mysql_sql_mode = TRADITIONAL {{(pid=71354) log_opt_values /opt/stack/data/venv/lib/python3.10/site-packages/oslo_config/cfg.py:2824}}
Feb 10 17:53:34 devstack devstack@g-api.service[71354]: DEBUG glance.common.config [None req-16bf27b6-6c90-4601-99f8-20664f19e9da None None] database.mysql_wsrep_sync_wait = None {{(pid=71354) log_opt_values /opt/stack/data/venv/lib/python3.10/site-packages/oslo_config/cfg.py:2824}}
Feb 10 17:53:34 devstack devstack@g-api.service[71354]: DEBUG glance.common.config [None req-16bf27b6-6c90-4601-99f8-20664f19e9da None None] database.pool_timeout = None {{(pid=71354) log_opt_values /opt/stack/data/venv/lib/python3.10/site-packages/oslo_config/cfg.py:2824}}
Feb 10 17:53:34 devstack devstack@g-api.service[71354]: DEBUG glance.common.config [None req-16bf27b6-6c90-4601-99f8-20664f19e9da None None] database.retry_interval = 10 {{(pid=71354) log_opt_values /opt/stack/data/venv/lib/python3.10/site-packages/oslo_config/cfg.py:2824}}
Feb 10 17:53:34 devstack devstack@g-api.service[71354]: DEBUG glance.common.config [None req-16bf27b6-6c90-4601-99f8-20664f19e9da None None] database.slave_connection = **** {{(pid=71354) log_opt_values /opt/stack/data/venv/lib/python3.10/site-packages/oslo_config/cfg.py:2824}}
Feb 10 17:53:34 devstack devstack@g-api.service[71354]: DEBUG glance.common.config [None req-16bf27b6-6c90-4601-99f8-20664f19e9da None None] database.sqlite_synchronous = True {{(pid=71354) log_opt_values /opt/stack/data/venv/lib/python3.10/site-packages/oslo_config/cfg.py:2824}}
Feb 10 17:53:34 devstack devstack@g-api.service[71354]: DEBUG glance.common.config [None req-16bf27b6-6c90-4601-99f8-20664f19e9da None None] database.synchronous_reader = True {{(pid=71354) log_opt_values /opt/stack/data/venv/lib/python3.10/site-packages/oslo_config/cfg.py:2824}}
Feb 10 17:53:34 devstack devstack@g-api.service[71354]: DEBUG glance.common.config [None req-16bf27b6-6c90-4601-99f8-20664f19e9da None None] database.use_db_reconnect = False {{(pid=71354) log_opt_values /opt/stack/data/venv/lib/python3.10/site-packages/oslo_config/cfg.py:2824}}
Feb 10 17:53:34 devstack devstack@g-api.service[71354]: DEBUG glance.common.config [None req-16bf27b6-6c90-4601-99f8-20664f19e9da None None] healthcheck.allowed_source_ranges = [] {{(pid=71354) log_opt_values /opt/stack/data/venv/lib/python3.10/site-packages/oslo_config/cfg.py:2824}}
Feb 10 17:53:34 devstack devstack@g-api.service[71354]: DEBUG glance.common.config [None req-16bf27b6-6c90-4601-99f8-20664f19e9da None None] healthcheck.backends = ['disable_by_file'] {{(pid=71354) log_opt_values /opt/stack/data/venv/lib/python3.10/site-packages/oslo_config/cfg.py:2824}}
Feb 10 17:53:34 devstack devstack@g-api.service[71354]: DEBUG glance.common.config [None req-16bf27b6-6c90-4601-99f8-20664f19e9da None None] healthcheck.detailed = False {{(pid=71354) log_opt_values /opt/stack/data/venv/lib/python3.10/site-packages/oslo_config/cfg.py:2824}}
Feb 10 17:53:34 devstack devstack@g-api.service[71354]: DEBUG glance.common.config [None req-16bf27b6-6c90-4601-99f8-20664f19e9da None None] healthcheck.disable_by_file_path = None {{(pid=71354) log_opt_values /opt/stack/data/venv/lib/python3.10/site-packages/oslo_config/cfg.py:2824}}
Feb 10 17:53:34 devstack devstack@g-api.service[71354]: DEBUG glance.common.config [None req-16bf27b6-6c90-4601-99f8-20664f19e9da None None] healthcheck.ignore_proxied_requests = False {{(pid=71354) log_opt_values /opt/stack/data/venv/lib/python3.10/site-packages/oslo_config/cfg.py:2824}}
Feb 10 17:53:34 devstack devstack@g-api.service[71354]: DEBUG glance.common.config [None req-16bf27b6-6c90-4601-99f8-20664f19e9da None None] ******************************************************************************** {{(pid=71354) log_opt_values /opt/stack/data/venv/lib/python3.10/site-packages/oslo_config/cfg.py:2828}}
Feb 10 17:53:34 devstack devstack@g-api.service[71354]: WSGI app 0 (mountpoint='') ready in 3 seconds on interpreter 0x55a5877fa6a0 pid: 71354 (default app)
Feb 10 17:53:37 devstack devstack@g-api.service[71355]: DEBUG glance.api.middleware.version_negotiation [None req-3b7cf3ad-3639-4fb1-873b-ac2a570e47bf None None] Determining version of request: GET / Accept: application/json {{(pid=71355) process_request /opt/stack/glance/glance/api/middleware/version_negotiation.py:44}}
Feb 10 17:53:37 devstack devstack@g-api.service[71355]: DEBUG glance.api.middleware.version_negotiation [None req-3b7cf3ad-3639-4fb1-873b-ac2a570e47bf None None] Using url versioning {{(pid=71355) process_request /opt/stack/glance/glance/api/middleware/version_negotiation.py:57}}
Feb 10 17:53:37 devstack devstack@g-api.service[71355]: DEBUG glance.api.middleware.version_negotiation [None req-3b7cf3ad-3639-4fb1-873b-ac2a570e47bf None None] Unknown version. Returning version choices. {{(pid=71355) process_request /opt/stack/glance/glance/api/middleware/version_negotiation.py:64}}
Feb 10 17:53:37 devstack devstack@g-api.service[71355]: [pid: 71355|app: 0|req: 2/2] 127.0.0.1 () {34 vars in 519 bytes} [Tue Feb 10 17:53:37 2026] GET / => generated 1459 bytes in 2 msecs (HTTP/1.1 300) 3 headers in 106 bytes (1 switches on core 0)
Feb 10 17:53:37 devstack devstack@g-api.service[71354]: DEBUG glance.api.middleware.version_negotiation [None req-16bf27b6-6c90-4601-99f8-20664f19e9da None None] Determining version of request: POST /v2/images Accept: */* {{(pid=71354) process_request /opt/stack/glance/glance/api/middleware/version_negotiation.py:44}}
Feb 10 17:53:37 devstack devstack@g-api.service[71354]: DEBUG glance.api.middleware.version_negotiation [None req-16bf27b6-6c90-4601-99f8-20664f19e9da None None] Using url versioning {{(pid=71354) process_request /opt/stack/glance/glance/api/middleware/version_negotiation.py:57}}
Feb 10 17:53:37 devstack devstack@g-api.service[71354]: DEBUG glance.api.middleware.version_negotiation [None req-16bf27b6-6c90-4601-99f8-20664f19e9da None None] Matched version: v2 {{(pid=71354) process_request /opt/stack/glance/glance/api/middleware/version_negotiation.py:69}}
Feb 10 17:53:37 devstack devstack@g-api.service[71354]: DEBUG glance.api.middleware.version_negotiation [None req-16bf27b6-6c90-4601-99f8-20664f19e9da None None] new path /v2/images {{(pid=71354) process_request /opt/stack/glance/glance/api/middleware/version_negotiation.py:70}}
Feb 10 17:53:38 devstack devstack@g-api.service[71354]: [pid: 71354|app: 0|req: 1/3] 127.0.0.1 () {40 vars in 782 bytes} [Tue Feb 10 17:53:37 2026] POST /v2/images => generated 807 bytes in 956 msecs (HTTP/1.1 201) 6 headers in 314 bytes (1 switches on core 0)
Feb 10 17:53:38 devstack devstack@g-api.service[71355]: DEBUG glance.api.middleware.version_negotiation [None req-3b7cf3ad-3639-4fb1-873b-ac2a570e47bf None None] Determining version of request: PUT /v2/images/88b861e3-f5fd-40f8-a094-98ecf58fea0b/file Accept: {{(pid=71355) process_request /opt/stack/glance/glance/api/middleware/version_negotiation.py:44}}
Feb 10 17:53:38 devstack devstack@g-api.service[71355]: DEBUG glance.api.middleware.version_negotiation [None req-3b7cf3ad-3639-4fb1-873b-ac2a570e47bf None None] Using url versioning {{(pid=71355) process_request /opt/stack/glance/glance/api/middleware/version_negotiation.py:57}}
Feb 10 17:53:38 devstack devstack@g-api.service[71355]: DEBUG glance.api.middleware.version_negotiation [None req-3b7cf3ad-3639-4fb1-873b-ac2a570e47bf None None] Matched version: v2 {{(pid=71355) process_request /opt/stack/glance/glance/api/middleware/version_negotiation.py:69}}
Feb 10 17:53:38 devstack devstack@g-api.service[71355]: DEBUG glance.api.middleware.version_negotiation [None req-3b7cf3ad-3639-4fb1-873b-ac2a570e47bf None None] new path /v2/images/88b861e3-f5fd-40f8-a094-98ecf58fea0b/file {{(pid=71355) process_request /opt/stack/glance/glance/api/middleware/version_negotiation.py:70}}
Feb 10 17:53:39 devstack devstack@g-api.service[71355]: INFO glance.api.v2.image_data [None req-98b73072-fd79-41c9-978c-31538d5f0549 admin admin] Unable to create trust: no such option collect_timing in group [keystone_authtoken] Use the existing user token.
Feb 10 17:53:39 devstack devstack@g-api.service[71355]: DEBUG glance.location [None req-98b73072-fd79-41c9-978c-31538d5f0549 admin admin] Enabling in-flight format inspection for qcow2 {{(pid=71355) set_data /opt/stack/glance/glance/location.py:616}}
Feb 10 17:53:39 devstack devstack@g-api.service[71355]: DEBUG oslo_utils.imageutils.format_inspector [None req-98b73072-fd79-41c9-978c-31538d5f0549 admin admin] Format inspector for vmdk does not match, excluding from consideration (Signature KDMV not found: b'QFI\xfb') {{(pid=71355) _process_chunk /opt/stack/data/venv/lib/python3.10/site-packages/oslo_utils/imageutils/format_inspector.py:1537}}
Feb 10 17:53:39 devstack devstack@g-api.service[71355]: DEBUG oslo_utils.imageutils.format_inspector [None req-98b73072-fd79-41c9-978c-31538d5f0549 admin admin] Format inspector for vhdx does not match, excluding from consideration (Region signature not found at 30000) {{(pid=71355) _process_chunk /opt/stack/data/venv/lib/python3.10/site-packages/oslo_utils/imageutils/format_inspector.py:1537}}
Feb 10 17:53:39 devstack devstack@g-api.service[71355]: DEBUG glance_store._drivers.filesystem [None req-98b73072-fd79-41c9-978c-31538d5f0549 admin admin] Wrote 21692416 bytes to /opt/stack/data/glance/images/88b861e3-f5fd-40f8-a094-98ecf58fea0b with checksum 87617e24a5e30cb3b87fda8c0764838f and multihash 9a9bce0083a00939ec17c11febbfc767aa211aaa54f51e75c5a8b271a9b5637c77205a518b7a2007cb391d23cceb01e0e4e8d64832317151bc85b734b92a7be0 {{(pid=71355) add /opt/stack/data/venv/lib/python3.10/site-packages/glance_store/_drivers/filesystem.py:794}}
Feb 10 17:53:39 devstack devstack@g-api.service[71355]: INFO glance.location [None req-98b73072-fd79-41c9-978c-31538d5f0549 admin admin] Image format matched and virtual size computed: 117440512
Feb 10 17:53:39 devstack devstack@g-api.service[71355]: DEBUG glance_store.backend [None req-98b73072-fd79-41c9-978c-31538d5f0549 admin admin] Skipping store.set_acls... not implemented. {{(pid=71355) set_acls /opt/stack/data/venv/lib/python3.10/site-packages/glance_store/backend.py:507}}
Feb 10 17:53:39 devstack devstack@g-api.service[71355]: [pid: 71355|app: 0|req: 3/4] 127.0.0.1 () {40 vars in 875 bytes} [Tue Feb 10 17:53:38 2026] PUT /v2/images/88b861e3-f5fd-40f8-a094-98ecf58fea0b/file => generated 0 bytes in 1313 msecs (HTTP/1.1 204) 4 headers in 171 bytes (1 switches on core 0)
Feb 10 17:53:39 devstack devstack@g-api.service[71354]: DEBUG glance.api.middleware.version_negotiation [None req-d68580b2-e5fe-4371-b162-212f64b876eb admin admin] Determining version of request: GET /v2/images/88b861e3-f5fd-40f8-a094-98ecf58fea0b Accept: */* {{(pid=71354) process_request /opt/stack/glance/glance/api/middleware/version_negotiation.py:44}}
Feb 10 17:53:39 devstack devstack@g-api.service[71354]: DEBUG glance.api.middleware.version_negotiation [None req-d68580b2-e5fe-4371-b162-212f64b876eb admin admin] Using url versioning {{(pid=71354) process_request /opt/stack/glance/glance/api/middleware/version_negotiation.py:57}}
Feb 10 17:53:39 devstack devstack@g-api.service[71354]: DEBUG glance.api.middleware.version_negotiation [None req-d68580b2-e5fe-4371-b162-212f64b876eb admin admin] Matched version: v2 {{(pid=71354) process_request /opt/stack/glance/glance/api/middleware/version_negotiation.py:69}}
Feb 10 17:53:39 devstack devstack@g-api.service[71354]: DEBUG glance.api.middleware.version_negotiation [None req-d68580b2-e5fe-4371-b162-212f64b876eb admin admin] new path /v2/images/88b861e3-f5fd-40f8-a094-98ecf58fea0b {{(pid=71354) process_request /opt/stack/glance/glance/api/middleware/version_negotiation.py:70}}
Feb 10 17:53:39 devstack devstack@g-api.service[71354]: [pid: 71354|app: 0|req: 2/5] 127.0.0.1 () {36 vars in 802 bytes} [Tue Feb 10 17:53:39 2026] GET /v2/images/88b861e3-f5fd-40f8-a094-98ecf58fea0b => generated 976 bytes in 22 msecs (HTTP/1.1 200) 4 headers in 157 bytes (1 switches on core 0)
Feb 10 17:53:49 devstack devstack@g-api.service[71355]: DEBUG dbcounter [-] [71355] Writing DB stats glance:INSERT=5,glance:SELECT=16,glance:UPDATE=2 {{(pid=71355) stat_writer /opt/stack/data/venv/lib/python3.10/site-packages/dbcounter.py:115}}
Feb 10 17:53:49 devstack devstack@g-api.service[71354]: DEBUG dbcounter [-] [71354] Writing DB stats glance:INSERT=9,glance:SELECT=6 {{(pid=71354) stat_writer /opt/stack/data/venv/lib/python3.10/site-packages/dbcounter.py:115}}
Feb 10 17:54:06 devstack devstack@g-api.service[71355]: DEBUG glance.api.middleware.version_negotiation [None req-98b73072-fd79-41c9-978c-31538d5f0549 admin admin] Determining version of request: GET / Accept: application/json {{(pid=71355) process_request /opt/stack/glance/glance/api/middleware/version_negotiation.py:44}}
Feb 10 17:54:06 devstack devstack@g-api.service[71355]: DEBUG glance.api.middleware.version_negotiation [None req-98b73072-fd79-41c9-978c-31538d5f0549 admin admin] Using url versioning {{(pid=71355) process_request /opt/stack/glance/glance/api/middleware/version_negotiation.py:57}}
Feb 10 17:54:06 devstack devstack@g-api.service[71355]: DEBUG glance.api.middleware.version_negotiation [None req-98b73072-fd79-41c9-978c-31538d5f0549 admin admin] Unknown version. Returning version choices. {{(pid=71355) process_request /opt/stack/glance/glance/api/middleware/version_negotiation.py:64}}
Feb 10 17:54:06 devstack devstack@g-api.service[71355]: [pid: 71355|app: 0|req: 4/6] 127.0.0.1 () {34 vars in 519 bytes} [Tue Feb 10 17:54:06 2026] GET / => generated 1459 bytes in 18 msecs (HTTP/1.1 300) 3 headers in 106 bytes (1 switches on core 0)
Feb 10 17:54:06 devstack devstack@g-api.service[71354]: DEBUG glance.api.middleware.version_negotiation [None req-b78b24fc-6a16-43e2-9b53-bfc86c0edf50 admin admin] Determining version of request: GET /v2/images Accept: application/json {{(pid=71354) process_request /opt/stack/glance/glance/api/middleware/version_negotiation.py:44}}
Feb 10 17:54:06 devstack devstack@g-api.service[71354]: DEBUG glance.api.middleware.version_negotiation [None req-b78b24fc-6a16-43e2-9b53-bfc86c0edf50 admin admin] Using url versioning {{(pid=71354) process_request /opt/stack/glance/glance/api/middleware/version_negotiation.py:57}}
Feb 10 17:54:06 devstack devstack@g-api.service[71354]: DEBUG glance.api.middleware.version_negotiation [None req-b78b24fc-6a16-43e2-9b53-bfc86c0edf50 admin admin] Matched version: v2 {{(pid=71354) process_request /opt/stack/glance/glance/api/middleware/version_negotiation.py:69}}
Feb 10 17:54:06 devstack devstack@g-api.service[71354]: DEBUG glance.api.middleware.version_negotiation [None req-b78b24fc-6a16-43e2-9b53-bfc86c0edf50 admin admin] new path /v2/images {{(pid=71354) process_request /opt/stack/glance/glance/api/middleware/version_negotiation.py:70}}
Feb 10 17:54:07 devstack devstack@g-api.service[71354]: [pid: 71354|app: 0|req: 3/7] 127.0.0.1 () {36 vars in 741 bytes} [Tue Feb 10 17:54:06 2026] GET /v2/images => generated 1045 bytes in 62 msecs (HTTP/1.1 200) 4 headers in 158 bytes (1 switches on core 0)
Feb 10 17:54:12 devstack devstack@g-api.service[71355]: DEBUG glance.api.middleware.version_negotiation [None req-98b73072-fd79-41c9-978c-31538d5f0549 admin admin] Determining version of request: GET / Accept: application/json {{(pid=71355) process_request /opt/stack/glance/glance/api/middleware/version_negotiation.py:44}}
Feb 10 17:54:12 devstack devstack@g-api.service[71355]: DEBUG glance.api.middleware.version_negotiation [None req-98b73072-fd79-41c9-978c-31538d5f0549 admin admin] Using url versioning {{(pid=71355) process_request /opt/stack/glance/glance/api/middleware/version_negotiation.py:57}}
Feb 10 17:54:12 devstack devstack@g-api.service[71355]: DEBUG glance.api.middleware.version_negotiation [None req-98b73072-fd79-41c9-978c-31538d5f0549 admin admin] Unknown version. Returning version choices. {{(pid=71355) process_request /opt/stack/glance/glance/api/middleware/version_negotiation.py:64}}
Feb 10 17:54:12 devstack devstack@g-api.service[71355]: [pid: 71355|app: 0|req: 5/8] 127.0.0.1 () {34 vars in 519 bytes} [Tue Feb 10 17:54:12 2026] GET / => generated 1459 bytes in 2 msecs (HTTP/1.1 300) 3 headers in 106 bytes (1 switches on core 0)
Feb 10 17:54:12 devstack devstack@g-api.service[71354]: DEBUG glance.api.middleware.version_negotiation [None req-e9aeb3ec-c8fe-47c6-8592-562e83692604 admin admin] Determining version of request: GET /v2/images/88b861e3-f5fd-40f8-a094-98ecf58fea0b Accept: */* {{(pid=71354) process_request /opt/stack/glance/glance/api/middleware/version_negotiation.py:44}}
Feb 10 17:54:12 devstack devstack@g-api.service[71354]: DEBUG glance.api.middleware.version_negotiation [None req-e9aeb3ec-c8fe-47c6-8592-562e83692604 admin admin] Using url versioning {{(pid=71354) process_request /opt/stack/glance/glance/api/middleware/version_negotiation.py:57}}
Feb 10 17:54:12 devstack devstack@g-api.service[71354]: DEBUG glance.api.middleware.version_negotiation [None req-e9aeb3ec-c8fe-47c6-8592-562e83692604 admin admin] Matched version: v2 {{(pid=71354) process_request /opt/stack/glance/glance/api/middleware/version_negotiation.py:69}}
Feb 10 17:54:12 devstack devstack@g-api.service[71354]: DEBUG glance.api.middleware.version_negotiation [None req-e9aeb3ec-c8fe-47c6-8592-562e83692604 admin admin] new path /v2/images/88b861e3-f5fd-40f8-a094-98ecf58fea0b {{(pid=71354) process_request /opt/stack/glance/glance/api/middleware/version_negotiation.py:70}}
Feb 10 17:54:12 devstack devstack@g-api.service[71354]: [pid: 71354|app: 0|req: 4/9] 127.0.0.1 () {36 vars in 802 bytes} [Tue Feb 10 17:54:12 2026] GET /v2/images/88b861e3-f5fd-40f8-a094-98ecf58fea0b => generated 976 bytes in 44 msecs (HTTP/1.1 200) 4 headers in 157 bytes (1 switches on core 0)
Feb 10 17:54:16 devstack devstack@g-api.service[71355]: DEBUG glance.api.middleware.version_negotiation [None req-98b73072-fd79-41c9-978c-31538d5f0549 admin admin] Determining version of request: GET / Accept: application/json {{(pid=71355) process_request /opt/stack/glance/glance/api/middleware/version_negotiation.py:44}}
Feb 10 17:54:16 devstack devstack@g-api.service[71355]: DEBUG glance.api.middleware.version_negotiation [None req-98b73072-fd79-41c9-978c-31538d5f0549 admin admin] Using url versioning {{(pid=71355) process_request /opt/stack/glance/glance/api/middleware/version_negotiation.py:57}}
Feb 10 17:54:16 devstack devstack@g-api.service[71355]: DEBUG glance.api.middleware.version_negotiation [None req-98b73072-fd79-41c9-978c-31538d5f0549 admin admin] Unknown version. Returning version choices. {{(pid=71355) process_request /opt/stack/glance/glance/api/middleware/version_negotiation.py:64}}
Feb 10 17:54:16 devstack devstack@g-api.service[71355]: [pid: 71355|app: 0|req: 6/10] 127.0.0.1 () {34 vars in 519 bytes} [Tue Feb 10 17:54:16 2026] GET / => generated 1459 bytes in 2 msecs (HTTP/1.1 300) 3 headers in 106 bytes (1 switches on core 0)
Feb 10 17:54:16 devstack devstack@g-api.service[71354]: DEBUG glance.api.middleware.version_negotiation [None req-75a6335e-6e84-45f9-9e92-c1a1aead38dc admin admin] Determining version of request: GET /v2/images/88b861e3-f5fd-40f8-a094-98ecf58fea0b Accept: */* {{(pid=71354) process_request /opt/stack/glance/glance/api/middleware/version_negotiation.py:44}}
Feb 10 17:54:16 devstack devstack@g-api.service[71354]: DEBUG glance.api.middleware.version_negotiation [None req-75a6335e-6e84-45f9-9e92-c1a1aead38dc admin admin] Using url versioning {{(pid=71354) process_request /opt/stack/glance/glance/api/middleware/version_negotiation.py:57}}
Feb 10 17:54:16 devstack devstack@g-api.service[71354]: DEBUG glance.api.middleware.version_negotiation [None req-75a6335e-6e84-45f9-9e92-c1a1aead38dc admin admin] Matched version: v2 {{(pid=71354) process_request /opt/stack/glance/glance/api/middleware/version_negotiation.py:69}}
Feb 10 17:54:16 devstack devstack@g-api.service[71354]: DEBUG glance.api.middleware.version_negotiation [None req-75a6335e-6e84-45f9-9e92-c1a1aead38dc admin admin] new path /v2/images/88b861e3-f5fd-40f8-a094-98ecf58fea0b {{(pid=71354) process_request /opt/stack/glance/glance/api/middleware/version_negotiation.py:70}}
Feb 10 17:54:16 devstack devstack@g-api.service[71354]: [pid: 71354|app: 0|req: 5/11] 127.0.0.1 () {36 vars in 802 bytes} [Tue Feb 10 17:54:16 2026] GET /v2/images/88b861e3-f5fd-40f8-a094-98ecf58fea0b => generated 976 bytes in 42 msecs (HTTP/1.1 200) 4 headers in 157 bytes (1 switches on core 0)
Feb 10 17:54:26 devstack devstack@g-api.service[71354]: DEBUG dbcounter [-] [71354] Writing DB stats glance:SELECT=5 {{(pid=71354) stat_writer /opt/stack/data/venv/lib/python3.10/site-packages/dbcounter.py:115}}
Feb 10 17:55:34 devstack devstack@g-api.service[71355]: DEBUG glance.api.middleware.version_negotiation [None req-98b73072-fd79-41c9-978c-31538d5f0549 admin admin] Determining version of request: GET / Accept: application/json {{(pid=71355) process_request /opt/stack/glance/glance/api/middleware/version_negotiation.py:44}}
Feb 10 17:55:34 devstack devstack@g-api.service[71355]: DEBUG glance.api.middleware.version_negotiation [None req-98b73072-fd79-41c9-978c-31538d5f0549 admin admin] Using url versioning {{(pid=71355) process_request /opt/stack/glance/glance/api/middleware/version_negotiation.py:57}}
Feb 10 17:55:34 devstack devstack@g-api.service[71355]: DEBUG glance.api.middleware.version_negotiation [None req-98b73072-fd79-41c9-978c-31538d5f0549 admin admin] Unknown version. Returning version choices. {{(pid=71355) process_request /opt/stack/glance/glance/api/middleware/version_negotiation.py:64}}
Feb 10 17:55:34 devstack devstack@g-api.service[71355]: [pid: 71355|app: 0|req: 7/12] 127.0.0.1 () {36 vars in 490 bytes} [Tue Feb 10 17:55:34 2026] GET / => generated 1459 bytes in 2 msecs (HTTP/1.1 300) 3 headers in 106 bytes (1 switches on core 0)
Feb 10 17:56:32 devstack devstack@g-api.service[71354]: DEBUG glance.api.middleware.version_negotiation [None req-aac10b0c-2a1b-4ff6-8543-ea8c366926bf admin admin] Determining version of request: GET /v2/images/88b861e3-f5fd-40f8-a094-98ecf58fea0b Accept: */* {{(pid=71354) process_request /opt/stack/glance/glance/api/middleware/version_negotiation.py:44}}
Feb 10 17:56:32 devstack devstack@g-api.service[71354]: DEBUG glance.api.middleware.version_negotiation [None req-aac10b0c-2a1b-4ff6-8543-ea8c366926bf admin admin] Using url versioning {{(pid=71354) process_request /opt/stack/glance/glance/api/middleware/version_negotiation.py:57}}
Feb 10 17:56:32 devstack devstack@g-api.service[71354]: DEBUG glance.api.middleware.version_negotiation [None req-aac10b0c-2a1b-4ff6-8543-ea8c366926bf admin admin] Matched version: v2 {{(pid=71354) process_request /opt/stack/glance/glance/api/middleware/version_negotiation.py:69}}
Feb 10 17:56:32 devstack devstack@g-api.service[71354]: DEBUG glance.api.middleware.version_negotiation [None req-aac10b0c-2a1b-4ff6-8543-ea8c366926bf admin admin] new path /v2/images/88b861e3-f5fd-40f8-a094-98ecf58fea0b {{(pid=71354) process_request /opt/stack/glance/glance/api/middleware/version_negotiation.py:70}}
Feb 10 17:56:32 devstack devstack@g-api.service[71354]: WARNING keystonemiddleware.auth_token [None req-aac10b0c-2a1b-4ff6-8543-ea8c366926bf admin admin] A valid token was submitted as a service token, but it was not a valid service token. This is incorrect but backwards compatible behaviour. This will be removed in future releases.
Feb 10 17:56:32 devstack devstack@g-api.service[71354]: [pid: 71354|app: 0|req: 6/13] 127.0.0.1 () {42 vars in 1061 bytes} [Tue Feb 10 17:56:32 2026] GET /v2/images/88b861e3-f5fd-40f8-a094-98ecf58fea0b => generated 976 bytes in 128 msecs (HTTP/1.1 200) 4 headers in 157 bytes (1 switches on core 0)
Feb 10 17:56:32 devstack devstack@g-api.service[71355]: DEBUG glance.api.middleware.version_negotiation [None req-98b73072-fd79-41c9-978c-31538d5f0549 admin admin] Determining version of request: GET /v2/schemas/image Accept: */* {{(pid=71355) process_request /opt/stack/glance/glance/api/middleware/version_negotiation.py:44}}
Feb 10 17:56:32 devstack devstack@g-api.service[71355]: DEBUG glance.api.middleware.version_negotiation [None req-98b73072-fd79-41c9-978c-31538d5f0549 admin admin] Using url versioning {{(pid=71355) process_request /opt/stack/glance/glance/api/middleware/version_negotiation.py:57}}
Feb 10 17:56:32 devstack devstack@g-api.service[71355]: DEBUG glance.api.middleware.version_negotiation [None req-98b73072-fd79-41c9-978c-31538d5f0549 admin admin] Matched version: v2 {{(pid=71355) process_request /opt/stack/glance/glance/api/middleware/version_negotiation.py:69}}
Feb 10 17:56:32 devstack devstack@g-api.service[71355]: DEBUG glance.api.middleware.version_negotiation [None req-98b73072-fd79-41c9-978c-31538d5f0549 admin admin] new path /v2/schemas/image {{(pid=71355) process_request /opt/stack/glance/glance/api/middleware/version_negotiation.py:70}}
Feb 10 17:56:32 devstack devstack@g-api.service[71355]: WARNING keystonemiddleware.auth_token [None req-98b73072-fd79-41c9-978c-31538d5f0549 admin admin] A valid token was submitted as a service token, but it was not a valid service token. This is incorrect but backwards compatible behaviour. This will be removed in future releases.
Feb 10 17:56:32 devstack devstack@g-api.service[71355]: [pid: 71355|app: 0|req: 8/14] 127.0.0.1 () {42 vars in 1001 bytes} [Tue Feb 10 17:56:32 2026] GET /v2/schemas/image => generated 6083 bytes in 6 msecs (HTTP/1.1 200) 4 headers in 158 bytes (1 switches on core 0)
Feb 10 17:56:32 devstack devstack@g-api.service[71354]: DEBUG glance.api.middleware.version_negotiation [None req-70f2e664-f270-47d0-b9ab-1de1357427d6 tempest-ServerActionsV293TestJSON-1118654373 tempest-ServerActionsV293TestJSON-1118654373-project-member] Determining version of request: GET /v2/schemas/image Accept: */* {{(pid=71354) process_request /opt/stack/glance/glance/api/middleware/version_negotiation.py:44}}
Feb 10 17:56:32 devstack devstack@g-api.service[71354]: DEBUG glance.api.middleware.version_negotiation [None req-70f2e664-f270-47d0-b9ab-1de1357427d6 tempest-ServerActionsV293TestJSON-1118654373 tempest-ServerActionsV293TestJSON-1118654373-project-member] Using url versioning {{(pid=71354) process_request /opt/stack/glance/glance/api/middleware/version_negotiation.py:57}}
Feb 10 17:56:32 devstack devstack@g-api.service[71354]: DEBUG glance.api.middleware.version_negotiation [None req-70f2e664-f270-47d0-b9ab-1de1357427d6 tempest-ServerActionsV293TestJSON-1118654373 tempest-ServerActionsV293TestJSON-1118654373-project-member] Matched version: v2 {{(pid=71354) process_request /opt/stack/glance/glance/api/middleware/version_negotiation.py:69}}
Feb 10 17:56:32 devstack devstack@g-api.service[71354]: DEBUG glance.api.middleware.version_negotiation [None req-70f2e664-f270-47d0-b9ab-1de1357427d6 tempest-ServerActionsV293TestJSON-1118654373 tempest-ServerActionsV293TestJSON-1118654373-project-member] new path /v2/schemas/image {{(pid=71354) process_request /opt/stack/glance/glance/api/middleware/version_negotiation.py:70}}
Feb 10 17:56:32 devstack devstack@g-api.service[71354]: [pid: 71354|app: 0|req: 7/15] 127.0.0.1 () {42 vars in 1001 bytes} [Tue Feb 10 17:56:32 2026] GET /v2/schemas/image => generated 6083 bytes in 5 msecs (HTTP/1.1 200) 4 headers in 158 bytes (1 switches on core 0)
Feb 10 17:56:32 devstack devstack@g-api.service[71355]: DEBUG glance.api.middleware.version_negotiation [None req-70f2e664-f270-47d0-b9ab-1de1357427d6 tempest-ServerActionsV293TestJSON-1118654373 tempest-ServerActionsV293TestJSON-1118654373-project-member] Determining version of request: GET /v2/images/88b861e3-f5fd-40f8-a094-98ecf58fea0b Accept: */* {{(pid=71355) process_request /opt/stack/glance/glance/api/middleware/version_negotiation.py:44}}
Feb 10 17:56:32 devstack devstack@g-api.service[71355]: DEBUG glance.api.middleware.version_negotiation [None req-70f2e664-f270-47d0-b9ab-1de1357427d6 tempest-ServerActionsV293TestJSON-1118654373 tempest-ServerActionsV293TestJSON-1118654373-project-member] Using url versioning {{(pid=71355) process_request /opt/stack/glance/glance/api/middleware/version_negotiation.py:57}}
Feb 10 17:56:32 devstack devstack@g-api.service[71355]: DEBUG glance.api.middleware.version_negotiation [None req-70f2e664-f270-47d0-b9ab-1de1357427d6 tempest-ServerActionsV293TestJSON-1118654373 tempest-ServerActionsV293TestJSON-1118654373-project-member] Matched version: v2 {{(pid=71355) process_request /opt/stack/glance/glance/api/middleware/version_negotiation.py:69}}
Feb 10 17:56:32 devstack devstack@g-api.service[71355]: DEBUG glance.api.middleware.version_negotiation [None req-70f2e664-f270-47d0-b9ab-1de1357427d6 tempest-ServerActionsV293TestJSON-1118654373 tempest-ServerActionsV293TestJSON-1118654373-project-member] new path /v2/images/88b861e3-f5fd-40f8-a094-98ecf58fea0b {{(pid=71355) process_request /opt/stack/glance/glance/api/middleware/version_negotiation.py:70}}
Feb 10 17:56:32 devstack devstack@g-api.service[71355]: [pid: 71355|app: 0|req: 9/16] 127.0.0.1 () {42 vars in 1061 bytes} [Tue Feb 10 17:56:32 2026] GET /v2/images/88b861e3-f5fd-40f8-a094-98ecf58fea0b => generated 976 bytes in 44 msecs (HTTP/1.1 200) 4 headers in 157 bytes (1 switches on core 0)
Feb 10 17:56:32 devstack devstack@g-api.service[71354]: DEBUG glance.api.middleware.version_negotiation [None req-70f2e664-f270-47d0-b9ab-1de1357427d6 tempest-ServerActionsV293TestJSON-1118654373 tempest-ServerActionsV293TestJSON-1118654373-project-member] Determining version of request: GET /v2/schemas/image Accept: */* {{(pid=71354) process_request /opt/stack/glance/glance/api/middleware/version_negotiation.py:44}}
Feb 10 17:56:32 devstack devstack@g-api.service[71354]: DEBUG glance.api.middleware.version_negotiation [None req-70f2e664-f270-47d0-b9ab-1de1357427d6 tempest-ServerActionsV293TestJSON-1118654373 tempest-ServerActionsV293TestJSON-1118654373-project-member] Using url versioning {{(pid=71354) process_request /opt/stack/glance/glance/api/middleware/version_negotiation.py:57}}
Feb 10 17:56:32 devstack devstack@g-api.service[71354]: DEBUG glance.api.middleware.version_negotiation [None req-70f2e664-f270-47d0-b9ab-1de1357427d6 tempest-ServerActionsV293TestJSON-1118654373 tempest-ServerActionsV293TestJSON-1118654373-project-member] Matched version: v2 {{(pid=71354) process_request /opt/stack/glance/glance/api/middleware/version_negotiation.py:69}}
Feb 10 17:56:32 devstack devstack@g-api.service[71354]: DEBUG glance.api.middleware.version_negotiation [None req-70f2e664-f270-47d0-b9ab-1de1357427d6 tempest-ServerActionsV293TestJSON-1118654373 tempest-ServerActionsV293TestJSON-1118654373-project-member] new path /v2/schemas/image {{(pid=71354) process_request /opt/stack/glance/glance/api/middleware/version_negotiation.py:70}}
Feb 10 17:56:32 devstack devstack@g-api.service[71354]: [pid: 71354|app: 0|req: 8/17] 127.0.0.1 () {42 vars in 1001 bytes} [Tue Feb 10 17:56:32 2026] GET /v2/schemas/image => generated 6083 bytes in 9 msecs (HTTP/1.1 200) 4 headers in 158 bytes (1 switches on core 0)
Feb 10 17:56:32 devstack devstack@g-api.service[71355]: DEBUG glance.api.middleware.version_negotiation [None req-70f2e664-f270-47d0-b9ab-1de1357427d6 tempest-ServerActionsV293TestJSON-1118654373 tempest-ServerActionsV293TestJSON-1118654373-project-member] Determining version of request: GET /v2/schemas/image Accept: */* {{(pid=71355) process_request /opt/stack/glance/glance/api/middleware/version_negotiation.py:44}}
Feb 10 17:56:32 devstack devstack@g-api.service[71355]: DEBUG glance.api.middleware.version_negotiation [None req-70f2e664-f270-47d0-b9ab-1de1357427d6 tempest-ServerActionsV293TestJSON-1118654373 tempest-ServerActionsV293TestJSON-1118654373-project-member] Using url versioning {{(pid=71355) process_request /opt/stack/glance/glance/api/middleware/version_negotiation.py:57}}
Feb 10 17:56:32 devstack devstack@g-api.service[71355]: DEBUG glance.api.middleware.version_negotiation [None req-70f2e664-f270-47d0-b9ab-1de1357427d6 tempest-ServerActionsV293TestJSON-1118654373 tempest-ServerActionsV293TestJSON-1118654373-project-member] Matched version: v2 {{(pid=71355) process_request /opt/stack/glance/glance/api/middleware/version_negotiation.py:69}}
Feb 10 17:56:32 devstack devstack@g-api.service[71355]: DEBUG glance.api.middleware.version_negotiation [None req-70f2e664-f270-47d0-b9ab-1de1357427d6 tempest-ServerActionsV293TestJSON-1118654373 tempest-ServerActionsV293TestJSON-1118654373-project-member] new path /v2/schemas/image {{(pid=71355) process_request /opt/stack/glance/glance/api/middleware/version_negotiation.py:70}}
Feb 10 17:56:32 devstack devstack@g-api.service[71355]: [pid: 71355|app: 0|req: 10/18] 127.0.0.1 () {42 vars in 1001 bytes} [Tue Feb 10 17:56:32 2026] GET /v2/schemas/image => generated 6083 bytes in 9 msecs (HTTP/1.1 200) 4 headers in 158 bytes (1 switches on core 0)
Feb 10 17:56:32 devstack devstack@g-api.service[71354]: DEBUG glance.api.middleware.version_negotiation [None req-70f2e664-f270-47d0-b9ab-1de1357427d6 tempest-ServerActionsV293TestJSON-1118654373 tempest-ServerActionsV293TestJSON-1118654373-project-member] Determining version of request: GET /v2/images/88b861e3-f5fd-40f8-a094-98ecf58fea0b Accept: */* {{(pid=71354) process_request /opt/stack/glance/glance/api/middleware/version_negotiation.py:44}}
Feb 10 17:56:32 devstack devstack@g-api.service[71354]: DEBUG glance.api.middleware.version_negotiation [None req-70f2e664-f270-47d0-b9ab-1de1357427d6 tempest-ServerActionsV293TestJSON-1118654373 tempest-ServerActionsV293TestJSON-1118654373-project-member] Using url versioning {{(pid=71354) process_request /opt/stack/glance/glance/api/middleware/version_negotiation.py:57}}
Feb 10 17:56:32 devstack devstack@g-api.service[71354]: DEBUG glance.api.middleware.version_negotiation [None req-70f2e664-f270-47d0-b9ab-1de1357427d6 tempest-ServerActionsV293TestJSON-1118654373 tempest-ServerActionsV293TestJSON-1118654373-project-member] Matched version: v2 {{(pid=71354) process_request /opt/stack/glance/glance/api/middleware/version_negotiation.py:69}}
Feb 10 17:56:32 devstack devstack@g-api.service[71354]: DEBUG glance.api.middleware.version_negotiation [None req-70f2e664-f270-47d0-b9ab-1de1357427d6 tempest-ServerActionsV293TestJSON-1118654373 tempest-ServerActionsV293TestJSON-1118654373-project-member] new path /v2/images/88b861e3-f5fd-40f8-a094-98ecf58fea0b {{(pid=71354) process_request /opt/stack/glance/glance/api/middleware/version_negotiation.py:70}}
Feb 10 17:56:32 devstack devstack@g-api.service[71354]: [pid: 71354|app: 0|req: 9/19] 127.0.0.1 () {42 vars in 1061 bytes} [Tue Feb 10 17:56:32 2026] GET /v2/images/88b861e3-f5fd-40f8-a094-98ecf58fea0b => generated 976 bytes in 17 msecs (HTTP/1.1 200) 4 headers in 157 bytes (1 switches on core 0)
Feb 10 17:56:32 devstack devstack@g-api.service[71355]: DEBUG glance.api.middleware.version_negotiation [None req-70f2e664-f270-47d0-b9ab-1de1357427d6 tempest-ServerActionsV293TestJSON-1118654373 tempest-ServerActionsV293TestJSON-1118654373-project-member] Determining version of request: GET /v2/schemas/image Accept: */* {{(pid=71355) process_request /opt/stack/glance/glance/api/middleware/version_negotiation.py:44}}
Feb 10 17:56:32 devstack devstack@g-api.service[71355]: DEBUG glance.api.middleware.version_negotiation [None req-70f2e664-f270-47d0-b9ab-1de1357427d6 tempest-ServerActionsV293TestJSON-1118654373 tempest-ServerActionsV293TestJSON-1118654373-project-member] Using url versioning {{(pid=71355) process_request /opt/stack/glance/glance/api/middleware/version_negotiation.py:57}}
Feb 10 17:56:32 devstack devstack@g-api.service[71355]: DEBUG glance.api.middleware.version_negotiation [None req-70f2e664-f270-47d0-b9ab-1de1357427d6 tempest-ServerActionsV293TestJSON-1118654373 tempest-ServerActionsV293TestJSON-1118654373-project-member] Matched version: v2 {{(pid=71355) process_request /opt/stack/glance/glance/api/middleware/version_negotiation.py:69}}
Feb 10 17:56:32 devstack devstack@g-api.service[71355]: DEBUG glance.api.middleware.version_negotiation [None req-70f2e664-f270-47d0-b9ab-1de1357427d6 tempest-ServerActionsV293TestJSON-1118654373 tempest-ServerActionsV293TestJSON-1118654373-project-member] new path /v2/schemas/image {{(pid=71355) process_request /opt/stack/glance/glance/api/middleware/version_negotiation.py:70}}
Feb 10 17:56:32 devstack devstack@g-api.service[71355]: [pid: 71355|app: 0|req: 11/20] 127.0.0.1 () {42 vars in 1001 bytes} [Tue Feb 10 17:56:32 2026] GET /v2/schemas/image => generated 6083 bytes in 8 msecs (HTTP/1.1 200) 4 headers in 158 bytes (1 switches on core 0)
Feb 10 17:56:32 devstack devstack@g-api.service[71354]: DEBUG glance.api.middleware.version_negotiation [None req-70f2e664-f270-47d0-b9ab-1de1357427d6 tempest-ServerActionsV293TestJSON-1118654373 tempest-ServerActionsV293TestJSON-1118654373-project-member] Determining version of request: GET /v2/schemas/image Accept: */* {{(pid=71354) process_request /opt/stack/glance/glance/api/middleware/version_negotiation.py:44}}
Feb 10 17:56:32 devstack devstack@g-api.service[71354]: DEBUG glance.api.middleware.version_negotiation [None req-70f2e664-f270-47d0-b9ab-1de1357427d6 tempest-ServerActionsV293TestJSON-1118654373 tempest-ServerActionsV293TestJSON-1118654373-project-member] Using url versioning {{(pid=71354) process_request /opt/stack/glance/glance/api/middleware/version_negotiation.py:57}}
Feb 10 17:56:32 devstack devstack@g-api.service[71354]: DEBUG glance.api.middleware.version_negotiation [None req-70f2e664-f270-47d0-b9ab-1de1357427d6 tempest-ServerActionsV293TestJSON-1118654373 tempest-ServerActionsV293TestJSON-1118654373-project-member] Matched version: v2 {{(pid=71354) process_request /opt/stack/glance/glance/api/middleware/version_negotiation.py:69}}
Feb 10 17:56:32 devstack devstack@g-api.service[71354]: DEBUG glance.api.middleware.version_negotiation [None req-70f2e664-f270-47d0-b9ab-1de1357427d6 tempest-ServerActionsV293TestJSON-1118654373 tempest-ServerActionsV293TestJSON-1118654373-project-member] new path /v2/schemas/image {{(pid=71354) process_request /opt/stack/glance/glance/api/middleware/version_negotiation.py:70}}
Feb 10 17:56:32 devstack devstack@g-api.service[71354]: [pid: 71354|app: 0|req: 10/21] 127.0.0.1 () {42 vars in 1001 bytes} [Tue Feb 10 17:56:32 2026] GET /v2/schemas/image => generated 6083 bytes in 5 msecs (HTTP/1.1 200) 4 headers in 158 bytes (1 switches on core 0)
Feb 10 17:56:36 devstack devstack@g-api.service[71355]: DEBUG glance.api.middleware.version_negotiation [None req-70f2e664-f270-47d0-b9ab-1de1357427d6 tempest-ServerActionsV293TestJSON-1118654373 tempest-ServerActionsV293TestJSON-1118654373-project-member] Determining version of request: GET /v2/images/88b861e3-f5fd-40f8-a094-98ecf58fea0b Accept: */* {{(pid=71355) process_request /opt/stack/glance/glance/api/middleware/version_negotiation.py:44}}
Feb 10 17:56:36 devstack devstack@g-api.service[71355]: DEBUG glance.api.middleware.version_negotiation [None req-70f2e664-f270-47d0-b9ab-1de1357427d6 tempest-ServerActionsV293TestJSON-1118654373 tempest-ServerActionsV293TestJSON-1118654373-project-member] Using url versioning {{(pid=71355) process_request /opt/stack/glance/glance/api/middleware/version_negotiation.py:57}}
Feb 10 17:56:36 devstack devstack@g-api.service[71355]: DEBUG glance.api.middleware.version_negotiation [None req-70f2e664-f270-47d0-b9ab-1de1357427d6 tempest-ServerActionsV293TestJSON-1118654373 tempest-ServerActionsV293TestJSON-1118654373-project-member] Matched version: v2 {{(pid=71355) process_request /opt/stack/glance/glance/api/middleware/version_negotiation.py:69}}
Feb 10 17:56:36 devstack devstack@g-api.service[71355]: DEBUG glance.api.middleware.version_negotiation [None req-70f2e664-f270-47d0-b9ab-1de1357427d6 tempest-ServerActionsV293TestJSON-1118654373 tempest-ServerActionsV293TestJSON-1118654373-project-member] new path /v2/images/88b861e3-f5fd-40f8-a094-98ecf58fea0b {{(pid=71355) process_request /opt/stack/glance/glance/api/middleware/version_negotiation.py:70}}
Feb 10 17:56:36 devstack devstack@g-api.service[71355]: [pid: 71355|app: 0|req: 12/22] 127.0.0.1 () {42 vars in 1061 bytes} [Tue Feb 10 17:56:36 2026] GET /v2/images/88b861e3-f5fd-40f8-a094-98ecf58fea0b => generated 976 bytes in 200 msecs (HTTP/1.1 200) 4 headers in 157 bytes (1 switches on core 0)
Feb 10 17:56:36 devstack devstack@g-api.service[71354]: DEBUG glance.api.middleware.version_negotiation [None req-70f2e664-f270-47d0-b9ab-1de1357427d6 tempest-ServerActionsV293TestJSON-1118654373 tempest-ServerActionsV293TestJSON-1118654373-project-member] Determining version of request: GET /v2/schemas/image Accept: */* {{(pid=71354) process_request /opt/stack/glance/glance/api/middleware/version_negotiation.py:44}}
Feb 10 17:56:36 devstack devstack@g-api.service[71354]: DEBUG glance.api.middleware.version_negotiation [None req-70f2e664-f270-47d0-b9ab-1de1357427d6 tempest-ServerActionsV293TestJSON-1118654373 tempest-ServerActionsV293TestJSON-1118654373-project-member] Using url versioning {{(pid=71354) process_request /opt/stack/glance/glance/api/middleware/version_negotiation.py:57}}
Feb 10 17:56:36 devstack devstack@g-api.service[71354]: DEBUG glance.api.middleware.version_negotiation [None req-70f2e664-f270-47d0-b9ab-1de1357427d6 tempest-ServerActionsV293TestJSON-1118654373 tempest-ServerActionsV293TestJSON-1118654373-project-member] Matched version: v2 {{(pid=71354) process_request /opt/stack/glance/glance/api/middleware/version_negotiation.py:69}}
Feb 10 17:56:36 devstack devstack@g-api.service[71354]: DEBUG glance.api.middleware.version_negotiation [None req-70f2e664-f270-47d0-b9ab-1de1357427d6 tempest-ServerActionsV293TestJSON-1118654373 tempest-ServerActionsV293TestJSON-1118654373-project-member] new path /v2/schemas/image {{(pid=71354) process_request /opt/stack/glance/glance/api/middleware/version_negotiation.py:70}}
Feb 10 17:56:36 devstack devstack@g-api.service[71354]: [pid: 71354|app: 0|req: 11/23] 127.0.0.1 () {42 vars in 1001 bytes} [Tue Feb 10 17:56:36 2026] GET /v2/schemas/image => generated 6083 bytes in 7 msecs (HTTP/1.1 200) 4 headers in 158 bytes (1 switches on core 0)
Feb 10 17:56:36 devstack devstack@g-api.service[71355]: DEBUG glance.api.middleware.version_negotiation [None req-5c61989f-9ba4-4aa2-8f8d-cd1d1a92541e tempest-TaggedBootDevicesTest-386035755 tempest-TaggedBootDevicesTest-386035755-project-member] Determining version of request: GET /v2/schemas/image Accept: */* {{(pid=71355) process_request /opt/stack/glance/glance/api/middleware/version_negotiation.py:44}}
Feb 10 17:56:36 devstack devstack@g-api.service[71355]: DEBUG glance.api.middleware.version_negotiation [None req-5c61989f-9ba4-4aa2-8f8d-cd1d1a92541e tempest-TaggedBootDevicesTest-386035755 tempest-TaggedBootDevicesTest-386035755-project-member] Using url versioning {{(pid=71355) process_request /opt/stack/glance/glance/api/middleware/version_negotiation.py:57}}
Feb 10 17:56:36 devstack devstack@g-api.service[71355]: DEBUG glance.api.middleware.version_negotiation [None req-5c61989f-9ba4-4aa2-8f8d-cd1d1a92541e tempest-TaggedBootDevicesTest-386035755 tempest-TaggedBootDevicesTest-386035755-project-member] Matched version: v2 {{(pid=71355) process_request /opt/stack/glance/glance/api/middleware/version_negotiation.py:69}}
