Jul 03 16:16:26 devstack cinder-volume[86659]: DEBUG cinder.volume.drivers.remotefs [None req-e3073b45-76bb-4719-8cad-af5a4cd60a6b tempest-GroupsV314Test-595142072 None] Fetching qemu-img info with special backing_file_template: (/opt/stack/data/cinder/mnt/[0-9a-f]+/)?(volume-3172c008-f3ce-4d03-9903-a07d27bdacff(.(tmp-snap-)?[0-9a-f-]+)?|volume_from_snapshot_cache/(tmp-snap-)?[0-9a-f-]+(.(child-|parent-)[0-9a-f-]+)?)$ {{(pid=86659) _qemu_img_info_base /opt/stack/cinder/cinder/volume/drivers/remotefs.py:896}}
Jul 03 16:16:26 devstack cinder-volume[86659]: DEBUG cinder.volume.drivers.quobyte [None req-e3073b45-76bb-4719-8cad-af5a4cd60a6b tempest-GroupsV314Test-595142072 None] will copy from snapshot at /opt/stack/data/cinder/mnt/7917cfcfb34411d54b1707491b45d406/volume-3172c008-f3ce-4d03-9903-a07d27bdacff {{(pid=86659) _copy_volume_from_snapshot /opt/stack/cinder/cinder/volume/drivers/quobyte.py:420}}
Jul 03 16:16:26 devstack cinder-volume[86659]: DEBUG cinder.volume.drivers.quobyte [None req-e3073b45-76bb-4719-8cad-af5a4cd60a6b tempest-GroupsV314Test-595142072 None] Creating direct copy from snapshot {{(pid=86659) _copy_volume_from_snapshot /opt/stack/cinder/cinder/volume/drivers/quobyte.py:428}}
Jul 03 16:16:26 devstack cinder-volume[86659]: DEBUG oslo.privsep.daemon [-] privsep: reply[6eba5619-38b9-480b-9075-2cc2a6721e96]: (4, 'qcow2') {{(pid=87851) _call_back /opt/stack/data/venv/lib/python3.12/site-packages/oslo_privsep/daemon.py:580}}
Jul 03 16:16:26 devstack cinder-volume[86659]: DEBUG oslo_concurrency.processutils [None req-e3073b45-76bb-4719-8cad-af5a4cd60a6b tempest-GroupsV314Test-595142072 None] Running cmd (subprocess): /opt/stack/data/venv/bin/python3.12 -m oslo_concurrency.prlimit --as=1073741824 --cpu=60 -- sudo cinder-rootwrap /etc/cinder/rootwrap.conf env LC_ALL=C qemu-img info -f qcow2 --output=json /opt/stack/data/cinder/mnt/7917cfcfb34411d54b1707491b45d406/volume-3172c008-f3ce-4d03-9903-a07d27bdacff {{(pid=86659) execute /opt/stack/data/venv/lib/python3.12/site-packages/oslo_concurrency/processutils.py:440}}
Jul 03 16:16:26 devstack sudo[92104]: pam_unix(sudo:session): session closed for user root
Jul 03 16:16:26 devstack cinder-volume[86659]: DEBUG oslo_concurrency.processutils [None req-74b521e8-49ac-4c7f-adb2-96b6172e8cca tempest-ServerActionsTestOtherA-816298766 None] CMD "sudo cinder-rootwrap /etc/cinder/rootwrap.conf rm -f /opt/stack/data/cinder/mnt/7917cfcfb34411d54b1707491b45d406/volume-6f0c1537-8f57-4c81-8b59-6590d7470a58" returned: 0 in 0.838s {{(pid=86659) execute /opt/stack/data/venv/lib/python3.12/site-packages/oslo_concurrency/processutils.py:468}}
Jul 03 16:16:26 devstack cinder-volume[86659]: DEBUG cinder.coordination [None req-74b521e8-49ac-4c7f-adb2-96b6172e8cca tempest-ServerActionsTestOtherA-816298766 None] Lock "cinder-quobyte-6f0c1537-8f57-4c81-8b59-6590d7470a58" released by "delete_volume" :: held 1.814s {{(pid=86659) __release /opt/stack/cinder/cinder/coordination.py:152}}
Jul 03 16:16:26 devstack sudo[92110]: quobyte : PWD=/ ; USER=root ; COMMAND=/opt/stack/data/venv/bin/cinder-rootwrap /etc/cinder/rootwrap.conf env LC_ALL=C qemu-img info -f qcow2 --output=json /opt/stack/data/cinder/mnt/7917cfcfb34411d54b1707491b45d406/volume-3172c008-f3ce-4d03-9903-a07d27bdacff
Jul 03 16:16:26 devstack sudo[92110]: pam_unix(sudo:session): session opened for user root(uid=0) by (uid=1000)
Jul 03 16:16:26 devstack cinder-volume[86659]: DEBUG cinder.quota [None req-74b521e8-49ac-4c7f-adb2-96b6172e8cca tempest-ServerActionsTestOtherA-816298766 None] Created reservations ['dbe47532-1d0d-4b2f-9e26-8fafadfd03b6', 'f18e146c-781b-4869-9520-1d96869ee330', '9378491a-f97d-4fd1-b05c-d1666dd96dc6', '52210ec4-7096-4ddb-b522-365baf5b2288'] {{(pid=86659) reserve /opt/stack/cinder/cinder/quota.py:752}}
Jul 03 16:16:27 devstack cinder-volume[86659]: DEBUG oslo_concurrency.lockutils [None req-74b521e8-49ac-4c7f-adb2-96b6172e8cca tempest-ServerActionsTestOtherA-816298766 None] Acquiring lock "quobyte_ensure" by "cinder.volume.drivers.quobyte.QuobyteDriver._ensure_shares_mounted" {{(pid=86659) inner /opt/stack/data/venv/lib/python3.12/site-packages/oslo_concurrency/lockutils.py:511}}
Jul 03 16:16:27 devstack cinder-volume[86659]: DEBUG oslo_concurrency.lockutils [None req-74b521e8-49ac-4c7f-adb2-96b6172e8cca tempest-ServerActionsTestOtherA-816298766 None] Lock "quobyte_ensure" acquired by "cinder.volume.drivers.quobyte.QuobyteDriver._ensure_shares_mounted" :: waited 0.001s {{(pid=86659) inner /opt/stack/data/venv/lib/python3.12/site-packages/oslo_concurrency/lockutils.py:524}}
Jul 03 16:16:27 devstack cinder-volume[86659]: DEBUG cinder.volume.drivers.quobyte [None req-74b521e8-49ac-4c7f-adb2-96b6172e8cca tempest-ServerActionsTestOtherA-816298766 None] Quobyte Volume URL set to: {'osci02.corp.quobyte.com/cinder-vol-43970168-764e-4bfa-9c3f-7b6430ab1816': None} {{(pid=86659) _load_shares_config /opt/stack/cinder/cinder/volume/drivers/quobyte.py:617}}
Jul 03 16:16:27 devstack cinder-volume[86659]: DEBUG cinder.volume.drivers.quobyte [None req-74b521e8-49ac-4c7f-adb2-96b6172e8cca tempest-ServerActionsTestOtherA-816298766 None] Available shares ['osci02.corp.quobyte.com/cinder-vol-43970168-764e-4bfa-9c3f-7b6430ab1816'] {{(pid=86659) _ensure_shares_mounted /opt/stack/cinder/cinder/volume/drivers/quobyte.py:647}}
Jul 03 16:16:27 devstack cinder-volume[86659]: DEBUG oslo_concurrency.lockutils [None req-74b521e8-49ac-4c7f-adb2-96b6172e8cca tempest-ServerActionsTestOtherA-816298766 None] Lock "quobyte_ensure" "released" by "cinder.volume.drivers.quobyte.QuobyteDriver._ensure_shares_mounted" :: held 0.007s {{(pid=86659) inner /opt/stack/data/venv/lib/python3.12/site-packages/oslo_concurrency/lockutils.py:543}}
Jul 03 16:16:27 devstack cinder-volume[86659]: DEBUG oslo_concurrency.processutils [None req-74b521e8-49ac-4c7f-adb2-96b6172e8cca tempest-ServerActionsTestOtherA-816298766 None] Running cmd (subprocess): sudo cinder-rootwrap /etc/cinder/rootwrap.conf df --portability --block-size 1 /opt/stack/data/cinder/mnt/7917cfcfb34411d54b1707491b45d406 {{(pid=86659) execute /opt/stack/data/venv/lib/python3.12/site-packages/oslo_concurrency/processutils.py:440}}
Jul 03 16:16:27 devstack sudo[92112]: quobyte : PWD=/ ; USER=root ; COMMAND=/opt/stack/data/venv/bin/cinder-rootwrap /etc/cinder/rootwrap.conf df --portability --block-size 1 /opt/stack/data/cinder/mnt/7917cfcfb34411d54b1707491b45d406
Jul 03 16:16:27 devstack sudo[92112]: pam_unix(sudo:session): session opened for user root(uid=0) by (uid=1000)
Jul 03 16:16:27 devstack sudo[92112]: pam_unix(sudo:session): session closed for user root
Jul 03 16:16:27 devstack cinder-volume[86659]: DEBUG oslo_concurrency.processutils [None req-74b521e8-49ac-4c7f-adb2-96b6172e8cca tempest-ServerActionsTestOtherA-816298766 None] CMD "sudo cinder-rootwrap /etc/cinder/rootwrap.conf df --portability --block-size 1 /opt/stack/data/cinder/mnt/7917cfcfb34411d54b1707491b45d406" returned: 0 in 0.845s {{(pid=86659) execute /opt/stack/data/venv/lib/python3.12/site-packages/oslo_concurrency/processutils.py:468}}
Jul 03 16:16:27 devstack cinder-volume[86659]: DEBUG cinder.manager [None req-74b521e8-49ac-4c7f-adb2-96b6172e8cca tempest-ServerActionsTestOtherA-816298766 None] Notifying Schedulers of capabilities ... {{(pid=86659) _publish_service_capabilities /opt/stack/cinder/cinder/manager.py:219}}
Jul 03 16:16:27 devstack cinder-volume[86659]: INFO cinder.volume.manager [None req-74b521e8-49ac-4c7f-adb2-96b6172e8cca tempest-ServerActionsTestOtherA-816298766 None] Deleted volume successfully.
Jul 03 16:16:27 devstack cinder-volume[86659]: DEBUG cinder.coordination [None req-74b521e8-49ac-4c7f-adb2-96b6172e8cca tempest-ServerActionsTestOtherA-816298766 None] Lock "cinder-6f0c1537-8f57-4c81-8b59-6590d7470a58-delete_volume" released by "delete_volume" :: held 2.949s {{(pid=86659) __release /opt/stack/cinder/cinder/coordination.py:152}}
Jul 03 16:16:27 devstack sudo[92110]: pam_unix(sudo:session): session closed for user root
Jul 03 16:16:27 devstack cinder-volume[86659]: DEBUG oslo_concurrency.processutils [None req-e3073b45-76bb-4719-8cad-af5a4cd60a6b tempest-GroupsV314Test-595142072 None] CMD "/opt/stack/data/venv/bin/python3.12 -m oslo_concurrency.prlimit --as=1073741824 --cpu=60 -- sudo cinder-rootwrap /etc/cinder/rootwrap.conf env LC_ALL=C qemu-img info -f qcow2 --output=json /opt/stack/data/cinder/mnt/7917cfcfb34411d54b1707491b45d406/volume-3172c008-f3ce-4d03-9903-a07d27bdacff" returned: 0 in 1.168s {{(pid=86659) execute /opt/stack/data/venv/lib/python3.12/site-packages/oslo_concurrency/processutils.py:468}}
Jul 03 16:16:27 devstack cinder-volume[86659]: DEBUG cinder.utils [None req-e3073b45-76bb-4719-8cad-af5a4cd60a6b tempest-GroupsV314Test-595142072 None] Path /opt/stack/data/cinder/mnt/7917cfcfb34411d54b1707491b45d406/volume-828d5d83-fe5c-4a93-8348-890d8a2a7e95 not found in is_blk_device check {{(pid=86659) is_blk_device /opt/stack/cinder/cinder/utils.py:615}}
Jul 03 16:16:27 devstack cinder-volume[86659]: DEBUG oslo_concurrency.processutils [None req-e3073b45-76bb-4719-8cad-af5a4cd60a6b tempest-GroupsV314Test-595142072 None] Running cmd (subprocess): sudo cinder-rootwrap /etc/cinder/rootwrap.conf qemu-img convert -O qcow2 /opt/stack/data/cinder/mnt/7917cfcfb34411d54b1707491b45d406/volume-3172c008-f3ce-4d03-9903-a07d27bdacff /opt/stack/data/cinder/mnt/7917cfcfb34411d54b1707491b45d406/volume-828d5d83-fe5c-4a93-8348-890d8a2a7e95 {{(pid=86659) execute /opt/stack/data/venv/lib/python3.12/site-packages/oslo_concurrency/processutils.py:440}}
Jul 03 16:16:28 devstack sudo[92124]: quobyte : PWD=/ ; USER=root ; COMMAND=/opt/stack/data/venv/bin/cinder-rootwrap /etc/cinder/rootwrap.conf qemu-img convert -O qcow2 /opt/stack/data/cinder/mnt/7917cfcfb34411d54b1707491b45d406/volume-3172c008-f3ce-4d03-9903-a07d27bdacff /opt/stack/data/cinder/mnt/7917cfcfb34411d54b1707491b45d406/volume-828d5d83-fe5c-4a93-8348-890d8a2a7e95
Jul 03 16:16:28 devstack sudo[92124]: pam_unix(sudo:session): session opened for user root(uid=0) by (uid=1000)
Jul 03 16:16:34 devstack sudo[92124]: pam_unix(sudo:session): session closed for user root
Jul 03 16:16:34 devstack cinder-volume[86659]: DEBUG oslo_concurrency.processutils [None req-e3073b45-76bb-4719-8cad-af5a4cd60a6b tempest-GroupsV314Test-595142072 None] CMD "sudo cinder-rootwrap /etc/cinder/rootwrap.conf qemu-img convert -O qcow2 /opt/stack/data/cinder/mnt/7917cfcfb34411d54b1707491b45d406/volume-3172c008-f3ce-4d03-9903-a07d27bdacff /opt/stack/data/cinder/mnt/7917cfcfb34411d54b1707491b45d406/volume-828d5d83-fe5c-4a93-8348-890d8a2a7e95" returned: 0 in 6.935s {{(pid=86659) execute /opt/stack/data/venv/lib/python3.12/site-packages/oslo_concurrency/processutils.py:468}}
Jul 03 16:16:34 devstack cinder-volume[86659]: DEBUG oslo.privsep.daemon [-] privsep: reply[e82f2f4d-2002-43b3-a9b5-a8251d1000c6]: (4, 'qcow2') {{(pid=87851) _call_back /opt/stack/data/venv/lib/python3.12/site-packages/oslo_privsep/daemon.py:580}}
Jul 03 16:16:34 devstack cinder-volume[86659]: DEBUG oslo_concurrency.processutils [None req-e3073b45-76bb-4719-8cad-af5a4cd60a6b tempest-GroupsV314Test-595142072 None] Running cmd (subprocess): /opt/stack/data/venv/bin/python3.12 -m oslo_concurrency.prlimit --as=1073741824 --cpu=60 -- sudo cinder-rootwrap /etc/cinder/rootwrap.conf env LC_ALL=C qemu-img info -f qcow2 --output=json /opt/stack/data/cinder/mnt/7917cfcfb34411d54b1707491b45d406/volume-3172c008-f3ce-4d03-9903-a07d27bdacff {{(pid=86659) execute /opt/stack/data/venv/lib/python3.12/site-packages/oslo_concurrency/processutils.py:440}}
Jul 03 16:16:35 devstack sudo[92199]: quobyte : PWD=/ ; USER=root ; COMMAND=/opt/stack/data/venv/bin/cinder-rootwrap /etc/cinder/rootwrap.conf env LC_ALL=C qemu-img info -f qcow2 --output=json /opt/stack/data/cinder/mnt/7917cfcfb34411d54b1707491b45d406/volume-3172c008-f3ce-4d03-9903-a07d27bdacff
Jul 03 16:16:35 devstack sudo[92199]: pam_unix(sudo:session): session opened for user root(uid=0) by (uid=1000)
Jul 03 16:16:35 devstack sudo[92199]: pam_unix(sudo:session): session closed for user root
Jul 03 16:16:35 devstack cinder-volume[86659]: DEBUG oslo_concurrency.processutils [None req-e3073b45-76bb-4719-8cad-af5a4cd60a6b tempest-GroupsV314Test-595142072 None] CMD "/opt/stack/data/venv/bin/python3.12 -m oslo_concurrency.prlimit --as=1073741824 --cpu=60 -- sudo cinder-rootwrap /etc/cinder/rootwrap.conf env LC_ALL=C qemu-img info -f qcow2 --output=json /opt/stack/data/cinder/mnt/7917cfcfb34411d54b1707491b45d406/volume-3172c008-f3ce-4d03-9903-a07d27bdacff" returned: 0 in 0.964s {{(pid=86659) execute /opt/stack/data/venv/lib/python3.12/site-packages/oslo_concurrency/processutils.py:468}}
Jul 03 16:16:35 devstack cinder-volume[86659]: DEBUG cinder.image.image_utils [None req-e3073b45-76bb-4719-8cad-af5a4cd60a6b tempest-GroupsV314Test-595142072 None] Image conversion details: src /opt/stack/data/cinder/mnt/7917cfcfb34411d54b1707491b45d406/volume-3172c008-f3ce-4d03-9903-a07d27bdacff, size 1024.00 MB, duration 6.94 sec, destination /opt/stack/data/cinder/mnt/7917cfcfb34411d54b1707491b45d406/volume-828d5d83-fe5c-4a93-8348-890d8a2a7e95 {{(pid=86659) _convert_image /opt/stack/cinder/cinder/image/image_utils.py:536}}
Jul 03 16:16:35 devstack cinder-volume[86659]: INFO cinder.image.image_utils [None req-e3073b45-76bb-4719-8cad-af5a4cd60a6b tempest-GroupsV314Test-595142072 None] Converted 1024.00 MB image at 147.62 MB/s
Jul 03 16:16:35 devstack cinder-volume[86659]: WARNING cinder.volume.drivers.remotefs [None req-e3073b45-76bb-4719-8cad-af5a4cd60a6b tempest-GroupsV314Test-595142072 None] /opt/stack/data/cinder/mnt/7917cfcfb34411d54b1707491b45d406/volume-828d5d83-fe5c-4a93-8348-890d8a2a7e95 is being set with open permissions: ugo+rw: NotImplementedError
Jul 03 16:16:35 devstack cinder-volume[86659]: DEBUG oslo_concurrency.processutils [None req-e3073b45-76bb-4719-8cad-af5a4cd60a6b tempest-GroupsV314Test-595142072 None] Running cmd (subprocess): sudo cinder-rootwrap /etc/cinder/rootwrap.conf chmod ugo+rw /opt/stack/data/cinder/mnt/7917cfcfb34411d54b1707491b45d406/volume-828d5d83-fe5c-4a93-8348-890d8a2a7e95 {{(pid=86659) execute /opt/stack/data/venv/lib/python3.12/site-packages/oslo_concurrency/processutils.py:440}}
Jul 03 16:16:35 devstack sudo[92204]: quobyte : PWD=/ ; USER=root ; COMMAND=/opt/stack/data/venv/bin/cinder-rootwrap /etc/cinder/rootwrap.conf chmod ugo+rw /opt/stack/data/cinder/mnt/7917cfcfb34411d54b1707491b45d406/volume-828d5d83-fe5c-4a93-8348-890d8a2a7e95
Jul 03 16:16:35 devstack sudo[92204]: pam_unix(sudo:session): session opened for user root(uid=0) by (uid=1000)
Jul 03 16:16:36 devstack sudo[92204]: pam_unix(sudo:session): session closed for user root
Jul 03 16:16:36 devstack cinder-volume[86659]: DEBUG oslo_concurrency.processutils [None req-e3073b45-76bb-4719-8cad-af5a4cd60a6b tempest-GroupsV314Test-595142072 None] CMD "sudo cinder-rootwrap /etc/cinder/rootwrap.conf chmod ugo+rw /opt/stack/data/cinder/mnt/7917cfcfb34411d54b1707491b45d406/volume-828d5d83-fe5c-4a93-8348-890d8a2a7e95" returned: 0 in 0.725s {{(pid=86659) execute /opt/stack/data/venv/lib/python3.12/site-packages/oslo_concurrency/processutils.py:468}}
Jul 03 16:16:36 devstack cinder-volume[86659]: DEBUG cinder.coordination [None req-e3073b45-76bb-4719-8cad-af5a4cd60a6b tempest-GroupsV314Test-595142072 None] Lock "cinder-quobyte-828d5d83-fe5c-4a93-8348-890d8a2a7e95" released by "_copy_volume_from_snapshot" :: held 10.862s {{(pid=86659) __release /opt/stack/cinder/cinder/coordination.py:152}}
Jul 03 16:16:36 devstack cinder-volume[86659]: DEBUG cinder.coordination [None req-e3073b45-76bb-4719-8cad-af5a4cd60a6b tempest-GroupsV314Test-595142072 None] Acquiring lock "cinder-quobyte-b56a58f6-1913-4572-99aa-118481d5b1ad" by "_delete_snapshot" {{(pid=86659) __acquire /opt/stack/cinder/cinder/coordination.py:138}}
Jul 03 16:16:36 devstack cinder-volume[86659]: DEBUG cinder.coordination [None req-e3073b45-76bb-4719-8cad-af5a4cd60a6b tempest-GroupsV314Test-595142072 None] Lock "cinder-quobyte-b56a58f6-1913-4572-99aa-118481d5b1ad" acquired by "_delete_snapshot" :: waited 0.024s {{(pid=86659) __acquire /opt/stack/cinder/cinder/coordination.py:141}}
Jul 03 16:16:36 devstack cinder-volume[86659]: DEBUG cinder.volume.drivers.remotefs [None req-e3073b45-76bb-4719-8cad-af5a4cd60a6b tempest-GroupsV314Test-595142072 None] Deleting offline snapshot b56a58f6-1913-4572-99aa-118481d5b1ad of volume 3172c008-f3ce-4d03-9903-a07d27bdacff {{(pid=86659) _delete_snapshot /opt/stack/cinder/cinder/volume/drivers/remotefs.py:1288}}
Jul 03 16:16:36 devstack cinder-volume[86659]: DEBUG cinder.volume.drivers.remotefs [None req-e3073b45-76bb-4719-8cad-af5a4cd60a6b tempest-GroupsV314Test-595142072 None] snapshot_file for this snap is: volume-3172c008-f3ce-4d03-9903-a07d27bdacff.b56a58f6-1913-4572-99aa-118481d5b1ad {{(pid=86659) _delete_snapshot /opt/stack/cinder/cinder/volume/drivers/remotefs.py:1317}}
Jul 03 16:16:36 devstack cinder-volume[86659]: DEBUG oslo.privsep.daemon [-] privsep: reply[700547aa-81ad-40d5-be85-db8f14681b3b]: (4, 'qcow2') {{(pid=87851) _call_back /opt/stack/data/venv/lib/python3.12/site-packages/oslo_privsep/daemon.py:580}}
Jul 03 16:16:36 devstack cinder-volume[86659]: DEBUG oslo_concurrency.processutils [None req-e3073b45-76bb-4719-8cad-af5a4cd60a6b tempest-GroupsV314Test-595142072 None] Running cmd (subprocess): /opt/stack/data/venv/bin/python3.12 -m oslo_concurrency.prlimit --as=1073741824 --cpu=60 -- sudo cinder-rootwrap /etc/cinder/rootwrap.conf env LC_ALL=C qemu-img info -f qcow2 --output=json --force-share /opt/stack/data/cinder/mnt/7917cfcfb34411d54b1707491b45d406/volume-3172c008-f3ce-4d03-9903-a07d27bdacff.b56a58f6-1913-4572-99aa-118481d5b1ad {{(pid=86659) execute /opt/stack/data/venv/lib/python3.12/site-packages/oslo_concurrency/processutils.py:440}}
Jul 03 16:16:36 devstack sudo[92208]: quobyte : PWD=/ ; USER=root ; COMMAND=/opt/stack/data/venv/bin/cinder-rootwrap /etc/cinder/rootwrap.conf env LC_ALL=C qemu-img info -f qcow2 --output=json --force-share /opt/stack/data/cinder/mnt/7917cfcfb34411d54b1707491b45d406/volume-3172c008-f3ce-4d03-9903-a07d27bdacff.b56a58f6-1913-4572-99aa-118481d5b1ad
Jul 03 16:16:36 devstack sudo[92208]: pam_unix(sudo:session): session opened for user root(uid=0) by (uid=1000)
Jul 03 16:16:37 devstack cinder-volume[86659]: DEBUG dbcounter [-] [86659] Writing DB stats cinder:SELECT=21,cinder:INSERT=6,cinder:UPDATE=21,cinder:DELETE=2 {{(pid=86659) stat_writer /opt/stack/data/venv/lib/python3.12/site-packages/dbcounter.py:115}}
Jul 03 16:16:38 devstack sudo[92208]: pam_unix(sudo:session): session closed for user root
Jul 03 16:16:38 devstack cinder-volume[86659]: DEBUG oslo_concurrency.processutils [None req-e3073b45-76bb-4719-8cad-af5a4cd60a6b tempest-GroupsV314Test-595142072 None] CMD "/opt/stack/data/venv/bin/python3.12 -m oslo_concurrency.prlimit --as=1073741824 --cpu=60 -- sudo cinder-rootwrap /etc/cinder/rootwrap.conf env LC_ALL=C qemu-img info -f qcow2 --output=json --force-share /opt/stack/data/cinder/mnt/7917cfcfb34411d54b1707491b45d406/volume-3172c008-f3ce-4d03-9903-a07d27bdacff.b56a58f6-1913-4572-99aa-118481d5b1ad" returned: 0 in 1.306s {{(pid=86659) execute /opt/stack/data/venv/lib/python3.12/site-packages/oslo_concurrency/processutils.py:468}}
Jul 03 16:16:38 devstack cinder-volume[86659]: DEBUG cinder.volume.drivers.remotefs [None req-e3073b45-76bb-4719-8cad-af5a4cd60a6b tempest-GroupsV314Test-595142072 None] Fetching qemu-img info with special backing_file_template: (/opt/stack/data/cinder/mnt/[0-9a-f]+/)?(volume-3172c008-f3ce-4d03-9903-a07d27bdacff(.(tmp-snap-)?[0-9a-f-]+)?|volume_from_snapshot_cache/(tmp-snap-)?[0-9a-f-]+(.(child-|parent-)[0-9a-f-]+)?)$ {{(pid=86659) _qemu_img_info_base /opt/stack/cinder/cinder/volume/drivers/remotefs.py:896}}
Jul 03 16:16:38 devstack cinder-volume[86659]: DEBUG oslo.privsep.daemon [-] privsep: reply[087aeb7c-eaf7-43a5-8e95-aea485e66ca9]: (4, 'qcow2') {{(pid=87851) _call_back /opt/stack/data/venv/lib/python3.12/site-packages/oslo_privsep/daemon.py:580}}
Jul 03 16:16:38 devstack cinder-volume[86659]: DEBUG oslo_concurrency.processutils [None req-e3073b45-76bb-4719-8cad-af5a4cd60a6b tempest-GroupsV314Test-595142072 None] Running cmd (subprocess): /opt/stack/data/venv/bin/python3.12 -m oslo_concurrency.prlimit --as=1073741824 --cpu=60 -- sudo cinder-rootwrap /etc/cinder/rootwrap.conf env LC_ALL=C qemu-img info -f qcow2 --output=json --force-share /opt/stack/data/cinder/mnt/7917cfcfb34411d54b1707491b45d406/volume-3172c008-f3ce-4d03-9903-a07d27bdacff {{(pid=86659) execute /opt/stack/data/venv/lib/python3.12/site-packages/oslo_concurrency/processutils.py:440}}
Jul 03 16:16:38 devstack sudo[92221]: quobyte : PWD=/ ; USER=root ; COMMAND=/opt/stack/data/venv/bin/cinder-rootwrap /etc/cinder/rootwrap.conf env LC_ALL=C qemu-img info -f qcow2 --output=json --force-share /opt/stack/data/cinder/mnt/7917cfcfb34411d54b1707491b45d406/volume-3172c008-f3ce-4d03-9903-a07d27bdacff
Jul 03 16:16:38 devstack sudo[92221]: pam_unix(sudo:session): session opened for user root(uid=0) by (uid=1000)
Jul 03 16:16:39 devstack sudo[92221]: pam_unix(sudo:session): session closed for user root
Jul 03 16:16:39 devstack cinder-volume[86659]: DEBUG oslo_concurrency.processutils [None req-e3073b45-76bb-4719-8cad-af5a4cd60a6b tempest-GroupsV314Test-595142072 None] CMD "/opt/stack/data/venv/bin/python3.12 -m oslo_concurrency.prlimit --as=1073741824 --cpu=60 -- sudo cinder-rootwrap /etc/cinder/rootwrap.conf env LC_ALL=C qemu-img info -f qcow2 --output=json --force-share /opt/stack/data/cinder/mnt/7917cfcfb34411d54b1707491b45d406/volume-3172c008-f3ce-4d03-9903-a07d27bdacff" returned: 0 in 0.934s {{(pid=86659) execute /opt/stack/data/venv/lib/python3.12/site-packages/oslo_concurrency/processutils.py:468}}
Jul 03 16:16:39 devstack cinder-volume[86659]: DEBUG oslo_concurrency.processutils [None req-e3073b45-76bb-4719-8cad-af5a4cd60a6b tempest-GroupsV314Test-595142072 None] Running cmd (subprocess): sudo cinder-rootwrap /etc/cinder/rootwrap.conf qemu-img commit -d /opt/stack/data/cinder/mnt/7917cfcfb34411d54b1707491b45d406/volume-3172c008-f3ce-4d03-9903-a07d27bdacff.b56a58f6-1913-4572-99aa-118481d5b1ad {{(pid=86659) execute /opt/stack/data/venv/lib/python3.12/site-packages/oslo_concurrency/processutils.py:440}}
Jul 03 16:16:39 devstack sudo[92226]: quobyte : PWD=/ ; USER=root ; COMMAND=/opt/stack/data/venv/bin/cinder-rootwrap /etc/cinder/rootwrap.conf qemu-img commit -d /opt/stack/data/cinder/mnt/7917cfcfb34411d54b1707491b45d406/volume-3172c008-f3ce-4d03-9903-a07d27bdacff.b56a58f6-1913-4572-99aa-118481d5b1ad
Jul 03 16:16:39 devstack sudo[92226]: pam_unix(sudo:session): session opened for user root(uid=0) by (uid=1000)
Jul 03 16:16:40 devstack sudo[92226]: pam_unix(sudo:session): session closed for user root
Jul 03 16:16:40 devstack cinder-volume[86659]: DEBUG oslo_concurrency.processutils [None req-e3073b45-76bb-4719-8cad-af5a4cd60a6b tempest-GroupsV314Test-595142072 None] CMD "sudo cinder-rootwrap /etc/cinder/rootwrap.conf qemu-img commit -d /opt/stack/data/cinder/mnt/7917cfcfb34411d54b1707491b45d406/volume-3172c008-f3ce-4d03-9903-a07d27bdacff.b56a58f6-1913-4572-99aa-118481d5b1ad" returned: 0 in 0.979s {{(pid=86659) execute /opt/stack/data/venv/lib/python3.12/site-packages/oslo_concurrency/processutils.py:468}}
Jul 03 16:16:40 devstack cinder-volume[86659]: DEBUG oslo_concurrency.processutils [None req-e3073b45-76bb-4719-8cad-af5a4cd60a6b tempest-GroupsV314Test-595142072 None] Running cmd (subprocess): sudo cinder-rootwrap /etc/cinder/rootwrap.conf rm -f /opt/stack/data/cinder/mnt/7917cfcfb34411d54b1707491b45d406/volume-3172c008-f3ce-4d03-9903-a07d27bdacff.b56a58f6-1913-4572-99aa-118481d5b1ad {{(pid=86659) execute /opt/stack/data/venv/lib/python3.12/site-packages/oslo_concurrency/processutils.py:440}}
Jul 03 16:16:40 devstack sudo[92231]: quobyte : PWD=/ ; USER=root ; COMMAND=/opt/stack/data/venv/bin/cinder-rootwrap /etc/cinder/rootwrap.conf rm -f /opt/stack/data/cinder/mnt/7917cfcfb34411d54b1707491b45d406/volume-3172c008-f3ce-4d03-9903-a07d27bdacff.b56a58f6-1913-4572-99aa-118481d5b1ad
Jul 03 16:16:40 devstack sudo[92231]: pam_unix(sudo:session): session opened for user root(uid=0) by (uid=1000)
Jul 03 16:16:40 devstack sudo[92231]: pam_unix(sudo:session): session closed for user root
Jul 03 16:16:40 devstack cinder-volume[86659]: DEBUG oslo_concurrency.processutils [None req-e3073b45-76bb-4719-8cad-af5a4cd60a6b tempest-GroupsV314Test-595142072 None] CMD "sudo cinder-rootwrap /etc/cinder/rootwrap.conf rm -f /opt/stack/data/cinder/mnt/7917cfcfb34411d54b1707491b45d406/volume-3172c008-f3ce-4d03-9903-a07d27bdacff.b56a58f6-1913-4572-99aa-118481d5b1ad" returned: 0 in 0.758s {{(pid=86659) execute /opt/stack/data/venv/lib/python3.12/site-packages/oslo_concurrency/processutils.py:468}}
Jul 03 16:16:40 devstack cinder-volume[86659]: DEBUG cinder.coordination [None req-e3073b45-76bb-4719-8cad-af5a4cd60a6b tempest-GroupsV314Test-595142072 None] Lock "cinder-quobyte-b56a58f6-1913-4572-99aa-118481d5b1ad" released by "_delete_snapshot" :: held 4.102s {{(pid=86659) __release /opt/stack/cinder/cinder/coordination.py:152}}
Jul 03 16:16:40 devstack cinder-volume[86659]: DEBUG oslo_concurrency.lockutils [None req-e3073b45-76bb-4719-8cad-af5a4cd60a6b tempest-GroupsV314Test-595142072 None] Lock "quobyte" "released" by "cinder.volume.drivers.quobyte.QuobyteDriver.create_cloned_volume" :: held 20.823s {{(pid=86659) inner /opt/stack/data/venv/lib/python3.12/site-packages/oslo_concurrency/lockutils.py:543}}
Jul 03 16:16:40 devstack cinder-volume[86659]: DEBUG oslo_concurrency.lockutils [None req-1887a257-c833-42ca-b92e-529738621690 tempest-AttachVolumeTestJSON-1070374690 None] Lock "quobyte" acquired by "cinder.volume.drivers.quobyte.QuobyteDriver.create_volume" :: waited 14.315s {{(pid=86659) inner /opt/stack/data/venv/lib/python3.12/site-packages/oslo_concurrency/lockutils.py:524}}
Jul 03 16:16:40 devstack cinder-volume[86659]: DEBUG cinder.volume.drivers.quobyte [None req-1887a257-c833-42ca-b92e-529738621690 tempest-AttachVolumeTestJSON-1070374690 None] ==> create_volume: call "{'self': , 'volume': Volume(_name_id=None,admin_metadata=,attach_status='detached',availability_zone='nova',bootable=False,cluster=,cluster_name=None,consistencygroup=,consistencygroup_id=None,created_at=2026-07-03T14:16:26Z,deleted=False,deleted_at=None,display_description=None,display_name='tempest-AttachVolumeTestJSON-volume-1211797406',ec2_id=None,encryption_key_id=None,glance_metadata=,group=,group_id=None,host='devstack@QuobyteHD#QuobyteHD',id=f4159e06-70d5-4824-99d3-8645d981b359,launched_at=None,metadata={},migration_status=None,multiattach=False,previous_status=None,project_id='ef3249dbf2394a518e53a28a0d6012ac',provider_auth=None,provider_geometry=None,provider_id=None,provider_location=None,replication_driver_data=None,replication_extended_status=None,replication_status=None,scheduled_at=2026-07-03T14:16:26Z,service_uuid=None,shared_targets=True,size=1,snapshot_id=None,snapshots=,source_volid=None,status='creating',terminated_at=None,updated_at=2026-07-03T14:16:26Z,use_quota=True,user_id='d2767c7763224d4fa97064cfdd89c2bf',volume_attachment=VolumeAttachmentList,volume_type=VolumeType(fcdc15b6-5457-49b6-8e23-72ef43adb36f),volume_type_id=fcdc15b6-5457-49b6-8e23-72ef43adb36f)}" {{(pid=86659) trace_logging_wrapper /opt/stack/cinder/cinder/volume/volume_utils.py:1497}}
Jul 03 16:16:40 devstack cinder-volume[86659]: DEBUG cinder.volume.drivers.remotefs [None req-1887a257-c833-42ca-b92e-529738621690 tempest-AttachVolumeTestJSON-1070374690 None] Creating volume f4159e06-70d5-4824-99d3-8645d981b359 {{(pid=86659) create_volume /opt/stack/cinder/cinder/volume/drivers/remotefs.py:292}}
Jul 03 16:16:40 devstack cinder-volume[86659]: DEBUG oslo_concurrency.lockutils [None req-1887a257-c833-42ca-b92e-529738621690 tempest-AttachVolumeTestJSON-1070374690 None] Acquiring lock "quobyte_ensure" by "cinder.volume.drivers.quobyte.QuobyteDriver._ensure_shares_mounted" {{(pid=86659) inner /opt/stack/data/venv/lib/python3.12/site-packages/oslo_concurrency/lockutils.py:511}}
Jul 03 16:16:40 devstack cinder-volume[86659]: DEBUG oslo_concurrency.lockutils [None req-1887a257-c833-42ca-b92e-529738621690 tempest-AttachVolumeTestJSON-1070374690 None] Lock "quobyte_ensure" acquired by "cinder.volume.drivers.quobyte.QuobyteDriver._ensure_shares_mounted" :: waited 0.001s {{(pid=86659) inner /opt/stack/data/venv/lib/python3.12/site-packages/oslo_concurrency/lockutils.py:524}}
Jul 03 16:16:40 devstack cinder-volume[86659]: DEBUG cinder.volume.drivers.quobyte [None req-1887a257-c833-42ca-b92e-529738621690 tempest-AttachVolumeTestJSON-1070374690 None] Quobyte Volume URL set to: {'osci02.corp.quobyte.com/cinder-vol-43970168-764e-4bfa-9c3f-7b6430ab1816': None} {{(pid=86659) _load_shares_config /opt/stack/cinder/cinder/volume/drivers/quobyte.py:617}}
Jul 03 16:16:40 devstack cinder-volume[86659]: DEBUG cinder.volume.drivers.quobyte [None req-1887a257-c833-42ca-b92e-529738621690 tempest-AttachVolumeTestJSON-1070374690 None] Available shares ['osci02.corp.quobyte.com/cinder-vol-43970168-764e-4bfa-9c3f-7b6430ab1816'] {{(pid=86659) _ensure_shares_mounted /opt/stack/cinder/cinder/volume/drivers/quobyte.py:647}}
Jul 03 16:16:40 devstack cinder-volume[86659]: DEBUG oslo_concurrency.lockutils [None req-1887a257-c833-42ca-b92e-529738621690 tempest-AttachVolumeTestJSON-1070374690 None] Lock "quobyte_ensure" "released" by "cinder.volume.drivers.quobyte.QuobyteDriver._ensure_shares_mounted" :: held 0.017s {{(pid=86659) inner /opt/stack/data/venv/lib/python3.12/site-packages/oslo_concurrency/lockutils.py:543}}
Jul 03 16:16:40 devstack cinder-volume[86659]: DEBUG cinder.volume.drivers.quobyte [None req-1887a257-c833-42ca-b92e-529738621690 tempest-AttachVolumeTestJSON-1070374690 None] Selected osci02.corp.quobyte.com/cinder-vol-43970168-764e-4bfa-9c3f-7b6430ab1816 as target Quobyte volume. {{(pid=86659) _find_share /opt/stack/cinder/cinder/volume/drivers/quobyte.py:668}}
Jul 03 16:16:40 devstack cinder-volume[86659]: INFO cinder.volume.drivers.remotefs [None req-1887a257-c833-42ca-b92e-529738621690 tempest-AttachVolumeTestJSON-1070374690 None] casted to osci02.corp.quobyte.com/cinder-vol-43970168-764e-4bfa-9c3f-7b6430ab1816
Jul 03 16:16:40 devstack cinder-volume[86659]: DEBUG oslo_concurrency.processutils [None req-1887a257-c833-42ca-b92e-529738621690 tempest-AttachVolumeTestJSON-1070374690 None] Running cmd (subprocess): sudo cinder-rootwrap /etc/cinder/rootwrap.conf qemu-img create -f qcow2 -o preallocation=metadata /opt/stack/data/cinder/mnt/7917cfcfb34411d54b1707491b45d406/volume-f4159e06-70d5-4824-99d3-8645d981b359 1073741824 {{(pid=86659) execute /opt/stack/data/venv/lib/python3.12/site-packages/oslo_concurrency/processutils.py:440}}
Jul 03 16:16:40 devstack sudo[92235]: quobyte : PWD=/ ; USER=root ; COMMAND=/opt/stack/data/venv/bin/cinder-rootwrap /etc/cinder/rootwrap.conf qemu-img create -f qcow2 -o preallocation=metadata /opt/stack/data/cinder/mnt/7917cfcfb34411d54b1707491b45d406/volume-f4159e06-70d5-4824-99d3-8645d981b359 1073741824
Jul 03 16:16:40 devstack sudo[92235]: pam_unix(sudo:session): session opened for user root(uid=0) by (uid=1000)
Jul 03 16:16:41 devstack cinder-volume[86659]: INFO cinder.volume.manager [None req-e3073b45-76bb-4719-8cad-af5a4cd60a6b tempest-GroupsV314Test-595142072 None] Create group from source-group-819176bc-fa0a-49cc-b18f-5722ce876ff6 completed successfully.
Jul 03 16:16:41 devstack cinder-volume[86659]: DEBUG cinder.coordination [None req-1fb376ea-9582-4834-8004-6b90f64f9131 tempest-GroupsV314Test-595142072 None] Acquiring lock "cinder-quobyte-828d5d83-fe5c-4a93-8348-890d8a2a7e95" by "delete_volume" {{(pid=86659) __acquire /opt/stack/cinder/cinder/coordination.py:138}}
Jul 03 16:16:41 devstack cinder-volume[86659]: DEBUG cinder.coordination [None req-1fb376ea-9582-4834-8004-6b90f64f9131 tempest-GroupsV314Test-595142072 None] Lock "cinder-quobyte-828d5d83-fe5c-4a93-8348-890d8a2a7e95" acquired by "delete_volume" :: waited 0.022s {{(pid=86659) __acquire /opt/stack/cinder/cinder/coordination.py:141}}
Jul 03 16:16:41 devstack cinder-volume[86659]: DEBUG oslo.privsep.daemon [-] privsep: reply[199de858-11f6-4fc2-9c1e-af8bc62828dc]: (4, 'qcow2') {{(pid=87851) _call_back /opt/stack/data/venv/lib/python3.12/site-packages/oslo_privsep/daemon.py:580}}
Jul 03 16:16:41 devstack cinder-volume[86659]: DEBUG oslo_concurrency.processutils [None req-1fb376ea-9582-4834-8004-6b90f64f9131 tempest-GroupsV314Test-595142072 None] Running cmd (subprocess): /opt/stack/data/venv/bin/python3.12 -m oslo_concurrency.prlimit --as=1073741824 --cpu=60 -- sudo cinder-rootwrap /etc/cinder/rootwrap.conf env LC_ALL=C qemu-img info -f qcow2 --output=json --force-share /opt/stack/data/cinder/mnt/7917cfcfb34411d54b1707491b45d406/volume-828d5d83-fe5c-4a93-8348-890d8a2a7e95 {{(pid=86659) execute /opt/stack/data/venv/lib/python3.12/site-packages/oslo_concurrency/processutils.py:440}}
Jul 03 16:16:41 devstack sudo[92240]: quobyte : PWD=/ ; USER=root ; COMMAND=/opt/stack/data/venv/bin/cinder-rootwrap /etc/cinder/rootwrap.conf env LC_ALL=C qemu-img info -f qcow2 --output=json --force-share /opt/stack/data/cinder/mnt/7917cfcfb34411d54b1707491b45d406/volume-828d5d83-fe5c-4a93-8348-890d8a2a7e95
Jul 03 16:16:41 devstack sudo[92240]: pam_unix(sudo:session): session opened for user root(uid=0) by (uid=1000)
Jul 03 16:16:42 devstack sudo[92235]: pam_unix(sudo:session): session closed for user root
Jul 03 16:16:42 devstack cinder-volume[86659]: DEBUG oslo_concurrency.processutils [None req-1887a257-c833-42ca-b92e-529738621690 tempest-AttachVolumeTestJSON-1070374690 None] CMD "sudo cinder-rootwrap /etc/cinder/rootwrap.conf qemu-img create -f qcow2 -o preallocation=metadata /opt/stack/data/cinder/mnt/7917cfcfb34411d54b1707491b45d406/volume-f4159e06-70d5-4824-99d3-8645d981b359 1073741824" returned: 0 in 1.331s {{(pid=86659) execute /opt/stack/data/venv/lib/python3.12/site-packages/oslo_concurrency/processutils.py:468}}
Jul 03 16:16:42 devstack cinder-volume[86659]: DEBUG oslo_concurrency.processutils [None req-1887a257-c833-42ca-b92e-529738621690 tempest-AttachVolumeTestJSON-1070374690 None] Running cmd (subprocess): sudo cinder-rootwrap /etc/cinder/rootwrap.conf chmod ugo+rw /opt/stack/data/cinder/mnt/7917cfcfb34411d54b1707491b45d406/volume-f4159e06-70d5-4824-99d3-8645d981b359 {{(pid=86659) execute /opt/stack/data/venv/lib/python3.12/site-packages/oslo_concurrency/processutils.py:440}}
Jul 03 16:16:42 devstack sudo[92243]: quobyte : PWD=/ ; USER=root ; COMMAND=/opt/stack/data/venv/bin/cinder-rootwrap /etc/cinder/rootwrap.conf chmod ugo+rw /opt/stack/data/cinder/mnt/7917cfcfb34411d54b1707491b45d406/volume-f4159e06-70d5-4824-99d3-8645d981b359
Jul 03 16:16:42 devstack sudo[92243]: pam_unix(sudo:session): session opened for user root(uid=0) by (uid=1000)
Jul 03 16:16:43 devstack sudo[92240]: pam_unix(sudo:session): session closed for user root
Jul 03 16:16:43 devstack cinder-volume[86659]: DEBUG oslo_concurrency.processutils [None req-1fb376ea-9582-4834-8004-6b90f64f9131 tempest-GroupsV314Test-595142072 None] CMD "/opt/stack/data/venv/bin/python3.12 -m oslo_concurrency.prlimit --as=1073741824 --cpu=60 -- sudo cinder-rootwrap /etc/cinder/rootwrap.conf env LC_ALL=C qemu-img info -f qcow2 --output=json --force-share /opt/stack/data/cinder/mnt/7917cfcfb34411d54b1707491b45d406/volume-828d5d83-fe5c-4a93-8348-890d8a2a7e95" returned: 0 in 1.379s {{(pid=86659) execute /opt/stack/data/venv/lib/python3.12/site-packages/oslo_concurrency/processutils.py:468}}
Jul 03 16:16:43 devstack cinder-volume[86659]: DEBUG oslo_concurrency.processutils [None req-1fb376ea-9582-4834-8004-6b90f64f9131 tempest-GroupsV314Test-595142072 None] Running cmd (subprocess): sudo cinder-rootwrap /etc/cinder/rootwrap.conf rm -f /opt/stack/data/cinder/mnt/7917cfcfb34411d54b1707491b45d406/volume-828d5d83-fe5c-4a93-8348-890d8a2a7e95 {{(pid=86659) execute /opt/stack/data/venv/lib/python3.12/site-packages/oslo_concurrency/processutils.py:440}}
Jul 03 16:16:43 devstack sudo[92249]: quobyte : PWD=/ ; USER=root ; COMMAND=/opt/stack/data/venv/bin/cinder-rootwrap /etc/cinder/rootwrap.conf rm -f /opt/stack/data/cinder/mnt/7917cfcfb34411d54b1707491b45d406/volume-828d5d83-fe5c-4a93-8348-890d8a2a7e95
Jul 03 16:16:43 devstack sudo[92249]: pam_unix(sudo:session): session opened for user root(uid=0) by (uid=1000)
Jul 03 16:16:43 devstack sudo[92243]: pam_unix(sudo:session): session closed for user root
Jul 03 16:16:43 devstack cinder-volume[86659]: DEBUG oslo_concurrency.processutils [None req-1887a257-c833-42ca-b92e-529738621690 tempest-AttachVolumeTestJSON-1070374690 None] CMD "sudo cinder-rootwrap /etc/cinder/rootwrap.conf chmod ugo+rw /opt/stack/data/cinder/mnt/7917cfcfb34411d54b1707491b45d406/volume-f4159e06-70d5-4824-99d3-8645d981b359" returned: 0 in 1.137s {{(pid=86659) execute /opt/stack/data/venv/lib/python3.12/site-packages/oslo_concurrency/processutils.py:468}}
Jul 03 16:16:43 devstack cinder-volume[86659]: DEBUG cinder.volume.drivers.quobyte [None req-1887a257-c833-42ca-b92e-529738621690 tempest-AttachVolumeTestJSON-1070374690 None] <== create_volume: return (2547ms) {'provider_location': 'osci02.corp.quobyte.com/cinder-vol-43970168-764e-4bfa-9c3f-7b6430ab1816'} {{(pid=86659) trace_logging_wrapper /opt/stack/cinder/cinder/volume/volume_utils.py:1522}}
Jul 03 16:16:43 devstack cinder-volume[86659]: DEBUG oslo_concurrency.lockutils [None req-1887a257-c833-42ca-b92e-529738621690 tempest-AttachVolumeTestJSON-1070374690 None] Lock "quobyte" "released" by "cinder.volume.drivers.quobyte.QuobyteDriver.create_volume" :: held 2.554s {{(pid=86659) inner /opt/stack/data/venv/lib/python3.12/site-packages/oslo_concurrency/lockutils.py:543}}
Jul 03 16:16:43 devstack cinder-volume[86659]: DEBUG cinder.volume.manager [None req-1887a257-c833-42ca-b92e-529738621690 tempest-AttachVolumeTestJSON-1070374690 None] Task 'cinder.volume.flows.manager.create_volume.CreateVolumeFromSpecTask;volume:create' (5f97dc85-c335-49c8-bb53-8f833bdf625e) transitioned into state 'SUCCESS' from state 'RUNNING' with result '{'status': 'creating', 'volume_name': 'volume-f4159e06-70d5-4824-99d3-8645d981b359', 'volume_size': 1}' {{(pid=86659) _task_receiver /opt/stack/data/venv/lib/python3.12/site-packages/taskflow/listeners/logging.py:218}}
Jul 03 16:16:43 devstack cinder-volume[86659]: DEBUG cinder.volume.manager [None req-1887a257-c833-42ca-b92e-529738621690 tempest-AttachVolumeTestJSON-1070374690 None] Task 'cinder.volume.flows.manager.create_volume.CreateVolumeOnFinishTask;volume:create, create.end' (68cb6092-9d90-45d7-ad55-d525ce279cf4) transitioned into state 'RUNNING' from state 'PENDING' {{(pid=86659) _task_receiver /opt/stack/data/venv/lib/python3.12/site-packages/taskflow/listeners/logging.py:242}}
Jul 03 16:16:43 devstack cinder-volume[86659]: INFO cinder.volume.flows.manager.create_volume [None req-1887a257-c833-42ca-b92e-529738621690 tempest-AttachVolumeTestJSON-1070374690 None] Volume volume-f4159e06-70d5-4824-99d3-8645d981b359 (f4159e06-70d5-4824-99d3-8645d981b359): created successfully
Jul 03 16:16:43 devstack cinder-volume[86659]: DEBUG cinder.volume.manager [None req-1887a257-c833-42ca-b92e-529738621690 tempest-AttachVolumeTestJSON-1070374690 None] Task 'cinder.volume.flows.manager.create_volume.CreateVolumeOnFinishTask;volume:create, create.end' (68cb6092-9d90-45d7-ad55-d525ce279cf4) transitioned into state 'SUCCESS' from state 'RUNNING' with result 'None' {{(pid=86659) _task_receiver /opt/stack/data/venv/lib/python3.12/site-packages/taskflow/listeners/logging.py:218}}
Jul 03 16:16:43 devstack cinder-volume[86659]: DEBUG cinder.volume.manager [None req-1887a257-c833-42ca-b92e-529738621690 tempest-AttachVolumeTestJSON-1070374690 None] Flow 'volume_create_manager' (84a028d4-551e-4f26-9a24-3f85f6276299) transitioned into state 'SUCCESS' from state 'RUNNING' {{(pid=86659) _flow_receiver /opt/stack/data/venv/lib/python3.12/site-packages/taskflow/listeners/logging.py:160}}
Jul 03 16:16:43 devstack cinder-volume[86659]: INFO cinder.volume.manager [None req-1887a257-c833-42ca-b92e-529738621690 tempest-AttachVolumeTestJSON-1070374690 None] Created volume successfully.
Jul 03 16:16:44 devstack sudo[92249]: pam_unix(sudo:session): session closed for user root
Jul 03 16:16:44 devstack cinder-volume[86659]: DEBUG oslo_concurrency.processutils [None req-1fb376ea-9582-4834-8004-6b90f64f9131 tempest-GroupsV314Test-595142072 None] CMD "sudo cinder-rootwrap /etc/cinder/rootwrap.conf rm -f /opt/stack/data/cinder/mnt/7917cfcfb34411d54b1707491b45d406/volume-828d5d83-fe5c-4a93-8348-890d8a2a7e95" returned: 0 in 0.859s {{(pid=86659) execute /opt/stack/data/venv/lib/python3.12/site-packages/oslo_concurrency/processutils.py:468}}
Jul 03 16:16:44 devstack cinder-volume[86659]: DEBUG cinder.coordination [None req-1fb376ea-9582-4834-8004-6b90f64f9131 tempest-GroupsV314Test-595142072 None] Lock "cinder-quobyte-828d5d83-fe5c-4a93-8348-890d8a2a7e95" released by "delete_volume" :: held 2.297s {{(pid=86659) __release /opt/stack/cinder/cinder/coordination.py:152}}
Jul 03 16:16:44 devstack cinder-volume[86659]: DEBUG cinder.quota [None req-1fb376ea-9582-4834-8004-6b90f64f9131 tempest-GroupsV314Test-595142072 None] Created reservations ['3b0843bf-1f09-4762-a39f-ec79a8d6b3fa'] {{(pid=86659) reserve /opt/stack/cinder/cinder/quota.py:752}}
Jul 03 16:16:44 devstack cinder-volume[86659]: WARNING cinder.quota [None req-1fb376ea-9582-4834-8004-6b90f64f9131 tempest-GroupsV314Test-595142072 None] Deprecated: Default quota for resource: volumes_tempest-GroupsV314Test-volume-type-1741820129 is set by the default quota flag: quota_volumes_tempest-GroupsV314Test-volume-type-1741820129, it is now deprecated. Please use the default quota class for default quota.
Jul 03 16:16:44 devstack cinder-volume[86659]: WARNING cinder.quota [None req-1fb376ea-9582-4834-8004-6b90f64f9131 tempest-GroupsV314Test-595142072 None] Deprecated: Default quota for resource: gigabytes_tempest-GroupsV314Test-volume-type-1741820129 is set by the default quota flag: quota_gigabytes_tempest-GroupsV314Test-volume-type-1741820129, it is now deprecated. Please use the default quota class for default quota.
Jul 03 16:16:44 devstack cinder-volume[86659]: DEBUG cinder.quota [None req-1fb376ea-9582-4834-8004-6b90f64f9131 tempest-GroupsV314Test-595142072 None] Created reservations ['afecb624-771b-4b24-8182-b3276dd8f42b', 'dfd3261e-ff3c-49f2-98ee-53864c2d1e69', '7a0bddf6-91b3-4dcd-8859-b87dbcf6769b', '7d37b3a0-2688-4bde-853d-f7ae89b47219'] {{(pid=86659) reserve /opt/stack/cinder/cinder/quota.py:752}}
Jul 03 16:16:44 devstack cinder-volume[86659]: DEBUG oslo_concurrency.lockutils [None req-1fb376ea-9582-4834-8004-6b90f64f9131 tempest-GroupsV314Test-595142072 None] Acquiring lock "quobyte_ensure" by "cinder.volume.drivers.quobyte.QuobyteDriver._ensure_shares_mounted" {{(pid=86659) inner /opt/stack/data/venv/lib/python3.12/site-packages/oslo_concurrency/lockutils.py:511}}
Jul 03 16:16:44 devstack cinder-volume[86659]: DEBUG oslo_concurrency.lockutils [None req-1fb376ea-9582-4834-8004-6b90f64f9131 tempest-GroupsV314Test-595142072 None] Lock "quobyte_ensure" acquired by "cinder.volume.drivers.quobyte.QuobyteDriver._ensure_shares_mounted" :: waited 0.001s {{(pid=86659) inner /opt/stack/data/venv/lib/python3.12/site-packages/oslo_concurrency/lockutils.py:524}}
Jul 03 16:16:44 devstack cinder-volume[86659]: DEBUG cinder.volume.drivers.quobyte [None req-1fb376ea-9582-4834-8004-6b90f64f9131 tempest-GroupsV314Test-595142072 None] Quobyte Volume URL set to: {'osci02.corp.quobyte.com/cinder-vol-43970168-764e-4bfa-9c3f-7b6430ab1816': None} {{(pid=86659) _load_shares_config /opt/stack/cinder/cinder/volume/drivers/quobyte.py:617}}
Jul 03 16:16:44 devstack cinder-volume[86659]: DEBUG cinder.volume.drivers.quobyte [None req-1fb376ea-9582-4834-8004-6b90f64f9131 tempest-GroupsV314Test-595142072 None] Available shares ['osci02.corp.quobyte.com/cinder-vol-43970168-764e-4bfa-9c3f-7b6430ab1816'] {{(pid=86659) _ensure_shares_mounted /opt/stack/cinder/cinder/volume/drivers/quobyte.py:647}}
Jul 03 16:16:44 devstack cinder-volume[86659]: DEBUG oslo_concurrency.lockutils [None req-1fb376ea-9582-4834-8004-6b90f64f9131 tempest-GroupsV314Test-595142072 None] Lock "quobyte_ensure" "released" by "cinder.volume.drivers.quobyte.QuobyteDriver._ensure_shares_mounted" :: held 0.012s {{(pid=86659) inner /opt/stack/data/venv/lib/python3.12/site-packages/oslo_concurrency/lockutils.py:543}}
Jul 03 16:16:44 devstack cinder-volume[86659]: DEBUG oslo_concurrency.processutils [None req-1fb376ea-9582-4834-8004-6b90f64f9131 tempest-GroupsV314Test-595142072 None] Running cmd (subprocess): sudo cinder-rootwrap /etc/cinder/rootwrap.conf df --portability --block-size 1 /opt/stack/data/cinder/mnt/7917cfcfb34411d54b1707491b45d406 {{(pid=86659) execute /opt/stack/data/venv/lib/python3.12/site-packages/oslo_concurrency/processutils.py:440}}
Jul 03 16:16:44 devstack sudo[92255]: quobyte : PWD=/ ; USER=root ; COMMAND=/opt/stack/data/venv/bin/cinder-rootwrap /etc/cinder/rootwrap.conf df --portability --block-size 1 /opt/stack/data/cinder/mnt/7917cfcfb34411d54b1707491b45d406
Jul 03 16:16:44 devstack sudo[92255]: pam_unix(sudo:session): session opened for user root(uid=0) by (uid=1000)
Jul 03 16:16:45 devstack cinder-volume[86659]: DEBUG oslo_concurrency.processutils [None req-1fb376ea-9582-4834-8004-6b90f64f9131 tempest-GroupsV314Test-595142072 None] CMD "sudo cinder-rootwrap /etc/cinder/rootwrap.conf df --portability --block-size 1 /opt/stack/data/cinder/mnt/7917cfcfb34411d54b1707491b45d406" returned: 0 in 0.885s {{(pid=86659) execute /opt/stack/data/venv/lib/python3.12/site-packages/oslo_concurrency/processutils.py:468}}
Jul 03 16:16:45 devstack cinder-volume[86659]: DEBUG cinder.manager [None req-1fb376ea-9582-4834-8004-6b90f64f9131 tempest-GroupsV314Test-595142072 None] Notifying Schedulers of capabilities ... {{(pid=86659) _publish_service_capabilities /opt/stack/cinder/cinder/manager.py:219}}
Jul 03 16:16:45 devstack sudo[92255]: pam_unix(sudo:session): session closed for user root
Jul 03 16:16:45 devstack cinder-volume[86659]: INFO cinder.volume.manager [None req-1fb376ea-9582-4834-8004-6b90f64f9131 tempest-GroupsV314Test-595142072 None] Delete group completed successfully.
Jul 03 16:16:45 devstack cinder-volume[86659]: DEBUG cinder.coordination [None req-e7c0018b-9612-4c39-97b2-0c2f317c97b5 tempest-GroupsV314Test-595142072 None] Acquiring lock "cinder-quobyte-3172c008-f3ce-4d03-9903-a07d27bdacff" by "delete_volume" {{(pid=86659) __acquire /opt/stack/cinder/cinder/coordination.py:138}}
Jul 03 16:16:45 devstack cinder-volume[86659]: DEBUG cinder.coordination [None req-e7c0018b-9612-4c39-97b2-0c2f317c97b5 tempest-GroupsV314Test-595142072 None] Lock "cinder-quobyte-3172c008-f3ce-4d03-9903-a07d27bdacff" acquired by "delete_volume" :: waited 0.020s {{(pid=86659) __acquire /opt/stack/cinder/cinder/coordination.py:141}}
Jul 03 16:16:45 devstack cinder-volume[86659]: DEBUG oslo.privsep.daemon [-] privsep: reply[fd474f9d-1616-4786-8a44-51c5ef7540a9]: (4, 'qcow2') {{(pid=87851) _call_back /opt/stack/data/venv/lib/python3.12/site-packages/oslo_privsep/daemon.py:580}}
Jul 03 16:16:45 devstack cinder-volume[86659]: DEBUG oslo_concurrency.processutils [None req-e7c0018b-9612-4c39-97b2-0c2f317c97b5 tempest-GroupsV314Test-595142072 None] Running cmd (subprocess): /opt/stack/data/venv/bin/python3.12 -m oslo_concurrency.prlimit --as=1073741824 --cpu=60 -- sudo cinder-rootwrap /etc/cinder/rootwrap.conf env LC_ALL=C qemu-img info -f qcow2 --output=json --force-share /opt/stack/data/cinder/mnt/7917cfcfb34411d54b1707491b45d406/volume-3172c008-f3ce-4d03-9903-a07d27bdacff {{(pid=86659) execute /opt/stack/data/venv/lib/python3.12/site-packages/oslo_concurrency/processutils.py:440}}
Jul 03 16:16:45 devstack sudo[92262]: quobyte : PWD=/ ; USER=root ; COMMAND=/opt/stack/data/venv/bin/cinder-rootwrap /etc/cinder/rootwrap.conf env LC_ALL=C qemu-img info -f qcow2 --output=json --force-share /opt/stack/data/cinder/mnt/7917cfcfb34411d54b1707491b45d406/volume-3172c008-f3ce-4d03-9903-a07d27bdacff
Jul 03 16:16:45 devstack sudo[92262]: pam_unix(sudo:session): session opened for user root(uid=0) by (uid=1000)
Jul 03 16:16:46 devstack sudo[92262]: pam_unix(sudo:session): session closed for user root
Jul 03 16:16:46 devstack cinder-volume[86659]: DEBUG oslo_concurrency.processutils [None req-e7c0018b-9612-4c39-97b2-0c2f317c97b5 tempest-GroupsV314Test-595142072 None] CMD "/opt/stack/data/venv/bin/python3.12 -m oslo_concurrency.prlimit --as=1073741824 --cpu=60 -- sudo cinder-rootwrap /etc/cinder/rootwrap.conf env LC_ALL=C qemu-img info -f qcow2 --output=json --force-share /opt/stack/data/cinder/mnt/7917cfcfb34411d54b1707491b45d406/volume-3172c008-f3ce-4d03-9903-a07d27bdacff" returned: 0 in 0.833s {{(pid=86659) execute /opt/stack/data/venv/lib/python3.12/site-packages/oslo_concurrency/processutils.py:468}}
Jul 03 16:16:46 devstack cinder-volume[86659]: DEBUG oslo_concurrency.processutils [None req-e7c0018b-9612-4c39-97b2-0c2f317c97b5 tempest-GroupsV314Test-595142072 None] Running cmd (subprocess): sudo cinder-rootwrap /etc/cinder/rootwrap.conf rm -f /opt/stack/data/cinder/mnt/7917cfcfb34411d54b1707491b45d406/volume-3172c008-f3ce-4d03-9903-a07d27bdacff {{(pid=86659) execute /opt/stack/data/venv/lib/python3.12/site-packages/oslo_concurrency/processutils.py:440}}
Jul 03 16:16:46 devstack sudo[92267]: quobyte : PWD=/ ; USER=root ; COMMAND=/opt/stack/data/venv/bin/cinder-rootwrap /etc/cinder/rootwrap.conf rm -f /opt/stack/data/cinder/mnt/7917cfcfb34411d54b1707491b45d406/volume-3172c008-f3ce-4d03-9903-a07d27bdacff
Jul 03 16:16:46 devstack sudo[92267]: pam_unix(sudo:session): session opened for user root(uid=0) by (uid=1000)
Jul 03 16:16:47 devstack sudo[92267]: pam_unix(sudo:session): session closed for user root
