Nov 12 21:08:59 devstack cinder-volume[81047]: DEBUG oslo_concurrency.lockutils [None req-401cfa31-16fd-4a3c-9699-fb44a370cef6 tempest-VolumeSnapshotQuotasNegativeTestJSON-2024211683 None] Lock "quobyte" acquired by "cinder.volume.drivers.quobyte.QuobyteDriver.create_snapshot" :: waited 0.001s {{(pid=81047) inner /opt/stack/data/venv/lib/python3.10/site-packages/oslo_concurrency/lockutils.py:410}}
Nov 12 21:08:59 devstack cinder-volume[81047]: DEBUG cinder.volume.drivers.remotefs [None req-401cfa31-16fd-4a3c-9699-fb44a370cef6 tempest-VolumeSnapshotQuotasNegativeTestJSON-2024211683 None] Creating offline snapshot a11692db-98e9-414c-9aed-b9d4a720879f of volume 97ead37a-f7bb-445f-9a29-dcb20cd385a8 {{(pid=81047) _create_snapshot /opt/stack/cinder/cinder/volume/drivers/remotefs.py:1694}}
Nov 12 21:08:59 devstack cinder-volume[81047]: DEBUG oslo.privsep.daemon [-] privsep: reply[4da06a7c-4282-42ea-b9f7-d1641856e892]: (4, 'qcow2') {{(pid=81815) _call_back /opt/stack/data/venv/lib/python3.10/site-packages/oslo_privsep/daemon.py:515}}
Nov 12 21:08:59 devstack cinder-volume[81047]: DEBUG oslo_concurrency.processutils [None req-401cfa31-16fd-4a3c-9699-fb44a370cef6 tempest-VolumeSnapshotQuotasNegativeTestJSON-2024211683 None] Running cmd (subprocess): /opt/stack/data/venv/bin/python3.10 -m oslo_concurrency.prlimit --as=1073741824 --cpu=60 -- sudo cinder-rootwrap /etc/cinder/rootwrap.conf env LC_ALL=C qemu-img info -f qcow2 --output=json --force-share /opt/stack/data/cinder/mnt/d1809f900419f7693ecc29ce48226301/volume-97ead37a-f7bb-445f-9a29-dcb20cd385a8 {{(pid=81047) execute /opt/stack/data/venv/lib/python3.10/site-packages/oslo_concurrency/processutils.py:349}}
Nov 12 21:09:00 devstack sudo[86060]: quobyte : PWD=/ ; USER=root ; COMMAND=/opt/stack/data/venv/bin/cinder-rootwrap /etc/cinder/rootwrap.conf env LC_ALL=C qemu-img info -f qcow2 --output=json --force-share /opt/stack/data/cinder/mnt/d1809f900419f7693ecc29ce48226301/volume-97ead37a-f7bb-445f-9a29-dcb20cd385a8
Nov 12 21:09:00 devstack sudo[86060]: pam_unix(sudo:session): session opened for user root(uid=0) by (uid=1000)
Nov 12 21:09:00 devstack sudo[86060]: pam_unix(sudo:session): session closed for user root
Nov 12 21:09:00 devstack cinder-volume[81047]: DEBUG oslo_concurrency.processutils [None req-401cfa31-16fd-4a3c-9699-fb44a370cef6 tempest-VolumeSnapshotQuotasNegativeTestJSON-2024211683 None] CMD "/opt/stack/data/venv/bin/python3.10 -m oslo_concurrency.prlimit --as=1073741824 --cpu=60 -- sudo cinder-rootwrap /etc/cinder/rootwrap.conf env LC_ALL=C qemu-img info -f qcow2 --output=json --force-share /opt/stack/data/cinder/mnt/d1809f900419f7693ecc29ce48226301/volume-97ead37a-f7bb-445f-9a29-dcb20cd385a8" returned: 0 in 0.824s {{(pid=81047) execute /opt/stack/data/venv/lib/python3.10/site-packages/oslo_concurrency/processutils.py:372}}
Nov 12 21:09:00 devstack cinder-volume[81047]: DEBUG oslo_concurrency.processutils [None req-401cfa31-16fd-4a3c-9699-fb44a370cef6 tempest-VolumeSnapshotQuotasNegativeTestJSON-2024211683 None] Running cmd (subprocess): sudo cinder-rootwrap /etc/cinder/rootwrap.conf qemu-img create -f qcow2 -o backing_file=/opt/stack/data/cinder/mnt/d1809f900419f7693ecc29ce48226301/volume-97ead37a-f7bb-445f-9a29-dcb20cd385a8,backing_fmt=qcow2 /opt/stack/data/cinder/mnt/d1809f900419f7693ecc29ce48226301/volume-97ead37a-f7bb-445f-9a29-dcb20cd385a8.a11692db-98e9-414c-9aed-b9d4a720879f 1G {{(pid=81047) execute /opt/stack/data/venv/lib/python3.10/site-packages/oslo_concurrency/processutils.py:349}}
Nov 12 21:09:00 devstack sudo[86131]: quobyte : PWD=/ ; USER=root ; COMMAND=/opt/stack/data/venv/bin/cinder-rootwrap /etc/cinder/rootwrap.conf qemu-img create -f qcow2 -o backing_file=/opt/stack/data/cinder/mnt/d1809f900419f7693ecc29ce48226301/volume-97ead37a-f7bb-445f-9a29-dcb20cd385a8,backing_fmt=qcow2 /opt/stack/data/cinder/mnt/d1809f900419f7693ecc29ce48226301/volume-97ead37a-f7bb-445f-9a29-dcb20cd385a8.a11692db-98e9-414c-9aed-b9d4a720879f 1G
Nov 12 21:09:00 devstack sudo[86131]: pam_unix(sudo:session): session opened for user root(uid=0) by (uid=1000)
Nov 12 21:09:01 devstack sudo[86131]: pam_unix(sudo:session): session closed for user root
Nov 12 21:09:01 devstack cinder-volume[81047]: DEBUG oslo_concurrency.processutils [None req-401cfa31-16fd-4a3c-9699-fb44a370cef6 tempest-VolumeSnapshotQuotasNegativeTestJSON-2024211683 None] CMD "sudo cinder-rootwrap /etc/cinder/rootwrap.conf qemu-img create -f qcow2 -o backing_file=/opt/stack/data/cinder/mnt/d1809f900419f7693ecc29ce48226301/volume-97ead37a-f7bb-445f-9a29-dcb20cd385a8,backing_fmt=qcow2 /opt/stack/data/cinder/mnt/d1809f900419f7693ecc29ce48226301/volume-97ead37a-f7bb-445f-9a29-dcb20cd385a8.a11692db-98e9-414c-9aed-b9d4a720879f 1G" returned: 0 in 0.736s {{(pid=81047) execute /opt/stack/data/venv/lib/python3.10/site-packages/oslo_concurrency/processutils.py:372}}
Nov 12 21:09:01 devstack cinder-volume[81047]: DEBUG oslo_concurrency.processutils [None req-401cfa31-16fd-4a3c-9699-fb44a370cef6 tempest-VolumeSnapshotQuotasNegativeTestJSON-2024211683 None] Running cmd (subprocess): sudo cinder-rootwrap /etc/cinder/rootwrap.conf qemu-img rebase -u -b volume-97ead37a-f7bb-445f-9a29-dcb20cd385a8 -F qcow2 /opt/stack/data/cinder/mnt/d1809f900419f7693ecc29ce48226301/volume-97ead37a-f7bb-445f-9a29-dcb20cd385a8.a11692db-98e9-414c-9aed-b9d4a720879f {{(pid=81047) execute /opt/stack/data/venv/lib/python3.10/site-packages/oslo_concurrency/processutils.py:349}}
Nov 12 21:09:01 devstack sudo[86140]: quobyte : PWD=/ ; USER=root ; COMMAND=/opt/stack/data/venv/bin/cinder-rootwrap /etc/cinder/rootwrap.conf qemu-img rebase -u -b volume-97ead37a-f7bb-445f-9a29-dcb20cd385a8 -F qcow2 /opt/stack/data/cinder/mnt/d1809f900419f7693ecc29ce48226301/volume-97ead37a-f7bb-445f-9a29-dcb20cd385a8.a11692db-98e9-414c-9aed-b9d4a720879f
Nov 12 21:09:01 devstack sudo[86140]: pam_unix(sudo:session): session opened for user root(uid=0) by (uid=1000)
Nov 12 21:09:02 devstack sudo[86140]: pam_unix(sudo:session): session closed for user root
Nov 12 21:09:02 devstack cinder-volume[81047]: DEBUG oslo_concurrency.processutils [None req-401cfa31-16fd-4a3c-9699-fb44a370cef6 tempest-VolumeSnapshotQuotasNegativeTestJSON-2024211683 None] CMD "sudo cinder-rootwrap /etc/cinder/rootwrap.conf qemu-img rebase -u -b volume-97ead37a-f7bb-445f-9a29-dcb20cd385a8 -F qcow2 /opt/stack/data/cinder/mnt/d1809f900419f7693ecc29ce48226301/volume-97ead37a-f7bb-445f-9a29-dcb20cd385a8.a11692db-98e9-414c-9aed-b9d4a720879f" returned: 0 in 0.729s {{(pid=81047) execute /opt/stack/data/venv/lib/python3.10/site-packages/oslo_concurrency/processutils.py:372}}
Nov 12 21:09:02 devstack cinder-volume[81047]: WARNING cinder.volume.drivers.remotefs [None req-401cfa31-16fd-4a3c-9699-fb44a370cef6 tempest-VolumeSnapshotQuotasNegativeTestJSON-2024211683 None] /opt/stack/data/cinder/mnt/d1809f900419f7693ecc29ce48226301/volume-97ead37a-f7bb-445f-9a29-dcb20cd385a8.a11692db-98e9-414c-9aed-b9d4a720879f is being set with open permissions: ugo+rw
Nov 12 21:09:02 devstack cinder-volume[81047]: DEBUG oslo_concurrency.processutils [None req-401cfa31-16fd-4a3c-9699-fb44a370cef6 tempest-VolumeSnapshotQuotasNegativeTestJSON-2024211683 None] Running cmd (subprocess): sudo cinder-rootwrap /etc/cinder/rootwrap.conf chmod ugo+rw /opt/stack/data/cinder/mnt/d1809f900419f7693ecc29ce48226301/volume-97ead37a-f7bb-445f-9a29-dcb20cd385a8.a11692db-98e9-414c-9aed-b9d4a720879f {{(pid=81047) execute /opt/stack/data/venv/lib/python3.10/site-packages/oslo_concurrency/processutils.py:349}}
Nov 12 21:09:02 devstack sudo[86147]: quobyte : PWD=/ ; USER=root ; COMMAND=/opt/stack/data/venv/bin/cinder-rootwrap /etc/cinder/rootwrap.conf chmod ugo+rw /opt/stack/data/cinder/mnt/d1809f900419f7693ecc29ce48226301/volume-97ead37a-f7bb-445f-9a29-dcb20cd385a8.a11692db-98e9-414c-9aed-b9d4a720879f
Nov 12 21:09:02 devstack sudo[86147]: pam_unix(sudo:session): session opened for user root(uid=0) by (uid=1000)
Nov 12 21:09:02 devstack sudo[86147]: pam_unix(sudo:session): session closed for user root
Nov 12 21:09:02 devstack cinder-volume[81047]: DEBUG oslo_concurrency.processutils [None req-401cfa31-16fd-4a3c-9699-fb44a370cef6 tempest-VolumeSnapshotQuotasNegativeTestJSON-2024211683 None] CMD "sudo cinder-rootwrap /etc/cinder/rootwrap.conf chmod ugo+rw /opt/stack/data/cinder/mnt/d1809f900419f7693ecc29ce48226301/volume-97ead37a-f7bb-445f-9a29-dcb20cd385a8.a11692db-98e9-414c-9aed-b9d4a720879f" returned: 0 in 0.683s {{(pid=81047) execute /opt/stack/data/venv/lib/python3.10/site-packages/oslo_concurrency/processutils.py:372}}
Nov 12 21:09:02 devstack cinder-volume[81047]: DEBUG oslo_concurrency.processutils [None req-401cfa31-16fd-4a3c-9699-fb44a370cef6 tempest-VolumeSnapshotQuotasNegativeTestJSON-2024211683 None] Running cmd (subprocess): sudo cinder-rootwrap /etc/cinder/rootwrap.conf truncate -s0 /opt/stack/data/cinder/mnt/d1809f900419f7693ecc29ce48226301/volume-97ead37a-f7bb-445f-9a29-dcb20cd385a8.info {{(pid=81047) execute /opt/stack/data/venv/lib/python3.10/site-packages/oslo_concurrency/processutils.py:349}}
Nov 12 21:09:02 devstack sudo[86154]: quobyte : PWD=/ ; USER=root ; COMMAND=/opt/stack/data/venv/bin/cinder-rootwrap /etc/cinder/rootwrap.conf truncate -s0 /opt/stack/data/cinder/mnt/d1809f900419f7693ecc29ce48226301/volume-97ead37a-f7bb-445f-9a29-dcb20cd385a8.info
Nov 12 21:09:02 devstack sudo[86154]: pam_unix(sudo:session): session opened for user root(uid=0) by (uid=1000)
Nov 12 21:09:03 devstack sudo[86154]: pam_unix(sudo:session): session closed for user root
Nov 12 21:09:03 devstack cinder-volume[81047]: DEBUG oslo_concurrency.processutils [None req-401cfa31-16fd-4a3c-9699-fb44a370cef6 tempest-VolumeSnapshotQuotasNegativeTestJSON-2024211683 None] CMD "sudo cinder-rootwrap /etc/cinder/rootwrap.conf truncate -s0 /opt/stack/data/cinder/mnt/d1809f900419f7693ecc29ce48226301/volume-97ead37a-f7bb-445f-9a29-dcb20cd385a8.info" returned: 0 in 0.601s {{(pid=81047) execute /opt/stack/data/venv/lib/python3.10/site-packages/oslo_concurrency/processutils.py:372}}
Nov 12 21:09:03 devstack cinder-volume[81047]: WARNING cinder.volume.drivers.remotefs [None req-401cfa31-16fd-4a3c-9699-fb44a370cef6 tempest-VolumeSnapshotQuotasNegativeTestJSON-2024211683 None] /opt/stack/data/cinder/mnt/d1809f900419f7693ecc29ce48226301/volume-97ead37a-f7bb-445f-9a29-dcb20cd385a8.info is being set with open permissions: ugo+rw
Nov 12 21:09:03 devstack cinder-volume[81047]: DEBUG oslo_concurrency.processutils [None req-401cfa31-16fd-4a3c-9699-fb44a370cef6 tempest-VolumeSnapshotQuotasNegativeTestJSON-2024211683 None] Running cmd (subprocess): sudo cinder-rootwrap /etc/cinder/rootwrap.conf chmod ugo+rw /opt/stack/data/cinder/mnt/d1809f900419f7693ecc29ce48226301/volume-97ead37a-f7bb-445f-9a29-dcb20cd385a8.info {{(pid=81047) execute /opt/stack/data/venv/lib/python3.10/site-packages/oslo_concurrency/processutils.py:349}}
Nov 12 21:09:03 devstack sudo[86157]: quobyte : PWD=/ ; USER=root ; COMMAND=/opt/stack/data/venv/bin/cinder-rootwrap /etc/cinder/rootwrap.conf chmod ugo+rw /opt/stack/data/cinder/mnt/d1809f900419f7693ecc29ce48226301/volume-97ead37a-f7bb-445f-9a29-dcb20cd385a8.info
Nov 12 21:09:03 devstack sudo[86157]: pam_unix(sudo:session): session opened for user root(uid=0) by (uid=1000)
Nov 12 21:09:04 devstack sudo[86157]: pam_unix(sudo:session): session closed for user root
Nov 12 21:09:04 devstack cinder-volume[81047]: DEBUG oslo_concurrency.processutils [None req-401cfa31-16fd-4a3c-9699-fb44a370cef6 tempest-VolumeSnapshotQuotasNegativeTestJSON-2024211683 None] CMD "sudo cinder-rootwrap /etc/cinder/rootwrap.conf chmod ugo+rw /opt/stack/data/cinder/mnt/d1809f900419f7693ecc29ce48226301/volume-97ead37a-f7bb-445f-9a29-dcb20cd385a8.info" returned: 0 in 0.721s {{(pid=81047) execute /opt/stack/data/venv/lib/python3.10/site-packages/oslo_concurrency/processutils.py:372}}
Nov 12 21:09:04 devstack cinder-volume[81047]: DEBUG oslo_concurrency.lockutils [None req-401cfa31-16fd-4a3c-9699-fb44a370cef6 tempest-VolumeSnapshotQuotasNegativeTestJSON-2024211683 None] Lock "quobyte" "released" by "cinder.volume.drivers.quobyte.QuobyteDriver.create_snapshot" :: held 4.342s {{(pid=81047) inner /opt/stack/data/venv/lib/python3.10/site-packages/oslo_concurrency/lockutils.py:424}}
Nov 12 21:09:04 devstack cinder-volume[81047]: INFO cinder.volume.manager [None req-401cfa31-16fd-4a3c-9699-fb44a370cef6 tempest-VolumeSnapshotQuotasNegativeTestJSON-2024211683 None] Create snapshot completed successfully
Nov 12 21:09:05 devstack cinder-volume[81047]: DEBUG cinder.coordination [None req-b61939bc-7751-42aa-bdf0-bc0503e9e6f4 tempest-VolumeSnapshotQuotasNegativeTestJSON-2024211683 None] Acquiring lock "cinder-a11692db-98e9-414c-9aed-b9d4a720879f-delete_snapshot" by "delete_snapshot" {{(pid=81047) __acquire /opt/stack/cinder/cinder/coordination.py:143}}
Nov 12 21:09:05 devstack cinder-volume[81047]: DEBUG cinder.coordination [None req-b61939bc-7751-42aa-bdf0-bc0503e9e6f4 tempest-VolumeSnapshotQuotasNegativeTestJSON-2024211683 None] Lock "cinder-a11692db-98e9-414c-9aed-b9d4a720879f-delete_snapshot" acquired by "delete_snapshot" :: waited 0.014s {{(pid=81047) __acquire /opt/stack/cinder/cinder/coordination.py:146}}
Nov 12 21:09:05 devstack cinder-volume[81047]: WARNING cinder.volume.volume_utils [None req-b61939bc-7751-42aa-bdf0-bc0503e9e6f4 tempest-VolumeSnapshotQuotasNegativeTestJSON-2024211683 None] Volume driver (QuobyteDriver 1.1.13) is currently unsupported and may be removed in the next release of OpenStack. Use at your own risk.
Nov 12 21:09:05 devstack cinder-volume[81047]: DEBUG cinder.coordination [None req-b61939bc-7751-42aa-bdf0-bc0503e9e6f4 tempest-VolumeSnapshotQuotasNegativeTestJSON-2024211683 None] Acquiring lock "cinder-quobyte-97ead37a-f7bb-445f-9a29-dcb20cd385a8" by "delete_snapshot" {{(pid=81047) __acquire /opt/stack/cinder/cinder/coordination.py:143}}
Nov 12 21:09:05 devstack cinder-volume[81047]: DEBUG cinder.coordination [None req-b61939bc-7751-42aa-bdf0-bc0503e9e6f4 tempest-VolumeSnapshotQuotasNegativeTestJSON-2024211683 None] Lock "cinder-quobyte-97ead37a-f7bb-445f-9a29-dcb20cd385a8" acquired by "delete_snapshot" :: waited 0.011s {{(pid=81047) __acquire /opt/stack/cinder/cinder/coordination.py:146}}
Nov 12 21:09:05 devstack cinder-volume[81047]: DEBUG cinder.coordination [None req-b61939bc-7751-42aa-bdf0-bc0503e9e6f4 tempest-VolumeSnapshotQuotasNegativeTestJSON-2024211683 None] Acquiring lock "cinder-quobyte-a11692db-98e9-414c-9aed-b9d4a720879f" by "_delete_snapshot" {{(pid=81047) __acquire /opt/stack/cinder/cinder/coordination.py:143}}
Nov 12 21:09:05 devstack cinder-volume[81047]: DEBUG cinder.coordination [None req-b61939bc-7751-42aa-bdf0-bc0503e9e6f4 tempest-VolumeSnapshotQuotasNegativeTestJSON-2024211683 None] Lock "cinder-quobyte-a11692db-98e9-414c-9aed-b9d4a720879f" acquired by "_delete_snapshot" :: waited 0.008s {{(pid=81047) __acquire /opt/stack/cinder/cinder/coordination.py:146}}
Nov 12 21:09:05 devstack cinder-volume[81047]: DEBUG cinder.volume.drivers.remotefs [None req-b61939bc-7751-42aa-bdf0-bc0503e9e6f4 tempest-VolumeSnapshotQuotasNegativeTestJSON-2024211683 None] Deleting offline snapshot a11692db-98e9-414c-9aed-b9d4a720879f of volume 97ead37a-f7bb-445f-9a29-dcb20cd385a8 {{(pid=81047) _delete_snapshot /opt/stack/cinder/cinder/volume/drivers/remotefs.py:1278}}
Nov 12 21:09:05 devstack cinder-volume[81047]: DEBUG cinder.volume.drivers.remotefs [None req-b61939bc-7751-42aa-bdf0-bc0503e9e6f4 tempest-VolumeSnapshotQuotasNegativeTestJSON-2024211683 None] snapshot_file for this snap is: volume-97ead37a-f7bb-445f-9a29-dcb20cd385a8.a11692db-98e9-414c-9aed-b9d4a720879f {{(pid=81047) _delete_snapshot /opt/stack/cinder/cinder/volume/drivers/remotefs.py:1307}}
Nov 12 21:09:05 devstack cinder-volume[81047]: DEBUG oslo.privsep.daemon [-] privsep: reply[f2488bf0-582d-49d9-a8c7-95e9fb536927]: (4, 'qcow2') {{(pid=81815) _call_back /opt/stack/data/venv/lib/python3.10/site-packages/oslo_privsep/daemon.py:515}}
Nov 12 21:09:05 devstack cinder-volume[81047]: DEBUG oslo_concurrency.processutils [None req-b61939bc-7751-42aa-bdf0-bc0503e9e6f4 tempest-VolumeSnapshotQuotasNegativeTestJSON-2024211683 None] Running cmd (subprocess): /opt/stack/data/venv/bin/python3.10 -m oslo_concurrency.prlimit --as=1073741824 --cpu=60 -- sudo cinder-rootwrap /etc/cinder/rootwrap.conf env LC_ALL=C qemu-img info -f qcow2 --output=json --force-share /opt/stack/data/cinder/mnt/d1809f900419f7693ecc29ce48226301/volume-97ead37a-f7bb-445f-9a29-dcb20cd385a8.a11692db-98e9-414c-9aed-b9d4a720879f {{(pid=81047) execute /opt/stack/data/venv/lib/python3.10/site-packages/oslo_concurrency/processutils.py:349}}
Nov 12 21:09:05 devstack sudo[86173]: quobyte : PWD=/ ; USER=root ; COMMAND=/opt/stack/data/venv/bin/cinder-rootwrap /etc/cinder/rootwrap.conf env LC_ALL=C qemu-img info -f qcow2 --output=json --force-share /opt/stack/data/cinder/mnt/d1809f900419f7693ecc29ce48226301/volume-97ead37a-f7bb-445f-9a29-dcb20cd385a8.a11692db-98e9-414c-9aed-b9d4a720879f
Nov 12 21:09:05 devstack sudo[86173]: pam_unix(sudo:session): session opened for user root(uid=0) by (uid=1000)
Nov 12 21:09:06 devstack sudo[86173]: pam_unix(sudo:session): session closed for user root
Nov 12 21:09:06 devstack cinder-volume[81047]: DEBUG oslo_concurrency.processutils [None req-b61939bc-7751-42aa-bdf0-bc0503e9e6f4 tempest-VolumeSnapshotQuotasNegativeTestJSON-2024211683 None] CMD "/opt/stack/data/venv/bin/python3.10 -m oslo_concurrency.prlimit --as=1073741824 --cpu=60 -- sudo cinder-rootwrap /etc/cinder/rootwrap.conf env LC_ALL=C qemu-img info -f qcow2 --output=json --force-share /opt/stack/data/cinder/mnt/d1809f900419f7693ecc29ce48226301/volume-97ead37a-f7bb-445f-9a29-dcb20cd385a8.a11692db-98e9-414c-9aed-b9d4a720879f" returned: 0 in 0.776s {{(pid=81047) execute /opt/stack/data/venv/lib/python3.10/site-packages/oslo_concurrency/processutils.py:372}}
Nov 12 21:09:06 devstack cinder-volume[81047]: DEBUG cinder.volume.drivers.remotefs [None req-b61939bc-7751-42aa-bdf0-bc0503e9e6f4 tempest-VolumeSnapshotQuotasNegativeTestJSON-2024211683 None] Fetching qemu-img info with special backing_file_template: (/opt/stack/data/cinder/mnt/[0-9a-f]+/)?(volume-97ead37a-f7bb-445f-9a29-dcb20cd385a8(.(tmp-snap-)?[0-9a-f-]+)?|volume_from_snapshot_cache/(tmp-snap-)?[0-9a-f-]+(.(child-|parent-)[0-9a-f-]+)?)$ {{(pid=81047) _qemu_img_info_base /opt/stack/cinder/cinder/volume/drivers/remotefs.py:886}}
Nov 12 21:09:06 devstack cinder-volume[81047]: DEBUG oslo.privsep.daemon [-] privsep: reply[2d4f8531-7cad-42c0-bffc-ba4d13d8710f]: (4, 'qcow2') {{(pid=81815) _call_back /opt/stack/data/venv/lib/python3.10/site-packages/oslo_privsep/daemon.py:515}}
Nov 12 21:09:06 devstack cinder-volume[81047]: DEBUG oslo_concurrency.processutils [None req-b61939bc-7751-42aa-bdf0-bc0503e9e6f4 tempest-VolumeSnapshotQuotasNegativeTestJSON-2024211683 None] Running cmd (subprocess): /opt/stack/data/venv/bin/python3.10 -m oslo_concurrency.prlimit --as=1073741824 --cpu=60 -- sudo cinder-rootwrap /etc/cinder/rootwrap.conf env LC_ALL=C qemu-img info -f qcow2 --output=json --force-share /opt/stack/data/cinder/mnt/d1809f900419f7693ecc29ce48226301/volume-97ead37a-f7bb-445f-9a29-dcb20cd385a8 {{(pid=81047) execute /opt/stack/data/venv/lib/python3.10/site-packages/oslo_concurrency/processutils.py:349}}
Nov 12 21:09:06 devstack cinder-volume[81047]: WARNING cinder.volume.volume_utils [req-df0c1880-88f7-4681-b683-56200f0338f2 req-bda21474-af07-4437-addc-78d1828ab0be tempest-TaggedBootDevicesTest_v242-1790529256 None] Volume driver (QuobyteDriver 1.1.13) is currently unsupported and may be removed in the next release of OpenStack. Use at your own risk.
Nov 12 21:09:06 devstack cinder-volume[81047]: WARNING cinder.volume.volume_utils [req-df0c1880-88f7-4681-b683-56200f0338f2 req-bda21474-af07-4437-addc-78d1828ab0be tempest-TaggedBootDevicesTest_v242-1790529256 None] Volume driver (QuobyteDriver 1.1.13) is currently unsupported and may be removed in the next release of OpenStack. Use at your own risk.
Nov 12 21:09:06 devstack cinder-volume[81047]: INFO cinder.volume.manager [req-df0c1880-88f7-4681-b683-56200f0338f2 req-bda21474-af07-4437-addc-78d1828ab0be tempest-TaggedBootDevicesTest_v242-1790529256 None] Terminate volume connection completed successfully.
Nov 12 21:09:06 devstack cinder-volume[81047]: DEBUG cinder.volume.manager [req-df0c1880-88f7-4681-b683-56200f0338f2 req-bda21474-af07-4437-addc-78d1828ab0be tempest-TaggedBootDevicesTest_v242-1790529256 None] Deleting attachment f55a05b4-d96e-4d7f-9adf-6ae19fb00b73. {{(pid=81047) attachment_delete /opt/stack/cinder/cinder/volume/manager.py:5023}}
Nov 12 21:09:06 devstack sudo[86178]: quobyte : PWD=/ ; USER=root ; COMMAND=/opt/stack/data/venv/bin/cinder-rootwrap /etc/cinder/rootwrap.conf env LC_ALL=C qemu-img info -f qcow2 --output=json --force-share /opt/stack/data/cinder/mnt/d1809f900419f7693ecc29ce48226301/volume-97ead37a-f7bb-445f-9a29-dcb20cd385a8
Nov 12 21:09:06 devstack sudo[86178]: pam_unix(sudo:session): session opened for user root(uid=0) by (uid=1000)
Nov 12 21:09:07 devstack cinder-volume[81047]: WARNING cinder.volume.volume_utils [req-df0c1880-88f7-4681-b683-56200f0338f2 req-bec2703b-36aa-4c0a-ae97-e48b10aa9955 tempest-TaggedBootDevicesTest_v242-1790529256 None] Volume driver (QuobyteDriver 1.1.13) is currently unsupported and may be removed in the next release of OpenStack. Use at your own risk.
Nov 12 21:09:07 devstack cinder-volume[81047]: WARNING cinder.volume.volume_utils [req-df0c1880-88f7-4681-b683-56200f0338f2 req-bec2703b-36aa-4c0a-ae97-e48b10aa9955 tempest-TaggedBootDevicesTest_v242-1790529256 None] Volume driver (QuobyteDriver 1.1.13) is currently unsupported and may be removed in the next release of OpenStack. Use at your own risk.
Nov 12 21:09:07 devstack cinder-volume[81047]: INFO cinder.volume.manager [req-df0c1880-88f7-4681-b683-56200f0338f2 req-bec2703b-36aa-4c0a-ae97-e48b10aa9955 tempest-TaggedBootDevicesTest_v242-1790529256 None] Terminate volume connection completed successfully.
Nov 12 21:09:07 devstack cinder-volume[81047]: DEBUG cinder.volume.manager [req-df0c1880-88f7-4681-b683-56200f0338f2 req-bec2703b-36aa-4c0a-ae97-e48b10aa9955 tempest-TaggedBootDevicesTest_v242-1790529256 None] Deleting attachment c79314a8-8c67-4dbd-b3a9-ed7561b777f7. {{(pid=81047) attachment_delete /opt/stack/cinder/cinder/volume/manager.py:5023}}
Nov 12 21:09:07 devstack sudo[86178]: pam_unix(sudo:session): session closed for user root
Nov 12 21:09:07 devstack cinder-volume[81047]: DEBUG oslo_concurrency.processutils [None req-b61939bc-7751-42aa-bdf0-bc0503e9e6f4 tempest-VolumeSnapshotQuotasNegativeTestJSON-2024211683 None] CMD "/opt/stack/data/venv/bin/python3.10 -m oslo_concurrency.prlimit --as=1073741824 --cpu=60 -- sudo cinder-rootwrap /etc/cinder/rootwrap.conf env LC_ALL=C qemu-img info -f qcow2 --output=json --force-share /opt/stack/data/cinder/mnt/d1809f900419f7693ecc29ce48226301/volume-97ead37a-f7bb-445f-9a29-dcb20cd385a8" returned: 0 in 0.828s {{(pid=81047) execute /opt/stack/data/venv/lib/python3.10/site-packages/oslo_concurrency/processutils.py:372}}
Nov 12 21:09:07 devstack cinder-volume[81047]: DEBUG oslo_concurrency.processutils [None req-b61939bc-7751-42aa-bdf0-bc0503e9e6f4 tempest-VolumeSnapshotQuotasNegativeTestJSON-2024211683 None] Running cmd (subprocess): sudo cinder-rootwrap /etc/cinder/rootwrap.conf qemu-img commit -d /opt/stack/data/cinder/mnt/d1809f900419f7693ecc29ce48226301/volume-97ead37a-f7bb-445f-9a29-dcb20cd385a8.a11692db-98e9-414c-9aed-b9d4a720879f {{(pid=81047) execute /opt/stack/data/venv/lib/python3.10/site-packages/oslo_concurrency/processutils.py:349}}
Nov 12 21:09:07 devstack sudo[86183]: quobyte : PWD=/ ; USER=root ; COMMAND=/opt/stack/data/venv/bin/cinder-rootwrap /etc/cinder/rootwrap.conf qemu-img commit -d /opt/stack/data/cinder/mnt/d1809f900419f7693ecc29ce48226301/volume-97ead37a-f7bb-445f-9a29-dcb20cd385a8.a11692db-98e9-414c-9aed-b9d4a720879f
Nov 12 21:09:07 devstack sudo[86183]: pam_unix(sudo:session): session opened for user root(uid=0) by (uid=1000)
Nov 12 21:09:07 devstack cinder-volume[81047]: DEBUG oslo_concurrency.lockutils [req-57157c32-f365-40c1-a0cb-2b4cd44fa8af req-f985c2ff-cd1d-4397-94f9-d12f090575e1 tempest-ServerActionsV293TestJSON-281225218 None] Acquiring lock "quobyte" by "cinder.volume.drivers.quobyte.QuobyteDriver.initialize_connection" {{(pid=81047) inner /opt/stack/data/venv/lib/python3.10/site-packages/oslo_concurrency/lockutils.py:405}}
Nov 12 21:09:07 devstack cinder-volume[81047]: DEBUG oslo_concurrency.lockutils [req-57157c32-f365-40c1-a0cb-2b4cd44fa8af req-f985c2ff-cd1d-4397-94f9-d12f090575e1 tempest-ServerActionsV293TestJSON-281225218 None] Lock "quobyte" acquired by "cinder.volume.drivers.quobyte.QuobyteDriver.initialize_connection" :: waited 0.001s {{(pid=81047) inner /opt/stack/data/venv/lib/python3.10/site-packages/oslo_concurrency/lockutils.py:410}}
Nov 12 21:09:07 devstack cinder-volume[81047]: DEBUG oslo.privsep.daemon [-] privsep: reply[f41ac594-5f0a-4a64-8907-b3aacf698ffc]: (4, 'raw') {{(pid=81815) _call_back /opt/stack/data/venv/lib/python3.10/site-packages/oslo_privsep/daemon.py:515}}
Nov 12 21:09:07 devstack cinder-volume[81047]: DEBUG oslo_concurrency.processutils [req-57157c32-f365-40c1-a0cb-2b4cd44fa8af req-f985c2ff-cd1d-4397-94f9-d12f090575e1 tempest-ServerActionsV293TestJSON-281225218 None] Running cmd (subprocess): /opt/stack/data/venv/bin/python3.10 -m oslo_concurrency.prlimit --as=1073741824 --cpu=60 -- sudo cinder-rootwrap /etc/cinder/rootwrap.conf env LC_ALL=C qemu-img info -f raw --output=json --force-share /opt/stack/data/cinder/mnt/d1809f900419f7693ecc29ce48226301/volume-e87bf221-8689-4c69-8560-b6ecf786b39b {{(pid=81047) execute /opt/stack/data/venv/lib/python3.10/site-packages/oslo_concurrency/processutils.py:349}}
Nov 12 21:09:07 devstack cinder-volume[81047]: WARNING cinder.volume.volume_utils [req-df0c1880-88f7-4681-b683-56200f0338f2 req-4b030b7c-62f2-4361-9444-636e01af4ed1 tempest-TaggedBootDevicesTest_v242-1790529256 None] Volume driver (QuobyteDriver 1.1.13) is currently unsupported and may be removed in the next release of OpenStack. Use at your own risk.
Nov 12 21:09:07 devstack cinder-volume[81047]: WARNING cinder.volume.volume_utils [req-df0c1880-88f7-4681-b683-56200f0338f2 req-4b030b7c-62f2-4361-9444-636e01af4ed1 tempest-TaggedBootDevicesTest_v242-1790529256 None] Volume driver (QuobyteDriver 1.1.13) is currently unsupported and may be removed in the next release of OpenStack. Use at your own risk.
Nov 12 21:09:07 devstack cinder-volume[81047]: INFO cinder.volume.manager [req-df0c1880-88f7-4681-b683-56200f0338f2 req-4b030b7c-62f2-4361-9444-636e01af4ed1 tempest-TaggedBootDevicesTest_v242-1790529256 None] Terminate volume connection completed successfully.
Nov 12 21:09:07 devstack cinder-volume[81047]: DEBUG cinder.volume.manager [req-df0c1880-88f7-4681-b683-56200f0338f2 req-4b030b7c-62f2-4361-9444-636e01af4ed1 tempest-TaggedBootDevicesTest_v242-1790529256 None] Deleting attachment 92b781cf-2e2e-42be-b1cc-c7029820ee98. {{(pid=81047) attachment_delete /opt/stack/cinder/cinder/volume/manager.py:5023}}
Nov 12 21:09:07 devstack sudo[86193]: quobyte : PWD=/ ; USER=root ; COMMAND=/opt/stack/data/venv/bin/cinder-rootwrap /etc/cinder/rootwrap.conf env LC_ALL=C qemu-img info -f raw --output=json --force-share /opt/stack/data/cinder/mnt/d1809f900419f7693ecc29ce48226301/volume-e87bf221-8689-4c69-8560-b6ecf786b39b
Nov 12 21:09:07 devstack sudo[86193]: pam_unix(sudo:session): session opened for user root(uid=0) by (uid=1000)
Nov 12 21:09:07 devstack sudo[86183]: pam_unix(sudo:session): session closed for user root
Nov 12 21:09:07 devstack cinder-volume[81047]: DEBUG oslo_concurrency.processutils [None req-b61939bc-7751-42aa-bdf0-bc0503e9e6f4 tempest-VolumeSnapshotQuotasNegativeTestJSON-2024211683 None] CMD "sudo cinder-rootwrap /etc/cinder/rootwrap.conf qemu-img commit -d /opt/stack/data/cinder/mnt/d1809f900419f7693ecc29ce48226301/volume-97ead37a-f7bb-445f-9a29-dcb20cd385a8.a11692db-98e9-414c-9aed-b9d4a720879f" returned: 0 in 0.730s {{(pid=81047) execute /opt/stack/data/venv/lib/python3.10/site-packages/oslo_concurrency/processutils.py:372}}
Nov 12 21:09:07 devstack cinder-volume[81047]: DEBUG oslo_concurrency.processutils [None req-b61939bc-7751-42aa-bdf0-bc0503e9e6f4 tempest-VolumeSnapshotQuotasNegativeTestJSON-2024211683 None] Running cmd (subprocess): sudo cinder-rootwrap /etc/cinder/rootwrap.conf rm -f /opt/stack/data/cinder/mnt/d1809f900419f7693ecc29ce48226301/volume-97ead37a-f7bb-445f-9a29-dcb20cd385a8.a11692db-98e9-414c-9aed-b9d4a720879f {{(pid=81047) execute /opt/stack/data/venv/lib/python3.10/site-packages/oslo_concurrency/processutils.py:349}}
Nov 12 21:09:07 devstack sudo[86198]: quobyte : PWD=/ ; USER=root ; COMMAND=/opt/stack/data/venv/bin/cinder-rootwrap /etc/cinder/rootwrap.conf rm -f /opt/stack/data/cinder/mnt/d1809f900419f7693ecc29ce48226301/volume-97ead37a-f7bb-445f-9a29-dcb20cd385a8.a11692db-98e9-414c-9aed-b9d4a720879f
Nov 12 21:09:07 devstack sudo[86198]: pam_unix(sudo:session): session opened for user root(uid=0) by (uid=1000)
Nov 12 21:09:08 devstack sudo[86193]: pam_unix(sudo:session): session closed for user root
Nov 12 21:09:08 devstack cinder-volume[81047]: DEBUG oslo_concurrency.processutils [req-57157c32-f365-40c1-a0cb-2b4cd44fa8af req-f985c2ff-cd1d-4397-94f9-d12f090575e1 tempest-ServerActionsV293TestJSON-281225218 None] CMD "/opt/stack/data/venv/bin/python3.10 -m oslo_concurrency.prlimit --as=1073741824 --cpu=60 -- sudo cinder-rootwrap /etc/cinder/rootwrap.conf env LC_ALL=C qemu-img info -f raw --output=json --force-share /opt/stack/data/cinder/mnt/d1809f900419f7693ecc29ce48226301/volume-e87bf221-8689-4c69-8560-b6ecf786b39b" returned: 0 in 0.976s {{(pid=81047) execute /opt/stack/data/venv/lib/python3.10/site-packages/oslo_concurrency/processutils.py:372}}
Nov 12 21:09:08 devstack cinder-volume[81047]: DEBUG oslo_concurrency.processutils [req-57157c32-f365-40c1-a0cb-2b4cd44fa8af req-f985c2ff-cd1d-4397-94f9-d12f090575e1 tempest-ServerActionsV293TestJSON-281225218 None] Running cmd (subprocess): /opt/stack/data/venv/bin/python3.10 -m oslo_concurrency.prlimit --as=1073741824 --cpu=60 -- sudo cinder-rootwrap /etc/cinder/rootwrap.conf env LC_ALL=C qemu-img info -f luks --output=json --force-share /opt/stack/data/cinder/mnt/d1809f900419f7693ecc29ce48226301/volume-e87bf221-8689-4c69-8560-b6ecf786b39b {{(pid=81047) execute /opt/stack/data/venv/lib/python3.10/site-packages/oslo_concurrency/processutils.py:349}}
Nov 12 21:09:08 devstack sudo[86198]: pam_unix(sudo:session): session closed for user root
Nov 12 21:09:08 devstack cinder-volume[81047]: DEBUG oslo_concurrency.processutils [None req-b61939bc-7751-42aa-bdf0-bc0503e9e6f4 tempest-VolumeSnapshotQuotasNegativeTestJSON-2024211683 None] CMD "sudo cinder-rootwrap /etc/cinder/rootwrap.conf rm -f /opt/stack/data/cinder/mnt/d1809f900419f7693ecc29ce48226301/volume-97ead37a-f7bb-445f-9a29-dcb20cd385a8.a11692db-98e9-414c-9aed-b9d4a720879f" returned: 0 in 0.743s {{(pid=81047) execute /opt/stack/data/venv/lib/python3.10/site-packages/oslo_concurrency/processutils.py:372}}
Nov 12 21:09:08 devstack cinder-volume[81047]: DEBUG cinder.coordination [None req-b61939bc-7751-42aa-bdf0-bc0503e9e6f4 tempest-VolumeSnapshotQuotasNegativeTestJSON-2024211683 None] Lock "cinder-quobyte-a11692db-98e9-414c-9aed-b9d4a720879f" released by "_delete_snapshot" :: held 3.261s {{(pid=81047) __release /opt/stack/cinder/cinder/coordination.py:157}}
Nov 12 21:09:08 devstack cinder-volume[81047]: DEBUG cinder.coordination [None req-b61939bc-7751-42aa-bdf0-bc0503e9e6f4 tempest-VolumeSnapshotQuotasNegativeTestJSON-2024211683 None] Lock "cinder-quobyte-97ead37a-f7bb-445f-9a29-dcb20cd385a8" released by "delete_snapshot" :: held 3.273s {{(pid=81047) __release /opt/stack/cinder/cinder/coordination.py:157}}
Nov 12 21:09:08 devstack cinder-volume[81047]: DEBUG cinder.quota [None req-b61939bc-7751-42aa-bdf0-bc0503e9e6f4 tempest-VolumeSnapshotQuotasNegativeTestJSON-2024211683 None] Created reservations ['f359fc1f-5aa2-4271-89af-500a467435f8', '14445807-f6fe-416a-bfc2-448699b83049', '5772c3d7-a0be-4eb9-bcd7-7633df8bbe5d', '837ff191-288a-4a11-a8f3-3d08e9031bab'] {{(pid=81047) reserve /opt/stack/cinder/cinder/quota.py:752}}
Nov 12 21:09:08 devstack sudo[86204]: quobyte : PWD=/ ; USER=root ; COMMAND=/opt/stack/data/venv/bin/cinder-rootwrap /etc/cinder/rootwrap.conf env LC_ALL=C qemu-img info -f luks --output=json --force-share /opt/stack/data/cinder/mnt/d1809f900419f7693ecc29ce48226301/volume-e87bf221-8689-4c69-8560-b6ecf786b39b
Nov 12 21:09:08 devstack sudo[86204]: pam_unix(sudo:session): session opened for user root(uid=0) by (uid=1000)
Nov 12 21:09:08 devstack cinder-volume[81047]: INFO cinder.volume.manager [None req-b61939bc-7751-42aa-bdf0-bc0503e9e6f4 tempest-VolumeSnapshotQuotasNegativeTestJSON-2024211683 None] Delete snapshot completed successfully.
Nov 12 21:09:08 devstack cinder-volume[81047]: DEBUG cinder.coordination [None req-b61939bc-7751-42aa-bdf0-bc0503e9e6f4 tempest-VolumeSnapshotQuotasNegativeTestJSON-2024211683 None] Lock "cinder-a11692db-98e9-414c-9aed-b9d4a720879f-delete_snapshot" released by "delete_snapshot" :: held 3.380s {{(pid=81047) __release /opt/stack/cinder/cinder/coordination.py:157}}
Nov 12 21:09:09 devstack sudo[86204]: pam_unix(sudo:session): session closed for user root
Nov 12 21:09:09 devstack cinder-volume[81047]: DEBUG oslo_concurrency.processutils [req-57157c32-f365-40c1-a0cb-2b4cd44fa8af req-f985c2ff-cd1d-4397-94f9-d12f090575e1 tempest-ServerActionsV293TestJSON-281225218 None] CMD "/opt/stack/data/venv/bin/python3.10 -m oslo_concurrency.prlimit --as=1073741824 --cpu=60 -- sudo cinder-rootwrap /etc/cinder/rootwrap.conf env LC_ALL=C qemu-img info -f luks --output=json --force-share /opt/stack/data/cinder/mnt/d1809f900419f7693ecc29ce48226301/volume-e87bf221-8689-4c69-8560-b6ecf786b39b" returned: 1 in 0.632s {{(pid=81047) execute /opt/stack/data/venv/lib/python3.10/site-packages/oslo_concurrency/processutils.py:372}}
Nov 12 21:09:09 devstack cinder-volume[81047]: DEBUG oslo_concurrency.processutils [req-57157c32-f365-40c1-a0cb-2b4cd44fa8af req-f985c2ff-cd1d-4397-94f9-d12f090575e1 tempest-ServerActionsV293TestJSON-281225218 None] '/opt/stack/data/venv/bin/python3.10 -m oslo_concurrency.prlimit --as=1073741824 --cpu=60 -- sudo cinder-rootwrap /etc/cinder/rootwrap.conf env LC_ALL=C qemu-img info -f luks --output=json --force-share /opt/stack/data/cinder/mnt/d1809f900419f7693ecc29ce48226301/volume-e87bf221-8689-4c69-8560-b6ecf786b39b' failed. Not Retrying. {{(pid=81047) execute /opt/stack/data/venv/lib/python3.10/site-packages/oslo_concurrency/processutils.py:423}}
Nov 12 21:09:09 devstack cinder-volume[81047]: DEBUG oslo_concurrency.lockutils [req-57157c32-f365-40c1-a0cb-2b4cd44fa8af req-f985c2ff-cd1d-4397-94f9-d12f090575e1 tempest-ServerActionsV293TestJSON-281225218 None] Lock "quobyte" "released" by "cinder.volume.drivers.quobyte.QuobyteDriver.initialize_connection" :: held 1.659s {{(pid=81047) inner /opt/stack/data/venv/lib/python3.10/site-packages/oslo_concurrency/lockutils.py:424}}
Nov 12 21:09:09 devstack cinder-volume[81047]: DEBUG cinder.volume.manager [req-57157c32-f365-40c1-a0cb-2b4cd44fa8af req-f985c2ff-cd1d-4397-94f9-d12f090575e1 tempest-ServerActionsV293TestJSON-281225218 None] Connection info returned from driver {'export': 'osci02.corp.quobyte.com/cinder-vol-3a831bcc-ef7b-42b7-8664-6d0a53fc8834', 'name': 'volume-e87bf221-8689-4c69-8560-b6ecf786b39b', 'options': None, 'format': 'raw', 'qos_specs': None, 'access_mode': 'rw', 'encrypted': False, 'cacheable': False, 'driver_volume_type': 'quobyte', 'mount_point_base': '/opt/stack/data/cinder/mnt', 'attachment_id': '5a9527d9-9e8a-4537-8d5e-b89a53cac791', 'enforce_multipath': True} {{(pid=81047) _connection_create /opt/stack/cinder/cinder/volume/manager.py:4892}}
Nov 12 21:09:09 devstack cinder-volume[81047]: WARNING cinder.volume.volume_utils [req-57157c32-f365-40c1-a0cb-2b4cd44fa8af req-f985c2ff-cd1d-4397-94f9-d12f090575e1 tempest-ServerActionsV293TestJSON-281225218 None] Volume driver (QuobyteDriver 1.1.13) is currently unsupported and may be removed in the next release of OpenStack. Use at your own risk.
Nov 12 21:09:09 devstack cinder-volume[81047]: INFO cinder.volume.manager [req-57157c32-f365-40c1-a0cb-2b4cd44fa8af req-f985c2ff-cd1d-4397-94f9-d12f090575e1 tempest-ServerActionsV293TestJSON-281225218 None] attachment_update completed successfully.
Nov 12 21:09:09 devstack cinder-volume[81047]: DEBUG cinder.coordination [None req-817196d6-3d2b-41d3-83aa-6f26dbc5b7b9 tempest-VolumeSnapshotQuotasNegativeTestJSON-2024211683 None] Acquiring lock "cinder-97ead37a-f7bb-445f-9a29-dcb20cd385a8-delete_volume" by "delete_volume" {{(pid=81047) __acquire /opt/stack/cinder/cinder/coordination.py:143}}
Nov 12 21:09:09 devstack cinder-volume[81047]: DEBUG cinder.coordination [None req-817196d6-3d2b-41d3-83aa-6f26dbc5b7b9 tempest-VolumeSnapshotQuotasNegativeTestJSON-2024211683 None] Lock "cinder-97ead37a-f7bb-445f-9a29-dcb20cd385a8-delete_volume" acquired by "delete_volume" :: waited 0.010s {{(pid=81047) __acquire /opt/stack/cinder/cinder/coordination.py:146}}
Nov 12 21:09:09 devstack cinder-volume[81047]: WARNING cinder.volume.volume_utils [None req-817196d6-3d2b-41d3-83aa-6f26dbc5b7b9 tempest-VolumeSnapshotQuotasNegativeTestJSON-2024211683 None] Volume driver (QuobyteDriver 1.1.13) is currently unsupported and may be removed in the next release of OpenStack. Use at your own risk.
Nov 12 21:09:09 devstack cinder-volume[81047]: DEBUG cinder.coordination [None req-817196d6-3d2b-41d3-83aa-6f26dbc5b7b9 tempest-VolumeSnapshotQuotasNegativeTestJSON-2024211683 None] Acquiring lock "cinder-quobyte-97ead37a-f7bb-445f-9a29-dcb20cd385a8" by "delete_volume" {{(pid=81047) __acquire /opt/stack/cinder/cinder/coordination.py:143}}
Nov 12 21:09:09 devstack cinder-volume[81047]: DEBUG cinder.coordination [None req-817196d6-3d2b-41d3-83aa-6f26dbc5b7b9 tempest-VolumeSnapshotQuotasNegativeTestJSON-2024211683 None] Lock "cinder-quobyte-97ead37a-f7bb-445f-9a29-dcb20cd385a8" acquired by "delete_volume" :: waited 0.014s {{(pid=81047) __acquire /opt/stack/cinder/cinder/coordination.py:146}}
Nov 12 21:09:09 devstack cinder-volume[81047]: DEBUG oslo.privsep.daemon [-] privsep: reply[7cd4baa0-6c4b-4be6-91e1-21614a027e22]: (4, 'qcow2') {{(pid=81815) _call_back /opt/stack/data/venv/lib/python3.10/site-packages/oslo_privsep/daemon.py:515}}
Nov 12 21:09:09 devstack cinder-volume[81047]: DEBUG oslo_concurrency.processutils [None req-817196d6-3d2b-41d3-83aa-6f26dbc5b7b9 tempest-VolumeSnapshotQuotasNegativeTestJSON-2024211683 None] Running cmd (subprocess): /opt/stack/data/venv/bin/python3.10 -m oslo_concurrency.prlimit --as=1073741824 --cpu=60 -- sudo cinder-rootwrap /etc/cinder/rootwrap.conf env LC_ALL=C qemu-img info -f qcow2 --output=json --force-share /opt/stack/data/cinder/mnt/d1809f900419f7693ecc29ce48226301/volume-97ead37a-f7bb-445f-9a29-dcb20cd385a8 {{(pid=81047) execute /opt/stack/data/venv/lib/python3.10/site-packages/oslo_concurrency/processutils.py:349}}
Nov 12 21:09:09 devstack sudo[86248]: quobyte : PWD=/ ; USER=root ; COMMAND=/opt/stack/data/venv/bin/cinder-rootwrap /etc/cinder/rootwrap.conf env LC_ALL=C qemu-img info -f qcow2 --output=json --force-share /opt/stack/data/cinder/mnt/d1809f900419f7693ecc29ce48226301/volume-97ead37a-f7bb-445f-9a29-dcb20cd385a8
Nov 12 21:09:09 devstack sudo[86248]: pam_unix(sudo:session): session opened for user root(uid=0) by (uid=1000)
Nov 12 21:09:10 devstack sudo[86248]: pam_unix(sudo:session): session closed for user root
Nov 12 21:09:10 devstack cinder-volume[81047]: DEBUG oslo_concurrency.processutils [None req-817196d6-3d2b-41d3-83aa-6f26dbc5b7b9 tempest-VolumeSnapshotQuotasNegativeTestJSON-2024211683 None] CMD "/opt/stack/data/venv/bin/python3.10 -m oslo_concurrency.prlimit --as=1073741824 --cpu=60 -- sudo cinder-rootwrap /etc/cinder/rootwrap.conf env LC_ALL=C qemu-img info -f qcow2 --output=json --force-share /opt/stack/data/cinder/mnt/d1809f900419f7693ecc29ce48226301/volume-97ead37a-f7bb-445f-9a29-dcb20cd385a8" returned: 0 in 0.615s {{(pid=81047) execute /opt/stack/data/venv/lib/python3.10/site-packages/oslo_concurrency/processutils.py:372}}
Nov 12 21:09:10 devstack cinder-volume[81047]: DEBUG oslo_concurrency.processutils [None req-817196d6-3d2b-41d3-83aa-6f26dbc5b7b9 tempest-VolumeSnapshotQuotasNegativeTestJSON-2024211683 None] Running cmd (subprocess): sudo cinder-rootwrap /etc/cinder/rootwrap.conf rm -f /opt/stack/data/cinder/mnt/d1809f900419f7693ecc29ce48226301/volume-97ead37a-f7bb-445f-9a29-dcb20cd385a8 {{(pid=81047) execute /opt/stack/data/venv/lib/python3.10/site-packages/oslo_concurrency/processutils.py:349}}
Nov 12 21:09:10 devstack sudo[86253]: quobyte : PWD=/ ; USER=root ; COMMAND=/opt/stack/data/venv/bin/cinder-rootwrap /etc/cinder/rootwrap.conf rm -f /opt/stack/data/cinder/mnt/d1809f900419f7693ecc29ce48226301/volume-97ead37a-f7bb-445f-9a29-dcb20cd385a8
Nov 12 21:09:10 devstack sudo[86253]: pam_unix(sudo:session): session opened for user root(uid=0) by (uid=1000)
Nov 12 21:09:10 devstack sudo[86253]: pam_unix(sudo:session): session closed for user root
Nov 12 21:09:10 devstack cinder-volume[81047]: DEBUG oslo_concurrency.processutils [None req-817196d6-3d2b-41d3-83aa-6f26dbc5b7b9 tempest-VolumeSnapshotQuotasNegativeTestJSON-2024211683 None] CMD "sudo cinder-rootwrap /etc/cinder/rootwrap.conf rm -f /opt/stack/data/cinder/mnt/d1809f900419f7693ecc29ce48226301/volume-97ead37a-f7bb-445f-9a29-dcb20cd385a8" returned: 0 in 0.501s {{(pid=81047) execute /opt/stack/data/venv/lib/python3.10/site-packages/oslo_concurrency/processutils.py:372}}
Nov 12 21:09:10 devstack cinder-volume[81047]: DEBUG cinder.coordination [None req-817196d6-3d2b-41d3-83aa-6f26dbc5b7b9 tempest-VolumeSnapshotQuotasNegativeTestJSON-2024211683 None] Lock "cinder-quobyte-97ead37a-f7bb-445f-9a29-dcb20cd385a8" released by "delete_volume" :: held 1.155s {{(pid=81047) __release /opt/stack/cinder/cinder/coordination.py:157}}
Nov 12 21:09:10 devstack cinder-volume[81047]: DEBUG cinder.quota [None req-817196d6-3d2b-41d3-83aa-6f26dbc5b7b9 tempest-VolumeSnapshotQuotasNegativeTestJSON-2024211683 None] Created reservations ['e027a085-a48b-4c13-876f-b7d4c6a03a1a', '5632abfa-2194-4040-9344-47e6c9e59956', '49243c40-0393-4d11-92d3-701c9d5ad2ac', 'f4cd9689-107c-4672-a04f-2334176baa67'] {{(pid=81047) reserve /opt/stack/cinder/cinder/quota.py:752}}
Nov 12 21:09:10 devstack cinder-volume[81047]: DEBUG oslo_concurrency.lockutils [None req-817196d6-3d2b-41d3-83aa-6f26dbc5b7b9 tempest-VolumeSnapshotQuotasNegativeTestJSON-2024211683 None] Acquiring lock "quobyte_ensure" by "cinder.volume.drivers.quobyte.QuobyteDriver._ensure_shares_mounted" {{(pid=81047) inner /opt/stack/data/venv/lib/python3.10/site-packages/oslo_concurrency/lockutils.py:405}}
Nov 12 21:09:10 devstack cinder-volume[81047]: DEBUG oslo_concurrency.lockutils [None req-817196d6-3d2b-41d3-83aa-6f26dbc5b7b9 tempest-VolumeSnapshotQuotasNegativeTestJSON-2024211683 None] Lock "quobyte_ensure" acquired by "cinder.volume.drivers.quobyte.QuobyteDriver._ensure_shares_mounted" :: waited 0.001s {{(pid=81047) inner /opt/stack/data/venv/lib/python3.10/site-packages/oslo_concurrency/lockutils.py:410}}
Nov 12 21:09:10 devstack cinder-volume[81047]: DEBUG cinder.volume.drivers.quobyte [None req-817196d6-3d2b-41d3-83aa-6f26dbc5b7b9 tempest-VolumeSnapshotQuotasNegativeTestJSON-2024211683 None] Quobyte Volume URL set to: {'osci02.corp.quobyte.com/cinder-vol-3a831bcc-ef7b-42b7-8664-6d0a53fc8834': None} {{(pid=81047) _load_shares_config /opt/stack/cinder/cinder/volume/drivers/quobyte.py:604}}
Nov 12 21:09:10 devstack cinder-volume[81047]: DEBUG cinder.volume.drivers.quobyte [None req-817196d6-3d2b-41d3-83aa-6f26dbc5b7b9 tempest-VolumeSnapshotQuotasNegativeTestJSON-2024211683 None] Available shares ['osci02.corp.quobyte.com/cinder-vol-3a831bcc-ef7b-42b7-8664-6d0a53fc8834'] {{(pid=81047) _ensure_shares_mounted /opt/stack/cinder/cinder/volume/drivers/quobyte.py:634}}
Nov 12 21:09:10 devstack cinder-volume[81047]: DEBUG oslo_concurrency.lockutils [None req-817196d6-3d2b-41d3-83aa-6f26dbc5b7b9 tempest-VolumeSnapshotQuotasNegativeTestJSON-2024211683 None] Lock "quobyte_ensure" "released" by "cinder.volume.drivers.quobyte.QuobyteDriver._ensure_shares_mounted" :: held 0.004s {{(pid=81047) inner /opt/stack/data/venv/lib/python3.10/site-packages/oslo_concurrency/lockutils.py:424}}
Nov 12 21:09:10 devstack cinder-volume[81047]: DEBUG oslo_concurrency.processutils [None req-817196d6-3d2b-41d3-83aa-6f26dbc5b7b9 tempest-VolumeSnapshotQuotasNegativeTestJSON-2024211683 None] Running cmd (subprocess): sudo cinder-rootwrap /etc/cinder/rootwrap.conf df --portability --block-size 1 /opt/stack/data/cinder/mnt/d1809f900419f7693ecc29ce48226301 {{(pid=81047) execute /opt/stack/data/venv/lib/python3.10/site-packages/oslo_concurrency/processutils.py:349}}
Nov 12 21:09:11 devstack sudo[86256]: quobyte : PWD=/ ; USER=root ; COMMAND=/opt/stack/data/venv/bin/cinder-rootwrap /etc/cinder/rootwrap.conf df --portability --block-size 1 /opt/stack/data/cinder/mnt/d1809f900419f7693ecc29ce48226301
Nov 12 21:09:11 devstack sudo[86256]: pam_unix(sudo:session): session opened for user root(uid=0) by (uid=1000)
Nov 12 21:09:11 devstack sudo[86256]: pam_unix(sudo:session): session closed for user root
Nov 12 21:09:11 devstack cinder-volume[81047]: DEBUG oslo_concurrency.processutils [None req-817196d6-3d2b-41d3-83aa-6f26dbc5b7b9 tempest-VolumeSnapshotQuotasNegativeTestJSON-2024211683 None] CMD "sudo cinder-rootwrap /etc/cinder/rootwrap.conf df --portability --block-size 1 /opt/stack/data/cinder/mnt/d1809f900419f7693ecc29ce48226301" returned: 0 in 0.593s {{(pid=81047) execute /opt/stack/data/venv/lib/python3.10/site-packages/oslo_concurrency/processutils.py:372}}
Nov 12 21:09:11 devstack cinder-volume[81047]: DEBUG cinder.manager [None req-817196d6-3d2b-41d3-83aa-6f26dbc5b7b9 tempest-VolumeSnapshotQuotasNegativeTestJSON-2024211683 None] Notifying Schedulers of capabilities ... {{(pid=81047) _publish_service_capabilities /opt/stack/cinder/cinder/manager.py:202}}
Nov 12 21:09:11 devstack cinder-volume[81047]: INFO cinder.volume.manager [None req-817196d6-3d2b-41d3-83aa-6f26dbc5b7b9 tempest-VolumeSnapshotQuotasNegativeTestJSON-2024211683 None] Deleted volume successfully.
Nov 12 21:09:11 devstack cinder-volume[81047]: DEBUG cinder.coordination [None req-817196d6-3d2b-41d3-83aa-6f26dbc5b7b9 tempest-VolumeSnapshotQuotasNegativeTestJSON-2024211683 None] Lock "cinder-97ead37a-f7bb-445f-9a29-dcb20cd385a8-delete_volume" released by "delete_volume" :: held 1.897s {{(pid=81047) __release /opt/stack/cinder/cinder/coordination.py:157}}
Nov 12 21:09:15 devstack cinder-volume[81047]: WARNING cinder.volume.volume_utils [req-98d2b8c8-7ec8-4ef4-909d-2957f3265a50 req-e63d6d5a-1325-4eba-943e-e824589034c2 tempest-ServerActionsTestOtherB-1873624566 None] Volume driver (QuobyteDriver 1.1.13) is currently unsupported and may be removed in the next release of OpenStack. Use at your own risk.
Nov 12 21:09:15 devstack cinder-volume[81047]: WARNING cinder.volume.volume_utils [req-98d2b8c8-7ec8-4ef4-909d-2957f3265a50 req-e63d6d5a-1325-4eba-943e-e824589034c2 tempest-ServerActionsTestOtherB-1873624566 None] Volume driver (QuobyteDriver 1.1.13) is currently unsupported and may be removed in the next release of OpenStack. Use at your own risk.
Nov 12 21:09:15 devstack cinder-volume[81047]: INFO cinder.volume.manager [req-98d2b8c8-7ec8-4ef4-909d-2957f3265a50 req-e63d6d5a-1325-4eba-943e-e824589034c2 tempest-ServerActionsTestOtherB-1873624566 None] Terminate volume connection completed successfully.
Nov 12 21:09:15 devstack cinder-volume[81047]: DEBUG cinder.volume.manager [req-98d2b8c8-7ec8-4ef4-909d-2957f3265a50 req-e63d6d5a-1325-4eba-943e-e824589034c2 tempest-ServerActionsTestOtherB-1873624566 None] Deleting attachment ea58885d-b996-47cc-b65e-7c98ac7623f9. {{(pid=81047) attachment_delete /opt/stack/cinder/cinder/volume/manager.py:5023}}
Nov 12 21:09:16 devstack cinder-volume[81047]: DEBUG cinder.coordination [None req-d589c7e6-be02-4190-ad5d-d89197a1b916 tempest-TaggedBootDevicesTest_v242-1790529256 None] Acquiring lock "cinder-bc3be7ea-c428-44ee-b545-735527f19a17-delete_volume" by "delete_volume" {{(pid=81047) __acquire /opt/stack/cinder/cinder/coordination.py:143}}
Nov 12 21:09:16 devstack cinder-volume[81047]: DEBUG cinder.coordination [None req-d589c7e6-be02-4190-ad5d-d89197a1b916 tempest-TaggedBootDevicesTest_v242-1790529256 None] Lock "cinder-bc3be7ea-c428-44ee-b545-735527f19a17-delete_volume" acquired by "delete_volume" :: waited 0.018s {{(pid=81047) __acquire /opt/stack/cinder/cinder/coordination.py:146}}
Nov 12 21:09:16 devstack cinder-volume[81047]: WARNING cinder.volume.volume_utils [None req-d589c7e6-be02-4190-ad5d-d89197a1b916 tempest-TaggedBootDevicesTest_v242-1790529256 None] Volume driver (QuobyteDriver 1.1.13) is currently unsupported and may be removed in the next release of OpenStack. Use at your own risk.
Nov 12 21:09:16 devstack cinder-volume[81047]: DEBUG cinder.coordination [None req-d589c7e6-be02-4190-ad5d-d89197a1b916 tempest-TaggedBootDevicesTest_v242-1790529256 None] Acquiring lock "cinder-quobyte-bc3be7ea-c428-44ee-b545-735527f19a17" by "delete_volume" {{(pid=81047) __acquire /opt/stack/cinder/cinder/coordination.py:143}}
Nov 12 21:09:16 devstack cinder-volume[81047]: DEBUG cinder.coordination [None req-d589c7e6-be02-4190-ad5d-d89197a1b916 tempest-TaggedBootDevicesTest_v242-1790529256 None] Lock "cinder-quobyte-bc3be7ea-c428-44ee-b545-735527f19a17" acquired by "delete_volume" :: waited 0.008s {{(pid=81047) __acquire /opt/stack/cinder/cinder/coordination.py:146}}
Nov 12 21:09:16 devstack cinder-volume[81047]: DEBUG oslo.privsep.daemon [-] privsep: reply[843f457a-2217-43db-976a-bfc9d239ee76]: (4, 'qcow2') {{(pid=81815) _call_back /opt/stack/data/venv/lib/python3.10/site-packages/oslo_privsep/daemon.py:515}}
