Nov 12 21:08:29 devstack cinder-volume[81047]: DEBUG oslo_concurrency.processutils [None req-ff627524-1e45-4d06-98c5-589b49eb04b6 tempest-TaggedAttachmentsTest-2058648919 None] Running cmd (subprocess): /opt/stack/data/venv/bin/python3.10 -m oslo_concurrency.prlimit --as=1073741824 --cpu=60 -- sudo cinder-rootwrap /etc/cinder/rootwrap.conf env LC_ALL=C qemu-img info -f qcow2 --output=json --force-share /opt/stack/data/cinder/mnt/d1809f900419f7693ecc29ce48226301/volume-82448303-00eb-4b10-abcf-77b0222a2206 {{(pid=81047) execute /opt/stack/data/venv/lib/python3.10/site-packages/oslo_concurrency/processutils.py:349}}
Nov 12 21:08:30 devstack sudo[85573]: quobyte : PWD=/ ; USER=root ; COMMAND=/opt/stack/data/venv/bin/cinder-rootwrap /etc/cinder/rootwrap.conf env LC_ALL=C qemu-img info -f qcow2 --output=json --force-share /opt/stack/data/cinder/mnt/d1809f900419f7693ecc29ce48226301/volume-82448303-00eb-4b10-abcf-77b0222a2206
Nov 12 21:08:30 devstack sudo[85573]: pam_unix(sudo:session): session opened for user root(uid=0) by (uid=1000)
Nov 12 21:08:30 devstack sudo[85563]: pam_unix(sudo:session): session closed for user root
Nov 12 21:08:30 devstack cinder-volume[81047]: DEBUG oslo_concurrency.processutils [req-5fffba7b-bf4b-45f4-9db8-ca66b4d54672 req-6246be20-77d5-4948-be99-7d68d62aa142 tempest-VolumesSnapshotsTestJSON-1430915851 None] CMD "sudo cinder-rootwrap /etc/cinder/rootwrap.conf qemu-img create -f qcow2 -o preallocation=metadata /opt/stack/data/cinder/mnt/d1809f900419f7693ecc29ce48226301/volume-150d96d9-2e23-4ba0-aac3-6878e95d8223 1073741824" returned: 0 in 0.830s {{(pid=81047) execute /opt/stack/data/venv/lib/python3.10/site-packages/oslo_concurrency/processutils.py:372}}
Nov 12 21:08:30 devstack cinder-volume[81047]: DEBUG oslo_concurrency.processutils [req-5fffba7b-bf4b-45f4-9db8-ca66b4d54672 req-6246be20-77d5-4948-be99-7d68d62aa142 tempest-VolumesSnapshotsTestJSON-1430915851 None] Running cmd (subprocess): sudo cinder-rootwrap /etc/cinder/rootwrap.conf chmod ugo+rw /opt/stack/data/cinder/mnt/d1809f900419f7693ecc29ce48226301/volume-150d96d9-2e23-4ba0-aac3-6878e95d8223 {{(pid=81047) execute /opt/stack/data/venv/lib/python3.10/site-packages/oslo_concurrency/processutils.py:349}}
Nov 12 21:08:30 devstack sudo[85575]: quobyte : PWD=/ ; USER=root ; COMMAND=/opt/stack/data/venv/bin/cinder-rootwrap /etc/cinder/rootwrap.conf chmod ugo+rw /opt/stack/data/cinder/mnt/d1809f900419f7693ecc29ce48226301/volume-150d96d9-2e23-4ba0-aac3-6878e95d8223
Nov 12 21:08:30 devstack sudo[85575]: pam_unix(sudo:session): session opened for user root(uid=0) by (uid=1000)
Nov 12 21:08:30 devstack sudo[85573]: pam_unix(sudo:session): session closed for user root
Nov 12 21:08:30 devstack cinder-volume[81047]: DEBUG oslo_concurrency.processutils [None req-ff627524-1e45-4d06-98c5-589b49eb04b6 tempest-TaggedAttachmentsTest-2058648919 None] CMD "/opt/stack/data/venv/bin/python3.10 -m oslo_concurrency.prlimit --as=1073741824 --cpu=60 -- sudo cinder-rootwrap /etc/cinder/rootwrap.conf env LC_ALL=C qemu-img info -f qcow2 --output=json --force-share /opt/stack/data/cinder/mnt/d1809f900419f7693ecc29ce48226301/volume-82448303-00eb-4b10-abcf-77b0222a2206" returned: 0 in 0.624s {{(pid=81047) execute /opt/stack/data/venv/lib/python3.10/site-packages/oslo_concurrency/processutils.py:372}}
Nov 12 21:08:30 devstack cinder-volume[81047]: DEBUG oslo_concurrency.processutils [None req-ff627524-1e45-4d06-98c5-589b49eb04b6 tempest-TaggedAttachmentsTest-2058648919 None] Running cmd (subprocess): sudo cinder-rootwrap /etc/cinder/rootwrap.conf rm -f /opt/stack/data/cinder/mnt/d1809f900419f7693ecc29ce48226301/volume-82448303-00eb-4b10-abcf-77b0222a2206 {{(pid=81047) execute /opt/stack/data/venv/lib/python3.10/site-packages/oslo_concurrency/processutils.py:349}}
Nov 12 21:08:30 devstack sudo[85582]: quobyte : PWD=/ ; USER=root ; COMMAND=/opt/stack/data/venv/bin/cinder-rootwrap /etc/cinder/rootwrap.conf rm -f /opt/stack/data/cinder/mnt/d1809f900419f7693ecc29ce48226301/volume-82448303-00eb-4b10-abcf-77b0222a2206
Nov 12 21:08:30 devstack sudo[85582]: pam_unix(sudo:session): session opened for user root(uid=0) by (uid=1000)
Nov 12 21:08:30 devstack sudo[85575]: pam_unix(sudo:session): session closed for user root
Nov 12 21:08:30 devstack cinder-volume[81047]: DEBUG oslo_concurrency.processutils [req-5fffba7b-bf4b-45f4-9db8-ca66b4d54672 req-6246be20-77d5-4948-be99-7d68d62aa142 tempest-VolumesSnapshotsTestJSON-1430915851 None] CMD "sudo cinder-rootwrap /etc/cinder/rootwrap.conf chmod ugo+rw /opt/stack/data/cinder/mnt/d1809f900419f7693ecc29ce48226301/volume-150d96d9-2e23-4ba0-aac3-6878e95d8223" returned: 0 in 0.532s {{(pid=81047) execute /opt/stack/data/venv/lib/python3.10/site-packages/oslo_concurrency/processutils.py:372}}
Nov 12 21:08:30 devstack cinder-volume[81047]: DEBUG cinder.volume.drivers.quobyte [req-5fffba7b-bf4b-45f4-9db8-ca66b4d54672 req-6246be20-77d5-4948-be99-7d68d62aa142 tempest-VolumesSnapshotsTestJSON-1430915851 None] <== create_volume: return (1379ms) {'provider_location': 'osci02.corp.quobyte.com/cinder-vol-3a831bcc-ef7b-42b7-8664-6d0a53fc8834'} {{(pid=81047) trace_logging_wrapper /opt/stack/cinder/cinder/volume/volume_utils.py:1523}}
Nov 12 21:08:30 devstack cinder-volume[81047]: DEBUG oslo_concurrency.lockutils [req-5fffba7b-bf4b-45f4-9db8-ca66b4d54672 req-6246be20-77d5-4948-be99-7d68d62aa142 tempest-VolumesSnapshotsTestJSON-1430915851 None] Lock "quobyte" "released" by "cinder.volume.drivers.quobyte.QuobyteDriver.create_volume" :: held 1.381s {{(pid=81047) inner /opt/stack/data/venv/lib/python3.10/site-packages/oslo_concurrency/lockutils.py:424}}
Nov 12 21:08:30 devstack cinder-volume[81047]: DEBUG cinder.volume.manager [req-5fffba7b-bf4b-45f4-9db8-ca66b4d54672 req-6246be20-77d5-4948-be99-7d68d62aa142 tempest-VolumesSnapshotsTestJSON-1430915851 None] Task 'cinder.volume.flows.manager.create_volume.CreateVolumeFromSpecTask;volume:create' (cee0b041-6fbc-4766-974b-676c94571f00) transitioned into state 'SUCCESS' from state 'RUNNING' with result '{'status': 'creating', 'volume_name': 'volume-150d96d9-2e23-4ba0-aac3-6878e95d8223', 'volume_size': 1}' {{(pid=81047) _task_receiver /opt/stack/data/venv/lib/python3.10/site-packages/taskflow/listeners/logging.py:182}}
Nov 12 21:08:30 devstack cinder-volume[81047]: DEBUG cinder.volume.manager [req-5fffba7b-bf4b-45f4-9db8-ca66b4d54672 req-6246be20-77d5-4948-be99-7d68d62aa142 tempest-VolumesSnapshotsTestJSON-1430915851 None] Task 'cinder.volume.flows.manager.create_volume.CreateVolumeOnFinishTask;volume:create, create.end' (de3e19d5-4553-4069-8143-31579b23ce95) transitioned into state 'RUNNING' from state 'PENDING' {{(pid=81047) _task_receiver /opt/stack/data/venv/lib/python3.10/site-packages/taskflow/listeners/logging.py:194}}
Nov 12 21:08:30 devstack cinder-volume[81047]: INFO cinder.volume.flows.manager.create_volume [req-5fffba7b-bf4b-45f4-9db8-ca66b4d54672 req-6246be20-77d5-4948-be99-7d68d62aa142 tempest-VolumesSnapshotsTestJSON-1430915851 None] Volume volume-150d96d9-2e23-4ba0-aac3-6878e95d8223 (150d96d9-2e23-4ba0-aac3-6878e95d8223): created successfully
Nov 12 21:08:30 devstack cinder-volume[81047]: DEBUG cinder.volume.manager [req-5fffba7b-bf4b-45f4-9db8-ca66b4d54672 req-6246be20-77d5-4948-be99-7d68d62aa142 tempest-VolumesSnapshotsTestJSON-1430915851 None] Task 'cinder.volume.flows.manager.create_volume.CreateVolumeOnFinishTask;volume:create, create.end' (de3e19d5-4553-4069-8143-31579b23ce95) transitioned into state 'SUCCESS' from state 'RUNNING' with result 'None' {{(pid=81047) _task_receiver /opt/stack/data/venv/lib/python3.10/site-packages/taskflow/listeners/logging.py:182}}
Nov 12 21:08:30 devstack cinder-volume[81047]: DEBUG cinder.volume.manager [req-5fffba7b-bf4b-45f4-9db8-ca66b4d54672 req-6246be20-77d5-4948-be99-7d68d62aa142 tempest-VolumesSnapshotsTestJSON-1430915851 None] Flow 'volume_create_manager' (d2ec887c-a9e9-4f8b-b6f2-e0740113d3eb) transitioned into state 'SUCCESS' from state 'RUNNING' {{(pid=81047) _flow_receiver /opt/stack/data/venv/lib/python3.10/site-packages/taskflow/listeners/logging.py:145}}
Nov 12 21:08:30 devstack cinder-volume[81047]: INFO cinder.volume.manager [req-5fffba7b-bf4b-45f4-9db8-ca66b4d54672 req-6246be20-77d5-4948-be99-7d68d62aa142 tempest-VolumesSnapshotsTestJSON-1430915851 None] Created volume successfully.
Nov 12 21:08:31 devstack sudo[85582]: pam_unix(sudo:session): session closed for user root
Nov 12 21:08:31 devstack cinder-volume[81047]: DEBUG oslo_concurrency.processutils [None req-ff627524-1e45-4d06-98c5-589b49eb04b6 tempest-TaggedAttachmentsTest-2058648919 None] CMD "sudo cinder-rootwrap /etc/cinder/rootwrap.conf rm -f /opt/stack/data/cinder/mnt/d1809f900419f7693ecc29ce48226301/volume-82448303-00eb-4b10-abcf-77b0222a2206" returned: 0 in 0.496s {{(pid=81047) execute /opt/stack/data/venv/lib/python3.10/site-packages/oslo_concurrency/processutils.py:372}}
Nov 12 21:08:31 devstack cinder-volume[81047]: DEBUG cinder.coordination [None req-ff627524-1e45-4d06-98c5-589b49eb04b6 tempest-TaggedAttachmentsTest-2058648919 None] Lock "cinder-quobyte-82448303-00eb-4b10-abcf-77b0222a2206" released by "delete_volume" :: held 1.145s {{(pid=81047) __release /opt/stack/cinder/cinder/coordination.py:157}}
Nov 12 21:08:31 devstack cinder-volume[81047]: DEBUG cinder.quota [None req-ff627524-1e45-4d06-98c5-589b49eb04b6 tempest-TaggedAttachmentsTest-2058648919 None] Created reservations ['32115191-1cf7-4350-bf38-f884e81c47c0', '1410f62a-f83a-4dd9-8a1c-e2475f63783b', '16fffe45-dc4f-4490-bff3-3bbd09196c58', '3ba919be-6f9a-40f7-8e2e-32a4ad9176a4'] {{(pid=81047) reserve /opt/stack/cinder/cinder/quota.py:752}}
Nov 12 21:08:31 devstack cinder-volume[81047]: DEBUG oslo_concurrency.lockutils [None req-ff627524-1e45-4d06-98c5-589b49eb04b6 tempest-TaggedAttachmentsTest-2058648919 None] Acquiring lock "quobyte_ensure" by "cinder.volume.drivers.quobyte.QuobyteDriver._ensure_shares_mounted" {{(pid=81047) inner /opt/stack/data/venv/lib/python3.10/site-packages/oslo_concurrency/lockutils.py:405}}
Nov 12 21:08:31 devstack cinder-volume[81047]: DEBUG oslo_concurrency.lockutils [None req-ff627524-1e45-4d06-98c5-589b49eb04b6 tempest-TaggedAttachmentsTest-2058648919 None] Lock "quobyte_ensure" acquired by "cinder.volume.drivers.quobyte.QuobyteDriver._ensure_shares_mounted" :: waited 0.001s {{(pid=81047) inner /opt/stack/data/venv/lib/python3.10/site-packages/oslo_concurrency/lockutils.py:410}}
Nov 12 21:08:31 devstack cinder-volume[81047]: DEBUG cinder.volume.drivers.quobyte [None req-ff627524-1e45-4d06-98c5-589b49eb04b6 tempest-TaggedAttachmentsTest-2058648919 None] Quobyte Volume URL set to: {'osci02.corp.quobyte.com/cinder-vol-3a831bcc-ef7b-42b7-8664-6d0a53fc8834': None} {{(pid=81047) _load_shares_config /opt/stack/cinder/cinder/volume/drivers/quobyte.py:604}}
Nov 12 21:08:31 devstack cinder-volume[81047]: DEBUG cinder.volume.drivers.quobyte [None req-ff627524-1e45-4d06-98c5-589b49eb04b6 tempest-TaggedAttachmentsTest-2058648919 None] Available shares ['osci02.corp.quobyte.com/cinder-vol-3a831bcc-ef7b-42b7-8664-6d0a53fc8834'] {{(pid=81047) _ensure_shares_mounted /opt/stack/cinder/cinder/volume/drivers/quobyte.py:634}}
Nov 12 21:08:31 devstack cinder-volume[81047]: DEBUG oslo_concurrency.lockutils [None req-ff627524-1e45-4d06-98c5-589b49eb04b6 tempest-TaggedAttachmentsTest-2058648919 None] Lock "quobyte_ensure" "released" by "cinder.volume.drivers.quobyte.QuobyteDriver._ensure_shares_mounted" :: held 0.005s {{(pid=81047) inner /opt/stack/data/venv/lib/python3.10/site-packages/oslo_concurrency/lockutils.py:424}}
Nov 12 21:08:31 devstack cinder-volume[81047]: DEBUG oslo_concurrency.processutils [None req-ff627524-1e45-4d06-98c5-589b49eb04b6 tempest-TaggedAttachmentsTest-2058648919 None] Running cmd (subprocess): sudo cinder-rootwrap /etc/cinder/rootwrap.conf df --portability --block-size 1 /opt/stack/data/cinder/mnt/d1809f900419f7693ecc29ce48226301 {{(pid=81047) execute /opt/stack/data/venv/lib/python3.10/site-packages/oslo_concurrency/processutils.py:349}}
Nov 12 21:08:31 devstack sudo[85589]: quobyte : PWD=/ ; USER=root ; COMMAND=/opt/stack/data/venv/bin/cinder-rootwrap /etc/cinder/rootwrap.conf df --portability --block-size 1 /opt/stack/data/cinder/mnt/d1809f900419f7693ecc29ce48226301
Nov 12 21:08:31 devstack sudo[85589]: pam_unix(sudo:session): session opened for user root(uid=0) by (uid=1000)
Nov 12 21:08:31 devstack cinder-volume[81047]: WARNING cinder.volume.volume_utils [req-eabdd41a-9603-4242-9e26-01accf9c9ce4 req-0bf8f4dc-4910-481f-8d39-6a9ff58ad68f tempest-VolumesSnapshotsTestJSON-1430915851 None] Volume driver (QuobyteDriver 1.1.13) is currently unsupported and may be removed in the next release of OpenStack. Use at your own risk.
Nov 12 21:08:31 devstack cinder-volume[81047]: DEBUG oslo_concurrency.lockutils [req-eabdd41a-9603-4242-9e26-01accf9c9ce4 req-0bf8f4dc-4910-481f-8d39-6a9ff58ad68f tempest-VolumesSnapshotsTestJSON-1430915851 None] Acquiring lock "quobyte" by "cinder.volume.drivers.quobyte.QuobyteDriver.create_snapshot" {{(pid=81047) inner /opt/stack/data/venv/lib/python3.10/site-packages/oslo_concurrency/lockutils.py:405}}
Nov 12 21:08:31 devstack cinder-volume[81047]: DEBUG oslo_concurrency.lockutils [req-eabdd41a-9603-4242-9e26-01accf9c9ce4 req-0bf8f4dc-4910-481f-8d39-6a9ff58ad68f tempest-VolumesSnapshotsTestJSON-1430915851 None] Lock "quobyte" acquired by "cinder.volume.drivers.quobyte.QuobyteDriver.create_snapshot" :: waited 0.001s {{(pid=81047) inner /opt/stack/data/venv/lib/python3.10/site-packages/oslo_concurrency/lockutils.py:410}}
Nov 12 21:08:31 devstack cinder-volume[81047]: DEBUG cinder.volume.drivers.remotefs [req-eabdd41a-9603-4242-9e26-01accf9c9ce4 req-0bf8f4dc-4910-481f-8d39-6a9ff58ad68f tempest-VolumesSnapshotsTestJSON-1430915851 None] Creating offline snapshot 074f05fa-89a0-4af1-8596-fd8652034e14 of volume 150d96d9-2e23-4ba0-aac3-6878e95d8223 {{(pid=81047) _create_snapshot /opt/stack/cinder/cinder/volume/drivers/remotefs.py:1694}}
Nov 12 21:08:31 devstack cinder-volume[81047]: DEBUG oslo.privsep.daemon [-] privsep: reply[a6485719-2024-499a-b80e-92760c389888]: (4, 'qcow2') {{(pid=81815) _call_back /opt/stack/data/venv/lib/python3.10/site-packages/oslo_privsep/daemon.py:515}}
Nov 12 21:08:31 devstack cinder-volume[81047]: DEBUG oslo_concurrency.processutils [req-eabdd41a-9603-4242-9e26-01accf9c9ce4 req-0bf8f4dc-4910-481f-8d39-6a9ff58ad68f tempest-VolumesSnapshotsTestJSON-1430915851 None] Running cmd (subprocess): /opt/stack/data/venv/bin/python3.10 -m oslo_concurrency.prlimit --as=1073741824 --cpu=60 -- sudo cinder-rootwrap /etc/cinder/rootwrap.conf env LC_ALL=C qemu-img info -f qcow2 --output=json --force-share /opt/stack/data/cinder/mnt/d1809f900419f7693ecc29ce48226301/volume-150d96d9-2e23-4ba0-aac3-6878e95d8223 {{(pid=81047) execute /opt/stack/data/venv/lib/python3.10/site-packages/oslo_concurrency/processutils.py:349}}
Nov 12 21:08:31 devstack sudo[85589]: pam_unix(sudo:session): session closed for user root
Nov 12 21:08:31 devstack cinder-volume[81047]: DEBUG oslo_concurrency.processutils [None req-ff627524-1e45-4d06-98c5-589b49eb04b6 tempest-TaggedAttachmentsTest-2058648919 None] CMD "sudo cinder-rootwrap /etc/cinder/rootwrap.conf df --portability --block-size 1 /opt/stack/data/cinder/mnt/d1809f900419f7693ecc29ce48226301" returned: 0 in 0.561s {{(pid=81047) execute /opt/stack/data/venv/lib/python3.10/site-packages/oslo_concurrency/processutils.py:372}}
Nov 12 21:08:31 devstack cinder-volume[81047]: DEBUG cinder.manager [None req-ff627524-1e45-4d06-98c5-589b49eb04b6 tempest-TaggedAttachmentsTest-2058648919 None] Notifying Schedulers of capabilities ... {{(pid=81047) _publish_service_capabilities /opt/stack/cinder/cinder/manager.py:202}}
Nov 12 21:08:31 devstack cinder-volume[81047]: INFO cinder.volume.manager [None req-ff627524-1e45-4d06-98c5-589b49eb04b6 tempest-TaggedAttachmentsTest-2058648919 None] Deleted volume successfully.
Nov 12 21:08:31 devstack cinder-volume[81047]: DEBUG cinder.coordination [None req-ff627524-1e45-4d06-98c5-589b49eb04b6 tempest-TaggedAttachmentsTest-2058648919 None] Lock "cinder-82448303-00eb-4b10-abcf-77b0222a2206-delete_volume" released by "delete_volume" :: held 1.886s {{(pid=81047) __release /opt/stack/cinder/cinder/coordination.py:157}}
Nov 12 21:08:31 devstack sudo[85594]: quobyte : PWD=/ ; USER=root ; COMMAND=/opt/stack/data/venv/bin/cinder-rootwrap /etc/cinder/rootwrap.conf env LC_ALL=C qemu-img info -f qcow2 --output=json --force-share /opt/stack/data/cinder/mnt/d1809f900419f7693ecc29ce48226301/volume-150d96d9-2e23-4ba0-aac3-6878e95d8223
Nov 12 21:08:31 devstack sudo[85594]: pam_unix(sudo:session): session opened for user root(uid=0) by (uid=1000)
Nov 12 21:08:32 devstack sudo[85594]: pam_unix(sudo:session): session closed for user root
Nov 12 21:08:32 devstack cinder-volume[81047]: DEBUG oslo_concurrency.processutils [req-eabdd41a-9603-4242-9e26-01accf9c9ce4 req-0bf8f4dc-4910-481f-8d39-6a9ff58ad68f tempest-VolumesSnapshotsTestJSON-1430915851 None] CMD "/opt/stack/data/venv/bin/python3.10 -m oslo_concurrency.prlimit --as=1073741824 --cpu=60 -- sudo cinder-rootwrap /etc/cinder/rootwrap.conf env LC_ALL=C qemu-img info -f qcow2 --output=json --force-share /opt/stack/data/cinder/mnt/d1809f900419f7693ecc29ce48226301/volume-150d96d9-2e23-4ba0-aac3-6878e95d8223" returned: 0 in 0.651s {{(pid=81047) execute /opt/stack/data/venv/lib/python3.10/site-packages/oslo_concurrency/processutils.py:372}}
Nov 12 21:08:32 devstack cinder-volume[81047]: DEBUG oslo_concurrency.processutils [req-eabdd41a-9603-4242-9e26-01accf9c9ce4 req-0bf8f4dc-4910-481f-8d39-6a9ff58ad68f tempest-VolumesSnapshotsTestJSON-1430915851 None] Running cmd (subprocess): sudo cinder-rootwrap /etc/cinder/rootwrap.conf qemu-img create -f qcow2 -o backing_file=/opt/stack/data/cinder/mnt/d1809f900419f7693ecc29ce48226301/volume-150d96d9-2e23-4ba0-aac3-6878e95d8223,backing_fmt=qcow2 /opt/stack/data/cinder/mnt/d1809f900419f7693ecc29ce48226301/volume-150d96d9-2e23-4ba0-aac3-6878e95d8223.074f05fa-89a0-4af1-8596-fd8652034e14 1G {{(pid=81047) execute /opt/stack/data/venv/lib/python3.10/site-packages/oslo_concurrency/processutils.py:349}}
Nov 12 21:08:32 devstack sudo[85601]: quobyte : PWD=/ ; USER=root ; COMMAND=/opt/stack/data/venv/bin/cinder-rootwrap /etc/cinder/rootwrap.conf qemu-img create -f qcow2 -o backing_file=/opt/stack/data/cinder/mnt/d1809f900419f7693ecc29ce48226301/volume-150d96d9-2e23-4ba0-aac3-6878e95d8223,backing_fmt=qcow2 /opt/stack/data/cinder/mnt/d1809f900419f7693ecc29ce48226301/volume-150d96d9-2e23-4ba0-aac3-6878e95d8223.074f05fa-89a0-4af1-8596-fd8652034e14 1G
Nov 12 21:08:32 devstack sudo[85601]: pam_unix(sudo:session): session opened for user root(uid=0) by (uid=1000)
Nov 12 21:08:32 devstack sudo[85601]: pam_unix(sudo:session): session closed for user root
Nov 12 21:08:32 devstack cinder-volume[81047]: DEBUG oslo_concurrency.processutils [req-eabdd41a-9603-4242-9e26-01accf9c9ce4 req-0bf8f4dc-4910-481f-8d39-6a9ff58ad68f tempest-VolumesSnapshotsTestJSON-1430915851 None] CMD "sudo cinder-rootwrap /etc/cinder/rootwrap.conf qemu-img create -f qcow2 -o backing_file=/opt/stack/data/cinder/mnt/d1809f900419f7693ecc29ce48226301/volume-150d96d9-2e23-4ba0-aac3-6878e95d8223,backing_fmt=qcow2 /opt/stack/data/cinder/mnt/d1809f900419f7693ecc29ce48226301/volume-150d96d9-2e23-4ba0-aac3-6878e95d8223.074f05fa-89a0-4af1-8596-fd8652034e14 1G" returned: 0 in 0.602s {{(pid=81047) execute /opt/stack/data/venv/lib/python3.10/site-packages/oslo_concurrency/processutils.py:372}}
Nov 12 21:08:32 devstack cinder-volume[81047]: DEBUG oslo_concurrency.processutils [req-eabdd41a-9603-4242-9e26-01accf9c9ce4 req-0bf8f4dc-4910-481f-8d39-6a9ff58ad68f tempest-VolumesSnapshotsTestJSON-1430915851 None] Running cmd (subprocess): sudo cinder-rootwrap /etc/cinder/rootwrap.conf qemu-img rebase -u -b volume-150d96d9-2e23-4ba0-aac3-6878e95d8223 -F qcow2 /opt/stack/data/cinder/mnt/d1809f900419f7693ecc29ce48226301/volume-150d96d9-2e23-4ba0-aac3-6878e95d8223.074f05fa-89a0-4af1-8596-fd8652034e14 {{(pid=81047) execute /opt/stack/data/venv/lib/python3.10/site-packages/oslo_concurrency/processutils.py:349}}
Nov 12 21:08:32 devstack sudo[85607]: quobyte : PWD=/ ; USER=root ; COMMAND=/opt/stack/data/venv/bin/cinder-rootwrap /etc/cinder/rootwrap.conf qemu-img rebase -u -b volume-150d96d9-2e23-4ba0-aac3-6878e95d8223 -F qcow2 /opt/stack/data/cinder/mnt/d1809f900419f7693ecc29ce48226301/volume-150d96d9-2e23-4ba0-aac3-6878e95d8223.074f05fa-89a0-4af1-8596-fd8652034e14
Nov 12 21:08:32 devstack sudo[85607]: pam_unix(sudo:session): session opened for user root(uid=0) by (uid=1000)
Nov 12 21:08:33 devstack sudo[85607]: pam_unix(sudo:session): session closed for user root
Nov 12 21:08:33 devstack cinder-volume[81047]: DEBUG oslo_concurrency.processutils [req-eabdd41a-9603-4242-9e26-01accf9c9ce4 req-0bf8f4dc-4910-481f-8d39-6a9ff58ad68f tempest-VolumesSnapshotsTestJSON-1430915851 None] CMD "sudo cinder-rootwrap /etc/cinder/rootwrap.conf qemu-img rebase -u -b volume-150d96d9-2e23-4ba0-aac3-6878e95d8223 -F qcow2 /opt/stack/data/cinder/mnt/d1809f900419f7693ecc29ce48226301/volume-150d96d9-2e23-4ba0-aac3-6878e95d8223.074f05fa-89a0-4af1-8596-fd8652034e14" returned: 0 in 0.508s {{(pid=81047) execute /opt/stack/data/venv/lib/python3.10/site-packages/oslo_concurrency/processutils.py:372}}
Nov 12 21:08:33 devstack cinder-volume[81047]: WARNING cinder.volume.drivers.remotefs [req-eabdd41a-9603-4242-9e26-01accf9c9ce4 req-0bf8f4dc-4910-481f-8d39-6a9ff58ad68f tempest-VolumesSnapshotsTestJSON-1430915851 None] /opt/stack/data/cinder/mnt/d1809f900419f7693ecc29ce48226301/volume-150d96d9-2e23-4ba0-aac3-6878e95d8223.074f05fa-89a0-4af1-8596-fd8652034e14 is being set with open permissions: ugo+rw
Nov 12 21:08:33 devstack cinder-volume[81047]: DEBUG oslo_concurrency.processutils [req-eabdd41a-9603-4242-9e26-01accf9c9ce4 req-0bf8f4dc-4910-481f-8d39-6a9ff58ad68f tempest-VolumesSnapshotsTestJSON-1430915851 None] Running cmd (subprocess): sudo cinder-rootwrap /etc/cinder/rootwrap.conf chmod ugo+rw /opt/stack/data/cinder/mnt/d1809f900419f7693ecc29ce48226301/volume-150d96d9-2e23-4ba0-aac3-6878e95d8223.074f05fa-89a0-4af1-8596-fd8652034e14 {{(pid=81047) execute /opt/stack/data/venv/lib/python3.10/site-packages/oslo_concurrency/processutils.py:349}}
Nov 12 21:08:33 devstack sudo[85613]: quobyte : PWD=/ ; USER=root ; COMMAND=/opt/stack/data/venv/bin/cinder-rootwrap /etc/cinder/rootwrap.conf chmod ugo+rw /opt/stack/data/cinder/mnt/d1809f900419f7693ecc29ce48226301/volume-150d96d9-2e23-4ba0-aac3-6878e95d8223.074f05fa-89a0-4af1-8596-fd8652034e14
Nov 12 21:08:33 devstack sudo[85613]: pam_unix(sudo:session): session opened for user root(uid=0) by (uid=1000)
Nov 12 21:08:33 devstack sudo[85613]: pam_unix(sudo:session): session closed for user root
Nov 12 21:08:33 devstack cinder-volume[81047]: DEBUG oslo_concurrency.processutils [req-eabdd41a-9603-4242-9e26-01accf9c9ce4 req-0bf8f4dc-4910-481f-8d39-6a9ff58ad68f tempest-VolumesSnapshotsTestJSON-1430915851 None] CMD "sudo cinder-rootwrap /etc/cinder/rootwrap.conf chmod ugo+rw /opt/stack/data/cinder/mnt/d1809f900419f7693ecc29ce48226301/volume-150d96d9-2e23-4ba0-aac3-6878e95d8223.074f05fa-89a0-4af1-8596-fd8652034e14" returned: 0 in 0.478s {{(pid=81047) execute /opt/stack/data/venv/lib/python3.10/site-packages/oslo_concurrency/processutils.py:372}}
Nov 12 21:08:33 devstack cinder-volume[81047]: DEBUG oslo_concurrency.processutils [req-eabdd41a-9603-4242-9e26-01accf9c9ce4 req-0bf8f4dc-4910-481f-8d39-6a9ff58ad68f tempest-VolumesSnapshotsTestJSON-1430915851 None] Running cmd (subprocess): sudo cinder-rootwrap /etc/cinder/rootwrap.conf truncate -s0 /opt/stack/data/cinder/mnt/d1809f900419f7693ecc29ce48226301/volume-150d96d9-2e23-4ba0-aac3-6878e95d8223.info {{(pid=81047) execute /opt/stack/data/venv/lib/python3.10/site-packages/oslo_concurrency/processutils.py:349}}
Nov 12 21:08:33 devstack sudo[85616]: quobyte : PWD=/ ; USER=root ; COMMAND=/opt/stack/data/venv/bin/cinder-rootwrap /etc/cinder/rootwrap.conf truncate -s0 /opt/stack/data/cinder/mnt/d1809f900419f7693ecc29ce48226301/volume-150d96d9-2e23-4ba0-aac3-6878e95d8223.info
Nov 12 21:08:33 devstack sudo[85616]: pam_unix(sudo:session): session opened for user root(uid=0) by (uid=1000)
Nov 12 21:08:34 devstack sudo[85616]: pam_unix(sudo:session): session closed for user root
Nov 12 21:08:34 devstack cinder-volume[81047]: DEBUG oslo_concurrency.processutils [req-eabdd41a-9603-4242-9e26-01accf9c9ce4 req-0bf8f4dc-4910-481f-8d39-6a9ff58ad68f tempest-VolumesSnapshotsTestJSON-1430915851 None] CMD "sudo cinder-rootwrap /etc/cinder/rootwrap.conf truncate -s0 /opt/stack/data/cinder/mnt/d1809f900419f7693ecc29ce48226301/volume-150d96d9-2e23-4ba0-aac3-6878e95d8223.info" returned: 0 in 0.601s {{(pid=81047) execute /opt/stack/data/venv/lib/python3.10/site-packages/oslo_concurrency/processutils.py:372}}
Nov 12 21:08:34 devstack cinder-volume[81047]: WARNING cinder.volume.drivers.remotefs [req-eabdd41a-9603-4242-9e26-01accf9c9ce4 req-0bf8f4dc-4910-481f-8d39-6a9ff58ad68f tempest-VolumesSnapshotsTestJSON-1430915851 None] /opt/stack/data/cinder/mnt/d1809f900419f7693ecc29ce48226301/volume-150d96d9-2e23-4ba0-aac3-6878e95d8223.info is being set with open permissions: ugo+rw
Nov 12 21:08:34 devstack cinder-volume[81047]: DEBUG oslo_concurrency.processutils [req-eabdd41a-9603-4242-9e26-01accf9c9ce4 req-0bf8f4dc-4910-481f-8d39-6a9ff58ad68f tempest-VolumesSnapshotsTestJSON-1430915851 None] Running cmd (subprocess): sudo cinder-rootwrap /etc/cinder/rootwrap.conf chmod ugo+rw /opt/stack/data/cinder/mnt/d1809f900419f7693ecc29ce48226301/volume-150d96d9-2e23-4ba0-aac3-6878e95d8223.info {{(pid=81047) execute /opt/stack/data/venv/lib/python3.10/site-packages/oslo_concurrency/processutils.py:349}}
Nov 12 21:08:34 devstack sudo[85619]: quobyte : PWD=/ ; USER=root ; COMMAND=/opt/stack/data/venv/bin/cinder-rootwrap /etc/cinder/rootwrap.conf chmod ugo+rw /opt/stack/data/cinder/mnt/d1809f900419f7693ecc29ce48226301/volume-150d96d9-2e23-4ba0-aac3-6878e95d8223.info
Nov 12 21:08:34 devstack sudo[85619]: pam_unix(sudo:session): session opened for user root(uid=0) by (uid=1000)
Nov 12 21:08:35 devstack sudo[85619]: pam_unix(sudo:session): session closed for user root
Nov 12 21:08:35 devstack cinder-volume[81047]: DEBUG oslo_concurrency.processutils [req-eabdd41a-9603-4242-9e26-01accf9c9ce4 req-0bf8f4dc-4910-481f-8d39-6a9ff58ad68f tempest-VolumesSnapshotsTestJSON-1430915851 None] CMD "sudo cinder-rootwrap /etc/cinder/rootwrap.conf chmod ugo+rw /opt/stack/data/cinder/mnt/d1809f900419f7693ecc29ce48226301/volume-150d96d9-2e23-4ba0-aac3-6878e95d8223.info" returned: 0 in 0.526s {{(pid=81047) execute /opt/stack/data/venv/lib/python3.10/site-packages/oslo_concurrency/processutils.py:372}}
Nov 12 21:08:35 devstack cinder-volume[81047]: DEBUG oslo_concurrency.lockutils [req-eabdd41a-9603-4242-9e26-01accf9c9ce4 req-0bf8f4dc-4910-481f-8d39-6a9ff58ad68f tempest-VolumesSnapshotsTestJSON-1430915851 None] Lock "quobyte" "released" by "cinder.volume.drivers.quobyte.QuobyteDriver.create_snapshot" :: held 3.416s {{(pid=81047) inner /opt/stack/data/venv/lib/python3.10/site-packages/oslo_concurrency/lockutils.py:424}}
Nov 12 21:08:35 devstack cinder-volume[81047]: INFO cinder.volume.manager [req-eabdd41a-9603-4242-9e26-01accf9c9ce4 req-0bf8f4dc-4910-481f-8d39-6a9ff58ad68f tempest-VolumesSnapshotsTestJSON-1430915851 None] Create snapshot completed successfully
Nov 12 21:08:36 devstack cinder-volume[81047]: DEBUG cinder.coordination [req-9744d899-f76c-40a4-bdf1-7c3402880183 req-08e29a2e-2b43-4aed-bd01-fc43dd5ebde0 tempest-VolumesSnapshotsTestJSON-1430915851 None] Acquiring lock "cinder-074f05fa-89a0-4af1-8596-fd8652034e14-delete_snapshot" by "delete_snapshot" {{(pid=81047) __acquire /opt/stack/cinder/cinder/coordination.py:143}}
Nov 12 21:08:36 devstack cinder-volume[81047]: DEBUG cinder.coordination [req-9744d899-f76c-40a4-bdf1-7c3402880183 req-08e29a2e-2b43-4aed-bd01-fc43dd5ebde0 tempest-VolumesSnapshotsTestJSON-1430915851 None] Lock "cinder-074f05fa-89a0-4af1-8596-fd8652034e14-delete_snapshot" acquired by "delete_snapshot" :: waited 0.011s {{(pid=81047) __acquire /opt/stack/cinder/cinder/coordination.py:146}}
Nov 12 21:08:36 devstack cinder-volume[81047]: WARNING cinder.volume.volume_utils [req-9744d899-f76c-40a4-bdf1-7c3402880183 req-08e29a2e-2b43-4aed-bd01-fc43dd5ebde0 tempest-VolumesSnapshotsTestJSON-1430915851 None] Volume driver (QuobyteDriver 1.1.13) is currently unsupported and may be removed in the next release of OpenStack. Use at your own risk.
Nov 12 21:08:36 devstack cinder-volume[81047]: DEBUG cinder.coordination [req-9744d899-f76c-40a4-bdf1-7c3402880183 req-08e29a2e-2b43-4aed-bd01-fc43dd5ebde0 tempest-VolumesSnapshotsTestJSON-1430915851 None] Acquiring lock "cinder-quobyte-150d96d9-2e23-4ba0-aac3-6878e95d8223" by "delete_snapshot" {{(pid=81047) __acquire /opt/stack/cinder/cinder/coordination.py:143}}
Nov 12 21:08:36 devstack cinder-volume[81047]: DEBUG cinder.coordination [req-9744d899-f76c-40a4-bdf1-7c3402880183 req-08e29a2e-2b43-4aed-bd01-fc43dd5ebde0 tempest-VolumesSnapshotsTestJSON-1430915851 None] Lock "cinder-quobyte-150d96d9-2e23-4ba0-aac3-6878e95d8223" acquired by "delete_snapshot" :: waited 0.023s {{(pid=81047) __acquire /opt/stack/cinder/cinder/coordination.py:146}}
Nov 12 21:08:36 devstack cinder-volume[81047]: DEBUG cinder.coordination [req-9744d899-f76c-40a4-bdf1-7c3402880183 req-08e29a2e-2b43-4aed-bd01-fc43dd5ebde0 tempest-VolumesSnapshotsTestJSON-1430915851 None] Acquiring lock "cinder-quobyte-074f05fa-89a0-4af1-8596-fd8652034e14" by "_delete_snapshot" {{(pid=81047) __acquire /opt/stack/cinder/cinder/coordination.py:143}}
Nov 12 21:08:36 devstack cinder-volume[81047]: DEBUG cinder.coordination [req-9744d899-f76c-40a4-bdf1-7c3402880183 req-08e29a2e-2b43-4aed-bd01-fc43dd5ebde0 tempest-VolumesSnapshotsTestJSON-1430915851 None] Lock "cinder-quobyte-074f05fa-89a0-4af1-8596-fd8652034e14" acquired by "_delete_snapshot" :: waited 0.010s {{(pid=81047) __acquire /opt/stack/cinder/cinder/coordination.py:146}}
Nov 12 21:08:36 devstack cinder-volume[81047]: DEBUG cinder.volume.drivers.remotefs [req-9744d899-f76c-40a4-bdf1-7c3402880183 req-08e29a2e-2b43-4aed-bd01-fc43dd5ebde0 tempest-VolumesSnapshotsTestJSON-1430915851 None] Deleting offline snapshot 074f05fa-89a0-4af1-8596-fd8652034e14 of volume 150d96d9-2e23-4ba0-aac3-6878e95d8223 {{(pid=81047) _delete_snapshot /opt/stack/cinder/cinder/volume/drivers/remotefs.py:1278}}
Nov 12 21:08:36 devstack cinder-volume[81047]: DEBUG cinder.volume.drivers.remotefs [req-9744d899-f76c-40a4-bdf1-7c3402880183 req-08e29a2e-2b43-4aed-bd01-fc43dd5ebde0 tempest-VolumesSnapshotsTestJSON-1430915851 None] snapshot_file for this snap is: volume-150d96d9-2e23-4ba0-aac3-6878e95d8223.074f05fa-89a0-4af1-8596-fd8652034e14 {{(pid=81047) _delete_snapshot /opt/stack/cinder/cinder/volume/drivers/remotefs.py:1307}}
Nov 12 21:08:36 devstack cinder-volume[81047]: DEBUG oslo.privsep.daemon [-] privsep: reply[edc46dc3-d20b-49a0-99ca-7cee20dd3054]: (4, 'qcow2') {{(pid=81815) _call_back /opt/stack/data/venv/lib/python3.10/site-packages/oslo_privsep/daemon.py:515}}
Nov 12 21:08:36 devstack cinder-volume[81047]: DEBUG oslo_concurrency.processutils [req-9744d899-f76c-40a4-bdf1-7c3402880183 req-08e29a2e-2b43-4aed-bd01-fc43dd5ebde0 tempest-VolumesSnapshotsTestJSON-1430915851 None] Running cmd (subprocess): /opt/stack/data/venv/bin/python3.10 -m oslo_concurrency.prlimit --as=1073741824 --cpu=60 -- sudo cinder-rootwrap /etc/cinder/rootwrap.conf env LC_ALL=C qemu-img info -f qcow2 --output=json --force-share /opt/stack/data/cinder/mnt/d1809f900419f7693ecc29ce48226301/volume-150d96d9-2e23-4ba0-aac3-6878e95d8223.074f05fa-89a0-4af1-8596-fd8652034e14 {{(pid=81047) execute /opt/stack/data/venv/lib/python3.10/site-packages/oslo_concurrency/processutils.py:349}}
Nov 12 21:08:36 devstack sudo[85626]: quobyte : PWD=/ ; USER=root ; COMMAND=/opt/stack/data/venv/bin/cinder-rootwrap /etc/cinder/rootwrap.conf env LC_ALL=C qemu-img info -f qcow2 --output=json --force-share /opt/stack/data/cinder/mnt/d1809f900419f7693ecc29ce48226301/volume-150d96d9-2e23-4ba0-aac3-6878e95d8223.074f05fa-89a0-4af1-8596-fd8652034e14
Nov 12 21:08:36 devstack sudo[85626]: pam_unix(sudo:session): session opened for user root(uid=0) by (uid=1000)
Nov 12 21:08:36 devstack sudo[85626]: pam_unix(sudo:session): session closed for user root
Nov 12 21:08:36 devstack cinder-volume[81047]: DEBUG oslo_concurrency.processutils [req-9744d899-f76c-40a4-bdf1-7c3402880183 req-08e29a2e-2b43-4aed-bd01-fc43dd5ebde0 tempest-VolumesSnapshotsTestJSON-1430915851 None] CMD "/opt/stack/data/venv/bin/python3.10 -m oslo_concurrency.prlimit --as=1073741824 --cpu=60 -- sudo cinder-rootwrap /etc/cinder/rootwrap.conf env LC_ALL=C qemu-img info -f qcow2 --output=json --force-share /opt/stack/data/cinder/mnt/d1809f900419f7693ecc29ce48226301/volume-150d96d9-2e23-4ba0-aac3-6878e95d8223.074f05fa-89a0-4af1-8596-fd8652034e14" returned: 0 in 0.660s {{(pid=81047) execute /opt/stack/data/venv/lib/python3.10/site-packages/oslo_concurrency/processutils.py:372}}
Nov 12 21:08:36 devstack cinder-volume[81047]: DEBUG cinder.volume.drivers.remotefs [req-9744d899-f76c-40a4-bdf1-7c3402880183 req-08e29a2e-2b43-4aed-bd01-fc43dd5ebde0 tempest-VolumesSnapshotsTestJSON-1430915851 None] Fetching qemu-img info with special backing_file_template: (/opt/stack/data/cinder/mnt/[0-9a-f]+/)?(volume-150d96d9-2e23-4ba0-aac3-6878e95d8223(.(tmp-snap-)?[0-9a-f-]+)?|volume_from_snapshot_cache/(tmp-snap-)?[0-9a-f-]+(.(child-|parent-)[0-9a-f-]+)?)$ {{(pid=81047) _qemu_img_info_base /opt/stack/cinder/cinder/volume/drivers/remotefs.py:886}}
Nov 12 21:08:36 devstack cinder-volume[81047]: DEBUG oslo.privsep.daemon [-] privsep: reply[761d0d65-956f-48d8-86d4-d1210db9e24a]: (4, 'qcow2') {{(pid=81815) _call_back /opt/stack/data/venv/lib/python3.10/site-packages/oslo_privsep/daemon.py:515}}
Nov 12 21:08:36 devstack cinder-volume[81047]: DEBUG oslo_concurrency.processutils [req-9744d899-f76c-40a4-bdf1-7c3402880183 req-08e29a2e-2b43-4aed-bd01-fc43dd5ebde0 tempest-VolumesSnapshotsTestJSON-1430915851 None] Running cmd (subprocess): /opt/stack/data/venv/bin/python3.10 -m oslo_concurrency.prlimit --as=1073741824 --cpu=60 -- sudo cinder-rootwrap /etc/cinder/rootwrap.conf env LC_ALL=C qemu-img info -f qcow2 --output=json --force-share /opt/stack/data/cinder/mnt/d1809f900419f7693ecc29ce48226301/volume-150d96d9-2e23-4ba0-aac3-6878e95d8223 {{(pid=81047) execute /opt/stack/data/venv/lib/python3.10/site-packages/oslo_concurrency/processutils.py:349}}
Nov 12 21:08:37 devstack sudo[85631]: quobyte : PWD=/ ; USER=root ; COMMAND=/opt/stack/data/venv/bin/cinder-rootwrap /etc/cinder/rootwrap.conf env LC_ALL=C qemu-img info -f qcow2 --output=json --force-share /opt/stack/data/cinder/mnt/d1809f900419f7693ecc29ce48226301/volume-150d96d9-2e23-4ba0-aac3-6878e95d8223
Nov 12 21:08:37 devstack sudo[85631]: pam_unix(sudo:session): session opened for user root(uid=0) by (uid=1000)
Nov 12 21:08:37 devstack sudo[85631]: pam_unix(sudo:session): session closed for user root
Nov 12 21:08:37 devstack cinder-volume[81047]: DEBUG oslo_concurrency.processutils [req-9744d899-f76c-40a4-bdf1-7c3402880183 req-08e29a2e-2b43-4aed-bd01-fc43dd5ebde0 tempest-VolumesSnapshotsTestJSON-1430915851 None] CMD "/opt/stack/data/venv/bin/python3.10 -m oslo_concurrency.prlimit --as=1073741824 --cpu=60 -- sudo cinder-rootwrap /etc/cinder/rootwrap.conf env LC_ALL=C qemu-img info -f qcow2 --output=json --force-share /opt/stack/data/cinder/mnt/d1809f900419f7693ecc29ce48226301/volume-150d96d9-2e23-4ba0-aac3-6878e95d8223" returned: 0 in 0.772s {{(pid=81047) execute /opt/stack/data/venv/lib/python3.10/site-packages/oslo_concurrency/processutils.py:372}}
Nov 12 21:08:37 devstack cinder-volume[81047]: DEBUG oslo_concurrency.processutils [req-9744d899-f76c-40a4-bdf1-7c3402880183 req-08e29a2e-2b43-4aed-bd01-fc43dd5ebde0 tempest-VolumesSnapshotsTestJSON-1430915851 None] Running cmd (subprocess): sudo cinder-rootwrap /etc/cinder/rootwrap.conf qemu-img commit -d /opt/stack/data/cinder/mnt/d1809f900419f7693ecc29ce48226301/volume-150d96d9-2e23-4ba0-aac3-6878e95d8223.074f05fa-89a0-4af1-8596-fd8652034e14 {{(pid=81047) execute /opt/stack/data/venv/lib/python3.10/site-packages/oslo_concurrency/processutils.py:349}}
Nov 12 21:08:37 devstack sudo[85639]: quobyte : PWD=/ ; USER=root ; COMMAND=/opt/stack/data/venv/bin/cinder-rootwrap /etc/cinder/rootwrap.conf qemu-img commit -d /opt/stack/data/cinder/mnt/d1809f900419f7693ecc29ce48226301/volume-150d96d9-2e23-4ba0-aac3-6878e95d8223.074f05fa-89a0-4af1-8596-fd8652034e14
Nov 12 21:08:37 devstack sudo[85639]: pam_unix(sudo:session): session opened for user root(uid=0) by (uid=1000)
Nov 12 21:08:38 devstack sudo[85639]: pam_unix(sudo:session): session closed for user root
Nov 12 21:08:38 devstack cinder-volume[81047]: DEBUG oslo_concurrency.processutils [req-9744d899-f76c-40a4-bdf1-7c3402880183 req-08e29a2e-2b43-4aed-bd01-fc43dd5ebde0 tempest-VolumesSnapshotsTestJSON-1430915851 None] CMD "sudo cinder-rootwrap /etc/cinder/rootwrap.conf qemu-img commit -d /opt/stack/data/cinder/mnt/d1809f900419f7693ecc29ce48226301/volume-150d96d9-2e23-4ba0-aac3-6878e95d8223.074f05fa-89a0-4af1-8596-fd8652034e14" returned: 0 in 0.586s {{(pid=81047) execute /opt/stack/data/venv/lib/python3.10/site-packages/oslo_concurrency/processutils.py:372}}
Nov 12 21:08:38 devstack cinder-volume[81047]: DEBUG oslo_concurrency.processutils [req-9744d899-f76c-40a4-bdf1-7c3402880183 req-08e29a2e-2b43-4aed-bd01-fc43dd5ebde0 tempest-VolumesSnapshotsTestJSON-1430915851 None] Running cmd (subprocess): sudo cinder-rootwrap /etc/cinder/rootwrap.conf rm -f /opt/stack/data/cinder/mnt/d1809f900419f7693ecc29ce48226301/volume-150d96d9-2e23-4ba0-aac3-6878e95d8223.074f05fa-89a0-4af1-8596-fd8652034e14 {{(pid=81047) execute /opt/stack/data/venv/lib/python3.10/site-packages/oslo_concurrency/processutils.py:349}}
Nov 12 21:08:38 devstack sudo[85645]: quobyte : PWD=/ ; USER=root ; COMMAND=/opt/stack/data/venv/bin/cinder-rootwrap /etc/cinder/rootwrap.conf rm -f /opt/stack/data/cinder/mnt/d1809f900419f7693ecc29ce48226301/volume-150d96d9-2e23-4ba0-aac3-6878e95d8223.074f05fa-89a0-4af1-8596-fd8652034e14
Nov 12 21:08:38 devstack sudo[85645]: pam_unix(sudo:session): session opened for user root(uid=0) by (uid=1000)
Nov 12 21:08:38 devstack sudo[85645]: pam_unix(sudo:session): session closed for user root
Nov 12 21:08:38 devstack cinder-volume[81047]: DEBUG oslo_concurrency.processutils [req-9744d899-f76c-40a4-bdf1-7c3402880183 req-08e29a2e-2b43-4aed-bd01-fc43dd5ebde0 tempest-VolumesSnapshotsTestJSON-1430915851 None] CMD "sudo cinder-rootwrap /etc/cinder/rootwrap.conf rm -f /opt/stack/data/cinder/mnt/d1809f900419f7693ecc29ce48226301/volume-150d96d9-2e23-4ba0-aac3-6878e95d8223.074f05fa-89a0-4af1-8596-fd8652034e14" returned: 0 in 0.476s {{(pid=81047) execute /opt/stack/data/venv/lib/python3.10/site-packages/oslo_concurrency/processutils.py:372}}
Nov 12 21:08:38 devstack cinder-volume[81047]: DEBUG cinder.coordination [req-9744d899-f76c-40a4-bdf1-7c3402880183 req-08e29a2e-2b43-4aed-bd01-fc43dd5ebde0 tempest-VolumesSnapshotsTestJSON-1430915851 None] Lock "cinder-quobyte-074f05fa-89a0-4af1-8596-fd8652034e14" released by "_delete_snapshot" :: held 2.562s {{(pid=81047) __release /opt/stack/cinder/cinder/coordination.py:157}}
Nov 12 21:08:38 devstack cinder-volume[81047]: DEBUG cinder.coordination [req-9744d899-f76c-40a4-bdf1-7c3402880183 req-08e29a2e-2b43-4aed-bd01-fc43dd5ebde0 tempest-VolumesSnapshotsTestJSON-1430915851 None] Lock "cinder-quobyte-150d96d9-2e23-4ba0-aac3-6878e95d8223" released by "delete_snapshot" :: held 2.585s {{(pid=81047) __release /opt/stack/cinder/cinder/coordination.py:157}}
Nov 12 21:08:38 devstack cinder-volume[81047]: WARNING cinder.quota [req-9744d899-f76c-40a4-bdf1-7c3402880183 req-08e29a2e-2b43-4aed-bd01-fc43dd5ebde0 tempest-VolumesSnapshotsTestJSON-1430915851 None] Deprecated: Default quota for resource: snapshots_QuobyteHD is set by the default quota flag: quota_snapshots_QuobyteHD, it is now deprecated. Please use the default quota class for default quota.
Nov 12 21:08:38 devstack cinder-volume[81047]: DEBUG cinder.quota [req-9744d899-f76c-40a4-bdf1-7c3402880183 req-08e29a2e-2b43-4aed-bd01-fc43dd5ebde0 tempest-VolumesSnapshotsTestJSON-1430915851 None] Created reservations ['5394702a-178a-4792-ad94-104a48f51422', '4f844615-8ea4-45bd-b7cd-0cb8ec8f42d1', '4f2a9104-fb16-4f78-ba99-0b130b2b5f71', 'cc4eb304-bec2-4b75-b785-9ab6acebdac7'] {{(pid=81047) reserve /opt/stack/cinder/cinder/quota.py:752}}
Nov 12 21:08:38 devstack cinder-volume[81047]: INFO cinder.volume.manager [req-9744d899-f76c-40a4-bdf1-7c3402880183 req-08e29a2e-2b43-4aed-bd01-fc43dd5ebde0 tempest-VolumesSnapshotsTestJSON-1430915851 None] Delete snapshot completed successfully.
Nov 12 21:08:38 devstack cinder-volume[81047]: DEBUG cinder.coordination [req-9744d899-f76c-40a4-bdf1-7c3402880183 req-08e29a2e-2b43-4aed-bd01-fc43dd5ebde0 tempest-VolumesSnapshotsTestJSON-1430915851 None] Lock "cinder-074f05fa-89a0-4af1-8596-fd8652034e14-delete_snapshot" released by "delete_snapshot" :: held 2.716s {{(pid=81047) __release /opt/stack/cinder/cinder/coordination.py:157}}
Nov 12 21:08:39 devstack cinder-volume[81047]: DEBUG cinder.coordination [req-62581f38-e9f8-462f-ba8c-97ec6abda8b6 req-a7ecf957-f658-4ba8-a63f-6b09e328c135 tempest-VolumesSnapshotsTestJSON-1430915851 None] Acquiring lock "cinder-150d96d9-2e23-4ba0-aac3-6878e95d8223-delete_volume" by "delete_volume" {{(pid=81047) __acquire /opt/stack/cinder/cinder/coordination.py:143}}
Nov 12 21:08:39 devstack cinder-volume[81047]: DEBUG cinder.coordination [req-62581f38-e9f8-462f-ba8c-97ec6abda8b6 req-a7ecf957-f658-4ba8-a63f-6b09e328c135 tempest-VolumesSnapshotsTestJSON-1430915851 None] Lock "cinder-150d96d9-2e23-4ba0-aac3-6878e95d8223-delete_volume" acquired by "delete_volume" :: waited 0.011s {{(pid=81047) __acquire /opt/stack/cinder/cinder/coordination.py:146}}
Nov 12 21:08:39 devstack cinder-volume[81047]: WARNING cinder.volume.volume_utils [req-62581f38-e9f8-462f-ba8c-97ec6abda8b6 req-a7ecf957-f658-4ba8-a63f-6b09e328c135 tempest-VolumesSnapshotsTestJSON-1430915851 None] Volume driver (QuobyteDriver 1.1.13) is currently unsupported and may be removed in the next release of OpenStack. Use at your own risk.
Nov 12 21:08:39 devstack cinder-volume[81047]: DEBUG cinder.coordination [req-62581f38-e9f8-462f-ba8c-97ec6abda8b6 req-a7ecf957-f658-4ba8-a63f-6b09e328c135 tempest-VolumesSnapshotsTestJSON-1430915851 None] Acquiring lock "cinder-quobyte-150d96d9-2e23-4ba0-aac3-6878e95d8223" by "delete_volume" {{(pid=81047) __acquire /opt/stack/cinder/cinder/coordination.py:143}}
Nov 12 21:08:39 devstack cinder-volume[81047]: DEBUG cinder.coordination [req-62581f38-e9f8-462f-ba8c-97ec6abda8b6 req-a7ecf957-f658-4ba8-a63f-6b09e328c135 tempest-VolumesSnapshotsTestJSON-1430915851 None] Lock "cinder-quobyte-150d96d9-2e23-4ba0-aac3-6878e95d8223" acquired by "delete_volume" :: waited 0.008s {{(pid=81047) __acquire /opt/stack/cinder/cinder/coordination.py:146}}
Nov 12 21:08:39 devstack cinder-volume[81047]: DEBUG oslo.privsep.daemon [-] privsep: reply[0d2873b2-d0a7-45d2-918c-ecbb8646e107]: (4, 'qcow2') {{(pid=81815) _call_back /opt/stack/data/venv/lib/python3.10/site-packages/oslo_privsep/daemon.py:515}}
Nov 12 21:08:39 devstack cinder-volume[81047]: DEBUG oslo_concurrency.processutils [req-62581f38-e9f8-462f-ba8c-97ec6abda8b6 req-a7ecf957-f658-4ba8-a63f-6b09e328c135 tempest-VolumesSnapshotsTestJSON-1430915851 None] Running cmd (subprocess): /opt/stack/data/venv/bin/python3.10 -m oslo_concurrency.prlimit --as=1073741824 --cpu=60 -- sudo cinder-rootwrap /etc/cinder/rootwrap.conf env LC_ALL=C qemu-img info -f qcow2 --output=json --force-share /opt/stack/data/cinder/mnt/d1809f900419f7693ecc29ce48226301/volume-150d96d9-2e23-4ba0-aac3-6878e95d8223 {{(pid=81047) execute /opt/stack/data/venv/lib/python3.10/site-packages/oslo_concurrency/processutils.py:349}}
Nov 12 21:08:39 devstack sudo[85648]: quobyte : PWD=/ ; USER=root ; COMMAND=/opt/stack/data/venv/bin/cinder-rootwrap /etc/cinder/rootwrap.conf env LC_ALL=C qemu-img info -f qcow2 --output=json --force-share /opt/stack/data/cinder/mnt/d1809f900419f7693ecc29ce48226301/volume-150d96d9-2e23-4ba0-aac3-6878e95d8223
Nov 12 21:08:39 devstack sudo[85648]: pam_unix(sudo:session): session opened for user root(uid=0) by (uid=1000)
Nov 12 21:08:40 devstack sudo[85648]: pam_unix(sudo:session): session closed for user root
Nov 12 21:08:40 devstack cinder-volume[81047]: DEBUG oslo_concurrency.processutils [req-62581f38-e9f8-462f-ba8c-97ec6abda8b6 req-a7ecf957-f658-4ba8-a63f-6b09e328c135 tempest-VolumesSnapshotsTestJSON-1430915851 None] CMD "/opt/stack/data/venv/bin/python3.10 -m oslo_concurrency.prlimit --as=1073741824 --cpu=60 -- sudo cinder-rootwrap /etc/cinder/rootwrap.conf env LC_ALL=C qemu-img info -f qcow2 --output=json --force-share /opt/stack/data/cinder/mnt/d1809f900419f7693ecc29ce48226301/volume-150d96d9-2e23-4ba0-aac3-6878e95d8223" returned: 0 in 0.649s {{(pid=81047) execute /opt/stack/data/venv/lib/python3.10/site-packages/oslo_concurrency/processutils.py:372}}
Nov 12 21:08:40 devstack cinder-volume[81047]: DEBUG oslo_concurrency.processutils [req-62581f38-e9f8-462f-ba8c-97ec6abda8b6 req-a7ecf957-f658-4ba8-a63f-6b09e328c135 tempest-VolumesSnapshotsTestJSON-1430915851 None] Running cmd (subprocess): sudo cinder-rootwrap /etc/cinder/rootwrap.conf rm -f /opt/stack/data/cinder/mnt/d1809f900419f7693ecc29ce48226301/volume-150d96d9-2e23-4ba0-aac3-6878e95d8223 {{(pid=81047) execute /opt/stack/data/venv/lib/python3.10/site-packages/oslo_concurrency/processutils.py:349}}
Nov 12 21:08:40 devstack sudo[85653]: quobyte : PWD=/ ; USER=root ; COMMAND=/opt/stack/data/venv/bin/cinder-rootwrap /etc/cinder/rootwrap.conf rm -f /opt/stack/data/cinder/mnt/d1809f900419f7693ecc29ce48226301/volume-150d96d9-2e23-4ba0-aac3-6878e95d8223
Nov 12 21:08:40 devstack sudo[85653]: pam_unix(sudo:session): session opened for user root(uid=0) by (uid=1000)
Nov 12 21:08:40 devstack sudo[85653]: pam_unix(sudo:session): session closed for user root
Nov 12 21:08:40 devstack cinder-volume[81047]: DEBUG oslo_concurrency.processutils [req-62581f38-e9f8-462f-ba8c-97ec6abda8b6 req-a7ecf957-f658-4ba8-a63f-6b09e328c135 tempest-VolumesSnapshotsTestJSON-1430915851 None] CMD "sudo cinder-rootwrap /etc/cinder/rootwrap.conf rm -f /opt/stack/data/cinder/mnt/d1809f900419f7693ecc29ce48226301/volume-150d96d9-2e23-4ba0-aac3-6878e95d8223" returned: 0 in 0.578s {{(pid=81047) execute /opt/stack/data/venv/lib/python3.10/site-packages/oslo_concurrency/processutils.py:372}}
Nov 12 21:08:40 devstack cinder-volume[81047]: DEBUG cinder.coordination [req-62581f38-e9f8-462f-ba8c-97ec6abda8b6 req-a7ecf957-f658-4ba8-a63f-6b09e328c135 tempest-VolumesSnapshotsTestJSON-1430915851 None] Lock "cinder-quobyte-150d96d9-2e23-4ba0-aac3-6878e95d8223" released by "delete_volume" :: held 1.261s {{(pid=81047) __release /opt/stack/cinder/cinder/coordination.py:157}}
Nov 12 21:08:40 devstack cinder-volume[81047]: DEBUG cinder.quota [req-62581f38-e9f8-462f-ba8c-97ec6abda8b6 req-a7ecf957-f658-4ba8-a63f-6b09e328c135 tempest-VolumesSnapshotsTestJSON-1430915851 None] Created reservations ['0d51c1b6-b893-42e0-a7f9-86ae237b99ad', 'e1d93b43-c887-4f3b-9925-67b5df7a0e3b', '21e61f52-3b06-41fb-8c77-919a6d0bd3fd', '5472e800-f794-43b2-b046-582e62c3b9dc'] {{(pid=81047) reserve /opt/stack/cinder/cinder/quota.py:752}}
Nov 12 21:08:40 devstack cinder-volume[81047]: DEBUG oslo_concurrency.lockutils [req-62581f38-e9f8-462f-ba8c-97ec6abda8b6 req-a7ecf957-f658-4ba8-a63f-6b09e328c135 tempest-VolumesSnapshotsTestJSON-1430915851 None] Acquiring lock "quobyte_ensure" by "cinder.volume.drivers.quobyte.QuobyteDriver._ensure_shares_mounted" {{(pid=81047) inner /opt/stack/data/venv/lib/python3.10/site-packages/oslo_concurrency/lockutils.py:405}}
Nov 12 21:08:40 devstack cinder-volume[81047]: DEBUG oslo_concurrency.lockutils [req-62581f38-e9f8-462f-ba8c-97ec6abda8b6 req-a7ecf957-f658-4ba8-a63f-6b09e328c135 tempest-VolumesSnapshotsTestJSON-1430915851 None] Lock "quobyte_ensure" acquired by "cinder.volume.drivers.quobyte.QuobyteDriver._ensure_shares_mounted" :: waited 0.001s {{(pid=81047) inner /opt/stack/data/venv/lib/python3.10/site-packages/oslo_concurrency/lockutils.py:410}}
Nov 12 21:08:40 devstack cinder-volume[81047]: DEBUG cinder.volume.drivers.quobyte [req-62581f38-e9f8-462f-ba8c-97ec6abda8b6 req-a7ecf957-f658-4ba8-a63f-6b09e328c135 tempest-VolumesSnapshotsTestJSON-1430915851 None] Quobyte Volume URL set to: {'osci02.corp.quobyte.com/cinder-vol-3a831bcc-ef7b-42b7-8664-6d0a53fc8834': None} {{(pid=81047) _load_shares_config /opt/stack/cinder/cinder/volume/drivers/quobyte.py:604}}
Nov 12 21:08:40 devstack cinder-volume[81047]: DEBUG cinder.volume.drivers.quobyte [req-62581f38-e9f8-462f-ba8c-97ec6abda8b6 req-a7ecf957-f658-4ba8-a63f-6b09e328c135 tempest-VolumesSnapshotsTestJSON-1430915851 None] Available shares ['osci02.corp.quobyte.com/cinder-vol-3a831bcc-ef7b-42b7-8664-6d0a53fc8834'] {{(pid=81047) _ensure_shares_mounted /opt/stack/cinder/cinder/volume/drivers/quobyte.py:634}}
Nov 12 21:08:40 devstack cinder-volume[81047]: DEBUG oslo_concurrency.lockutils [req-62581f38-e9f8-462f-ba8c-97ec6abda8b6 req-a7ecf957-f658-4ba8-a63f-6b09e328c135 tempest-VolumesSnapshotsTestJSON-1430915851 None] Lock "quobyte_ensure" "released" by "cinder.volume.drivers.quobyte.QuobyteDriver._ensure_shares_mounted" :: held 0.005s {{(pid=81047) inner /opt/stack/data/venv/lib/python3.10/site-packages/oslo_concurrency/lockutils.py:424}}
Nov 12 21:08:40 devstack cinder-volume[81047]: DEBUG oslo_concurrency.processutils [req-62581f38-e9f8-462f-ba8c-97ec6abda8b6 req-a7ecf957-f658-4ba8-a63f-6b09e328c135 tempest-VolumesSnapshotsTestJSON-1430915851 None] Running cmd (subprocess): sudo cinder-rootwrap /etc/cinder/rootwrap.conf df --portability --block-size 1 /opt/stack/data/cinder/mnt/d1809f900419f7693ecc29ce48226301 {{(pid=81047) execute /opt/stack/data/venv/lib/python3.10/site-packages/oslo_concurrency/processutils.py:349}}
