Nov 20 16:35:41 devstack cinder-volume[81792]: DEBUG oslo_service.backend._eventlet.service [None req-0f5acf95-eb90-4c47-a85d-32fc533f37a8 None None] shell_completion = None {{(pid=81792) log_opt_values /opt/stack/data/venv/lib/python3.10/site-packages/oslo_config/cfg.py:2817}}
Nov 20 16:35:41 devstack cinder-volume[81792]: DEBUG oslo_service.backend._eventlet.service [None req-0f5acf95-eb90-4c47-a85d-32fc533f37a8 None None] snapshot_name_template = snapshot-%s {{(pid=81792) log_opt_values /opt/stack/data/venv/lib/python3.10/site-packages/oslo_config/cfg.py:2817}}
Nov 20 16:35:41 devstack cinder-volume[82028]: DEBUG cinder.volume.drivers.quobyte [None req-f00823d3-1249-4a35-ac5f-af6e5e97c9c8 None None] nas_secure_file_* settings are false (ownership) and false (permissions). {{(pid=82028) set_nas_security_options /opt/stack/cinder/cinder/volume/drivers/quobyte.py:307}}
Nov 20 16:35:41 devstack cinder-volume[81792]: DEBUG oslo_service.backend._eventlet.service [None req-0f5acf95-eb90-4c47-a85d-32fc533f37a8 None None] split_loggers = False {{(pid=81792) log_opt_values /opt/stack/data/venv/lib/python3.10/site-packages/oslo_config/cfg.py:2817}}
Nov 20 16:35:41 devstack cinder-volume[81792]: DEBUG oslo_service.backend._eventlet.service [None req-0f5acf95-eb90-4c47-a85d-32fc533f37a8 None None] state_path = /opt/stack/data/cinder {{(pid=81792) log_opt_values /opt/stack/data/venv/lib/python3.10/site-packages/oslo_config/cfg.py:2817}}
Nov 20 16:35:41 devstack cinder-volume[82028]: WARNING cinder.volume.drivers.quobyte [None req-f00823d3-1249-4a35-ac5f-af6e5e97c9c8 None None] The NAS file operations will be run as root, allowing root level access at the storage backend.
Nov 20 16:35:41 devstack cinder-volume[81792]: DEBUG oslo_service.backend._eventlet.service [None req-0f5acf95-eb90-4c47-a85d-32fc533f37a8 None None] storage_availability_zone = nova {{(pid=81792) log_opt_values /opt/stack/data/venv/lib/python3.10/site-packages/oslo_config/cfg.py:2817}}
Nov 20 16:35:41 devstack cinder-volume[82028]: WARNING cinder.volume.drivers.quobyte [None req-f00823d3-1249-4a35-ac5f-af6e5e97c9c8 None None] The NAS file permissions mode will be 666 (allowing other/world read & write access).
Nov 20 16:35:41 devstack cinder-volume[81792]: DEBUG oslo_service.backend._eventlet.service [None req-0f5acf95-eb90-4c47-a85d-32fc533f37a8 None None] storage_protocol = iSCSI {{(pid=81792) log_opt_values /opt/stack/data/venv/lib/python3.10/site-packages/oslo_config/cfg.py:2817}}
Nov 20 16:35:41 devstack cinder-volume[81792]: DEBUG oslo_service.backend._eventlet.service [None req-0f5acf95-eb90-4c47-a85d-32fc533f37a8 None None] syslog_log_facility = LOG_USER {{(pid=81792) log_opt_values /opt/stack/data/venv/lib/python3.10/site-packages/oslo_config/cfg.py:2817}}
Nov 20 16:35:41 devstack cinder-volume[81792]: DEBUG oslo_service.backend._eventlet.service [None req-0f5acf95-eb90-4c47-a85d-32fc533f37a8 None None] target_helper = lioadm {{(pid=81792) log_opt_values /opt/stack/data/venv/lib/python3.10/site-packages/oslo_config/cfg.py:2817}}
Nov 20 16:35:41 devstack cinder-volume[81792]: DEBUG oslo_service.backend._eventlet.service [None req-0f5acf95-eb90-4c47-a85d-32fc533f37a8 None None] target_ip_address = 192.168.122.155 {{(pid=81792) log_opt_values /opt/stack/data/venv/lib/python3.10/site-packages/oslo_config/cfg.py:2817}}
Nov 20 16:35:41 devstack cinder-volume[82028]: DEBUG oslo_concurrency.processutils [None req-f00823d3-1249-4a35-ac5f-af6e5e97c9c8 None None] Running cmd (subprocess): mount.quobyte {{(pid=82028) execute /opt/stack/data/venv/lib/python3.10/site-packages/oslo_concurrency/processutils.py:349}}
Nov 20 16:35:41 devstack quobyte-client[82029]: Reading configuration file: /etc/quobyte/client.cfg
Nov 20 16:35:41 devstack cinder-volume[81792]: DEBUG oslo_service.backend._eventlet.service [None req-0f5acf95-eb90-4c47-a85d-32fc533f37a8 None None] target_port = 3260 {{(pid=81792) log_opt_values /opt/stack/data/venv/lib/python3.10/site-packages/oslo_config/cfg.py:2817}}
Nov 20 16:35:41 devstack cinder-volume[81792]: DEBUG oslo_service.backend._eventlet.service [None req-0f5acf95-eb90-4c47-a85d-32fc533f37a8 None None] target_prefix = iqn.2010-10.org.openstack: {{(pid=81792) log_opt_values /opt/stack/data/venv/lib/python3.10/site-packages/oslo_config/cfg.py:2817}}
Nov 20 16:35:41 devstack cinder-volume[81792]: DEBUG oslo_service.backend._eventlet.service [None req-0f5acf95-eb90-4c47-a85d-32fc533f37a8 None None] target_protocol = iscsi {{(pid=81792) log_opt_values /opt/stack/data/venv/lib/python3.10/site-packages/oslo_config/cfg.py:2817}}
Nov 20 16:35:41 devstack cinder-volume[81792]: DEBUG oslo_service.backend._eventlet.service [None req-0f5acf95-eb90-4c47-a85d-32fc533f37a8 None None] target_secondary_ip_addresses = [] {{(pid=81792) log_opt_values /opt/stack/data/venv/lib/python3.10/site-packages/oslo_config/cfg.py:2817}}
Nov 20 16:35:41 devstack cinder-volume[81792]: DEBUG oslo_service.backend._eventlet.service [None req-0f5acf95-eb90-4c47-a85d-32fc533f37a8 None None] trace_flags = None {{(pid=81792) log_opt_values /opt/stack/data/venv/lib/python3.10/site-packages/oslo_config/cfg.py:2817}}
Nov 20 16:35:41 devstack cinder-volume[81792]: DEBUG oslo_service.backend._eventlet.service [None req-0f5acf95-eb90-4c47-a85d-32fc533f37a8 None None] transfer_api_class = cinder.transfer.api.API {{(pid=81792) log_opt_values /opt/stack/data/venv/lib/python3.10/site-packages/oslo_config/cfg.py:2817}}
Nov 20 16:35:41 devstack quobyte-client[82029]: Invalid parameters found, error: missing mount point.
Nov 20 16:35:41 devstack cinder-volume[81792]: DEBUG oslo_service.backend._eventlet.service [None req-0f5acf95-eb90-4c47-a85d-32fc533f37a8 None None] transport_url = **** {{(pid=81792) log_opt_values /opt/stack/data/venv/lib/python3.10/site-packages/oslo_config/cfg.py:2817}}
Nov 20 16:35:41 devstack cinder-volume[81792]: DEBUG oslo_service.backend._eventlet.service [None req-0f5acf95-eb90-4c47-a85d-32fc533f37a8 None None] until_refresh = 0 {{(pid=81792) log_opt_values /opt/stack/data/venv/lib/python3.10/site-packages/oslo_config/cfg.py:2817}}
Nov 20 16:35:41 devstack cinder-volume[81792]: DEBUG oslo_service.backend._eventlet.service [None req-0f5acf95-eb90-4c47-a85d-32fc533f37a8 None None] use_chap_auth = False {{(pid=81792) log_opt_values /opt/stack/data/venv/lib/python3.10/site-packages/oslo_config/cfg.py:2817}}
Nov 20 16:35:41 devstack cinder-volume[81792]: DEBUG oslo_service.backend._eventlet.service [None req-0f5acf95-eb90-4c47-a85d-32fc533f37a8 None None] use_default_quota_class = True {{(pid=81792) log_opt_values /opt/stack/data/venv/lib/python3.10/site-packages/oslo_config/cfg.py:2817}}
Nov 20 16:35:41 devstack cinder-volume[81792]: DEBUG oslo_service.backend._eventlet.service [None req-0f5acf95-eb90-4c47-a85d-32fc533f37a8 None None] use_journal = False {{(pid=81792) log_opt_values /opt/stack/data/venv/lib/python3.10/site-packages/oslo_config/cfg.py:2817}}
Nov 20 16:35:41 devstack cinder-volume[81792]: DEBUG oslo_service.backend._eventlet.service [None req-0f5acf95-eb90-4c47-a85d-32fc533f37a8 None None] use_json = False {{(pid=81792) log_opt_values /opt/stack/data/venv/lib/python3.10/site-packages/oslo_config/cfg.py:2817}}
Nov 20 16:35:41 devstack cinder-volume[81792]: DEBUG oslo_service.backend._eventlet.service [None req-0f5acf95-eb90-4c47-a85d-32fc533f37a8 None None] use_multipath_for_image_xfer = False {{(pid=81792) log_opt_values /opt/stack/data/venv/lib/python3.10/site-packages/oslo_config/cfg.py:2817}}
Nov 20 16:35:41 devstack quobyte-client[82029]: Quobyte logging to journald, you can use 'journalctl QUOBYTE_MOUNTPOINT=' to display the log.
Nov 20 16:35:41 devstack cinder-volume[81792]: DEBUG oslo_service.backend._eventlet.service [None req-0f5acf95-eb90-4c47-a85d-32fc533f37a8 None None] use_stderr = False {{(pid=81792) log_opt_values /opt/stack/data/venv/lib/python3.10/site-packages/oslo_config/cfg.py:2817}}
Nov 20 16:35:41 devstack cinder-volume[81792]: DEBUG oslo_service.backend._eventlet.service [None req-0f5acf95-eb90-4c47-a85d-32fc533f37a8 None None] use_syslog = False {{(pid=81792) log_opt_values /opt/stack/data/venv/lib/python3.10/site-packages/oslo_config/cfg.py:2817}}
Nov 20 16:35:41 devstack cinder-volume[81792]: DEBUG oslo_service.backend._eventlet.service [None req-0f5acf95-eb90-4c47-a85d-32fc533f37a8 None None] verify_glance_signatures = enabled {{(pid=81792) log_opt_values /opt/stack/data/venv/lib/python3.10/site-packages/oslo_config/cfg.py:2817}}
Nov 20 16:35:41 devstack cinder-volume[81792]: DEBUG oslo_service.backend._eventlet.service [None req-0f5acf95-eb90-4c47-a85d-32fc533f37a8 None None] vmdk_allowed_types = ['streamOptimized', 'monolithicSparse'] {{(pid=81792) log_opt_values /opt/stack/data/venv/lib/python3.10/site-packages/oslo_config/cfg.py:2817}}
Nov 20 16:35:41 devstack cinder-volume[81792]: DEBUG oslo_service.backend._eventlet.service [None req-0f5acf95-eb90-4c47-a85d-32fc533f37a8 None None] volume_api_class = cinder.volume.api.API {{(pid=81792) log_opt_values /opt/stack/data/venv/lib/python3.10/site-packages/oslo_config/cfg.py:2817}}
Nov 20 16:35:41 devstack cinder-volume[81792]: DEBUG oslo_service.backend._eventlet.service [None req-0f5acf95-eb90-4c47-a85d-32fc533f37a8 None None] volume_backend_name = None {{(pid=81792) log_opt_values /opt/stack/data/venv/lib/python3.10/site-packages/oslo_config/cfg.py:2817}}
Nov 20 16:35:41 devstack quobyte-client[82029]: Failed to parse all commandline parameters, please use -h/--help to see available options.
Nov 20 16:35:41 devstack cinder-volume[81792]: DEBUG oslo_service.backend._eventlet.service [None req-0f5acf95-eb90-4c47-a85d-32fc533f37a8 None None] volume_clear = zero {{(pid=81792) log_opt_values /opt/stack/data/venv/lib/python3.10/site-packages/oslo_config/cfg.py:2817}}
Nov 20 16:35:41 devstack cinder-volume[81792]: DEBUG oslo_service.backend._eventlet.service [None req-0f5acf95-eb90-4c47-a85d-32fc533f37a8 None None] volume_clear_ionice = None {{(pid=81792) log_opt_values /opt/stack/data/venv/lib/python3.10/site-packages/oslo_config/cfg.py:2817}}
Nov 20 16:35:41 devstack cinder-volume[81792]: DEBUG oslo_service.backend._eventlet.service [None req-0f5acf95-eb90-4c47-a85d-32fc533f37a8 None None] volume_clear_size = 0 {{(pid=81792) log_opt_values /opt/stack/data/venv/lib/python3.10/site-packages/oslo_config/cfg.py:2817}}
Nov 20 16:35:41 devstack cinder-volume[81792]: DEBUG oslo_service.backend._eventlet.service [None req-0f5acf95-eb90-4c47-a85d-32fc533f37a8 None None] volume_copy_blkio_cgroup_name = cinder-volume-copy {{(pid=81792) log_opt_values /opt/stack/data/venv/lib/python3.10/site-packages/oslo_config/cfg.py:2817}}
Nov 20 16:35:41 devstack cinder-volume[81792]: DEBUG oslo_service.backend._eventlet.service [None req-0f5acf95-eb90-4c47-a85d-32fc533f37a8 None None] volume_copy_bps_limit = 0 {{(pid=81792) log_opt_values /opt/stack/data/venv/lib/python3.10/site-packages/oslo_config/cfg.py:2817}}
Nov 20 16:35:41 devstack cinder-volume[81792]: DEBUG oslo_service.backend._eventlet.service [None req-0f5acf95-eb90-4c47-a85d-32fc533f37a8 None None] volume_dd_blocksize = 1M {{(pid=81792) log_opt_values /opt/stack/data/venv/lib/python3.10/site-packages/oslo_config/cfg.py:2817}}
Nov 20 16:35:41 devstack cinder-volume[81792]: DEBUG oslo_service.backend._eventlet.service [None req-0f5acf95-eb90-4c47-a85d-32fc533f37a8 None None] volume_manager = cinder.volume.manager.VolumeManager {{(pid=81792) log_opt_values /opt/stack/data/venv/lib/python3.10/site-packages/oslo_config/cfg.py:2817}}
Nov 20 16:35:41 devstack cinder-volume[81792]: DEBUG oslo_service.backend._eventlet.service [None req-0f5acf95-eb90-4c47-a85d-32fc533f37a8 None None] volume_name_template = volume-%s {{(pid=81792) log_opt_values /opt/stack/data/venv/lib/python3.10/site-packages/oslo_config/cfg.py:2817}}
Nov 20 16:35:41 devstack cinder-volume[81792]: DEBUG oslo_service.backend._eventlet.service [None req-0f5acf95-eb90-4c47-a85d-32fc533f37a8 None None] volume_service_inithost_offload = False {{(pid=81792) log_opt_values /opt/stack/data/venv/lib/python3.10/site-packages/oslo_config/cfg.py:2817}}
Nov 20 16:35:41 devstack cinder-volume[81792]: DEBUG oslo_service.backend._eventlet.service [None req-0f5acf95-eb90-4c47-a85d-32fc533f37a8 None None] volume_usage_audit_period = month {{(pid=81792) log_opt_values /opt/stack/data/venv/lib/python3.10/site-packages/oslo_config/cfg.py:2817}}
Nov 20 16:35:41 devstack cinder-volume[81792]: DEBUG oslo_service.backend._eventlet.service [None req-0f5acf95-eb90-4c47-a85d-32fc533f37a8 None None] volumes_dir = /opt/stack/data/cinder/volumes {{(pid=81792) log_opt_values /opt/stack/data/venv/lib/python3.10/site-packages/oslo_config/cfg.py:2817}}
Nov 20 16:35:41 devstack cinder-volume[81792]: DEBUG oslo_service.backend._eventlet.service [None req-0f5acf95-eb90-4c47-a85d-32fc533f37a8 None None] watch_log_file = False {{(pid=81792) log_opt_values /opt/stack/data/venv/lib/python3.10/site-packages/oslo_config/cfg.py:2817}}
Nov 20 16:35:41 devstack cinder-volume[81792]: DEBUG oslo_service.backend._eventlet.service [None req-0f5acf95-eb90-4c47-a85d-32fc533f37a8 None None] zoning_mode = None {{(pid=81792) log_opt_values /opt/stack/data/venv/lib/python3.10/site-packages/oslo_config/cfg.py:2817}}
Nov 20 16:35:41 devstack cinder-volume[81792]: DEBUG oslo_service.backend._eventlet.service [None req-0f5acf95-eb90-4c47-a85d-32fc533f37a8 None None] os_brick.lock_path = /opt/stack/data/os_brick {{(pid=81792) log_opt_values /opt/stack/data/venv/lib/python3.10/site-packages/oslo_config/cfg.py:2824}}
Nov 20 16:35:41 devstack cinder-volume[81792]: DEBUG oslo_service.backend._eventlet.service [None req-0f5acf95-eb90-4c47-a85d-32fc533f37a8 None None] os_brick.wait_mpath_device_attempts = 4 {{(pid=81792) log_opt_values /opt/stack/data/venv/lib/python3.10/site-packages/oslo_config/cfg.py:2824}}
Nov 20 16:35:41 devstack cinder-volume[81792]: DEBUG oslo_service.backend._eventlet.service [None req-0f5acf95-eb90-4c47-a85d-32fc533f37a8 None None] os_brick.wait_mpath_device_interval = 1 {{(pid=81792) log_opt_values /opt/stack/data/venv/lib/python3.10/site-packages/oslo_config/cfg.py:2824}}
Nov 20 16:35:41 devstack cinder-volume[81792]: DEBUG oslo_service.backend._eventlet.service [None req-0f5acf95-eb90-4c47-a85d-32fc533f37a8 None None] oslo_middleware.http_basic_auth_user_file = /etc/htpasswd {{(pid=81792) log_opt_values /opt/stack/data/venv/lib/python3.10/site-packages/oslo_config/cfg.py:2824}}
Nov 20 16:35:41 devstack cinder-volume[81792]: DEBUG oslo_service.backend._eventlet.service [None req-0f5acf95-eb90-4c47-a85d-32fc533f37a8 None None] oslo_concurrency.disable_process_locking = False {{(pid=81792) log_opt_values /opt/stack/data/venv/lib/python3.10/site-packages/oslo_config/cfg.py:2824}}
Nov 20 16:35:41 devstack cinder-volume[81792]: DEBUG oslo_service.backend._eventlet.service [None req-0f5acf95-eb90-4c47-a85d-32fc533f37a8 None None] oslo_concurrency.lock_path = /opt/stack/data/cinder {{(pid=81792) log_opt_values /opt/stack/data/venv/lib/python3.10/site-packages/oslo_config/cfg.py:2824}}
Nov 20 16:35:41 devstack cinder-volume[81792]: DEBUG oslo_service.backend._eventlet.service [None req-0f5acf95-eb90-4c47-a85d-32fc533f37a8 None None] oslo_versionedobjects.fatal_exception_format_errors = False {{(pid=81792) log_opt_values /opt/stack/data/venv/lib/python3.10/site-packages/oslo_config/cfg.py:2824}}
Nov 20 16:35:41 devstack cinder-volume[81792]: DEBUG oslo_service.backend._eventlet.service [None req-0f5acf95-eb90-4c47-a85d-32fc533f37a8 None None] keystone_authtoken.admin_password = **** {{(pid=81792) log_opt_values /opt/stack/data/venv/lib/python3.10/site-packages/oslo_config/cfg.py:2824}}
Nov 20 16:35:41 devstack cinder-volume[81792]: DEBUG oslo_service.backend._eventlet.service [None req-0f5acf95-eb90-4c47-a85d-32fc533f37a8 None None] keystone_authtoken.admin_tenant_name = admin {{(pid=81792) log_opt_values /opt/stack/data/venv/lib/python3.10/site-packages/oslo_config/cfg.py:2824}}
Nov 20 16:35:41 devstack cinder-volume[81792]: DEBUG oslo_service.backend._eventlet.service [None req-0f5acf95-eb90-4c47-a85d-32fc533f37a8 None None] keystone_authtoken.admin_token = **** {{(pid=81792) log_opt_values /opt/stack/data/venv/lib/python3.10/site-packages/oslo_config/cfg.py:2824}}
Nov 20 16:35:41 devstack cinder-volume[81792]: DEBUG oslo_service.backend._eventlet.service [None req-0f5acf95-eb90-4c47-a85d-32fc533f37a8 None None] keystone_authtoken.admin_user = None {{(pid=81792) log_opt_values /opt/stack/data/venv/lib/python3.10/site-packages/oslo_config/cfg.py:2824}}
Nov 20 16:35:41 devstack cinder-volume[81792]: DEBUG oslo_service.backend._eventlet.service [None req-0f5acf95-eb90-4c47-a85d-32fc533f37a8 None None] keystone_authtoken.auth_admin_prefix = {{(pid=81792) log_opt_values /opt/stack/data/venv/lib/python3.10/site-packages/oslo_config/cfg.py:2824}}
Nov 20 16:35:41 devstack cinder-volume[81792]: DEBUG oslo_service.backend._eventlet.service [None req-0f5acf95-eb90-4c47-a85d-32fc533f37a8 None None] keystone_authtoken.auth_host = 127.0.0.1 {{(pid=81792) log_opt_values /opt/stack/data/venv/lib/python3.10/site-packages/oslo_config/cfg.py:2824}}
Nov 20 16:35:41 devstack cinder-volume[81792]: DEBUG oslo_service.backend._eventlet.service [None req-0f5acf95-eb90-4c47-a85d-32fc533f37a8 None None] keystone_authtoken.auth_port = 35357 {{(pid=81792) log_opt_values /opt/stack/data/venv/lib/python3.10/site-packages/oslo_config/cfg.py:2824}}
Nov 20 16:35:41 devstack cinder-volume[81792]: DEBUG oslo_service.backend._eventlet.service [None req-0f5acf95-eb90-4c47-a85d-32fc533f37a8 None None] keystone_authtoken.auth_protocol = https {{(pid=81792) log_opt_values /opt/stack/data/venv/lib/python3.10/site-packages/oslo_config/cfg.py:2824}}
Nov 20 16:35:41 devstack cinder-volume[81792]: DEBUG oslo_service.backend._eventlet.service [None req-0f5acf95-eb90-4c47-a85d-32fc533f37a8 None None] keystone_authtoken.auth_section = None {{(pid=81792) log_opt_values /opt/stack/data/venv/lib/python3.10/site-packages/oslo_config/cfg.py:2824}}
Nov 20 16:35:41 devstack cinder-volume[81792]: DEBUG oslo_service.backend._eventlet.service [None req-0f5acf95-eb90-4c47-a85d-32fc533f37a8 None None] keystone_authtoken.auth_type = password {{(pid=81792) log_opt_values /opt/stack/data/venv/lib/python3.10/site-packages/oslo_config/cfg.py:2824}}
Nov 20 16:35:41 devstack cinder-volume[81792]: DEBUG oslo_service.backend._eventlet.service [None req-0f5acf95-eb90-4c47-a85d-32fc533f37a8 None None] keystone_authtoken.auth_uri = None {{(pid=81792) log_opt_values /opt/stack/data/venv/lib/python3.10/site-packages/oslo_config/cfg.py:2824}}
Nov 20 16:35:41 devstack cinder-volume[81792]: DEBUG oslo_service.backend._eventlet.service [None req-0f5acf95-eb90-4c47-a85d-32fc533f37a8 None None] keystone_authtoken.auth_version = None {{(pid=81792) log_opt_values /opt/stack/data/venv/lib/python3.10/site-packages/oslo_config/cfg.py:2824}}
Nov 20 16:35:41 devstack cinder-volume[81792]: DEBUG oslo_service.backend._eventlet.service [None req-0f5acf95-eb90-4c47-a85d-32fc533f37a8 None None] keystone_authtoken.cache = None {{(pid=81792) log_opt_values /opt/stack/data/venv/lib/python3.10/site-packages/oslo_config/cfg.py:2824}}
Nov 20 16:35:41 devstack cinder-volume[81792]: DEBUG oslo_service.backend._eventlet.service [None req-0f5acf95-eb90-4c47-a85d-32fc533f37a8 None None] keystone_authtoken.cafile = /opt/stack/data/ca-bundle.pem {{(pid=81792) log_opt_values /opt/stack/data/venv/lib/python3.10/site-packages/oslo_config/cfg.py:2824}}
Nov 20 16:35:41 devstack cinder-volume[81792]: DEBUG oslo_service.backend._eventlet.service [None req-0f5acf95-eb90-4c47-a85d-32fc533f37a8 None None] keystone_authtoken.certfile = None {{(pid=81792) log_opt_values /opt/stack/data/venv/lib/python3.10/site-packages/oslo_config/cfg.py:2824}}
Nov 20 16:35:41 devstack cinder-volume[81792]: DEBUG oslo_service.backend._eventlet.service [None req-0f5acf95-eb90-4c47-a85d-32fc533f37a8 None None] keystone_authtoken.delay_auth_decision = False {{(pid=81792) log_opt_values /opt/stack/data/venv/lib/python3.10/site-packages/oslo_config/cfg.py:2824}}
Nov 20 16:35:41 devstack cinder-volume[81792]: DEBUG oslo_service.backend._eventlet.service [None req-0f5acf95-eb90-4c47-a85d-32fc533f37a8 None None] keystone_authtoken.enforce_token_bind = permissive {{(pid=81792) log_opt_values /opt/stack/data/venv/lib/python3.10/site-packages/oslo_config/cfg.py:2824}}
Nov 20 16:35:41 devstack cinder-volume[81792]: DEBUG oslo_service.backend._eventlet.service [None req-0f5acf95-eb90-4c47-a85d-32fc533f37a8 None None] keystone_authtoken.http_connect_timeout = None {{(pid=81792) log_opt_values /opt/stack/data/venv/lib/python3.10/site-packages/oslo_config/cfg.py:2824}}
Nov 20 16:35:41 devstack cinder-volume[81792]: DEBUG oslo_service.backend._eventlet.service [None req-0f5acf95-eb90-4c47-a85d-32fc533f37a8 None None] keystone_authtoken.http_request_max_retries = 3 {{(pid=81792) log_opt_values /opt/stack/data/venv/lib/python3.10/site-packages/oslo_config/cfg.py:2824}}
Nov 20 16:35:41 devstack cinder-volume[81792]: DEBUG oslo_service.backend._eventlet.service [None req-0f5acf95-eb90-4c47-a85d-32fc533f37a8 None None] keystone_authtoken.identity_uri = None {{(pid=81792) log_opt_values /opt/stack/data/venv/lib/python3.10/site-packages/oslo_config/cfg.py:2824}}
Nov 20 16:35:41 devstack cinder-volume[81792]: DEBUG oslo_service.backend._eventlet.service [None req-0f5acf95-eb90-4c47-a85d-32fc533f37a8 None None] keystone_authtoken.include_service_catalog = True {{(pid=81792) log_opt_values /opt/stack/data/venv/lib/python3.10/site-packages/oslo_config/cfg.py:2824}}
Nov 20 16:35:41 devstack cinder-volume[81792]: DEBUG oslo_service.backend._eventlet.service [None req-0f5acf95-eb90-4c47-a85d-32fc533f37a8 None None] keystone_authtoken.insecure = False {{(pid=81792) log_opt_values /opt/stack/data/venv/lib/python3.10/site-packages/oslo_config/cfg.py:2824}}
Nov 20 16:35:41 devstack cinder-volume[81792]: DEBUG oslo_service.backend._eventlet.service [None req-0f5acf95-eb90-4c47-a85d-32fc533f37a8 None None] keystone_authtoken.interface = public {{(pid=81792) log_opt_values /opt/stack/data/venv/lib/python3.10/site-packages/oslo_config/cfg.py:2824}}
Nov 20 16:35:41 devstack cinder-volume[81792]: DEBUG oslo_service.backend._eventlet.service [None req-0f5acf95-eb90-4c47-a85d-32fc533f37a8 None None] keystone_authtoken.keyfile = None {{(pid=81792) log_opt_values /opt/stack/data/venv/lib/python3.10/site-packages/oslo_config/cfg.py:2824}}
Nov 20 16:35:41 devstack cinder-volume[81792]: DEBUG oslo_service.backend._eventlet.service [None req-0f5acf95-eb90-4c47-a85d-32fc533f37a8 None None] keystone_authtoken.memcache_password = {{(pid=81792) log_opt_values /opt/stack/data/venv/lib/python3.10/site-packages/oslo_config/cfg.py:2824}}
Nov 20 16:35:41 devstack cinder-volume[81792]: DEBUG oslo_service.backend._eventlet.service [None req-0f5acf95-eb90-4c47-a85d-32fc533f37a8 None None] keystone_authtoken.memcache_pool_conn_get_timeout = 10 {{(pid=81792) log_opt_values /opt/stack/data/venv/lib/python3.10/site-packages/oslo_config/cfg.py:2824}}
Nov 20 16:35:41 devstack cinder-volume[81792]: DEBUG oslo_service.backend._eventlet.service [None req-0f5acf95-eb90-4c47-a85d-32fc533f37a8 None None] keystone_authtoken.memcache_pool_dead_retry = 300 {{(pid=81792) log_opt_values /opt/stack/data/venv/lib/python3.10/site-packages/oslo_config/cfg.py:2824}}
Nov 20 16:35:41 devstack cinder-volume[81792]: DEBUG oslo_service.backend._eventlet.service [None req-0f5acf95-eb90-4c47-a85d-32fc533f37a8 None None] keystone_authtoken.memcache_pool_maxsize = 10 {{(pid=81792) log_opt_values /opt/stack/data/venv/lib/python3.10/site-packages/oslo_config/cfg.py:2824}}
Nov 20 16:35:41 devstack cinder-volume[81792]: DEBUG oslo_service.backend._eventlet.service [None req-0f5acf95-eb90-4c47-a85d-32fc533f37a8 None None] keystone_authtoken.memcache_pool_socket_timeout = 3 {{(pid=81792) log_opt_values /opt/stack/data/venv/lib/python3.10/site-packages/oslo_config/cfg.py:2824}}
Nov 20 16:35:41 devstack cinder-volume[81792]: DEBUG oslo_service.backend._eventlet.service [None req-0f5acf95-eb90-4c47-a85d-32fc533f37a8 None None] keystone_authtoken.memcache_pool_unused_timeout = 60 {{(pid=81792) log_opt_values /opt/stack/data/venv/lib/python3.10/site-packages/oslo_config/cfg.py:2824}}
Nov 20 16:35:41 devstack cinder-volume[81792]: DEBUG oslo_service.backend._eventlet.service [None req-0f5acf95-eb90-4c47-a85d-32fc533f37a8 None None] keystone_authtoken.memcache_sasl_enabled = False {{(pid=81792) log_opt_values /opt/stack/data/venv/lib/python3.10/site-packages/oslo_config/cfg.py:2824}}
Nov 20 16:35:41 devstack cinder-volume[81792]: DEBUG oslo_service.backend._eventlet.service [None req-0f5acf95-eb90-4c47-a85d-32fc533f37a8 None None] keystone_authtoken.memcache_secret_key = **** {{(pid=81792) log_opt_values /opt/stack/data/venv/lib/python3.10/site-packages/oslo_config/cfg.py:2824}}
Nov 20 16:35:41 devstack cinder-volume[81792]: DEBUG oslo_service.backend._eventlet.service [None req-0f5acf95-eb90-4c47-a85d-32fc533f37a8 None None] keystone_authtoken.memcache_security_strategy = None {{(pid=81792) log_opt_values /opt/stack/data/venv/lib/python3.10/site-packages/oslo_config/cfg.py:2824}}
Nov 20 16:35:41 devstack cinder-volume[81792]: DEBUG oslo_service.backend._eventlet.service [None req-0f5acf95-eb90-4c47-a85d-32fc533f37a8 None None] keystone_authtoken.memcache_tls_allowed_ciphers = None {{(pid=81792) log_opt_values /opt/stack/data/venv/lib/python3.10/site-packages/oslo_config/cfg.py:2824}}
Nov 20 16:35:41 devstack cinder-volume[81792]: DEBUG oslo_service.backend._eventlet.service [None req-0f5acf95-eb90-4c47-a85d-32fc533f37a8 None None] keystone_authtoken.memcache_tls_cafile = None {{(pid=81792) log_opt_values /opt/stack/data/venv/lib/python3.10/site-packages/oslo_config/cfg.py:2824}}
Nov 20 16:35:41 devstack cinder-volume[81792]: DEBUG oslo_service.backend._eventlet.service [None req-0f5acf95-eb90-4c47-a85d-32fc533f37a8 None None] keystone_authtoken.memcache_tls_certfile = None {{(pid=81792) log_opt_values /opt/stack/data/venv/lib/python3.10/site-packages/oslo_config/cfg.py:2824}}
Nov 20 16:35:41 devstack cinder-volume[81792]: DEBUG oslo_service.backend._eventlet.service [None req-0f5acf95-eb90-4c47-a85d-32fc533f37a8 None None] keystone_authtoken.memcache_tls_enabled = False {{(pid=81792) log_opt_values /opt/stack/data/venv/lib/python3.10/site-packages/oslo_config/cfg.py:2824}}
Nov 20 16:35:41 devstack cinder-volume[81792]: DEBUG oslo_service.backend._eventlet.service [None req-0f5acf95-eb90-4c47-a85d-32fc533f37a8 None None] keystone_authtoken.memcache_tls_keyfile = None {{(pid=81792) log_opt_values /opt/stack/data/venv/lib/python3.10/site-packages/oslo_config/cfg.py:2824}}
Nov 20 16:35:41 devstack sudo[82031]: quobyte : PWD=/ ; USER=root ; COMMAND=/opt/stack/data/venv/bin/cinder-rootwrap /etc/cinder/rootwrap.conf df --portability --block-size 1 /opt/stack/data/cinder/mnt/4686d530ee521e26e772677199e2b5e5
Nov 20 16:35:41 devstack cinder-volume[81792]: DEBUG oslo_service.backend._eventlet.service [None req-0f5acf95-eb90-4c47-a85d-32fc533f37a8 None None] keystone_authtoken.memcache_use_advanced_pool = True {{(pid=81792) log_opt_values /opt/stack/data/venv/lib/python3.10/site-packages/oslo_config/cfg.py:2824}}
Nov 20 16:35:41 devstack cinder-volume[81792]: DEBUG oslo_service.backend._eventlet.service [None req-0f5acf95-eb90-4c47-a85d-32fc533f37a8 None None] keystone_authtoken.memcache_username = {{(pid=81792) log_opt_values /opt/stack/data/venv/lib/python3.10/site-packages/oslo_config/cfg.py:2824}}
Nov 20 16:35:41 devstack cinder-volume[81792]: DEBUG oslo_service.backend._eventlet.service [None req-0f5acf95-eb90-4c47-a85d-32fc533f37a8 None None] keystone_authtoken.memcached_servers = ['localhost:11211'] {{(pid=81792) log_opt_values /opt/stack/data/venv/lib/python3.10/site-packages/oslo_config/cfg.py:2824}}
Nov 20 16:35:41 devstack cinder-volume[81792]: DEBUG oslo_service.backend._eventlet.service [None req-0f5acf95-eb90-4c47-a85d-32fc533f37a8 None None] keystone_authtoken.region_name = None {{(pid=81792) log_opt_values /opt/stack/data/venv/lib/python3.10/site-packages/oslo_config/cfg.py:2824}}
Nov 20 16:35:41 devstack cinder-volume[81792]: DEBUG oslo_service.backend._eventlet.service [None req-0f5acf95-eb90-4c47-a85d-32fc533f37a8 None None] keystone_authtoken.service_token_roles = ['service'] {{(pid=81792) log_opt_values /opt/stack/data/venv/lib/python3.10/site-packages/oslo_config/cfg.py:2824}}
Nov 20 16:35:41 devstack cinder-volume[81792]: DEBUG oslo_service.backend._eventlet.service [None req-0f5acf95-eb90-4c47-a85d-32fc533f37a8 None None] keystone_authtoken.service_token_roles_required = False {{(pid=81792) log_opt_values /opt/stack/data/venv/lib/python3.10/site-packages/oslo_config/cfg.py:2824}}
Nov 20 16:35:41 devstack sudo[82031]: pam_unix(sudo:session): session opened for user root(uid=0) by (uid=1000)
Nov 20 16:35:41 devstack cinder-volume[81792]: DEBUG oslo_service.backend._eventlet.service [None req-0f5acf95-eb90-4c47-a85d-32fc533f37a8 None None] keystone_authtoken.service_type = None {{(pid=81792) log_opt_values /opt/stack/data/venv/lib/python3.10/site-packages/oslo_config/cfg.py:2824}}
Nov 20 16:35:41 devstack cinder-volume[81792]: DEBUG oslo_service.backend._eventlet.service [None req-0f5acf95-eb90-4c47-a85d-32fc533f37a8 None None] keystone_authtoken.token_cache_time = 300 {{(pid=81792) log_opt_values /opt/stack/data/venv/lib/python3.10/site-packages/oslo_config/cfg.py:2824}}
Nov 20 16:35:41 devstack cinder-volume[81792]: DEBUG oslo_service.backend._eventlet.service [None req-0f5acf95-eb90-4c47-a85d-32fc533f37a8 None None] keystone_authtoken.www_authenticate_uri = None {{(pid=81792) log_opt_values /opt/stack/data/venv/lib/python3.10/site-packages/oslo_config/cfg.py:2824}}
Nov 20 16:35:41 devstack cinder-volume[81792]: DEBUG oslo_service.backend._eventlet.service [None req-0f5acf95-eb90-4c47-a85d-32fc533f37a8 None None] cache.backend = dogpile.cache.null {{(pid=81792) log_opt_values /opt/stack/data/venv/lib/python3.10/site-packages/oslo_config/cfg.py:2824}}
Nov 20 16:35:41 devstack cinder-volume[81792]: DEBUG oslo_service.backend._eventlet.service [None req-0f5acf95-eb90-4c47-a85d-32fc533f37a8 None None] cache.backend_argument = **** {{(pid=81792) log_opt_values /opt/stack/data/venv/lib/python3.10/site-packages/oslo_config/cfg.py:2824}}
Nov 20 16:35:41 devstack cinder-volume[81792]: DEBUG oslo_service.backend._eventlet.service [None req-0f5acf95-eb90-4c47-a85d-32fc533f37a8 None None] cache.backend_expiration_time = None {{(pid=81792) log_opt_values /opt/stack/data/venv/lib/python3.10/site-packages/oslo_config/cfg.py:2824}}
Nov 20 16:35:41 devstack cinder-volume[81792]: DEBUG oslo_service.backend._eventlet.service [None req-0f5acf95-eb90-4c47-a85d-32fc533f37a8 None None] cache.config_prefix = cache.oslo {{(pid=81792) log_opt_values /opt/stack/data/venv/lib/python3.10/site-packages/oslo_config/cfg.py:2824}}
Nov 20 16:35:41 devstack cinder-volume[81792]: DEBUG oslo_service.backend._eventlet.service [None req-0f5acf95-eb90-4c47-a85d-32fc533f37a8 None None] cache.debug_cache_backend = False {{(pid=81792) log_opt_values /opt/stack/data/venv/lib/python3.10/site-packages/oslo_config/cfg.py:2824}}
Nov 20 16:35:41 devstack cinder-volume[81792]: DEBUG oslo_service.backend._eventlet.service [None req-0f5acf95-eb90-4c47-a85d-32fc533f37a8 None None] cache.enable_retry_client = False {{(pid=81792) log_opt_values /opt/stack/data/venv/lib/python3.10/site-packages/oslo_config/cfg.py:2824}}
Nov 20 16:35:41 devstack cinder-volume[81792]: DEBUG oslo_service.backend._eventlet.service [None req-0f5acf95-eb90-4c47-a85d-32fc533f37a8 None None] cache.enable_socket_keepalive = False {{(pid=81792) log_opt_values /opt/stack/data/venv/lib/python3.10/site-packages/oslo_config/cfg.py:2824}}
Nov 20 16:35:41 devstack cinder-volume[81792]: DEBUG oslo_service.backend._eventlet.service [None req-0f5acf95-eb90-4c47-a85d-32fc533f37a8 None None] cache.enabled = False {{(pid=81792) log_opt_values /opt/stack/data/venv/lib/python3.10/site-packages/oslo_config/cfg.py:2824}}
Nov 20 16:35:41 devstack cinder-volume[81792]: DEBUG oslo_service.backend._eventlet.service [None req-0f5acf95-eb90-4c47-a85d-32fc533f37a8 None None] cache.enforce_fips_mode = False {{(pid=81792) log_opt_values /opt/stack/data/venv/lib/python3.10/site-packages/oslo_config/cfg.py:2824}}
Nov 20 16:35:41 devstack cinder-volume[81792]: DEBUG oslo_service.backend._eventlet.service [None req-0f5acf95-eb90-4c47-a85d-32fc533f37a8 None None] cache.expiration_time = 600 {{(pid=81792) log_opt_values /opt/stack/data/venv/lib/python3.10/site-packages/oslo_config/cfg.py:2824}}
Nov 20 16:35:41 devstack cinder-volume[82028]: DEBUG oslo_concurrency.processutils [None req-f00823d3-1249-4a35-ac5f-af6e5e97c9c8 None None] CMD "mount.quobyte" returned: 1 in 0.064s {{(pid=82028) execute /opt/stack/data/venv/lib/python3.10/site-packages/oslo_concurrency/processutils.py:372}}
Nov 20 16:35:41 devstack cinder-volume[81792]: DEBUG oslo_service.backend._eventlet.service [None req-0f5acf95-eb90-4c47-a85d-32fc533f37a8 None None] cache.hashclient_dead_timeout = 60.0 {{(pid=81792) log_opt_values /opt/stack/data/venv/lib/python3.10/site-packages/oslo_config/cfg.py:2824}}
Nov 20 16:35:41 devstack cinder-volume[82028]: DEBUG oslo_concurrency.lockutils [None req-f00823d3-1249-4a35-ac5f-af6e5e97c9c8 None None] Acquiring lock "quobyte_ensure" by "cinder.volume.drivers.quobyte.QuobyteDriver._ensure_shares_mounted" {{(pid=82028) inner /opt/stack/data/venv/lib/python3.10/site-packages/oslo_concurrency/lockutils.py:405}}
Nov 20 16:35:41 devstack cinder-volume[81792]: DEBUG oslo_service.backend._eventlet.service [None req-0f5acf95-eb90-4c47-a85d-32fc533f37a8 None None] cache.hashclient_retry_attempts = 2 {{(pid=81792) log_opt_values /opt/stack/data/venv/lib/python3.10/site-packages/oslo_config/cfg.py:2824}}
Nov 20 16:35:41 devstack cinder-volume[82028]: DEBUG oslo_concurrency.lockutils [None req-f00823d3-1249-4a35-ac5f-af6e5e97c9c8 None None] Lock "quobyte_ensure" acquired by "cinder.volume.drivers.quobyte.QuobyteDriver._ensure_shares_mounted" :: waited 0.000s {{(pid=82028) inner /opt/stack/data/venv/lib/python3.10/site-packages/oslo_concurrency/lockutils.py:410}}
Nov 20 16:35:41 devstack cinder-volume[81792]: DEBUG oslo_service.backend._eventlet.service [None req-0f5acf95-eb90-4c47-a85d-32fc533f37a8 None None] cache.hashclient_retry_timeout = 1.0 {{(pid=81792) log_opt_values /opt/stack/data/venv/lib/python3.10/site-packages/oslo_config/cfg.py:2824}}
Nov 20 16:35:41 devstack cinder-volume[82028]: DEBUG cinder.volume.drivers.quobyte [None req-f00823d3-1249-4a35-ac5f-af6e5e97c9c8 None None] Quobyte Volume URL set to: {'osci02.corp.quobyte.com/cinder-vol-e82d5264-28a0-444d-9b4e-0afa0d7e4cd6': None} {{(pid=82028) _load_shares_config /opt/stack/cinder/cinder/volume/drivers/quobyte.py:604}}
Nov 20 16:35:41 devstack cinder-volume[81792]: DEBUG oslo_service.backend._eventlet.service [None req-0f5acf95-eb90-4c47-a85d-32fc533f37a8 None None] cache.memcache_dead_retry = 300 {{(pid=81792) log_opt_values /opt/stack/data/venv/lib/python3.10/site-packages/oslo_config/cfg.py:2824}}
Nov 20 16:35:41 devstack cinder-volume[81792]: DEBUG oslo_service.backend._eventlet.service [None req-0f5acf95-eb90-4c47-a85d-32fc533f37a8 None None] cache.memcache_password = **** {{(pid=81792) log_opt_values /opt/stack/data/venv/lib/python3.10/site-packages/oslo_config/cfg.py:2824}}
Nov 20 16:35:41 devstack cinder-volume[81792]: DEBUG oslo_service.backend._eventlet.service [None req-0f5acf95-eb90-4c47-a85d-32fc533f37a8 None None] cache.memcache_pool_connection_get_timeout = 10 {{(pid=81792) log_opt_values /opt/stack/data/venv/lib/python3.10/site-packages/oslo_config/cfg.py:2824}}
Nov 20 16:35:41 devstack cinder-volume[81792]: DEBUG oslo_service.backend._eventlet.service [None req-0f5acf95-eb90-4c47-a85d-32fc533f37a8 None None] cache.memcache_pool_flush_on_reconnect = False {{(pid=81792) log_opt_values /opt/stack/data/venv/lib/python3.10/site-packages/oslo_config/cfg.py:2824}}
Nov 20 16:35:41 devstack cinder-volume[81792]: DEBUG oslo_service.backend._eventlet.service [None req-0f5acf95-eb90-4c47-a85d-32fc533f37a8 None None] cache.memcache_pool_maxsize = 10 {{(pid=81792) log_opt_values /opt/stack/data/venv/lib/python3.10/site-packages/oslo_config/cfg.py:2824}}
Nov 20 16:35:41 devstack cinder-volume[82028]: DEBUG cinder.volume.drivers.quobyte [None req-f00823d3-1249-4a35-ac5f-af6e5e97c9c8 None None] Available shares ['osci02.corp.quobyte.com/cinder-vol-e82d5264-28a0-444d-9b4e-0afa0d7e4cd6'] {{(pid=82028) _ensure_shares_mounted /opt/stack/cinder/cinder/volume/drivers/quobyte.py:634}}
Nov 20 16:35:41 devstack cinder-volume[81792]: DEBUG oslo_service.backend._eventlet.service [None req-0f5acf95-eb90-4c47-a85d-32fc533f37a8 None None] cache.memcache_pool_unused_timeout = 60 {{(pid=81792) log_opt_values /opt/stack/data/venv/lib/python3.10/site-packages/oslo_config/cfg.py:2824}}
Nov 20 16:35:41 devstack cinder-volume[82028]: DEBUG oslo_concurrency.lockutils [None req-f00823d3-1249-4a35-ac5f-af6e5e97c9c8 None None] Lock "quobyte_ensure" "released" by "cinder.volume.drivers.quobyte.QuobyteDriver._ensure_shares_mounted" :: held 0.008s {{(pid=82028) inner /opt/stack/data/venv/lib/python3.10/site-packages/oslo_concurrency/lockutils.py:424}}
Nov 20 16:35:41 devstack cinder-volume[81792]: DEBUG oslo_service.backend._eventlet.service [None req-0f5acf95-eb90-4c47-a85d-32fc533f37a8 None None] cache.memcache_sasl_enabled = False {{(pid=81792) log_opt_values /opt/stack/data/venv/lib/python3.10/site-packages/oslo_config/cfg.py:2824}}
Nov 20 16:35:41 devstack cinder-volume[82028]: DEBUG oslo_concurrency.processutils [None req-f00823d3-1249-4a35-ac5f-af6e5e97c9c8 None None] Running cmd (subprocess): sudo cinder-rootwrap /etc/cinder/rootwrap.conf df --portability --block-size 1 /opt/stack/data/cinder/mnt/4686d530ee521e26e772677199e2b5e5 {{(pid=82028) execute /opt/stack/data/venv/lib/python3.10/site-packages/oslo_concurrency/processutils.py:349}}
Nov 20 16:35:41 devstack cinder-volume[81792]: DEBUG oslo_service.backend._eventlet.service [None req-0f5acf95-eb90-4c47-a85d-32fc533f37a8 None None] cache.memcache_servers = ['localhost:11211'] {{(pid=81792) log_opt_values /opt/stack/data/venv/lib/python3.10/site-packages/oslo_config/cfg.py:2824}}
Nov 20 16:35:41 devstack cinder-volume[81792]: DEBUG oslo_service.backend._eventlet.service [None req-0f5acf95-eb90-4c47-a85d-32fc533f37a8 None None] cache.memcache_socket_timeout = 1.0 {{(pid=81792) log_opt_values /opt/stack/data/venv/lib/python3.10/site-packages/oslo_config/cfg.py:2824}}
Nov 20 16:35:41 devstack cinder-volume[81792]: DEBUG oslo_service.backend._eventlet.service [None req-0f5acf95-eb90-4c47-a85d-32fc533f37a8 None None] cache.memcache_username = None {{(pid=81792) log_opt_values /opt/stack/data/venv/lib/python3.10/site-packages/oslo_config/cfg.py:2824}}
Nov 20 16:35:41 devstack cinder-volume[81792]: DEBUG oslo_service.backend._eventlet.service [None req-0f5acf95-eb90-4c47-a85d-32fc533f37a8 None None] cache.proxies = [] {{(pid=81792) log_opt_values /opt/stack/data/venv/lib/python3.10/site-packages/oslo_config/cfg.py:2824}}
Nov 20 16:35:41 devstack cinder-volume[81792]: DEBUG oslo_service.backend._eventlet.service [None req-0f5acf95-eb90-4c47-a85d-32fc533f37a8 None None] cache.redis_db = 0 {{(pid=81792) log_opt_values /opt/stack/data/venv/lib/python3.10/site-packages/oslo_config/cfg.py:2824}}
Nov 20 16:35:41 devstack cinder-volume[81792]: DEBUG oslo_service.backend._eventlet.service [None req-0f5acf95-eb90-4c47-a85d-32fc533f37a8 None None] cache.redis_password = **** {{(pid=81792) log_opt_values /opt/stack/data/venv/lib/python3.10/site-packages/oslo_config/cfg.py:2824}}
Nov 20 16:35:41 devstack cinder-volume[81792]: DEBUG oslo_service.backend._eventlet.service [None req-0f5acf95-eb90-4c47-a85d-32fc533f37a8 None None] cache.redis_sentinel_service_name = mymaster {{(pid=81792) log_opt_values /opt/stack/data/venv/lib/python3.10/site-packages/oslo_config/cfg.py:2824}}
Nov 20 16:35:41 devstack cinder-volume[81792]: DEBUG oslo_service.backend._eventlet.service [None req-0f5acf95-eb90-4c47-a85d-32fc533f37a8 None None] cache.redis_sentinels = ['localhost:26379'] {{(pid=81792) log_opt_values /opt/stack/data/venv/lib/python3.10/site-packages/oslo_config/cfg.py:2824}}
Nov 20 16:35:41 devstack cinder-volume[81792]: DEBUG oslo_service.backend._eventlet.service [None req-0f5acf95-eb90-4c47-a85d-32fc533f37a8 None None] cache.redis_server = localhost:6379 {{(pid=81792) log_opt_values /opt/stack/data/venv/lib/python3.10/site-packages/oslo_config/cfg.py:2824}}
Nov 20 16:35:41 devstack cinder-volume[81792]: DEBUG oslo_service.backend._eventlet.service [None req-0f5acf95-eb90-4c47-a85d-32fc533f37a8 None None] cache.redis_socket_timeout = 1.0 {{(pid=81792) log_opt_values /opt/stack/data/venv/lib/python3.10/site-packages/oslo_config/cfg.py:2824}}
Nov 20 16:35:41 devstack cinder-volume[81792]: DEBUG oslo_service.backend._eventlet.service [None req-0f5acf95-eb90-4c47-a85d-32fc533f37a8 None None] cache.redis_username = None {{(pid=81792) log_opt_values /opt/stack/data/venv/lib/python3.10/site-packages/oslo_config/cfg.py:2824}}
Nov 20 16:35:41 devstack cinder-volume[81792]: DEBUG oslo_service.backend._eventlet.service [None req-0f5acf95-eb90-4c47-a85d-32fc533f37a8 None None] cache.retry_attempts = 2 {{(pid=81792) log_opt_values /opt/stack/data/venv/lib/python3.10/site-packages/oslo_config/cfg.py:2824}}
Nov 20 16:35:41 devstack cinder-volume[81792]: DEBUG oslo_service.backend._eventlet.service [None req-0f5acf95-eb90-4c47-a85d-32fc533f37a8 None None] cache.retry_delay = 0.0 {{(pid=81792) log_opt_values /opt/stack/data/venv/lib/python3.10/site-packages/oslo_config/cfg.py:2824}}
Nov 20 16:35:41 devstack cinder-volume[81792]: DEBUG oslo_service.backend._eventlet.service [None req-0f5acf95-eb90-4c47-a85d-32fc533f37a8 None None] cache.socket_keepalive_count = 1 {{(pid=81792) log_opt_values /opt/stack/data/venv/lib/python3.10/site-packages/oslo_config/cfg.py:2824}}
Nov 20 16:35:41 devstack cinder-volume[81792]: DEBUG oslo_service.backend._eventlet.service [None req-0f5acf95-eb90-4c47-a85d-32fc533f37a8 None None] cache.socket_keepalive_idle = 1 {{(pid=81792) log_opt_values /opt/stack/data/venv/lib/python3.10/site-packages/oslo_config/cfg.py:2824}}
Nov 20 16:35:41 devstack cinder-volume[81792]: DEBUG oslo_service.backend._eventlet.service [None req-0f5acf95-eb90-4c47-a85d-32fc533f37a8 None None] cache.socket_keepalive_interval = 1 {{(pid=81792) log_opt_values /opt/stack/data/venv/lib/python3.10/site-packages/oslo_config/cfg.py:2824}}
Nov 20 16:35:41 devstack cinder-volume[81792]: DEBUG oslo_service.backend._eventlet.service [None req-0f5acf95-eb90-4c47-a85d-32fc533f37a8 None None] cache.tls_allowed_ciphers = None {{(pid=81792) log_opt_values /opt/stack/data/venv/lib/python3.10/site-packages/oslo_config/cfg.py:2824}}
Nov 20 16:35:41 devstack cinder-volume[81792]: DEBUG oslo_service.backend._eventlet.service [None req-0f5acf95-eb90-4c47-a85d-32fc533f37a8 None None] cache.tls_cafile = None {{(pid=81792) log_opt_values /opt/stack/data/venv/lib/python3.10/site-packages/oslo_config/cfg.py:2824}}
Nov 20 16:35:41 devstack cinder-volume[81792]: DEBUG oslo_service.backend._eventlet.service [None req-0f5acf95-eb90-4c47-a85d-32fc533f37a8 None None] cache.tls_certfile = None {{(pid=81792) log_opt_values /opt/stack/data/venv/lib/python3.10/site-packages/oslo_config/cfg.py:2824}}
Nov 20 16:35:41 devstack cinder-volume[81792]: DEBUG oslo_service.backend._eventlet.service [None req-0f5acf95-eb90-4c47-a85d-32fc533f37a8 None None] cache.tls_enabled = False {{(pid=81792) log_opt_values /opt/stack/data/venv/lib/python3.10/site-packages/oslo_config/cfg.py:2824}}
Nov 20 16:35:41 devstack cinder-volume[81792]: DEBUG oslo_service.backend._eventlet.service [None req-0f5acf95-eb90-4c47-a85d-32fc533f37a8 None None] cache.tls_keyfile = None {{(pid=81792) log_opt_values /opt/stack/data/venv/lib/python3.10/site-packages/oslo_config/cfg.py:2824}}
Nov 20 16:35:41 devstack cinder-volume[81792]: DEBUG oslo_service.backend._eventlet.service [None req-0f5acf95-eb90-4c47-a85d-32fc533f37a8 None None] coordination.backend_url = **** {{(pid=81792) log_opt_values /opt/stack/data/venv/lib/python3.10/site-packages/oslo_config/cfg.py:2824}}
Nov 20 16:35:41 devstack cinder-volume[81792]: DEBUG oslo_service.backend._eventlet.service [None req-0f5acf95-eb90-4c47-a85d-32fc533f37a8 None None] database.asyncio_connection = **** {{(pid=81792) log_opt_values /opt/stack/data/venv/lib/python3.10/site-packages/oslo_config/cfg.py:2824}}
Nov 20 16:35:41 devstack cinder-volume[81792]: DEBUG oslo_service.backend._eventlet.service [None req-0f5acf95-eb90-4c47-a85d-32fc533f37a8 None None] database.asyncio_slave_connection = **** {{(pid=81792) log_opt_values /opt/stack/data/venv/lib/python3.10/site-packages/oslo_config/cfg.py:2824}}
Nov 20 16:35:41 devstack cinder-volume[81792]: DEBUG oslo_service.backend._eventlet.service [None req-0f5acf95-eb90-4c47-a85d-32fc533f37a8 None None] database.backend = sqlalchemy {{(pid=81792) log_opt_values /opt/stack/data/venv/lib/python3.10/site-packages/oslo_config/cfg.py:2824}}
Nov 20 16:35:41 devstack cinder-volume[81792]: DEBUG oslo_service.backend._eventlet.service [None req-0f5acf95-eb90-4c47-a85d-32fc533f37a8 None None] database.connection = **** {{(pid=81792) log_opt_values /opt/stack/data/venv/lib/python3.10/site-packages/oslo_config/cfg.py:2824}}
Nov 20 16:35:41 devstack cinder-volume[81792]: DEBUG oslo_service.backend._eventlet.service [None req-0f5acf95-eb90-4c47-a85d-32fc533f37a8 None None] database.connection_debug = 0 {{(pid=81792) log_opt_values /opt/stack/data/venv/lib/python3.10/site-packages/oslo_config/cfg.py:2824}}
Nov 20 16:35:41 devstack cinder-volume[81792]: DEBUG oslo_service.backend._eventlet.service [None req-0f5acf95-eb90-4c47-a85d-32fc533f37a8 None None] database.connection_parameters = {{(pid=81792) log_opt_values /opt/stack/data/venv/lib/python3.10/site-packages/oslo_config/cfg.py:2824}}
Nov 20 16:35:41 devstack cinder-volume[81792]: DEBUG oslo_service.backend._eventlet.service [None req-0f5acf95-eb90-4c47-a85d-32fc533f37a8 None None] database.connection_recycle_time = 3600 {{(pid=81792) log_opt_values /opt/stack/data/venv/lib/python3.10/site-packages/oslo_config/cfg.py:2824}}
Nov 20 16:35:41 devstack cinder-volume[81792]: DEBUG oslo_service.backend._eventlet.service [None req-0f5acf95-eb90-4c47-a85d-32fc533f37a8 None None] database.connection_trace = False {{(pid=81792) log_opt_values /opt/stack/data/venv/lib/python3.10/site-packages/oslo_config/cfg.py:2824}}
Nov 20 16:35:41 devstack cinder-volume[81792]: DEBUG oslo_service.backend._eventlet.service [None req-0f5acf95-eb90-4c47-a85d-32fc533f37a8 None None] database.db_inc_retry_interval = True {{(pid=81792) log_opt_values /opt/stack/data/venv/lib/python3.10/site-packages/oslo_config/cfg.py:2824}}
Nov 20 16:35:41 devstack cinder-volume[81792]: DEBUG oslo_service.backend._eventlet.service [None req-0f5acf95-eb90-4c47-a85d-32fc533f37a8 None None] database.db_max_retries = 20 {{(pid=81792) log_opt_values /opt/stack/data/venv/lib/python3.10/site-packages/oslo_config/cfg.py:2824}}
Nov 20 16:35:41 devstack cinder-volume[81792]: DEBUG oslo_service.backend._eventlet.service [None req-0f5acf95-eb90-4c47-a85d-32fc533f37a8 None None] database.db_max_retry_interval = 10 {{(pid=81792) log_opt_values /opt/stack/data/venv/lib/python3.10/site-packages/oslo_config/cfg.py:2824}}
Nov 20 16:35:41 devstack cinder-volume[81792]: DEBUG oslo_service.backend._eventlet.service [None req-0f5acf95-eb90-4c47-a85d-32fc533f37a8 None None] database.db_retry_interval = 1 {{(pid=81792) log_opt_values /opt/stack/data/venv/lib/python3.10/site-packages/oslo_config/cfg.py:2824}}
Nov 20 16:35:41 devstack cinder-volume[81792]: DEBUG oslo_service.backend._eventlet.service [None req-0f5acf95-eb90-4c47-a85d-32fc533f37a8 None None] database.max_overflow = 50 {{(pid=81792) log_opt_values /opt/stack/data/venv/lib/python3.10/site-packages/oslo_config/cfg.py:2824}}
Nov 20 16:35:41 devstack cinder-volume[81792]: DEBUG oslo_service.backend._eventlet.service [None req-0f5acf95-eb90-4c47-a85d-32fc533f37a8 None None] database.max_pool_size = 5 {{(pid=81792) log_opt_values /opt/stack/data/venv/lib/python3.10/site-packages/oslo_config/cfg.py:2824}}
Nov 20 16:35:41 devstack cinder-volume[81792]: DEBUG oslo_service.backend._eventlet.service [None req-0f5acf95-eb90-4c47-a85d-32fc533f37a8 None None] database.max_retries = 10 {{(pid=81792) log_opt_values /opt/stack/data/venv/lib/python3.10/site-packages/oslo_config/cfg.py:2824}}
Nov 20 16:35:41 devstack cinder-volume[81792]: DEBUG oslo_service.backend._eventlet.service [None req-0f5acf95-eb90-4c47-a85d-32fc533f37a8 None None] database.mysql_sql_mode = TRADITIONAL {{(pid=81792) log_opt_values /opt/stack/data/venv/lib/python3.10/site-packages/oslo_config/cfg.py:2824}}
Nov 20 16:35:41 devstack cinder-volume[81792]: DEBUG oslo_service.backend._eventlet.service [None req-0f5acf95-eb90-4c47-a85d-32fc533f37a8 None None] database.mysql_wsrep_sync_wait = None {{(pid=81792) log_opt_values /opt/stack/data/venv/lib/python3.10/site-packages/oslo_config/cfg.py:2824}}
Nov 20 16:35:41 devstack cinder-volume[81792]: DEBUG oslo_service.backend._eventlet.service [None req-0f5acf95-eb90-4c47-a85d-32fc533f37a8 None None] database.pool_timeout = None {{(pid=81792) log_opt_values /opt/stack/data/venv/lib/python3.10/site-packages/oslo_config/cfg.py:2824}}
Nov 20 16:35:41 devstack cinder-volume[81792]: DEBUG oslo_service.backend._eventlet.service [None req-0f5acf95-eb90-4c47-a85d-32fc533f37a8 None None] database.retry_interval = 10 {{(pid=81792) log_opt_values /opt/stack/data/venv/lib/python3.10/site-packages/oslo_config/cfg.py:2824}}
