Apr 21 20:54:21 devstack cinder-volume[82005]: DEBUG oslo.privsep.daemon [-] privsep: reply[6dc77966-31db-4857-b1b1-50396a6d1eae]: (4, 'qcow2') {{(pid=82992) _call_back /opt/stack/data/venv/lib/python3.10/site-packages/oslo_privsep/daemon.py:573}}
Apr 21 20:54:21 devstack cinder-volume[82005]: DEBUG oslo_concurrency.processutils [None req-71fd3285-0432-4d50-aec0-aa159c74a634 tempest-SnapshotsActionsTest-97529180 None] Running cmd (subprocess): /opt/stack/data/venv/bin/python3.10 -m oslo_concurrency.prlimit --as=1073741824 --cpu=60 -- sudo cinder-rootwrap /etc/cinder/rootwrap.conf env LC_ALL=C qemu-img info -f qcow2 --output=json --force-share /opt/stack/data/cinder/mnt/2d31c288f90c614daadd9bb61d62e1fa/volume-1af0d5a6-280c-45f8-a9b6-23e435ba1e87.4c736d70-be7d-42cc-82e5-dd9cade8ad96 {{(pid=82005) execute /opt/stack/data/venv/lib/python3.10/site-packages/oslo_concurrency/processutils.py:440}}
Apr 21 20:54:21 devstack sudo[84082]: quobyte : PWD=/ ; USER=root ; COMMAND=/opt/stack/data/venv/bin/cinder-rootwrap /etc/cinder/rootwrap.conf env LC_ALL=C qemu-img info -f qcow2 --output=json --force-share /opt/stack/data/cinder/mnt/2d31c288f90c614daadd9bb61d62e1fa/volume-1af0d5a6-280c-45f8-a9b6-23e435ba1e87.4c736d70-be7d-42cc-82e5-dd9cade8ad96
Apr 21 20:54:21 devstack sudo[84082]: pam_unix(sudo:session): session opened for user root(uid=0) by (uid=1000)
Apr 21 20:54:22 devstack sudo[84082]: pam_unix(sudo:session): session closed for user root
Apr 21 20:54:22 devstack cinder-volume[82005]: DEBUG oslo_concurrency.processutils [None req-71fd3285-0432-4d50-aec0-aa159c74a634 tempest-SnapshotsActionsTest-97529180 None] CMD "/opt/stack/data/venv/bin/python3.10 -m oslo_concurrency.prlimit --as=1073741824 --cpu=60 -- sudo cinder-rootwrap /etc/cinder/rootwrap.conf env LC_ALL=C qemu-img info -f qcow2 --output=json --force-share /opt/stack/data/cinder/mnt/2d31c288f90c614daadd9bb61d62e1fa/volume-1af0d5a6-280c-45f8-a9b6-23e435ba1e87.4c736d70-be7d-42cc-82e5-dd9cade8ad96" returned: 0 in 0.702s {{(pid=82005) execute /opt/stack/data/venv/lib/python3.10/site-packages/oslo_concurrency/processutils.py:468}}
Apr 21 20:54:22 devstack cinder-volume[82005]: DEBUG cinder.volume.drivers.remotefs [None req-71fd3285-0432-4d50-aec0-aa159c74a634 tempest-SnapshotsActionsTest-97529180 None] Fetching qemu-img info with special backing_file_template: (/opt/stack/data/cinder/mnt/[0-9a-f]+/)?(volume-1af0d5a6-280c-45f8-a9b6-23e435ba1e87(.(tmp-snap-)?[0-9a-f-]+)?|volume_from_snapshot_cache/(tmp-snap-)?[0-9a-f-]+(.(child-|parent-)[0-9a-f-]+)?)$ {{(pid=82005) _qemu_img_info_base /opt/stack/cinder/cinder/volume/drivers/remotefs.py:896}}
Apr 21 20:54:22 devstack cinder-volume[82005]: DEBUG oslo.privsep.daemon [-] privsep: reply[d5687b08-3abc-4783-9878-01292c209d5d]: (4, 'qcow2') {{(pid=82992) _call_back /opt/stack/data/venv/lib/python3.10/site-packages/oslo_privsep/daemon.py:573}}
Apr 21 20:54:22 devstack cinder-volume[82005]: DEBUG oslo_concurrency.processutils [None req-71fd3285-0432-4d50-aec0-aa159c74a634 tempest-SnapshotsActionsTest-97529180 None] Running cmd (subprocess): /opt/stack/data/venv/bin/python3.10 -m oslo_concurrency.prlimit --as=1073741824 --cpu=60 -- sudo cinder-rootwrap /etc/cinder/rootwrap.conf env LC_ALL=C qemu-img info -f qcow2 --output=json --force-share /opt/stack/data/cinder/mnt/2d31c288f90c614daadd9bb61d62e1fa/volume-1af0d5a6-280c-45f8-a9b6-23e435ba1e87.40780a8a-eed9-4d1c-9a0d-5698574c2b10 {{(pid=82005) execute /opt/stack/data/venv/lib/python3.10/site-packages/oslo_concurrency/processutils.py:440}}
Apr 21 20:54:22 devstack sudo[84118]: quobyte : PWD=/ ; USER=root ; COMMAND=/opt/stack/data/venv/bin/cinder-rootwrap /etc/cinder/rootwrap.conf env LC_ALL=C qemu-img info -f qcow2 --output=json --force-share /opt/stack/data/cinder/mnt/2d31c288f90c614daadd9bb61d62e1fa/volume-1af0d5a6-280c-45f8-a9b6-23e435ba1e87.40780a8a-eed9-4d1c-9a0d-5698574c2b10
Apr 21 20:54:22 devstack sudo[84118]: pam_unix(sudo:session): session opened for user root(uid=0) by (uid=1000)
Apr 21 20:54:23 devstack sudo[84118]: pam_unix(sudo:session): session closed for user root
Apr 21 20:54:23 devstack cinder-volume[82005]: DEBUG oslo_concurrency.processutils [None req-71fd3285-0432-4d50-aec0-aa159c74a634 tempest-SnapshotsActionsTest-97529180 None] CMD "/opt/stack/data/venv/bin/python3.10 -m oslo_concurrency.prlimit --as=1073741824 --cpu=60 -- sudo cinder-rootwrap /etc/cinder/rootwrap.conf env LC_ALL=C qemu-img info -f qcow2 --output=json --force-share /opt/stack/data/cinder/mnt/2d31c288f90c614daadd9bb61d62e1fa/volume-1af0d5a6-280c-45f8-a9b6-23e435ba1e87.40780a8a-eed9-4d1c-9a0d-5698574c2b10" returned: 0 in 0.761s {{(pid=82005) execute /opt/stack/data/venv/lib/python3.10/site-packages/oslo_concurrency/processutils.py:468}}
Apr 21 20:54:23 devstack cinder-volume[82005]: DEBUG cinder.volume.drivers.remotefs [None req-71fd3285-0432-4d50-aec0-aa159c74a634 tempest-SnapshotsActionsTest-97529180 None] Fetching qemu-img info with special backing_file_template: (/opt/stack/data/cinder/mnt/[0-9a-f]+/)?(volume-1af0d5a6-280c-45f8-a9b6-23e435ba1e87(.(tmp-snap-)?[0-9a-f-]+)?|volume_from_snapshot_cache/(tmp-snap-)?[0-9a-f-]+(.(child-|parent-)[0-9a-f-]+)?)$ {{(pid=82005) _qemu_img_info_base /opt/stack/cinder/cinder/volume/drivers/remotefs.py:896}}
Apr 21 20:54:23 devstack cinder-volume[82005]: DEBUG oslo_concurrency.processutils [None req-71fd3285-0432-4d50-aec0-aa159c74a634 tempest-SnapshotsActionsTest-97529180 None] Running cmd (subprocess): sudo cinder-rootwrap /etc/cinder/rootwrap.conf qemu-img commit -d /opt/stack/data/cinder/mnt/2d31c288f90c614daadd9bb61d62e1fa/volume-1af0d5a6-280c-45f8-a9b6-23e435ba1e87.4c736d70-be7d-42cc-82e5-dd9cade8ad96 {{(pid=82005) execute /opt/stack/data/venv/lib/python3.10/site-packages/oslo_concurrency/processutils.py:440}}
Apr 21 20:54:23 devstack sudo[84147]: quobyte : PWD=/ ; USER=root ; COMMAND=/opt/stack/data/venv/bin/cinder-rootwrap /etc/cinder/rootwrap.conf qemu-img commit -d /opt/stack/data/cinder/mnt/2d31c288f90c614daadd9bb61d62e1fa/volume-1af0d5a6-280c-45f8-a9b6-23e435ba1e87.4c736d70-be7d-42cc-82e5-dd9cade8ad96
Apr 21 20:54:23 devstack sudo[84147]: pam_unix(sudo:session): session opened for user root(uid=0) by (uid=1000)
Apr 21 20:54:24 devstack sudo[84147]: pam_unix(sudo:session): session closed for user root
Apr 21 20:54:24 devstack cinder-volume[82005]: DEBUG oslo_concurrency.processutils [None req-71fd3285-0432-4d50-aec0-aa159c74a634 tempest-SnapshotsActionsTest-97529180 None] CMD "sudo cinder-rootwrap /etc/cinder/rootwrap.conf qemu-img commit -d /opt/stack/data/cinder/mnt/2d31c288f90c614daadd9bb61d62e1fa/volume-1af0d5a6-280c-45f8-a9b6-23e435ba1e87.4c736d70-be7d-42cc-82e5-dd9cade8ad96" returned: 0 in 0.718s {{(pid=82005) execute /opt/stack/data/venv/lib/python3.10/site-packages/oslo_concurrency/processutils.py:468}}
Apr 21 20:54:24 devstack cinder-volume[82005]: DEBUG oslo_concurrency.processutils [None req-71fd3285-0432-4d50-aec0-aa159c74a634 tempest-SnapshotsActionsTest-97529180 None] Running cmd (subprocess): sudo cinder-rootwrap /etc/cinder/rootwrap.conf rm -f /opt/stack/data/cinder/mnt/2d31c288f90c614daadd9bb61d62e1fa/volume-1af0d5a6-280c-45f8-a9b6-23e435ba1e87.4c736d70-be7d-42cc-82e5-dd9cade8ad96 {{(pid=82005) execute /opt/stack/data/venv/lib/python3.10/site-packages/oslo_concurrency/processutils.py:440}}
Apr 21 20:54:24 devstack sudo[84154]: quobyte : PWD=/ ; USER=root ; COMMAND=/opt/stack/data/venv/bin/cinder-rootwrap /etc/cinder/rootwrap.conf rm -f /opt/stack/data/cinder/mnt/2d31c288f90c614daadd9bb61d62e1fa/volume-1af0d5a6-280c-45f8-a9b6-23e435ba1e87.4c736d70-be7d-42cc-82e5-dd9cade8ad96
Apr 21 20:54:24 devstack sudo[84154]: pam_unix(sudo:session): session opened for user root(uid=0) by (uid=1000)
Apr 21 20:54:24 devstack cinder-volume[82005]: DEBUG cinder.coordination [None req-c7b18ada-0aab-4b08-9f88-bb223c609457 tempest-ServerRescueNegativeTestJSON-1835551306 None] Acquiring lock "cinder-eb192fb0-3029-4f23-9003-98d765ffee13-delete_volume" by "delete_volume" {{(pid=82005) __acquire /opt/stack/cinder/cinder/coordination.py:138}}
Apr 21 20:54:24 devstack cinder-volume[82005]: DEBUG cinder.coordination [None req-c7b18ada-0aab-4b08-9f88-bb223c609457 tempest-ServerRescueNegativeTestJSON-1835551306 None] Lock "cinder-eb192fb0-3029-4f23-9003-98d765ffee13-delete_volume" acquired by "delete_volume" :: waited 0.036s {{(pid=82005) __acquire /opt/stack/cinder/cinder/coordination.py:141}}
Apr 21 20:54:24 devstack cinder-volume[82005]: DEBUG cinder.coordination [None req-c7b18ada-0aab-4b08-9f88-bb223c609457 tempest-ServerRescueNegativeTestJSON-1835551306 None] Acquiring lock "cinder-quobyte-eb192fb0-3029-4f23-9003-98d765ffee13" by "delete_volume" {{(pid=82005) __acquire /opt/stack/cinder/cinder/coordination.py:138}}
Apr 21 20:54:24 devstack cinder-volume[82005]: DEBUG cinder.coordination [None req-c7b18ada-0aab-4b08-9f88-bb223c609457 tempest-ServerRescueNegativeTestJSON-1835551306 None] Lock "cinder-quobyte-eb192fb0-3029-4f23-9003-98d765ffee13" acquired by "delete_volume" :: waited 0.033s {{(pid=82005) __acquire /opt/stack/cinder/cinder/coordination.py:141}}
Apr 21 20:54:24 devstack cinder-volume[82005]: DEBUG oslo.privsep.daemon [-] privsep: reply[40d49b93-3a60-4216-8c0d-5387e854ba92]: (4, 'qcow2') {{(pid=82992) _call_back /opt/stack/data/venv/lib/python3.10/site-packages/oslo_privsep/daemon.py:573}}
Apr 21 20:54:24 devstack cinder-volume[82005]: DEBUG oslo_concurrency.processutils [None req-c7b18ada-0aab-4b08-9f88-bb223c609457 tempest-ServerRescueNegativeTestJSON-1835551306 None] Running cmd (subprocess): /opt/stack/data/venv/bin/python3.10 -m oslo_concurrency.prlimit --as=1073741824 --cpu=60 -- sudo cinder-rootwrap /etc/cinder/rootwrap.conf env LC_ALL=C qemu-img info -f qcow2 --output=json --force-share /opt/stack/data/cinder/mnt/2d31c288f90c614daadd9bb61d62e1fa/volume-eb192fb0-3029-4f23-9003-98d765ffee13 {{(pid=82005) execute /opt/stack/data/venv/lib/python3.10/site-packages/oslo_concurrency/processutils.py:440}}
Apr 21 20:54:24 devstack sudo[84157]: quobyte : PWD=/ ; USER=root ; COMMAND=/opt/stack/data/venv/bin/cinder-rootwrap /etc/cinder/rootwrap.conf env LC_ALL=C qemu-img info -f qcow2 --output=json --force-share /opt/stack/data/cinder/mnt/2d31c288f90c614daadd9bb61d62e1fa/volume-eb192fb0-3029-4f23-9003-98d765ffee13
Apr 21 20:54:24 devstack sudo[84157]: pam_unix(sudo:session): session opened for user root(uid=0) by (uid=1000)
Apr 21 20:54:25 devstack sudo[84154]: pam_unix(sudo:session): session closed for user root
Apr 21 20:54:25 devstack cinder-volume[82005]: DEBUG oslo_concurrency.processutils [None req-71fd3285-0432-4d50-aec0-aa159c74a634 tempest-SnapshotsActionsTest-97529180 None] CMD "sudo cinder-rootwrap /etc/cinder/rootwrap.conf rm -f /opt/stack/data/cinder/mnt/2d31c288f90c614daadd9bb61d62e1fa/volume-1af0d5a6-280c-45f8-a9b6-23e435ba1e87.4c736d70-be7d-42cc-82e5-dd9cade8ad96" returned: 0 in 0.934s {{(pid=82005) execute /opt/stack/data/venv/lib/python3.10/site-packages/oslo_concurrency/processutils.py:468}}
Apr 21 20:54:25 devstack cinder-volume[82005]: DEBUG cinder.coordination [None req-71fd3285-0432-4d50-aec0-aa159c74a634 tempest-SnapshotsActionsTest-97529180 None] Lock "cinder-quobyte-4c736d70-be7d-42cc-82e5-dd9cade8ad96" released by "_delete_snapshot" :: held 3.284s {{(pid=82005) __release /opt/stack/cinder/cinder/coordination.py:152}}
Apr 21 20:54:25 devstack cinder-volume[82005]: DEBUG cinder.coordination [None req-71fd3285-0432-4d50-aec0-aa159c74a634 tempest-SnapshotsActionsTest-97529180 None] Lock "cinder-quobyte-1af0d5a6-280c-45f8-a9b6-23e435ba1e87" released by "delete_snapshot" :: held 3.325s {{(pid=82005) __release /opt/stack/cinder/cinder/coordination.py:152}}
Apr 21 20:54:25 devstack cinder-volume[82005]: DEBUG cinder.quota [None req-71fd3285-0432-4d50-aec0-aa159c74a634 tempest-SnapshotsActionsTest-97529180 None] Created reservations ['9c6ec7ab-e491-4e2b-a5d1-bc34fbab3b5b', '2317f359-c827-412a-9b5f-7a2c1f27481b', 'eda87b2a-8c35-4d29-b587-5ea33d8ffaa0', 'df2b705a-f100-424e-ac79-8df6f5f25bce'] {{(pid=82005) reserve /opt/stack/cinder/cinder/quota.py:752}}
Apr 21 20:54:25 devstack cinder-volume[82005]: INFO cinder.volume.manager [None req-71fd3285-0432-4d50-aec0-aa159c74a634 tempest-SnapshotsActionsTest-97529180 None] Delete snapshot completed successfully.
Apr 21 20:54:25 devstack cinder-volume[82005]: DEBUG cinder.coordination [None req-71fd3285-0432-4d50-aec0-aa159c74a634 tempest-SnapshotsActionsTest-97529180 None] Lock "cinder-4c736d70-be7d-42cc-82e5-dd9cade8ad96-delete_snapshot" released by "delete_snapshot" :: held 3.650s {{(pid=82005) __release /opt/stack/cinder/cinder/coordination.py:152}}
Apr 21 20:54:25 devstack sudo[84157]: pam_unix(sudo:session): session closed for user root
Apr 21 20:54:25 devstack cinder-volume[82005]: DEBUG oslo_concurrency.processutils [None req-c7b18ada-0aab-4b08-9f88-bb223c609457 tempest-ServerRescueNegativeTestJSON-1835551306 None] CMD "/opt/stack/data/venv/bin/python3.10 -m oslo_concurrency.prlimit --as=1073741824 --cpu=60 -- sudo cinder-rootwrap /etc/cinder/rootwrap.conf env LC_ALL=C qemu-img info -f qcow2 --output=json --force-share /opt/stack/data/cinder/mnt/2d31c288f90c614daadd9bb61d62e1fa/volume-eb192fb0-3029-4f23-9003-98d765ffee13" returned: 0 in 1.053s {{(pid=82005) execute /opt/stack/data/venv/lib/python3.10/site-packages/oslo_concurrency/processutils.py:468}}
Apr 21 20:54:25 devstack cinder-volume[82005]: DEBUG oslo_concurrency.processutils [None req-c7b18ada-0aab-4b08-9f88-bb223c609457 tempest-ServerRescueNegativeTestJSON-1835551306 None] Running cmd (subprocess): sudo cinder-rootwrap /etc/cinder/rootwrap.conf rm -f /opt/stack/data/cinder/mnt/2d31c288f90c614daadd9bb61d62e1fa/volume-eb192fb0-3029-4f23-9003-98d765ffee13 {{(pid=82005) execute /opt/stack/data/venv/lib/python3.10/site-packages/oslo_concurrency/processutils.py:440}}
Apr 21 20:54:25 devstack sudo[84167]: quobyte : PWD=/ ; USER=root ; COMMAND=/opt/stack/data/venv/bin/cinder-rootwrap /etc/cinder/rootwrap.conf rm -f /opt/stack/data/cinder/mnt/2d31c288f90c614daadd9bb61d62e1fa/volume-eb192fb0-3029-4f23-9003-98d765ffee13
Apr 21 20:54:25 devstack sudo[84167]: pam_unix(sudo:session): session opened for user root(uid=0) by (uid=1000)
Apr 21 20:54:26 devstack sudo[84167]: pam_unix(sudo:session): session closed for user root
Apr 21 20:54:26 devstack cinder-volume[82005]: DEBUG oslo_concurrency.processutils [None req-c7b18ada-0aab-4b08-9f88-bb223c609457 tempest-ServerRescueNegativeTestJSON-1835551306 None] CMD "sudo cinder-rootwrap /etc/cinder/rootwrap.conf rm -f /opt/stack/data/cinder/mnt/2d31c288f90c614daadd9bb61d62e1fa/volume-eb192fb0-3029-4f23-9003-98d765ffee13" returned: 0 in 0.773s {{(pid=82005) execute /opt/stack/data/venv/lib/python3.10/site-packages/oslo_concurrency/processutils.py:468}}
Apr 21 20:54:26 devstack cinder-volume[82005]: DEBUG cinder.coordination [None req-c7b18ada-0aab-4b08-9f88-bb223c609457 tempest-ServerRescueNegativeTestJSON-1835551306 None] Lock "cinder-quobyte-eb192fb0-3029-4f23-9003-98d765ffee13" released by "delete_volume" :: held 1.913s {{(pid=82005) __release /opt/stack/cinder/cinder/coordination.py:152}}
Apr 21 20:54:26 devstack cinder-volume[82005]: DEBUG oslo_concurrency.lockutils [None req-b1c48f28-0c3c-4a35-8ac5-a62a5138dad7 tempest-SnapshotsActionsTest-1190534978 None] Acquiring lock "quobyte" by "cinder.volume.drivers.quobyte.QuobyteDriver.create_snapshot" {{(pid=82005) inner /opt/stack/data/venv/lib/python3.10/site-packages/oslo_concurrency/lockutils.py:506}}
Apr 21 20:54:26 devstack cinder-volume[82005]: DEBUG oslo_concurrency.lockutils [None req-b1c48f28-0c3c-4a35-8ac5-a62a5138dad7 tempest-SnapshotsActionsTest-1190534978 None] Lock "quobyte" acquired by "cinder.volume.drivers.quobyte.QuobyteDriver.create_snapshot" :: waited 0.001s {{(pid=82005) inner /opt/stack/data/venv/lib/python3.10/site-packages/oslo_concurrency/lockutils.py:519}}
Apr 21 20:54:26 devstack cinder-volume[82005]: DEBUG cinder.volume.drivers.remotefs [None req-b1c48f28-0c3c-4a35-8ac5-a62a5138dad7 tempest-SnapshotsActionsTest-1190534978 None] Creating offline snapshot e0b85446-7be0-482f-91ae-79c390f4c906 of volume 1af0d5a6-280c-45f8-a9b6-23e435ba1e87 {{(pid=82005) _create_snapshot /opt/stack/cinder/cinder/volume/drivers/remotefs.py:1816}}
Apr 21 20:54:26 devstack cinder-volume[82005]: DEBUG oslo.privsep.daemon [-] privsep: reply[e0107927-2318-4319-ac2d-bfdf21790270]: (4, 'qcow2') {{(pid=82992) _call_back /opt/stack/data/venv/lib/python3.10/site-packages/oslo_privsep/daemon.py:573}}
Apr 21 20:54:26 devstack cinder-volume[82005]: DEBUG oslo_concurrency.processutils [None req-b1c48f28-0c3c-4a35-8ac5-a62a5138dad7 tempest-SnapshotsActionsTest-1190534978 None] Running cmd (subprocess): /opt/stack/data/venv/bin/python3.10 -m oslo_concurrency.prlimit --as=1073741824 --cpu=60 -- sudo cinder-rootwrap /etc/cinder/rootwrap.conf env LC_ALL=C qemu-img info -f qcow2 --output=json --force-share /opt/stack/data/cinder/mnt/2d31c288f90c614daadd9bb61d62e1fa/volume-1af0d5a6-280c-45f8-a9b6-23e435ba1e87.40780a8a-eed9-4d1c-9a0d-5698574c2b10 {{(pid=82005) execute /opt/stack/data/venv/lib/python3.10/site-packages/oslo_concurrency/processutils.py:440}}
Apr 21 20:54:26 devstack cinder-volume[82005]: DEBUG cinder.quota [None req-c7b18ada-0aab-4b08-9f88-bb223c609457 tempest-ServerRescueNegativeTestJSON-1835551306 None] Created reservations ['2223f7bd-f0ef-46cb-8ce3-64b84f2c4498', '7db6540d-b00e-4bdf-bc64-65819e59f17d', 'f52e7325-28e0-4ed1-94a9-39395f5d9853', '7ecd80f5-c968-4db8-bf2c-b9b1483689a2'] {{(pid=82005) reserve /opt/stack/cinder/cinder/quota.py:752}}
Apr 21 20:54:26 devstack sudo[84187]: quobyte : PWD=/ ; USER=root ; COMMAND=/opt/stack/data/venv/bin/cinder-rootwrap /etc/cinder/rootwrap.conf env LC_ALL=C qemu-img info -f qcow2 --output=json --force-share /opt/stack/data/cinder/mnt/2d31c288f90c614daadd9bb61d62e1fa/volume-1af0d5a6-280c-45f8-a9b6-23e435ba1e87.40780a8a-eed9-4d1c-9a0d-5698574c2b10
Apr 21 20:54:26 devstack sudo[84187]: pam_unix(sudo:session): session opened for user root(uid=0) by (uid=1000)
Apr 21 20:54:26 devstack cinder-volume[82005]: DEBUG oslo_concurrency.lockutils [None req-c7b18ada-0aab-4b08-9f88-bb223c609457 tempest-ServerRescueNegativeTestJSON-1835551306 None] Acquiring lock "quobyte_ensure" by "cinder.volume.drivers.quobyte.QuobyteDriver._ensure_shares_mounted" {{(pid=82005) inner /opt/stack/data/venv/lib/python3.10/site-packages/oslo_concurrency/lockutils.py:506}}
Apr 21 20:54:26 devstack cinder-volume[82005]: DEBUG oslo_concurrency.lockutils [None req-c7b18ada-0aab-4b08-9f88-bb223c609457 tempest-ServerRescueNegativeTestJSON-1835551306 None] Lock "quobyte_ensure" acquired by "cinder.volume.drivers.quobyte.QuobyteDriver._ensure_shares_mounted" :: waited 0.001s {{(pid=82005) inner /opt/stack/data/venv/lib/python3.10/site-packages/oslo_concurrency/lockutils.py:519}}
Apr 21 20:54:26 devstack cinder-volume[82005]: DEBUG cinder.volume.drivers.quobyte [None req-c7b18ada-0aab-4b08-9f88-bb223c609457 tempest-ServerRescueNegativeTestJSON-1835551306 None] Quobyte Volume URL set to: {'osci02.corp.quobyte.com/cinder-vol-ce85848e-a930-4e84-8121-f543e0441207': None} {{(pid=82005) _load_shares_config /opt/stack/cinder/cinder/volume/drivers/quobyte.py:617}}
Apr 21 20:54:26 devstack cinder-volume[82005]: DEBUG cinder.volume.drivers.quobyte [None req-c7b18ada-0aab-4b08-9f88-bb223c609457 tempest-ServerRescueNegativeTestJSON-1835551306 None] Available shares ['osci02.corp.quobyte.com/cinder-vol-ce85848e-a930-4e84-8121-f543e0441207'] {{(pid=82005) _ensure_shares_mounted /opt/stack/cinder/cinder/volume/drivers/quobyte.py:647}}
Apr 21 20:54:26 devstack cinder-volume[82005]: DEBUG oslo_concurrency.lockutils [None req-c7b18ada-0aab-4b08-9f88-bb223c609457 tempest-ServerRescueNegativeTestJSON-1835551306 None] Lock "quobyte_ensure" "released" by "cinder.volume.drivers.quobyte.QuobyteDriver._ensure_shares_mounted" :: held 0.004s {{(pid=82005) inner /opt/stack/data/venv/lib/python3.10/site-packages/oslo_concurrency/lockutils.py:538}}
Apr 21 20:54:26 devstack cinder-volume[82005]: DEBUG oslo_concurrency.processutils [None req-c7b18ada-0aab-4b08-9f88-bb223c609457 tempest-ServerRescueNegativeTestJSON-1835551306 None] Running cmd (subprocess): sudo cinder-rootwrap /etc/cinder/rootwrap.conf df --portability --block-size 1 /opt/stack/data/cinder/mnt/2d31c288f90c614daadd9bb61d62e1fa {{(pid=82005) execute /opt/stack/data/venv/lib/python3.10/site-packages/oslo_concurrency/processutils.py:440}}
Apr 21 20:54:26 devstack sudo[84189]: quobyte : PWD=/ ; USER=root ; COMMAND=/opt/stack/data/venv/bin/cinder-rootwrap /etc/cinder/rootwrap.conf df --portability --block-size 1 /opt/stack/data/cinder/mnt/2d31c288f90c614daadd9bb61d62e1fa
Apr 21 20:54:26 devstack sudo[84189]: pam_unix(sudo:session): session opened for user root(uid=0) by (uid=1000)
Apr 21 20:54:27 devstack sudo[84187]: pam_unix(sudo:session): session closed for user root
Apr 21 20:54:27 devstack cinder-volume[82005]: DEBUG oslo_concurrency.processutils [None req-b1c48f28-0c3c-4a35-8ac5-a62a5138dad7 tempest-SnapshotsActionsTest-1190534978 None] CMD "/opt/stack/data/venv/bin/python3.10 -m oslo_concurrency.prlimit --as=1073741824 --cpu=60 -- sudo cinder-rootwrap /etc/cinder/rootwrap.conf env LC_ALL=C qemu-img info -f qcow2 --output=json --force-share /opt/stack/data/cinder/mnt/2d31c288f90c614daadd9bb61d62e1fa/volume-1af0d5a6-280c-45f8-a9b6-23e435ba1e87.40780a8a-eed9-4d1c-9a0d-5698574c2b10" returned: 0 in 0.776s {{(pid=82005) execute /opt/stack/data/venv/lib/python3.10/site-packages/oslo_concurrency/processutils.py:468}}
Apr 21 20:54:27 devstack cinder-volume[82005]: DEBUG cinder.volume.drivers.remotefs [None req-b1c48f28-0c3c-4a35-8ac5-a62a5138dad7 tempest-SnapshotsActionsTest-1190534978 None] Fetching qemu-img info with special backing_file_template: (/opt/stack/data/cinder/mnt/[0-9a-f]+/)?(volume-1af0d5a6-280c-45f8-a9b6-23e435ba1e87(.(tmp-snap-)?[0-9a-f-]+)?|volume_from_snapshot_cache/(tmp-snap-)?[0-9a-f-]+(.(child-|parent-)[0-9a-f-]+)?)$ {{(pid=82005) _qemu_img_info_base /opt/stack/cinder/cinder/volume/drivers/remotefs.py:896}}
Apr 21 20:54:27 devstack cinder-volume[82005]: DEBUG oslo_concurrency.processutils [None req-b1c48f28-0c3c-4a35-8ac5-a62a5138dad7 tempest-SnapshotsActionsTest-1190534978 None] Running cmd (subprocess): sudo cinder-rootwrap /etc/cinder/rootwrap.conf qemu-img create -f qcow2 -o backing_file=/opt/stack/data/cinder/mnt/2d31c288f90c614daadd9bb61d62e1fa/volume-1af0d5a6-280c-45f8-a9b6-23e435ba1e87.40780a8a-eed9-4d1c-9a0d-5698574c2b10,backing_fmt=qcow2 /opt/stack/data/cinder/mnt/2d31c288f90c614daadd9bb61d62e1fa/volume-1af0d5a6-280c-45f8-a9b6-23e435ba1e87.e0b85446-7be0-482f-91ae-79c390f4c906 1G {{(pid=82005) execute /opt/stack/data/venv/lib/python3.10/site-packages/oslo_concurrency/processutils.py:440}}
Apr 21 20:54:27 devstack sudo[84195]: quobyte : PWD=/ ; USER=root ; COMMAND=/opt/stack/data/venv/bin/cinder-rootwrap /etc/cinder/rootwrap.conf qemu-img create -f qcow2 -o backing_file=/opt/stack/data/cinder/mnt/2d31c288f90c614daadd9bb61d62e1fa/volume-1af0d5a6-280c-45f8-a9b6-23e435ba1e87.40780a8a-eed9-4d1c-9a0d-5698574c2b10,backing_fmt=qcow2 /opt/stack/data/cinder/mnt/2d31c288f90c614daadd9bb61d62e1fa/volume-1af0d5a6-280c-45f8-a9b6-23e435ba1e87.e0b85446-7be0-482f-91ae-79c390f4c906 1G
Apr 21 20:54:27 devstack sudo[84195]: pam_unix(sudo:session): session opened for user root(uid=0) by (uid=1000)
Apr 21 20:54:27 devstack sudo[84189]: pam_unix(sudo:session): session closed for user root
Apr 21 20:54:27 devstack cinder-volume[82005]: DEBUG oslo_concurrency.processutils [None req-c7b18ada-0aab-4b08-9f88-bb223c609457 tempest-ServerRescueNegativeTestJSON-1835551306 None] CMD "sudo cinder-rootwrap /etc/cinder/rootwrap.conf df --portability --block-size 1 /opt/stack/data/cinder/mnt/2d31c288f90c614daadd9bb61d62e1fa" returned: 0 in 0.805s {{(pid=82005) execute /opt/stack/data/venv/lib/python3.10/site-packages/oslo_concurrency/processutils.py:468}}
Apr 21 20:54:27 devstack cinder-volume[82005]: DEBUG cinder.manager [None req-c7b18ada-0aab-4b08-9f88-bb223c609457 tempest-ServerRescueNegativeTestJSON-1835551306 None] Notifying Schedulers of capabilities ... {{(pid=82005) _publish_service_capabilities /opt/stack/cinder/cinder/manager.py:202}}
Apr 21 20:54:27 devstack cinder-volume[82005]: INFO cinder.volume.manager [None req-c7b18ada-0aab-4b08-9f88-bb223c609457 tempest-ServerRescueNegativeTestJSON-1835551306 None] Deleted volume successfully.
Apr 21 20:54:27 devstack cinder-volume[82005]: DEBUG cinder.coordination [None req-c7b18ada-0aab-4b08-9f88-bb223c609457 tempest-ServerRescueNegativeTestJSON-1835551306 None] Lock "cinder-eb192fb0-3029-4f23-9003-98d765ffee13-delete_volume" released by "delete_volume" :: held 3.117s {{(pid=82005) __release /opt/stack/cinder/cinder/coordination.py:152}}
Apr 21 20:54:28 devstack sudo[84195]: pam_unix(sudo:session): session closed for user root
Apr 21 20:54:28 devstack cinder-volume[82005]: DEBUG oslo_concurrency.processutils [None req-b1c48f28-0c3c-4a35-8ac5-a62a5138dad7 tempest-SnapshotsActionsTest-1190534978 None] CMD "sudo cinder-rootwrap /etc/cinder/rootwrap.conf qemu-img create -f qcow2 -o backing_file=/opt/stack/data/cinder/mnt/2d31c288f90c614daadd9bb61d62e1fa/volume-1af0d5a6-280c-45f8-a9b6-23e435ba1e87.40780a8a-eed9-4d1c-9a0d-5698574c2b10,backing_fmt=qcow2 /opt/stack/data/cinder/mnt/2d31c288f90c614daadd9bb61d62e1fa/volume-1af0d5a6-280c-45f8-a9b6-23e435ba1e87.e0b85446-7be0-482f-91ae-79c390f4c906 1G" returned: 0 in 0.938s {{(pid=82005) execute /opt/stack/data/venv/lib/python3.10/site-packages/oslo_concurrency/processutils.py:468}}
Apr 21 20:54:28 devstack cinder-volume[82005]: DEBUG oslo_concurrency.processutils [None req-b1c48f28-0c3c-4a35-8ac5-a62a5138dad7 tempest-SnapshotsActionsTest-1190534978 None] Running cmd (subprocess): sudo cinder-rootwrap /etc/cinder/rootwrap.conf qemu-img rebase -u -b volume-1af0d5a6-280c-45f8-a9b6-23e435ba1e87.40780a8a-eed9-4d1c-9a0d-5698574c2b10 -F qcow2 /opt/stack/data/cinder/mnt/2d31c288f90c614daadd9bb61d62e1fa/volume-1af0d5a6-280c-45f8-a9b6-23e435ba1e87.e0b85446-7be0-482f-91ae-79c390f4c906 {{(pid=82005) execute /opt/stack/data/venv/lib/python3.10/site-packages/oslo_concurrency/processutils.py:440}}
Apr 21 20:54:28 devstack sudo[84228]: quobyte : PWD=/ ; USER=root ; COMMAND=/opt/stack/data/venv/bin/cinder-rootwrap /etc/cinder/rootwrap.conf qemu-img rebase -u -b volume-1af0d5a6-280c-45f8-a9b6-23e435ba1e87.40780a8a-eed9-4d1c-9a0d-5698574c2b10 -F qcow2 /opt/stack/data/cinder/mnt/2d31c288f90c614daadd9bb61d62e1fa/volume-1af0d5a6-280c-45f8-a9b6-23e435ba1e87.e0b85446-7be0-482f-91ae-79c390f4c906
Apr 21 20:54:28 devstack sudo[84228]: pam_unix(sudo:session): session opened for user root(uid=0) by (uid=1000)
Apr 21 20:54:29 devstack sudo[84228]: pam_unix(sudo:session): session closed for user root
Apr 21 20:54:29 devstack cinder-volume[82005]: DEBUG oslo_concurrency.processutils [None req-b1c48f28-0c3c-4a35-8ac5-a62a5138dad7 tempest-SnapshotsActionsTest-1190534978 None] CMD "sudo cinder-rootwrap /etc/cinder/rootwrap.conf qemu-img rebase -u -b volume-1af0d5a6-280c-45f8-a9b6-23e435ba1e87.40780a8a-eed9-4d1c-9a0d-5698574c2b10 -F qcow2 /opt/stack/data/cinder/mnt/2d31c288f90c614daadd9bb61d62e1fa/volume-1af0d5a6-280c-45f8-a9b6-23e435ba1e87.e0b85446-7be0-482f-91ae-79c390f4c906" returned: 0 in 0.781s {{(pid=82005) execute /opt/stack/data/venv/lib/python3.10/site-packages/oslo_concurrency/processutils.py:468}}
Apr 21 20:54:29 devstack cinder-volume[82005]: WARNING cinder.volume.drivers.remotefs [None req-b1c48f28-0c3c-4a35-8ac5-a62a5138dad7 tempest-SnapshotsActionsTest-1190534978 None] /opt/stack/data/cinder/mnt/2d31c288f90c614daadd9bb61d62e1fa/volume-1af0d5a6-280c-45f8-a9b6-23e435ba1e87.e0b85446-7be0-482f-91ae-79c390f4c906 is being set with open permissions: ugo+rw
Apr 21 20:54:29 devstack cinder-volume[82005]: DEBUG oslo_concurrency.processutils [None req-b1c48f28-0c3c-4a35-8ac5-a62a5138dad7 tempest-SnapshotsActionsTest-1190534978 None] Running cmd (subprocess): sudo cinder-rootwrap /etc/cinder/rootwrap.conf chmod ugo+rw /opt/stack/data/cinder/mnt/2d31c288f90c614daadd9bb61d62e1fa/volume-1af0d5a6-280c-45f8-a9b6-23e435ba1e87.e0b85446-7be0-482f-91ae-79c390f4c906 {{(pid=82005) execute /opt/stack/data/venv/lib/python3.10/site-packages/oslo_concurrency/processutils.py:440}}
Apr 21 20:54:29 devstack sudo[84249]: quobyte : PWD=/ ; USER=root ; COMMAND=/opt/stack/data/venv/bin/cinder-rootwrap /etc/cinder/rootwrap.conf chmod ugo+rw /opt/stack/data/cinder/mnt/2d31c288f90c614daadd9bb61d62e1fa/volume-1af0d5a6-280c-45f8-a9b6-23e435ba1e87.e0b85446-7be0-482f-91ae-79c390f4c906
Apr 21 20:54:29 devstack sudo[84249]: pam_unix(sudo:session): session opened for user root(uid=0) by (uid=1000)
Apr 21 20:54:29 devstack sudo[84249]: pam_unix(sudo:session): session closed for user root
Apr 21 20:54:29 devstack cinder-volume[82005]: DEBUG oslo_concurrency.processutils [None req-b1c48f28-0c3c-4a35-8ac5-a62a5138dad7 tempest-SnapshotsActionsTest-1190534978 None] CMD "sudo cinder-rootwrap /etc/cinder/rootwrap.conf chmod ugo+rw /opt/stack/data/cinder/mnt/2d31c288f90c614daadd9bb61d62e1fa/volume-1af0d5a6-280c-45f8-a9b6-23e435ba1e87.e0b85446-7be0-482f-91ae-79c390f4c906" returned: 0 in 0.476s {{(pid=82005) execute /opt/stack/data/venv/lib/python3.10/site-packages/oslo_concurrency/processutils.py:468}}
Apr 21 20:54:29 devstack cinder-volume[82005]: DEBUG oslo_concurrency.lockutils [None req-b1c48f28-0c3c-4a35-8ac5-a62a5138dad7 tempest-SnapshotsActionsTest-1190534978 None] Lock "quobyte" "released" by "cinder.volume.drivers.quobyte.QuobyteDriver.create_snapshot" :: held 3.073s {{(pid=82005) inner /opt/stack/data/venv/lib/python3.10/site-packages/oslo_concurrency/lockutils.py:538}}
Apr 21 20:54:29 devstack cinder-volume[82005]: INFO cinder.volume.manager [None req-b1c48f28-0c3c-4a35-8ac5-a62a5138dad7 tempest-SnapshotsActionsTest-1190534978 None] Create snapshot completed successfully
Apr 21 20:54:30 devstack cinder-volume[82005]: DEBUG cinder.coordination [None req-77e855c1-c4f9-4480-af25-009442a68f13 tempest-SnapshotsActionsTest-97529180 None] Acquiring lock "cinder-e0b85446-7be0-482f-91ae-79c390f4c906-delete_snapshot" by "delete_snapshot" {{(pid=82005) __acquire /opt/stack/cinder/cinder/coordination.py:138}}
Apr 21 20:54:30 devstack cinder-volume[82005]: DEBUG cinder.coordination [None req-77e855c1-c4f9-4480-af25-009442a68f13 tempest-SnapshotsActionsTest-97529180 None] Lock "cinder-e0b85446-7be0-482f-91ae-79c390f4c906-delete_snapshot" acquired by "delete_snapshot" :: waited 0.010s {{(pid=82005) __acquire /opt/stack/cinder/cinder/coordination.py:141}}
Apr 21 20:54:30 devstack cinder-volume[82005]: DEBUG cinder.coordination [None req-77e855c1-c4f9-4480-af25-009442a68f13 tempest-SnapshotsActionsTest-97529180 None] Acquiring lock "cinder-quobyte-1af0d5a6-280c-45f8-a9b6-23e435ba1e87" by "delete_snapshot" {{(pid=82005) __acquire /opt/stack/cinder/cinder/coordination.py:138}}
Apr 21 20:54:30 devstack cinder-volume[82005]: DEBUG cinder.coordination [None req-77e855c1-c4f9-4480-af25-009442a68f13 tempest-SnapshotsActionsTest-97529180 None] Lock "cinder-quobyte-1af0d5a6-280c-45f8-a9b6-23e435ba1e87" acquired by "delete_snapshot" :: waited 0.029s {{(pid=82005) __acquire /opt/stack/cinder/cinder/coordination.py:141}}
Apr 21 20:54:30 devstack cinder-volume[82005]: DEBUG cinder.coordination [None req-77e855c1-c4f9-4480-af25-009442a68f13 tempest-SnapshotsActionsTest-97529180 None] Acquiring lock "cinder-quobyte-e0b85446-7be0-482f-91ae-79c390f4c906" by "_delete_snapshot" {{(pid=82005) __acquire /opt/stack/cinder/cinder/coordination.py:138}}
Apr 21 20:54:30 devstack cinder-volume[82005]: DEBUG cinder.coordination [None req-77e855c1-c4f9-4480-af25-009442a68f13 tempest-SnapshotsActionsTest-97529180 None] Lock "cinder-quobyte-e0b85446-7be0-482f-91ae-79c390f4c906" acquired by "_delete_snapshot" :: waited 0.014s {{(pid=82005) __acquire /opt/stack/cinder/cinder/coordination.py:141}}
Apr 21 20:54:30 devstack cinder-volume[82005]: DEBUG cinder.volume.drivers.remotefs [None req-77e855c1-c4f9-4480-af25-009442a68f13 tempest-SnapshotsActionsTest-97529180 None] Deleting offline snapshot e0b85446-7be0-482f-91ae-79c390f4c906 of volume 1af0d5a6-280c-45f8-a9b6-23e435ba1e87 {{(pid=82005) _delete_snapshot /opt/stack/cinder/cinder/volume/drivers/remotefs.py:1288}}
Apr 21 20:54:30 devstack cinder-volume[82005]: DEBUG cinder.volume.drivers.remotefs [None req-77e855c1-c4f9-4480-af25-009442a68f13 tempest-SnapshotsActionsTest-97529180 None] snapshot_file for this snap is: volume-1af0d5a6-280c-45f8-a9b6-23e435ba1e87.e0b85446-7be0-482f-91ae-79c390f4c906 {{(pid=82005) _delete_snapshot /opt/stack/cinder/cinder/volume/drivers/remotefs.py:1317}}
Apr 21 20:54:30 devstack cinder-volume[82005]: DEBUG oslo.privsep.daemon [-] privsep: reply[aa7628d6-0af9-40bc-8958-0e09c26a1736]: (4, 'qcow2') {{(pid=82992) _call_back /opt/stack/data/venv/lib/python3.10/site-packages/oslo_privsep/daemon.py:573}}
Apr 21 20:54:30 devstack cinder-volume[82005]: DEBUG oslo_concurrency.processutils [None req-77e855c1-c4f9-4480-af25-009442a68f13 tempest-SnapshotsActionsTest-97529180 None] Running cmd (subprocess): /opt/stack/data/venv/bin/python3.10 -m oslo_concurrency.prlimit --as=1073741824 --cpu=60 -- sudo cinder-rootwrap /etc/cinder/rootwrap.conf env LC_ALL=C qemu-img info -f qcow2 --output=json --force-share /opt/stack/data/cinder/mnt/2d31c288f90c614daadd9bb61d62e1fa/volume-1af0d5a6-280c-45f8-a9b6-23e435ba1e87.e0b85446-7be0-482f-91ae-79c390f4c906 {{(pid=82005) execute /opt/stack/data/venv/lib/python3.10/site-packages/oslo_concurrency/processutils.py:440}}
Apr 21 20:54:30 devstack sudo[84294]: quobyte : PWD=/ ; USER=root ; COMMAND=/opt/stack/data/venv/bin/cinder-rootwrap /etc/cinder/rootwrap.conf env LC_ALL=C qemu-img info -f qcow2 --output=json --force-share /opt/stack/data/cinder/mnt/2d31c288f90c614daadd9bb61d62e1fa/volume-1af0d5a6-280c-45f8-a9b6-23e435ba1e87.e0b85446-7be0-482f-91ae-79c390f4c906
Apr 21 20:54:30 devstack sudo[84294]: pam_unix(sudo:session): session opened for user root(uid=0) by (uid=1000)
Apr 21 20:54:31 devstack sudo[84294]: pam_unix(sudo:session): session closed for user root
Apr 21 20:54:31 devstack cinder-volume[82005]: DEBUG oslo_concurrency.processutils [None req-77e855c1-c4f9-4480-af25-009442a68f13 tempest-SnapshotsActionsTest-97529180 None] CMD "/opt/stack/data/venv/bin/python3.10 -m oslo_concurrency.prlimit --as=1073741824 --cpu=60 -- sudo cinder-rootwrap /etc/cinder/rootwrap.conf env LC_ALL=C qemu-img info -f qcow2 --output=json --force-share /opt/stack/data/cinder/mnt/2d31c288f90c614daadd9bb61d62e1fa/volume-1af0d5a6-280c-45f8-a9b6-23e435ba1e87.e0b85446-7be0-482f-91ae-79c390f4c906" returned: 0 in 0.558s {{(pid=82005) execute /opt/stack/data/venv/lib/python3.10/site-packages/oslo_concurrency/processutils.py:468}}
Apr 21 20:54:31 devstack cinder-volume[82005]: DEBUG cinder.volume.drivers.remotefs [None req-77e855c1-c4f9-4480-af25-009442a68f13 tempest-SnapshotsActionsTest-97529180 None] Fetching qemu-img info with special backing_file_template: (/opt/stack/data/cinder/mnt/[0-9a-f]+/)?(volume-1af0d5a6-280c-45f8-a9b6-23e435ba1e87(.(tmp-snap-)?[0-9a-f-]+)?|volume_from_snapshot_cache/(tmp-snap-)?[0-9a-f-]+(.(child-|parent-)[0-9a-f-]+)?)$ {{(pid=82005) _qemu_img_info_base /opt/stack/cinder/cinder/volume/drivers/remotefs.py:896}}
Apr 21 20:54:31 devstack cinder-volume[82005]: DEBUG oslo.privsep.daemon [-] privsep: reply[c3152a76-95bc-4ada-bf3c-dbc3168d60a6]: (4, 'qcow2') {{(pid=82992) _call_back /opt/stack/data/venv/lib/python3.10/site-packages/oslo_privsep/daemon.py:573}}
Apr 21 20:54:31 devstack cinder-volume[82005]: DEBUG oslo_concurrency.processutils [None req-77e855c1-c4f9-4480-af25-009442a68f13 tempest-SnapshotsActionsTest-97529180 None] Running cmd (subprocess): /opt/stack/data/venv/bin/python3.10 -m oslo_concurrency.prlimit --as=1073741824 --cpu=60 -- sudo cinder-rootwrap /etc/cinder/rootwrap.conf env LC_ALL=C qemu-img info -f qcow2 --output=json --force-share /opt/stack/data/cinder/mnt/2d31c288f90c614daadd9bb61d62e1fa/volume-1af0d5a6-280c-45f8-a9b6-23e435ba1e87.40780a8a-eed9-4d1c-9a0d-5698574c2b10 {{(pid=82005) execute /opt/stack/data/venv/lib/python3.10/site-packages/oslo_concurrency/processutils.py:440}}
Apr 21 20:54:31 devstack sudo[84300]: quobyte : PWD=/ ; USER=root ; COMMAND=/opt/stack/data/venv/bin/cinder-rootwrap /etc/cinder/rootwrap.conf env LC_ALL=C qemu-img info -f qcow2 --output=json --force-share /opt/stack/data/cinder/mnt/2d31c288f90c614daadd9bb61d62e1fa/volume-1af0d5a6-280c-45f8-a9b6-23e435ba1e87.40780a8a-eed9-4d1c-9a0d-5698574c2b10
Apr 21 20:54:31 devstack sudo[84300]: pam_unix(sudo:session): session opened for user root(uid=0) by (uid=1000)
Apr 21 20:54:32 devstack sudo[84300]: pam_unix(sudo:session): session closed for user root
Apr 21 20:54:32 devstack cinder-volume[82005]: DEBUG oslo_concurrency.processutils [None req-77e855c1-c4f9-4480-af25-009442a68f13 tempest-SnapshotsActionsTest-97529180 None] CMD "/opt/stack/data/venv/bin/python3.10 -m oslo_concurrency.prlimit --as=1073741824 --cpu=60 -- sudo cinder-rootwrap /etc/cinder/rootwrap.conf env LC_ALL=C qemu-img info -f qcow2 --output=json --force-share /opt/stack/data/cinder/mnt/2d31c288f90c614daadd9bb61d62e1fa/volume-1af0d5a6-280c-45f8-a9b6-23e435ba1e87.40780a8a-eed9-4d1c-9a0d-5698574c2b10" returned: 0 in 0.687s {{(pid=82005) execute /opt/stack/data/venv/lib/python3.10/site-packages/oslo_concurrency/processutils.py:468}}
Apr 21 20:54:32 devstack cinder-volume[82005]: DEBUG cinder.volume.drivers.remotefs [None req-77e855c1-c4f9-4480-af25-009442a68f13 tempest-SnapshotsActionsTest-97529180 None] Fetching qemu-img info with special backing_file_template: (/opt/stack/data/cinder/mnt/[0-9a-f]+/)?(volume-1af0d5a6-280c-45f8-a9b6-23e435ba1e87(.(tmp-snap-)?[0-9a-f-]+)?|volume_from_snapshot_cache/(tmp-snap-)?[0-9a-f-]+(.(child-|parent-)[0-9a-f-]+)?)$ {{(pid=82005) _qemu_img_info_base /opt/stack/cinder/cinder/volume/drivers/remotefs.py:896}}
Apr 21 20:54:32 devstack cinder-volume[82005]: DEBUG oslo_concurrency.processutils [None req-77e855c1-c4f9-4480-af25-009442a68f13 tempest-SnapshotsActionsTest-97529180 None] Running cmd (subprocess): sudo cinder-rootwrap /etc/cinder/rootwrap.conf qemu-img commit -d /opt/stack/data/cinder/mnt/2d31c288f90c614daadd9bb61d62e1fa/volume-1af0d5a6-280c-45f8-a9b6-23e435ba1e87.e0b85446-7be0-482f-91ae-79c390f4c906 {{(pid=82005) execute /opt/stack/data/venv/lib/python3.10/site-packages/oslo_concurrency/processutils.py:440}}
Apr 21 20:54:32 devstack sudo[84330]: quobyte : PWD=/ ; USER=root ; COMMAND=/opt/stack/data/venv/bin/cinder-rootwrap /etc/cinder/rootwrap.conf qemu-img commit -d /opt/stack/data/cinder/mnt/2d31c288f90c614daadd9bb61d62e1fa/volume-1af0d5a6-280c-45f8-a9b6-23e435ba1e87.e0b85446-7be0-482f-91ae-79c390f4c906
Apr 21 20:54:32 devstack sudo[84330]: pam_unix(sudo:session): session opened for user root(uid=0) by (uid=1000)
Apr 21 20:54:32 devstack sudo[84330]: pam_unix(sudo:session): session closed for user root
Apr 21 20:54:32 devstack cinder-volume[82005]: DEBUG oslo_concurrency.processutils [None req-77e855c1-c4f9-4480-af25-009442a68f13 tempest-SnapshotsActionsTest-97529180 None] CMD "sudo cinder-rootwrap /etc/cinder/rootwrap.conf qemu-img commit -d /opt/stack/data/cinder/mnt/2d31c288f90c614daadd9bb61d62e1fa/volume-1af0d5a6-280c-45f8-a9b6-23e435ba1e87.e0b85446-7be0-482f-91ae-79c390f4c906" returned: 0 in 0.612s {{(pid=82005) execute /opt/stack/data/venv/lib/python3.10/site-packages/oslo_concurrency/processutils.py:468}}
Apr 21 20:54:32 devstack cinder-volume[82005]: DEBUG oslo_concurrency.processutils [None req-77e855c1-c4f9-4480-af25-009442a68f13 tempest-SnapshotsActionsTest-97529180 None] Running cmd (subprocess): sudo cinder-rootwrap /etc/cinder/rootwrap.conf rm -f /opt/stack/data/cinder/mnt/2d31c288f90c614daadd9bb61d62e1fa/volume-1af0d5a6-280c-45f8-a9b6-23e435ba1e87.e0b85446-7be0-482f-91ae-79c390f4c906 {{(pid=82005) execute /opt/stack/data/venv/lib/python3.10/site-packages/oslo_concurrency/processutils.py:440}}
Apr 21 20:54:32 devstack sudo[84339]: quobyte : PWD=/ ; USER=root ; COMMAND=/opt/stack/data/venv/bin/cinder-rootwrap /etc/cinder/rootwrap.conf rm -f /opt/stack/data/cinder/mnt/2d31c288f90c614daadd9bb61d62e1fa/volume-1af0d5a6-280c-45f8-a9b6-23e435ba1e87.e0b85446-7be0-482f-91ae-79c390f4c906
Apr 21 20:54:32 devstack sudo[84339]: pam_unix(sudo:session): session opened for user root(uid=0) by (uid=1000)
Apr 21 20:54:33 devstack sudo[84339]: pam_unix(sudo:session): session closed for user root
Apr 21 20:54:33 devstack cinder-volume[82005]: DEBUG oslo_concurrency.processutils [None req-77e855c1-c4f9-4480-af25-009442a68f13 tempest-SnapshotsActionsTest-97529180 None] CMD "sudo cinder-rootwrap /etc/cinder/rootwrap.conf rm -f /opt/stack/data/cinder/mnt/2d31c288f90c614daadd9bb61d62e1fa/volume-1af0d5a6-280c-45f8-a9b6-23e435ba1e87.e0b85446-7be0-482f-91ae-79c390f4c906" returned: 0 in 0.433s {{(pid=82005) execute /opt/stack/data/venv/lib/python3.10/site-packages/oslo_concurrency/processutils.py:468}}
Apr 21 20:54:33 devstack cinder-volume[82005]: DEBUG cinder.coordination [None req-77e855c1-c4f9-4480-af25-009442a68f13 tempest-SnapshotsActionsTest-97529180 None] Lock "cinder-quobyte-e0b85446-7be0-482f-91ae-79c390f4c906" released by "_delete_snapshot" :: held 2.353s {{(pid=82005) __release /opt/stack/cinder/cinder/coordination.py:152}}
Apr 21 20:54:33 devstack cinder-volume[82005]: DEBUG cinder.coordination [None req-77e855c1-c4f9-4480-af25-009442a68f13 tempest-SnapshotsActionsTest-97529180 None] Lock "cinder-quobyte-1af0d5a6-280c-45f8-a9b6-23e435ba1e87" released by "delete_snapshot" :: held 2.372s {{(pid=82005) __release /opt/stack/cinder/cinder/coordination.py:152}}
Apr 21 20:54:33 devstack cinder-volume[82005]: DEBUG cinder.quota [None req-77e855c1-c4f9-4480-af25-009442a68f13 tempest-SnapshotsActionsTest-97529180 None] Created reservations ['7a47501d-d66d-45e3-b1f4-528104537cc5', 'b6b599e8-2b21-4dc3-b475-9bee450ec94d', '9e200237-510e-4273-b7ed-32d0e34faadb', '0249b1c4-ebdb-4f9a-a39c-525be320d0ad'] {{(pid=82005) reserve /opt/stack/cinder/cinder/quota.py:752}}
Apr 21 20:54:33 devstack cinder-volume[82005]: INFO cinder.volume.manager [None req-77e855c1-c4f9-4480-af25-009442a68f13 tempest-SnapshotsActionsTest-97529180 None] Delete snapshot completed successfully.
Apr 21 20:54:33 devstack cinder-volume[82005]: DEBUG cinder.coordination [None req-77e855c1-c4f9-4480-af25-009442a68f13 tempest-SnapshotsActionsTest-97529180 None] Lock "cinder-e0b85446-7be0-482f-91ae-79c390f4c906-delete_snapshot" released by "delete_snapshot" :: held 2.485s {{(pid=82005) __release /opt/stack/cinder/cinder/coordination.py:152}}
Apr 21 20:54:34 devstack cinder-volume[82005]: DEBUG oslo_concurrency.lockutils [None req-01173165-d69b-464c-94de-ff4ac7f1fb33 tempest-SnapshotsActionsTest-1190534978 None] Acquiring lock "quobyte" by "cinder.volume.drivers.quobyte.QuobyteDriver.create_snapshot" {{(pid=82005) inner /opt/stack/data/venv/lib/python3.10/site-packages/oslo_concurrency/lockutils.py:506}}
Apr 21 20:54:34 devstack cinder-volume[82005]: DEBUG oslo_concurrency.lockutils [None req-01173165-d69b-464c-94de-ff4ac7f1fb33 tempest-SnapshotsActionsTest-1190534978 None] Lock "quobyte" acquired by "cinder.volume.drivers.quobyte.QuobyteDriver.create_snapshot" :: waited 0.000s {{(pid=82005) inner /opt/stack/data/venv/lib/python3.10/site-packages/oslo_concurrency/lockutils.py:519}}
Apr 21 20:54:34 devstack cinder-volume[82005]: DEBUG cinder.volume.drivers.remotefs [None req-01173165-d69b-464c-94de-ff4ac7f1fb33 tempest-SnapshotsActionsTest-1190534978 None] Creating offline snapshot 613e2cc5-5d82-44fd-909c-c02f098e145b of volume 1af0d5a6-280c-45f8-a9b6-23e435ba1e87 {{(pid=82005) _create_snapshot /opt/stack/cinder/cinder/volume/drivers/remotefs.py:1816}}
Apr 21 20:54:34 devstack cinder-volume[82005]: DEBUG oslo.privsep.daemon [-] privsep: reply[c4cfb86b-d408-4ab4-aee8-2dbe094548fd]: (4, 'qcow2') {{(pid=82992) _call_back /opt/stack/data/venv/lib/python3.10/site-packages/oslo_privsep/daemon.py:573}}
Apr 21 20:54:34 devstack cinder-volume[82005]: DEBUG oslo_concurrency.processutils [None req-01173165-d69b-464c-94de-ff4ac7f1fb33 tempest-SnapshotsActionsTest-1190534978 None] Running cmd (subprocess): /opt/stack/data/venv/bin/python3.10 -m oslo_concurrency.prlimit --as=1073741824 --cpu=60 -- sudo cinder-rootwrap /etc/cinder/rootwrap.conf env LC_ALL=C qemu-img info -f qcow2 --output=json --force-share /opt/stack/data/cinder/mnt/2d31c288f90c614daadd9bb61d62e1fa/volume-1af0d5a6-280c-45f8-a9b6-23e435ba1e87.40780a8a-eed9-4d1c-9a0d-5698574c2b10 {{(pid=82005) execute /opt/stack/data/venv/lib/python3.10/site-packages/oslo_concurrency/processutils.py:440}}
Apr 21 20:54:34 devstack sudo[84373]: quobyte : PWD=/ ; USER=root ; COMMAND=/opt/stack/data/venv/bin/cinder-rootwrap /etc/cinder/rootwrap.conf env LC_ALL=C qemu-img info -f qcow2 --output=json --force-share /opt/stack/data/cinder/mnt/2d31c288f90c614daadd9bb61d62e1fa/volume-1af0d5a6-280c-45f8-a9b6-23e435ba1e87.40780a8a-eed9-4d1c-9a0d-5698574c2b10
Apr 21 20:54:34 devstack sudo[84373]: pam_unix(sudo:session): session opened for user root(uid=0) by (uid=1000)
Apr 21 20:54:35 devstack sudo[84373]: pam_unix(sudo:session): session closed for user root
Apr 21 20:54:35 devstack cinder-volume[82005]: DEBUG oslo_concurrency.processutils [None req-01173165-d69b-464c-94de-ff4ac7f1fb33 tempest-SnapshotsActionsTest-1190534978 None] CMD "/opt/stack/data/venv/bin/python3.10 -m oslo_concurrency.prlimit --as=1073741824 --cpu=60 -- sudo cinder-rootwrap /etc/cinder/rootwrap.conf env LC_ALL=C qemu-img info -f qcow2 --output=json --force-share /opt/stack/data/cinder/mnt/2d31c288f90c614daadd9bb61d62e1fa/volume-1af0d5a6-280c-45f8-a9b6-23e435ba1e87.40780a8a-eed9-4d1c-9a0d-5698574c2b10" returned: 0 in 0.837s {{(pid=82005) execute /opt/stack/data/venv/lib/python3.10/site-packages/oslo_concurrency/processutils.py:468}}
Apr 21 20:54:35 devstack cinder-volume[82005]: DEBUG cinder.volume.drivers.remotefs [None req-01173165-d69b-464c-94de-ff4ac7f1fb33 tempest-SnapshotsActionsTest-1190534978 None] Fetching qemu-img info with special backing_file_template: (/opt/stack/data/cinder/mnt/[0-9a-f]+/)?(volume-1af0d5a6-280c-45f8-a9b6-23e435ba1e87(.(tmp-snap-)?[0-9a-f-]+)?|volume_from_snapshot_cache/(tmp-snap-)?[0-9a-f-]+(.(child-|parent-)[0-9a-f-]+)?)$ {{(pid=82005) _qemu_img_info_base /opt/stack/cinder/cinder/volume/drivers/remotefs.py:896}}
Apr 21 20:54:35 devstack cinder-volume[82005]: DEBUG oslo_concurrency.processutils [None req-01173165-d69b-464c-94de-ff4ac7f1fb33 tempest-SnapshotsActionsTest-1190534978 None] Running cmd (subprocess): sudo cinder-rootwrap /etc/cinder/rootwrap.conf qemu-img create -f qcow2 -o backing_file=/opt/stack/data/cinder/mnt/2d31c288f90c614daadd9bb61d62e1fa/volume-1af0d5a6-280c-45f8-a9b6-23e435ba1e87.40780a8a-eed9-4d1c-9a0d-5698574c2b10,backing_fmt=qcow2 /opt/stack/data/cinder/mnt/2d31c288f90c614daadd9bb61d62e1fa/volume-1af0d5a6-280c-45f8-a9b6-23e435ba1e87.613e2cc5-5d82-44fd-909c-c02f098e145b 1G {{(pid=82005) execute /opt/stack/data/venv/lib/python3.10/site-packages/oslo_concurrency/processutils.py:440}}
Apr 21 20:54:35 devstack sudo[84397]: quobyte : PWD=/ ; USER=root ; COMMAND=/opt/stack/data/venv/bin/cinder-rootwrap /etc/cinder/rootwrap.conf qemu-img create -f qcow2 -o backing_file=/opt/stack/data/cinder/mnt/2d31c288f90c614daadd9bb61d62e1fa/volume-1af0d5a6-280c-45f8-a9b6-23e435ba1e87.40780a8a-eed9-4d1c-9a0d-5698574c2b10,backing_fmt=qcow2 /opt/stack/data/cinder/mnt/2d31c288f90c614daadd9bb61d62e1fa/volume-1af0d5a6-280c-45f8-a9b6-23e435ba1e87.613e2cc5-5d82-44fd-909c-c02f098e145b 1G
Apr 21 20:54:35 devstack sudo[84397]: pam_unix(sudo:session): session opened for user root(uid=0) by (uid=1000)
Apr 21 20:54:36 devstack sudo[84397]: pam_unix(sudo:session): session closed for user root
Apr 21 20:54:36 devstack cinder-volume[82005]: DEBUG oslo_concurrency.processutils [None req-01173165-d69b-464c-94de-ff4ac7f1fb33 tempest-SnapshotsActionsTest-1190534978 None] CMD "sudo cinder-rootwrap /etc/cinder/rootwrap.conf qemu-img create -f qcow2 -o backing_file=/opt/stack/data/cinder/mnt/2d31c288f90c614daadd9bb61d62e1fa/volume-1af0d5a6-280c-45f8-a9b6-23e435ba1e87.40780a8a-eed9-4d1c-9a0d-5698574c2b10,backing_fmt=qcow2 /opt/stack/data/cinder/mnt/2d31c288f90c614daadd9bb61d62e1fa/volume-1af0d5a6-280c-45f8-a9b6-23e435ba1e87.613e2cc5-5d82-44fd-909c-c02f098e145b 1G" returned: 0 in 0.678s {{(pid=82005) execute /opt/stack/data/venv/lib/python3.10/site-packages/oslo_concurrency/processutils.py:468}}
Apr 21 20:54:36 devstack cinder-volume[82005]: DEBUG oslo_concurrency.processutils [None req-01173165-d69b-464c-94de-ff4ac7f1fb33 tempest-SnapshotsActionsTest-1190534978 None] Running cmd (subprocess): sudo cinder-rootwrap /etc/cinder/rootwrap.conf qemu-img rebase -u -b volume-1af0d5a6-280c-45f8-a9b6-23e435ba1e87.40780a8a-eed9-4d1c-9a0d-5698574c2b10 -F qcow2 /opt/stack/data/cinder/mnt/2d31c288f90c614daadd9bb61d62e1fa/volume-1af0d5a6-280c-45f8-a9b6-23e435ba1e87.613e2cc5-5d82-44fd-909c-c02f098e145b {{(pid=82005) execute /opt/stack/data/venv/lib/python3.10/site-packages/oslo_concurrency/processutils.py:440}}
Apr 21 20:54:36 devstack sudo[84405]: quobyte : PWD=/ ; USER=root ; COMMAND=/opt/stack/data/venv/bin/cinder-rootwrap /etc/cinder/rootwrap.conf qemu-img rebase -u -b volume-1af0d5a6-280c-45f8-a9b6-23e435ba1e87.40780a8a-eed9-4d1c-9a0d-5698574c2b10 -F qcow2 /opt/stack/data/cinder/mnt/2d31c288f90c614daadd9bb61d62e1fa/volume-1af0d5a6-280c-45f8-a9b6-23e435ba1e87.613e2cc5-5d82-44fd-909c-c02f098e145b
Apr 21 20:54:36 devstack sudo[84405]: pam_unix(sudo:session): session opened for user root(uid=0) by (uid=1000)
Apr 21 20:54:36 devstack cinder-volume[82005]: DEBUG oslo_service.periodic_task [None req-4741df2b-6280-4ac7-901a-a7f98016c7cc None None] Running periodic task VolumeManager.publish_service_capabilities {{(pid=82005) run_periodic_tasks /opt/stack/data/venv/lib/python3.10/site-packages/oslo_service/periodic_task.py:210}}
