Jul 18 05:39:38 devstack cinder-volume[87497]: DEBUG oslo_concurrency.lockutils [None req-48e9cf8d-14f9-42f4-b87c-1fcd479ace87 tempest-GroupSnapshotsV319Test-740558736 None] Lock "quobyte_ensure" acquired by "cinder.volume.drivers.quobyte.QuobyteDriver._ensure_shares_mounted" :: waited 0.000s {{(pid=87497) inner /opt/stack/data/venv/lib/python3.12/site-packages/oslo_concurrency/lockutils.py:525}}
Jul 18 05:39:38 devstack cinder-volume[87497]: DEBUG cinder.volume.drivers.quobyte [None req-48e9cf8d-14f9-42f4-b87c-1fcd479ace87 tempest-GroupSnapshotsV319Test-740558736 None] Quobyte Volume URL set to: {'osci02.corp.quobyte.com/cinder-vol-7cb4dfc5-0646-4637-add7-cf154cef9c13': None} {{(pid=87497) _load_shares_config /opt/stack/cinder/cinder/volume/drivers/quobyte.py:651}}
Jul 18 05:39:38 devstack cinder-volume[87497]: DEBUG cinder.volume.drivers.quobyte [None req-48e9cf8d-14f9-42f4-b87c-1fcd479ace87 tempest-GroupSnapshotsV319Test-740558736 None] Available shares ['osci02.corp.quobyte.com/cinder-vol-7cb4dfc5-0646-4637-add7-cf154cef9c13'] {{(pid=87497) _ensure_shares_mounted /opt/stack/cinder/cinder/volume/drivers/quobyte.py:681}}
Jul 18 05:39:38 devstack cinder-volume[87497]: DEBUG oslo_concurrency.lockutils [None req-48e9cf8d-14f9-42f4-b87c-1fcd479ace87 tempest-GroupSnapshotsV319Test-740558736 None] Lock "quobyte_ensure" "released" by "cinder.volume.drivers.quobyte.QuobyteDriver._ensure_shares_mounted" :: held 0.008s {{(pid=87497) inner /opt/stack/data/venv/lib/python3.12/site-packages/oslo_concurrency/lockutils.py:544}}
Jul 18 05:39:38 devstack cinder-volume[87497]: DEBUG cinder.volume.drivers.quobyte [None req-48e9cf8d-14f9-42f4-b87c-1fcd479ace87 tempest-GroupSnapshotsV319Test-740558736 None] Selected osci02.corp.quobyte.com/cinder-vol-7cb4dfc5-0646-4637-add7-cf154cef9c13 as target Quobyte volume. {{(pid=87497) _find_share /opt/stack/cinder/cinder/volume/drivers/quobyte.py:702}}
Jul 18 05:39:38 devstack cinder-volume[87497]: INFO cinder.volume.drivers.remotefs [None req-48e9cf8d-14f9-42f4-b87c-1fcd479ace87 tempest-GroupSnapshotsV319Test-740558736 None] casted to osci02.corp.quobyte.com/cinder-vol-7cb4dfc5-0646-4637-add7-cf154cef9c13
Jul 18 05:39:38 devstack cinder-volume[87497]: DEBUG oslo_concurrency.processutils [None req-48e9cf8d-14f9-42f4-b87c-1fcd479ace87 tempest-GroupSnapshotsV319Test-740558736 None] Running cmd (subprocess): sudo cinder-rootwrap /etc/cinder/rootwrap.conf qemu-img create -f qcow2 -o preallocation=metadata /opt/stack/data/cinder/mnt/1d3b582a55c58ae5eff86e377e1362dc/volume-ce4d2e37-42ff-456d-b54a-ebb9e4941e09 1073741824 {{(pid=87497) execute /opt/stack/data/venv/lib/python3.12/site-packages/oslo_concurrency/processutils.py:440}}
Jul 18 05:39:38 devstack sudo[89818]: quobyte : PWD=/ ; USER=root ; COMMAND=/opt/stack/data/venv/bin/cinder-rootwrap /etc/cinder/rootwrap.conf qemu-img create -f qcow2 -o preallocation=metadata /opt/stack/data/cinder/mnt/1d3b582a55c58ae5eff86e377e1362dc/volume-ce4d2e37-42ff-456d-b54a-ebb9e4941e09 1073741824
Jul 18 05:39:38 devstack sudo[89818]: pam_unix(sudo:session): session opened for user root(uid=0) by (uid=1000)
Jul 18 05:39:38 devstack sudo[89818]: pam_unix(sudo:session): session closed for user root
Jul 18 05:39:38 devstack cinder-volume[87497]: DEBUG oslo_concurrency.processutils [None req-48e9cf8d-14f9-42f4-b87c-1fcd479ace87 tempest-GroupSnapshotsV319Test-740558736 None] CMD "sudo cinder-rootwrap /etc/cinder/rootwrap.conf qemu-img create -f qcow2 -o preallocation=metadata /opt/stack/data/cinder/mnt/1d3b582a55c58ae5eff86e377e1362dc/volume-ce4d2e37-42ff-456d-b54a-ebb9e4941e09 1073741824" returned: 0 in 0.885s {{(pid=87497) execute /opt/stack/data/venv/lib/python3.12/site-packages/oslo_concurrency/processutils.py:468}}
Jul 18 05:39:39 devstack cinder-volume[87497]: DEBUG oslo_concurrency.processutils [None req-48e9cf8d-14f9-42f4-b87c-1fcd479ace87 tempest-GroupSnapshotsV319Test-740558736 None] Running cmd (subprocess): sudo cinder-rootwrap /etc/cinder/rootwrap.conf chmod ugo+rw /opt/stack/data/cinder/mnt/1d3b582a55c58ae5eff86e377e1362dc/volume-ce4d2e37-42ff-456d-b54a-ebb9e4941e09 {{(pid=87497) execute /opt/stack/data/venv/lib/python3.12/site-packages/oslo_concurrency/processutils.py:440}}
Jul 18 05:39:39 devstack sudo[89871]: quobyte : PWD=/ ; USER=root ; COMMAND=/opt/stack/data/venv/bin/cinder-rootwrap /etc/cinder/rootwrap.conf chmod ugo+rw /opt/stack/data/cinder/mnt/1d3b582a55c58ae5eff86e377e1362dc/volume-ce4d2e37-42ff-456d-b54a-ebb9e4941e09
Jul 18 05:39:39 devstack sudo[89871]: pam_unix(sudo:session): session opened for user root(uid=0) by (uid=1000)
Jul 18 05:39:39 devstack sudo[89871]: pam_unix(sudo:session): session closed for user root
Jul 18 05:39:39 devstack cinder-volume[87497]: DEBUG oslo_concurrency.processutils [None req-48e9cf8d-14f9-42f4-b87c-1fcd479ace87 tempest-GroupSnapshotsV319Test-740558736 None] CMD "sudo cinder-rootwrap /etc/cinder/rootwrap.conf chmod ugo+rw /opt/stack/data/cinder/mnt/1d3b582a55c58ae5eff86e377e1362dc/volume-ce4d2e37-42ff-456d-b54a-ebb9e4941e09" returned: 0 in 0.477s {{(pid=87497) execute /opt/stack/data/venv/lib/python3.12/site-packages/oslo_concurrency/processutils.py:468}}
Jul 18 05:39:39 devstack cinder-volume[87497]: DEBUG cinder.volume.drivers.quobyte [None req-48e9cf8d-14f9-42f4-b87c-1fcd479ace87 tempest-GroupSnapshotsV319Test-740558736 None] <== create_volume: return (1451ms) {'provider_location': 'osci02.corp.quobyte.com/cinder-vol-7cb4dfc5-0646-4637-add7-cf154cef9c13'} {{(pid=87497) trace_logging_wrapper /opt/stack/cinder/cinder/volume/volume_utils.py:1522}}
Jul 18 05:39:39 devstack cinder-volume[87497]: DEBUG oslo_concurrency.lockutils [None req-48e9cf8d-14f9-42f4-b87c-1fcd479ace87 tempest-GroupSnapshotsV319Test-740558736 None] Lock "quobyte" "released" by "cinder.volume.drivers.quobyte.QuobyteDriver.create_volume" :: held 1.454s {{(pid=87497) inner /opt/stack/data/venv/lib/python3.12/site-packages/oslo_concurrency/lockutils.py:544}}
Jul 18 05:39:39 devstack cinder-volume[87497]: DEBUG cinder.volume.manager [None req-48e9cf8d-14f9-42f4-b87c-1fcd479ace87 tempest-GroupSnapshotsV319Test-740558736 None] Task 'cinder.volume.flows.manager.create_volume.CreateVolumeFromSpecTask;volume:create' (892462e9-3bc1-4b44-857a-c1caba9ddd00) transitioned into state 'SUCCESS' from state 'RUNNING' with result '{'status': 'creating', 'volume_name': 'volume-ce4d2e37-42ff-456d-b54a-ebb9e4941e09', 'volume_size': 1}' {{(pid=87497) _task_receiver /opt/stack/data/venv/lib/python3.12/site-packages/taskflow/listeners/logging.py:218}}
Jul 18 05:39:39 devstack cinder-volume[87497]: DEBUG cinder.volume.manager [None req-48e9cf8d-14f9-42f4-b87c-1fcd479ace87 tempest-GroupSnapshotsV319Test-740558736 None] Task 'cinder.volume.flows.manager.create_volume.CreateVolumeOnFinishTask;volume:create, create.end' (1b4756cf-095f-41b4-b688-29bc76b99df9) transitioned into state 'RUNNING' from state 'PENDING' {{(pid=87497) _task_receiver /opt/stack/data/venv/lib/python3.12/site-packages/taskflow/listeners/logging.py:242}}
Jul 18 05:39:39 devstack cinder-volume[87497]: INFO cinder.volume.flows.manager.create_volume [None req-48e9cf8d-14f9-42f4-b87c-1fcd479ace87 tempest-GroupSnapshotsV319Test-740558736 None] Volume volume-ce4d2e37-42ff-456d-b54a-ebb9e4941e09 (ce4d2e37-42ff-456d-b54a-ebb9e4941e09): created successfully
Jul 18 05:39:39 devstack cinder-volume[87497]: DEBUG cinder.volume.manager [None req-48e9cf8d-14f9-42f4-b87c-1fcd479ace87 tempest-GroupSnapshotsV319Test-740558736 None] Task 'cinder.volume.flows.manager.create_volume.CreateVolumeOnFinishTask;volume:create, create.end' (1b4756cf-095f-41b4-b688-29bc76b99df9) transitioned into state 'SUCCESS' from state 'RUNNING' with result 'None' {{(pid=87497) _task_receiver /opt/stack/data/venv/lib/python3.12/site-packages/taskflow/listeners/logging.py:218}}
Jul 18 05:39:39 devstack cinder-volume[87497]: DEBUG cinder.volume.manager [None req-48e9cf8d-14f9-42f4-b87c-1fcd479ace87 tempest-GroupSnapshotsV319Test-740558736 None] Flow 'volume_create_manager' (dd164a7c-bab0-4706-8535-e35d3fe22504) transitioned into state 'SUCCESS' from state 'RUNNING' {{(pid=87497) _flow_receiver /opt/stack/data/venv/lib/python3.12/site-packages/taskflow/listeners/logging.py:160}}
Jul 18 05:39:39 devstack cinder-volume[87497]: INFO cinder.volume.manager [None req-48e9cf8d-14f9-42f4-b87c-1fcd479ace87 tempest-GroupSnapshotsV319Test-740558736 None] Created volume successfully.
Jul 18 05:39:40 devstack cinder-volume[87497]: INFO cinder.volume.manager [None req-860ca46d-469a-4e5e-9965-4b7708df6b5b tempest-GroupSnapshotsV319Test-740558736 None] GroupSnapshot 96149524-23f8-4bcb-af61-06d7f4e49770: creating.
Jul 18 05:39:40 devstack cinder-volume[87497]: DEBUG cinder.volume.manager [None req-860ca46d-469a-4e5e-9965-4b7708df6b5b tempest-GroupSnapshotsV319Test-740558736 None] Group snapshot 96149524-23f8-4bcb-af61-06d7f4e49770: creating. {{(pid=87497) create_group_snapshot /opt/stack/cinder/cinder/volume/manager.py:4175}}
Jul 18 05:39:40 devstack cinder-volume[87497]: DEBUG oslo_concurrency.lockutils [None req-860ca46d-469a-4e5e-9965-4b7708df6b5b tempest-GroupSnapshotsV319Test-740558736 None] Acquiring lock "quobyte" by "cinder.volume.drivers.quobyte.QuobyteDriver.create_snapshot" {{(pid=87497) inner /opt/stack/data/venv/lib/python3.12/site-packages/oslo_concurrency/lockutils.py:512}}
Jul 18 05:39:40 devstack cinder-volume[87497]: DEBUG oslo_concurrency.lockutils [None req-860ca46d-469a-4e5e-9965-4b7708df6b5b tempest-GroupSnapshotsV319Test-740558736 None] Lock "quobyte" acquired by "cinder.volume.drivers.quobyte.QuobyteDriver.create_snapshot" :: waited 0.001s {{(pid=87497) inner /opt/stack/data/venv/lib/python3.12/site-packages/oslo_concurrency/lockutils.py:525}}
Jul 18 05:39:41 devstack cinder-volume[87497]: DEBUG cinder.volume.drivers.remotefs [None req-860ca46d-469a-4e5e-9965-4b7708df6b5b tempest-GroupSnapshotsV319Test-740558736 None] Creating offline snapshot 006b59a4-d98f-4224-b879-9aaeda0557af of volume ce4d2e37-42ff-456d-b54a-ebb9e4941e09 {{(pid=87497) _create_snapshot /opt/stack/cinder/cinder/volume/drivers/remotefs.py:1816}}
Jul 18 05:39:41 devstack cinder-volume[87497]: DEBUG oslo.privsep.daemon [-] privsep: reply[7bb3db29-1726-4d54-b6c1-209287e7e2be]: (4, 'qcow2') {{(pid=88960) _call_back /opt/stack/data/venv/lib/python3.12/site-packages/oslo_privsep/daemon.py:580}}
Jul 18 05:39:41 devstack cinder-volume[87497]: DEBUG oslo_concurrency.processutils [None req-860ca46d-469a-4e5e-9965-4b7708df6b5b tempest-GroupSnapshotsV319Test-740558736 None] Running cmd (subprocess): /opt/stack/data/venv/bin/python3.12 -m oslo_concurrency.prlimit --as=1073741824 --cpu=60 -- sudo cinder-rootwrap /etc/cinder/rootwrap.conf env LC_ALL=C qemu-img info -f qcow2 --output=json --force-share /opt/stack/data/cinder/mnt/1d3b582a55c58ae5eff86e377e1362dc/volume-ce4d2e37-42ff-456d-b54a-ebb9e4941e09 {{(pid=87497) execute /opt/stack/data/venv/lib/python3.12/site-packages/oslo_concurrency/processutils.py:440}}
Jul 18 05:39:41 devstack sudo[89938]: quobyte : PWD=/ ; USER=root ; COMMAND=/opt/stack/data/venv/bin/cinder-rootwrap /etc/cinder/rootwrap.conf env LC_ALL=C qemu-img info -f qcow2 --output=json --force-share /opt/stack/data/cinder/mnt/1d3b582a55c58ae5eff86e377e1362dc/volume-ce4d2e37-42ff-456d-b54a-ebb9e4941e09
Jul 18 05:39:41 devstack sudo[89938]: pam_unix(sudo:session): session opened for user root(uid=0) by (uid=1000)
Jul 18 05:39:41 devstack sudo[89938]: pam_unix(sudo:session): session closed for user root
Jul 18 05:39:41 devstack cinder-volume[87497]: DEBUG oslo_concurrency.processutils [None req-860ca46d-469a-4e5e-9965-4b7708df6b5b tempest-GroupSnapshotsV319Test-740558736 None] CMD "/opt/stack/data/venv/bin/python3.12 -m oslo_concurrency.prlimit --as=1073741824 --cpu=60 -- sudo cinder-rootwrap /etc/cinder/rootwrap.conf env LC_ALL=C qemu-img info -f qcow2 --output=json --force-share /opt/stack/data/cinder/mnt/1d3b582a55c58ae5eff86e377e1362dc/volume-ce4d2e37-42ff-456d-b54a-ebb9e4941e09" returned: 0 in 0.481s {{(pid=87497) execute /opt/stack/data/venv/lib/python3.12/site-packages/oslo_concurrency/processutils.py:468}}
Jul 18 05:39:41 devstack cinder-volume[87497]: DEBUG oslo_concurrency.processutils [None req-860ca46d-469a-4e5e-9965-4b7708df6b5b tempest-GroupSnapshotsV319Test-740558736 None] Running cmd (subprocess): sudo cinder-rootwrap /etc/cinder/rootwrap.conf qemu-img create -f qcow2 -o backing_file=/opt/stack/data/cinder/mnt/1d3b582a55c58ae5eff86e377e1362dc/volume-ce4d2e37-42ff-456d-b54a-ebb9e4941e09,backing_fmt=qcow2 /opt/stack/data/cinder/mnt/1d3b582a55c58ae5eff86e377e1362dc/volume-ce4d2e37-42ff-456d-b54a-ebb9e4941e09.006b59a4-d98f-4224-b879-9aaeda0557af 1G {{(pid=87497) execute /opt/stack/data/venv/lib/python3.12/site-packages/oslo_concurrency/processutils.py:440}}
Jul 18 05:39:41 devstack sudo[89946]: quobyte : PWD=/ ; USER=root ; COMMAND=/opt/stack/data/venv/bin/cinder-rootwrap /etc/cinder/rootwrap.conf qemu-img create -f qcow2 -o backing_file=/opt/stack/data/cinder/mnt/1d3b582a55c58ae5eff86e377e1362dc/volume-ce4d2e37-42ff-456d-b54a-ebb9e4941e09,backing_fmt=qcow2 /opt/stack/data/cinder/mnt/1d3b582a55c58ae5eff86e377e1362dc/volume-ce4d2e37-42ff-456d-b54a-ebb9e4941e09.006b59a4-d98f-4224-b879-9aaeda0557af 1G
Jul 18 05:39:41 devstack sudo[89946]: pam_unix(sudo:session): session opened for user root(uid=0) by (uid=1000)
Jul 18 05:39:42 devstack sudo[89946]: pam_unix(sudo:session): session closed for user root
Jul 18 05:39:42 devstack cinder-volume[87497]: DEBUG oslo_concurrency.processutils [None req-860ca46d-469a-4e5e-9965-4b7708df6b5b tempest-GroupSnapshotsV319Test-740558736 None] CMD "sudo cinder-rootwrap /etc/cinder/rootwrap.conf qemu-img create -f qcow2 -o backing_file=/opt/stack/data/cinder/mnt/1d3b582a55c58ae5eff86e377e1362dc/volume-ce4d2e37-42ff-456d-b54a-ebb9e4941e09,backing_fmt=qcow2 /opt/stack/data/cinder/mnt/1d3b582a55c58ae5eff86e377e1362dc/volume-ce4d2e37-42ff-456d-b54a-ebb9e4941e09.006b59a4-d98f-4224-b879-9aaeda0557af 1G" returned: 0 in 0.560s {{(pid=87497) execute /opt/stack/data/venv/lib/python3.12/site-packages/oslo_concurrency/processutils.py:468}}
Jul 18 05:39:42 devstack cinder-volume[87497]: DEBUG oslo_concurrency.processutils [None req-860ca46d-469a-4e5e-9965-4b7708df6b5b tempest-GroupSnapshotsV319Test-740558736 None] Running cmd (subprocess): sudo cinder-rootwrap /etc/cinder/rootwrap.conf qemu-img rebase -u -b volume-ce4d2e37-42ff-456d-b54a-ebb9e4941e09 -F qcow2 /opt/stack/data/cinder/mnt/1d3b582a55c58ae5eff86e377e1362dc/volume-ce4d2e37-42ff-456d-b54a-ebb9e4941e09.006b59a4-d98f-4224-b879-9aaeda0557af {{(pid=87497) execute /opt/stack/data/venv/lib/python3.12/site-packages/oslo_concurrency/processutils.py:440}}
Jul 18 05:39:42 devstack sudo[89954]: quobyte : PWD=/ ; USER=root ; COMMAND=/opt/stack/data/venv/bin/cinder-rootwrap /etc/cinder/rootwrap.conf qemu-img rebase -u -b volume-ce4d2e37-42ff-456d-b54a-ebb9e4941e09 -F qcow2 /opt/stack/data/cinder/mnt/1d3b582a55c58ae5eff86e377e1362dc/volume-ce4d2e37-42ff-456d-b54a-ebb9e4941e09.006b59a4-d98f-4224-b879-9aaeda0557af
Jul 18 05:39:42 devstack sudo[89954]: pam_unix(sudo:session): session opened for user root(uid=0) by (uid=1000)
Jul 18 05:39:42 devstack sudo[89954]: pam_unix(sudo:session): session closed for user root
Jul 18 05:39:42 devstack cinder-volume[87497]: DEBUG oslo_concurrency.processutils [None req-860ca46d-469a-4e5e-9965-4b7708df6b5b tempest-GroupSnapshotsV319Test-740558736 None] CMD "sudo cinder-rootwrap /etc/cinder/rootwrap.conf qemu-img rebase -u -b volume-ce4d2e37-42ff-456d-b54a-ebb9e4941e09 -F qcow2 /opt/stack/data/cinder/mnt/1d3b582a55c58ae5eff86e377e1362dc/volume-ce4d2e37-42ff-456d-b54a-ebb9e4941e09.006b59a4-d98f-4224-b879-9aaeda0557af" returned: 0 in 0.410s {{(pid=87497) execute /opt/stack/data/venv/lib/python3.12/site-packages/oslo_concurrency/processutils.py:468}}
Jul 18 05:39:42 devstack cinder-volume[87497]: WARNING cinder.volume.drivers.remotefs [None req-860ca46d-469a-4e5e-9965-4b7708df6b5b tempest-GroupSnapshotsV319Test-740558736 None] /opt/stack/data/cinder/mnt/1d3b582a55c58ae5eff86e377e1362dc/volume-ce4d2e37-42ff-456d-b54a-ebb9e4941e09.006b59a4-d98f-4224-b879-9aaeda0557af is being set with open permissions: ugo+rw: NotImplementedError
Jul 18 05:39:42 devstack cinder-volume[87497]: DEBUG oslo_concurrency.processutils [None req-860ca46d-469a-4e5e-9965-4b7708df6b5b tempest-GroupSnapshotsV319Test-740558736 None] Running cmd (subprocess): sudo cinder-rootwrap /etc/cinder/rootwrap.conf chmod ugo+rw /opt/stack/data/cinder/mnt/1d3b582a55c58ae5eff86e377e1362dc/volume-ce4d2e37-42ff-456d-b54a-ebb9e4941e09.006b59a4-d98f-4224-b879-9aaeda0557af {{(pid=87497) execute /opt/stack/data/venv/lib/python3.12/site-packages/oslo_concurrency/processutils.py:440}}
Jul 18 05:39:42 devstack sudo[89962]: quobyte : PWD=/ ; USER=root ; COMMAND=/opt/stack/data/venv/bin/cinder-rootwrap /etc/cinder/rootwrap.conf chmod ugo+rw /opt/stack/data/cinder/mnt/1d3b582a55c58ae5eff86e377e1362dc/volume-ce4d2e37-42ff-456d-b54a-ebb9e4941e09.006b59a4-d98f-4224-b879-9aaeda0557af
Jul 18 05:39:42 devstack sudo[89962]: pam_unix(sudo:session): session opened for user root(uid=0) by (uid=1000)
Jul 18 05:39:42 devstack sudo[89962]: pam_unix(sudo:session): session closed for user root
Jul 18 05:39:42 devstack cinder-volume[87497]: DEBUG oslo_concurrency.processutils [None req-860ca46d-469a-4e5e-9965-4b7708df6b5b tempest-GroupSnapshotsV319Test-740558736 None] CMD "sudo cinder-rootwrap /etc/cinder/rootwrap.conf chmod ugo+rw /opt/stack/data/cinder/mnt/1d3b582a55c58ae5eff86e377e1362dc/volume-ce4d2e37-42ff-456d-b54a-ebb9e4941e09.006b59a4-d98f-4224-b879-9aaeda0557af" returned: 0 in 0.313s {{(pid=87497) execute /opt/stack/data/venv/lib/python3.12/site-packages/oslo_concurrency/processutils.py:468}}
Jul 18 05:39:42 devstack cinder-volume[87497]: DEBUG oslo_concurrency.processutils [None req-860ca46d-469a-4e5e-9965-4b7708df6b5b tempest-GroupSnapshotsV319Test-740558736 None] Running cmd (subprocess): sudo cinder-rootwrap /etc/cinder/rootwrap.conf truncate -s0 /opt/stack/data/cinder/mnt/1d3b582a55c58ae5eff86e377e1362dc/volume-ce4d2e37-42ff-456d-b54a-ebb9e4941e09.info {{(pid=87497) execute /opt/stack/data/venv/lib/python3.12/site-packages/oslo_concurrency/processutils.py:440}}
Jul 18 05:39:42 devstack sudo[89970]: quobyte : PWD=/ ; USER=root ; COMMAND=/opt/stack/data/venv/bin/cinder-rootwrap /etc/cinder/rootwrap.conf truncate -s0 /opt/stack/data/cinder/mnt/1d3b582a55c58ae5eff86e377e1362dc/volume-ce4d2e37-42ff-456d-b54a-ebb9e4941e09.info
Jul 18 05:39:42 devstack sudo[89970]: pam_unix(sudo:session): session opened for user root(uid=0) by (uid=1000)
Jul 18 05:39:43 devstack sudo[89970]: pam_unix(sudo:session): session closed for user root
Jul 18 05:39:43 devstack cinder-volume[87497]: DEBUG oslo_concurrency.processutils [None req-860ca46d-469a-4e5e-9965-4b7708df6b5b tempest-GroupSnapshotsV319Test-740558736 None] CMD "sudo cinder-rootwrap /etc/cinder/rootwrap.conf truncate -s0 /opt/stack/data/cinder/mnt/1d3b582a55c58ae5eff86e377e1362dc/volume-ce4d2e37-42ff-456d-b54a-ebb9e4941e09.info" returned: 0 in 0.308s {{(pid=87497) execute /opt/stack/data/venv/lib/python3.12/site-packages/oslo_concurrency/processutils.py:468}}
Jul 18 05:39:43 devstack cinder-volume[87497]: WARNING cinder.volume.drivers.remotefs [None req-860ca46d-469a-4e5e-9965-4b7708df6b5b tempest-GroupSnapshotsV319Test-740558736 None] /opt/stack/data/cinder/mnt/1d3b582a55c58ae5eff86e377e1362dc/volume-ce4d2e37-42ff-456d-b54a-ebb9e4941e09.info is being set with open permissions: ugo+rw: NotImplementedError
Jul 18 05:39:43 devstack cinder-volume[87497]: DEBUG oslo_concurrency.processutils [None req-860ca46d-469a-4e5e-9965-4b7708df6b5b tempest-GroupSnapshotsV319Test-740558736 None] Running cmd (subprocess): sudo cinder-rootwrap /etc/cinder/rootwrap.conf chmod ugo+rw /opt/stack/data/cinder/mnt/1d3b582a55c58ae5eff86e377e1362dc/volume-ce4d2e37-42ff-456d-b54a-ebb9e4941e09.info {{(pid=87497) execute /opt/stack/data/venv/lib/python3.12/site-packages/oslo_concurrency/processutils.py:440}}
Jul 18 05:39:43 devstack sudo[89983]: quobyte : PWD=/ ; USER=root ; COMMAND=/opt/stack/data/venv/bin/cinder-rootwrap /etc/cinder/rootwrap.conf chmod ugo+rw /opt/stack/data/cinder/mnt/1d3b582a55c58ae5eff86e377e1362dc/volume-ce4d2e37-42ff-456d-b54a-ebb9e4941e09.info
Jul 18 05:39:43 devstack sudo[89983]: pam_unix(sudo:session): session opened for user root(uid=0) by (uid=1000)
Jul 18 05:39:43 devstack sudo[89983]: pam_unix(sudo:session): session closed for user root
Jul 18 05:39:43 devstack cinder-volume[87497]: DEBUG oslo_concurrency.processutils [None req-860ca46d-469a-4e5e-9965-4b7708df6b5b tempest-GroupSnapshotsV319Test-740558736 None] CMD "sudo cinder-rootwrap /etc/cinder/rootwrap.conf chmod ugo+rw /opt/stack/data/cinder/mnt/1d3b582a55c58ae5eff86e377e1362dc/volume-ce4d2e37-42ff-456d-b54a-ebb9e4941e09.info" returned: 0 in 0.341s {{(pid=87497) execute /opt/stack/data/venv/lib/python3.12/site-packages/oslo_concurrency/processutils.py:468}}
Jul 18 05:39:43 devstack cinder-volume[87497]: DEBUG oslo_concurrency.lockutils [None req-860ca46d-469a-4e5e-9965-4b7708df6b5b tempest-GroupSnapshotsV319Test-740558736 None] Lock "quobyte" "released" by "cinder.volume.drivers.quobyte.QuobyteDriver.create_snapshot" :: held 2.535s {{(pid=87497) inner /opt/stack/data/venv/lib/python3.12/site-packages/oslo_concurrency/lockutils.py:544}}
Jul 18 05:39:43 devstack cinder-volume[87497]: INFO cinder.volume.manager [None req-860ca46d-469a-4e5e-9965-4b7708df6b5b tempest-GroupSnapshotsV319Test-740558736 None] group_snapshot 96149524-23f8-4bcb-af61-06d7f4e49770: created successfully
Jul 18 05:39:44 devstack cinder-volume[87497]: INFO cinder.volume.manager [None req-02e20375-2b08-4686-9e20-4b6013adea9b tempest-GroupSnapshotsV319Test-740558736 None] group_snapshot 96149524-23f8-4bcb-af61-06d7f4e49770: deleting
Jul 18 05:39:44 devstack cinder-volume[87497]: DEBUG cinder.volume.manager [None req-02e20375-2b08-4686-9e20-4b6013adea9b tempest-GroupSnapshotsV319Test-740558736 None] group_snapshot 96149524-23f8-4bcb-af61-06d7f4e49770: deleting {{(pid=87497) delete_group_snapshot /opt/stack/cinder/cinder/volume/manager.py:4350}}
Jul 18 05:39:44 devstack cinder-volume[87497]: DEBUG cinder.coordination [None req-02e20375-2b08-4686-9e20-4b6013adea9b tempest-GroupSnapshotsV319Test-740558736 None] Acquiring lock "cinder-quobyte-ce4d2e37-42ff-456d-b54a-ebb9e4941e09" by "delete_snapshot" {{(pid=87497) __acquire /opt/stack/cinder/cinder/coordination.py:138}}
Jul 18 05:39:44 devstack cinder-volume[87497]: DEBUG cinder.coordination [None req-02e20375-2b08-4686-9e20-4b6013adea9b tempest-GroupSnapshotsV319Test-740558736 None] Lock "cinder-quobyte-ce4d2e37-42ff-456d-b54a-ebb9e4941e09" acquired by "delete_snapshot" :: waited 0.033s {{(pid=87497) __acquire /opt/stack/cinder/cinder/coordination.py:141}}
Jul 18 05:39:44 devstack cinder-volume[87497]: DEBUG cinder.coordination [None req-02e20375-2b08-4686-9e20-4b6013adea9b tempest-GroupSnapshotsV319Test-740558736 None] Acquiring lock "cinder-quobyte-006b59a4-d98f-4224-b879-9aaeda0557af" by "_delete_snapshot" {{(pid=87497) __acquire /opt/stack/cinder/cinder/coordination.py:138}}
Jul 18 05:39:44 devstack cinder-volume[87497]: DEBUG cinder.coordination [None req-02e20375-2b08-4686-9e20-4b6013adea9b tempest-GroupSnapshotsV319Test-740558736 None] Lock "cinder-quobyte-006b59a4-d98f-4224-b879-9aaeda0557af" acquired by "_delete_snapshot" :: waited 0.025s {{(pid=87497) __acquire /opt/stack/cinder/cinder/coordination.py:141}}
Jul 18 05:39:44 devstack cinder-volume[87497]: DEBUG cinder.volume.drivers.remotefs [None req-02e20375-2b08-4686-9e20-4b6013adea9b tempest-GroupSnapshotsV319Test-740558736 None] Deleting offline snapshot 006b59a4-d98f-4224-b879-9aaeda0557af of volume ce4d2e37-42ff-456d-b54a-ebb9e4941e09 {{(pid=87497) _delete_snapshot /opt/stack/cinder/cinder/volume/drivers/remotefs.py:1288}}
Jul 18 05:39:44 devstack cinder-volume[87497]: DEBUG cinder.volume.drivers.remotefs [None req-02e20375-2b08-4686-9e20-4b6013adea9b tempest-GroupSnapshotsV319Test-740558736 None] snapshot_file for this snap is: volume-ce4d2e37-42ff-456d-b54a-ebb9e4941e09.006b59a4-d98f-4224-b879-9aaeda0557af {{(pid=87497) _delete_snapshot /opt/stack/cinder/cinder/volume/drivers/remotefs.py:1317}}
Jul 18 05:39:44 devstack cinder-volume[87497]: DEBUG oslo.privsep.daemon [-] privsep: reply[1920b491-3788-4014-8b18-b71563eda1c6]: (4, 'qcow2') {{(pid=88960) _call_back /opt/stack/data/venv/lib/python3.12/site-packages/oslo_privsep/daemon.py:580}}
Jul 18 05:39:44 devstack cinder-volume[87497]: DEBUG oslo_concurrency.processutils [None req-02e20375-2b08-4686-9e20-4b6013adea9b tempest-GroupSnapshotsV319Test-740558736 None] Running cmd (subprocess): /opt/stack/data/venv/bin/python3.12 -m oslo_concurrency.prlimit --as=1073741824 --cpu=60 -- sudo cinder-rootwrap /etc/cinder/rootwrap.conf env LC_ALL=C qemu-img info -f qcow2 --output=json --force-share /opt/stack/data/cinder/mnt/1d3b582a55c58ae5eff86e377e1362dc/volume-ce4d2e37-42ff-456d-b54a-ebb9e4941e09.006b59a4-d98f-4224-b879-9aaeda0557af {{(pid=87497) execute /opt/stack/data/venv/lib/python3.12/site-packages/oslo_concurrency/processutils.py:440}}
Jul 18 05:39:45 devstack sudo[89991]: quobyte : PWD=/ ; USER=root ; COMMAND=/opt/stack/data/venv/bin/cinder-rootwrap /etc/cinder/rootwrap.conf env LC_ALL=C qemu-img info -f qcow2 --output=json --force-share /opt/stack/data/cinder/mnt/1d3b582a55c58ae5eff86e377e1362dc/volume-ce4d2e37-42ff-456d-b54a-ebb9e4941e09.006b59a4-d98f-4224-b879-9aaeda0557af
Jul 18 05:39:45 devstack sudo[89991]: pam_unix(sudo:session): session opened for user root(uid=0) by (uid=1000)
Jul 18 05:39:45 devstack sudo[89991]: pam_unix(sudo:session): session closed for user root
Jul 18 05:39:45 devstack cinder-volume[87497]: DEBUG oslo_concurrency.processutils [None req-02e20375-2b08-4686-9e20-4b6013adea9b tempest-GroupSnapshotsV319Test-740558736 None] CMD "/opt/stack/data/venv/bin/python3.12 -m oslo_concurrency.prlimit --as=1073741824 --cpu=60 -- sudo cinder-rootwrap /etc/cinder/rootwrap.conf env LC_ALL=C qemu-img info -f qcow2 --output=json --force-share /opt/stack/data/cinder/mnt/1d3b582a55c58ae5eff86e377e1362dc/volume-ce4d2e37-42ff-456d-b54a-ebb9e4941e09.006b59a4-d98f-4224-b879-9aaeda0557af" returned: 0 in 0.587s {{(pid=87497) execute /opt/stack/data/venv/lib/python3.12/site-packages/oslo_concurrency/processutils.py:468}}
Jul 18 05:39:45 devstack cinder-volume[87497]: DEBUG cinder.volume.drivers.remotefs [None req-02e20375-2b08-4686-9e20-4b6013adea9b tempest-GroupSnapshotsV319Test-740558736 None] Fetching qemu-img info with special backing_file_template: (/opt/stack/data/cinder/mnt/[0-9a-f]+/)?(volume-ce4d2e37-42ff-456d-b54a-ebb9e4941e09(.(tmp-snap-)?[0-9a-f-]+)?|volume_from_snapshot_cache/(tmp-snap-)?[0-9a-f-]+(.(child-|parent-)[0-9a-f-]+)?)$ {{(pid=87497) _qemu_img_info_base /opt/stack/cinder/cinder/volume/drivers/remotefs.py:896}}
Jul 18 05:39:45 devstack cinder-volume[87497]: DEBUG oslo.privsep.daemon [-] privsep: reply[d4a2262a-cf1b-47dd-9d74-a97bb618d99b]: (4, 'qcow2') {{(pid=88960) _call_back /opt/stack/data/venv/lib/python3.12/site-packages/oslo_privsep/daemon.py:580}}
Jul 18 05:39:45 devstack cinder-volume[87497]: DEBUG oslo_concurrency.processutils [None req-02e20375-2b08-4686-9e20-4b6013adea9b tempest-GroupSnapshotsV319Test-740558736 None] Running cmd (subprocess): /opt/stack/data/venv/bin/python3.12 -m oslo_concurrency.prlimit --as=1073741824 --cpu=60 -- sudo cinder-rootwrap /etc/cinder/rootwrap.conf env LC_ALL=C qemu-img info -f qcow2 --output=json --force-share /opt/stack/data/cinder/mnt/1d3b582a55c58ae5eff86e377e1362dc/volume-ce4d2e37-42ff-456d-b54a-ebb9e4941e09 {{(pid=87497) execute /opt/stack/data/venv/lib/python3.12/site-packages/oslo_concurrency/processutils.py:440}}
Jul 18 05:39:45 devstack sudo[90017]: quobyte : PWD=/ ; USER=root ; COMMAND=/opt/stack/data/venv/bin/cinder-rootwrap /etc/cinder/rootwrap.conf env LC_ALL=C qemu-img info -f qcow2 --output=json --force-share /opt/stack/data/cinder/mnt/1d3b582a55c58ae5eff86e377e1362dc/volume-ce4d2e37-42ff-456d-b54a-ebb9e4941e09
Jul 18 05:39:45 devstack sudo[90017]: pam_unix(sudo:session): session opened for user root(uid=0) by (uid=1000)
Jul 18 05:39:46 devstack sudo[90017]: pam_unix(sudo:session): session closed for user root
Jul 18 05:39:46 devstack cinder-volume[87497]: DEBUG oslo_concurrency.processutils [None req-02e20375-2b08-4686-9e20-4b6013adea9b tempest-GroupSnapshotsV319Test-740558736 None] CMD "/opt/stack/data/venv/bin/python3.12 -m oslo_concurrency.prlimit --as=1073741824 --cpu=60 -- sudo cinder-rootwrap /etc/cinder/rootwrap.conf env LC_ALL=C qemu-img info -f qcow2 --output=json --force-share /opt/stack/data/cinder/mnt/1d3b582a55c58ae5eff86e377e1362dc/volume-ce4d2e37-42ff-456d-b54a-ebb9e4941e09" returned: 0 in 0.660s {{(pid=87497) execute /opt/stack/data/venv/lib/python3.12/site-packages/oslo_concurrency/processutils.py:468}}
Jul 18 05:39:46 devstack cinder-volume[87497]: DEBUG oslo_concurrency.processutils [None req-02e20375-2b08-4686-9e20-4b6013adea9b tempest-GroupSnapshotsV319Test-740558736 None] Running cmd (subprocess): sudo cinder-rootwrap /etc/cinder/rootwrap.conf qemu-img commit -d /opt/stack/data/cinder/mnt/1d3b582a55c58ae5eff86e377e1362dc/volume-ce4d2e37-42ff-456d-b54a-ebb9e4941e09.006b59a4-d98f-4224-b879-9aaeda0557af {{(pid=87497) execute /opt/stack/data/venv/lib/python3.12/site-packages/oslo_concurrency/processutils.py:440}}
Jul 18 05:39:46 devstack sudo[90063]: quobyte : PWD=/ ; USER=root ; COMMAND=/opt/stack/data/venv/bin/cinder-rootwrap /etc/cinder/rootwrap.conf qemu-img commit -d /opt/stack/data/cinder/mnt/1d3b582a55c58ae5eff86e377e1362dc/volume-ce4d2e37-42ff-456d-b54a-ebb9e4941e09.006b59a4-d98f-4224-b879-9aaeda0557af
Jul 18 05:39:46 devstack sudo[90063]: pam_unix(sudo:session): session opened for user root(uid=0) by (uid=1000)
Jul 18 05:39:46 devstack sudo[90063]: pam_unix(sudo:session): session closed for user root
Jul 18 05:39:46 devstack cinder-volume[87497]: DEBUG oslo_concurrency.processutils [None req-02e20375-2b08-4686-9e20-4b6013adea9b tempest-GroupSnapshotsV319Test-740558736 None] CMD "sudo cinder-rootwrap /etc/cinder/rootwrap.conf qemu-img commit -d /opt/stack/data/cinder/mnt/1d3b582a55c58ae5eff86e377e1362dc/volume-ce4d2e37-42ff-456d-b54a-ebb9e4941e09.006b59a4-d98f-4224-b879-9aaeda0557af" returned: 0 in 0.577s {{(pid=87497) execute /opt/stack/data/venv/lib/python3.12/site-packages/oslo_concurrency/processutils.py:468}}
Jul 18 05:39:46 devstack cinder-volume[87497]: DEBUG oslo_concurrency.processutils [None req-02e20375-2b08-4686-9e20-4b6013adea9b tempest-GroupSnapshotsV319Test-740558736 None] Running cmd (subprocess): sudo cinder-rootwrap /etc/cinder/rootwrap.conf rm -f /opt/stack/data/cinder/mnt/1d3b582a55c58ae5eff86e377e1362dc/volume-ce4d2e37-42ff-456d-b54a-ebb9e4941e09.006b59a4-d98f-4224-b879-9aaeda0557af {{(pid=87497) execute /opt/stack/data/venv/lib/python3.12/site-packages/oslo_concurrency/processutils.py:440}}
Jul 18 05:39:46 devstack sudo[90075]: quobyte : PWD=/ ; USER=root ; COMMAND=/opt/stack/data/venv/bin/cinder-rootwrap /etc/cinder/rootwrap.conf rm -f /opt/stack/data/cinder/mnt/1d3b582a55c58ae5eff86e377e1362dc/volume-ce4d2e37-42ff-456d-b54a-ebb9e4941e09.006b59a4-d98f-4224-b879-9aaeda0557af
Jul 18 05:39:46 devstack sudo[90075]: pam_unix(sudo:session): session opened for user root(uid=0) by (uid=1000)
Jul 18 05:39:47 devstack sudo[90075]: pam_unix(sudo:session): session closed for user root
Jul 18 05:39:47 devstack cinder-volume[87497]: DEBUG oslo_concurrency.processutils [None req-02e20375-2b08-4686-9e20-4b6013adea9b tempest-GroupSnapshotsV319Test-740558736 None] CMD "sudo cinder-rootwrap /etc/cinder/rootwrap.conf rm -f /opt/stack/data/cinder/mnt/1d3b582a55c58ae5eff86e377e1362dc/volume-ce4d2e37-42ff-456d-b54a-ebb9e4941e09.006b59a4-d98f-4224-b879-9aaeda0557af" returned: 0 in 0.655s {{(pid=87497) execute /opt/stack/data/venv/lib/python3.12/site-packages/oslo_concurrency/processutils.py:468}}
Jul 18 05:39:47 devstack cinder-volume[87497]: DEBUG cinder.coordination [None req-02e20375-2b08-4686-9e20-4b6013adea9b tempest-GroupSnapshotsV319Test-740558736 None] Lock "cinder-quobyte-006b59a4-d98f-4224-b879-9aaeda0557af" released by "_delete_snapshot" :: held 2.642s {{(pid=87497) __release /opt/stack/cinder/cinder/coordination.py:152}}
Jul 18 05:39:47 devstack cinder-volume[87497]: DEBUG cinder.coordination [None req-02e20375-2b08-4686-9e20-4b6013adea9b tempest-GroupSnapshotsV319Test-740558736 None] Lock "cinder-quobyte-ce4d2e37-42ff-456d-b54a-ebb9e4941e09" released by "delete_snapshot" :: held 2.685s {{(pid=87497) __release /opt/stack/cinder/cinder/coordination.py:152}}
Jul 18 05:39:47 devstack cinder-volume[87497]: WARNING cinder.quota [None req-02e20375-2b08-4686-9e20-4b6013adea9b tempest-GroupSnapshotsV319Test-740558736 None] Deprecated: Default quota for resource: gigabytes_tempest-GroupSnapshotsV319Test-volume-type-459308721 is set by the default quota flag: quota_gigabytes_tempest-GroupSnapshotsV319Test-volume-type-459308721, it is now deprecated. Please use the default quota class for default quota.
Jul 18 05:39:47 devstack cinder-volume[87497]: WARNING cinder.quota [None req-02e20375-2b08-4686-9e20-4b6013adea9b tempest-GroupSnapshotsV319Test-740558736 None] Deprecated: Default quota for resource: snapshots_tempest-GroupSnapshotsV319Test-volume-type-459308721 is set by the default quota flag: quota_snapshots_tempest-GroupSnapshotsV319Test-volume-type-459308721, it is now deprecated. Please use the default quota class for default quota.
Jul 18 05:39:47 devstack cinder-volume[87497]: DEBUG cinder.quota [None req-02e20375-2b08-4686-9e20-4b6013adea9b tempest-GroupSnapshotsV319Test-740558736 None] Created reservations ['e0f386f1-ba54-44fc-96c2-e5c4e8605d04', 'b7780002-c124-41a5-9f21-c2a507bc7b6a', 'a92af872-bbb4-49b0-a3b6-8c5e9532dd29', '591568b6-0f20-4a4f-ade5-faa98b05e349'] {{(pid=87497) reserve /opt/stack/cinder/cinder/quota.py:752}}
Jul 18 05:39:47 devstack cinder-volume[87497]: DEBUG cinder.coordination [None req-763f1551-0c19-4bee-88c7-c6fb5b49a5c7 tempest-TaggedAttachmentsTest-2071554030 None] Acquiring lock "cinder-b03754c5-cc46-4492-a1ba-3c946d3c81a4-delete_volume" by "delete_volume" {{(pid=87497) __acquire /opt/stack/cinder/cinder/coordination.py:138}}
Jul 18 05:39:47 devstack cinder-volume[87497]: DEBUG cinder.coordination [None req-763f1551-0c19-4bee-88c7-c6fb5b49a5c7 tempest-TaggedAttachmentsTest-2071554030 None] Lock "cinder-b03754c5-cc46-4492-a1ba-3c946d3c81a4-delete_volume" acquired by "delete_volume" :: waited 0.039s {{(pid=87497) __acquire /opt/stack/cinder/cinder/coordination.py:141}}
Jul 18 05:39:47 devstack cinder-volume[87497]: INFO cinder.volume.manager [None req-02e20375-2b08-4686-9e20-4b6013adea9b tempest-GroupSnapshotsV319Test-740558736 None] group_snapshot 96149524-23f8-4bcb-af61-06d7f4e49770: deleted successfully
Jul 18 05:39:47 devstack cinder-volume[87497]: DEBUG cinder.coordination [None req-763f1551-0c19-4bee-88c7-c6fb5b49a5c7 tempest-TaggedAttachmentsTest-2071554030 None] Acquiring lock "cinder-quobyte-b03754c5-cc46-4492-a1ba-3c946d3c81a4" by "delete_volume" {{(pid=87497) __acquire /opt/stack/cinder/cinder/coordination.py:138}}
Jul 18 05:39:47 devstack cinder-volume[87497]: DEBUG cinder.coordination [None req-763f1551-0c19-4bee-88c7-c6fb5b49a5c7 tempest-TaggedAttachmentsTest-2071554030 None] Lock "cinder-quobyte-b03754c5-cc46-4492-a1ba-3c946d3c81a4" acquired by "delete_volume" :: waited 0.018s {{(pid=87497) __acquire /opt/stack/cinder/cinder/coordination.py:141}}
Jul 18 05:39:47 devstack cinder-volume[87497]: DEBUG oslo.privsep.daemon [-] privsep: reply[9d5f8c65-95a6-4340-bc4d-3b706ce34d86]: (4, 'qcow2') {{(pid=88960) _call_back /opt/stack/data/venv/lib/python3.12/site-packages/oslo_privsep/daemon.py:580}}
Jul 18 05:39:47 devstack cinder-volume[87497]: DEBUG oslo_concurrency.processutils [None req-763f1551-0c19-4bee-88c7-c6fb5b49a5c7 tempest-TaggedAttachmentsTest-2071554030 None] Running cmd (subprocess): /opt/stack/data/venv/bin/python3.12 -m oslo_concurrency.prlimit --as=1073741824 --cpu=60 -- sudo cinder-rootwrap /etc/cinder/rootwrap.conf env LC_ALL=C qemu-img info -f qcow2 --output=json --force-share /opt/stack/data/cinder/mnt/1d3b582a55c58ae5eff86e377e1362dc/volume-b03754c5-cc46-4492-a1ba-3c946d3c81a4 {{(pid=87497) execute /opt/stack/data/venv/lib/python3.12/site-packages/oslo_concurrency/processutils.py:440}}
Jul 18 05:39:48 devstack sudo[90082]: quobyte : PWD=/ ; USER=root ; COMMAND=/opt/stack/data/venv/bin/cinder-rootwrap /etc/cinder/rootwrap.conf env LC_ALL=C qemu-img info -f qcow2 --output=json --force-share /opt/stack/data/cinder/mnt/1d3b582a55c58ae5eff86e377e1362dc/volume-b03754c5-cc46-4492-a1ba-3c946d3c81a4
Jul 18 05:39:48 devstack sudo[90082]: pam_unix(sudo:session): session opened for user root(uid=0) by (uid=1000)
Jul 18 05:39:48 devstack sudo[90082]: pam_unix(sudo:session): session closed for user root
Jul 18 05:39:48 devstack cinder-volume[87497]: DEBUG oslo_concurrency.processutils [None req-763f1551-0c19-4bee-88c7-c6fb5b49a5c7 tempest-TaggedAttachmentsTest-2071554030 None] CMD "/opt/stack/data/venv/bin/python3.12 -m oslo_concurrency.prlimit --as=1073741824 --cpu=60 -- sudo cinder-rootwrap /etc/cinder/rootwrap.conf env LC_ALL=C qemu-img info -f qcow2 --output=json --force-share /opt/stack/data/cinder/mnt/1d3b582a55c58ae5eff86e377e1362dc/volume-b03754c5-cc46-4492-a1ba-3c946d3c81a4" returned: 0 in 0.553s {{(pid=87497) execute /opt/stack/data/venv/lib/python3.12/site-packages/oslo_concurrency/processutils.py:468}}
Jul 18 05:39:48 devstack cinder-volume[87497]: DEBUG oslo_concurrency.processutils [None req-763f1551-0c19-4bee-88c7-c6fb5b49a5c7 tempest-TaggedAttachmentsTest-2071554030 None] Running cmd (subprocess): sudo cinder-rootwrap /etc/cinder/rootwrap.conf rm -f /opt/stack/data/cinder/mnt/1d3b582a55c58ae5eff86e377e1362dc/volume-b03754c5-cc46-4492-a1ba-3c946d3c81a4 {{(pid=87497) execute /opt/stack/data/venv/lib/python3.12/site-packages/oslo_concurrency/processutils.py:440}}
Jul 18 05:39:48 devstack sudo[90088]: quobyte : PWD=/ ; USER=root ; COMMAND=/opt/stack/data/venv/bin/cinder-rootwrap /etc/cinder/rootwrap.conf rm -f /opt/stack/data/cinder/mnt/1d3b582a55c58ae5eff86e377e1362dc/volume-b03754c5-cc46-4492-a1ba-3c946d3c81a4
Jul 18 05:39:48 devstack sudo[90088]: pam_unix(sudo:session): session opened for user root(uid=0) by (uid=1000)
Jul 18 05:39:48 devstack cinder-volume[87497]: DEBUG cinder.coordination [None req-dd370b65-1069-4dc8-94b3-f10cd96e084f tempest-GroupSnapshotsV319Test-740558736 None] Acquiring lock "cinder-quobyte-ce4d2e37-42ff-456d-b54a-ebb9e4941e09" by "delete_volume" {{(pid=87497) __acquire /opt/stack/cinder/cinder/coordination.py:138}}
Jul 18 05:39:48 devstack cinder-volume[87497]: DEBUG cinder.coordination [None req-dd370b65-1069-4dc8-94b3-f10cd96e084f tempest-GroupSnapshotsV319Test-740558736 None] Lock "cinder-quobyte-ce4d2e37-42ff-456d-b54a-ebb9e4941e09" acquired by "delete_volume" :: waited 0.029s {{(pid=87497) __acquire /opt/stack/cinder/cinder/coordination.py:141}}
Jul 18 05:39:48 devstack sudo[90088]: pam_unix(sudo:session): session closed for user root
Jul 18 05:39:48 devstack cinder-volume[87497]: DEBUG oslo_concurrency.processutils [None req-763f1551-0c19-4bee-88c7-c6fb5b49a5c7 tempest-TaggedAttachmentsTest-2071554030 None] CMD "sudo cinder-rootwrap /etc/cinder/rootwrap.conf rm -f /opt/stack/data/cinder/mnt/1d3b582a55c58ae5eff86e377e1362dc/volume-b03754c5-cc46-4492-a1ba-3c946d3c81a4" returned: 0 in 0.429s {{(pid=87497) execute /opt/stack/data/venv/lib/python3.12/site-packages/oslo_concurrency/processutils.py:468}}
Jul 18 05:39:48 devstack cinder-volume[87497]: DEBUG oslo.privsep.daemon [-] privsep: reply[62305f54-1328-45ce-8295-e8e71cf8680f]: (4, 'qcow2') {{(pid=88960) _call_back /opt/stack/data/venv/lib/python3.12/site-packages/oslo_privsep/daemon.py:580}}
Jul 18 05:39:48 devstack cinder-volume[87497]: DEBUG oslo_concurrency.processutils [None req-dd370b65-1069-4dc8-94b3-f10cd96e084f tempest-GroupSnapshotsV319Test-740558736 None] Running cmd (subprocess): /opt/stack/data/venv/bin/python3.12 -m oslo_concurrency.prlimit --as=1073741824 --cpu=60 -- sudo cinder-rootwrap /etc/cinder/rootwrap.conf env LC_ALL=C qemu-img info -f qcow2 --output=json --force-share /opt/stack/data/cinder/mnt/1d3b582a55c58ae5eff86e377e1362dc/volume-ce4d2e37-42ff-456d-b54a-ebb9e4941e09 {{(pid=87497) execute /opt/stack/data/venv/lib/python3.12/site-packages/oslo_concurrency/processutils.py:440}}
Jul 18 05:39:48 devstack cinder-volume[87497]: DEBUG cinder.coordination [None req-763f1551-0c19-4bee-88c7-c6fb5b49a5c7 tempest-TaggedAttachmentsTest-2071554030 None] Lock "cinder-quobyte-b03754c5-cc46-4492-a1ba-3c946d3c81a4" released by "delete_volume" :: held 1.060s {{(pid=87497) __release /opt/stack/cinder/cinder/coordination.py:152}}
Jul 18 05:39:49 devstack cinder-volume[87497]: DEBUG cinder.quota [None req-763f1551-0c19-4bee-88c7-c6fb5b49a5c7 tempest-TaggedAttachmentsTest-2071554030 None] Created reservations ['bfa912c9-7fa8-43e9-9f09-752e04e1b8a3', 'b17aae1a-009f-4a4b-be59-4190a8a7340f', '5a018c90-8a69-42dd-9268-12a8b7ff280b', 'ca0cce3f-aa5d-43e8-b286-8c4c07232fc9'] {{(pid=87497) reserve /opt/stack/cinder/cinder/quota.py:752}}
Jul 18 05:39:49 devstack sudo[90092]: quobyte : PWD=/ ; USER=root ; COMMAND=/opt/stack/data/venv/bin/cinder-rootwrap /etc/cinder/rootwrap.conf env LC_ALL=C qemu-img info -f qcow2 --output=json --force-share /opt/stack/data/cinder/mnt/1d3b582a55c58ae5eff86e377e1362dc/volume-ce4d2e37-42ff-456d-b54a-ebb9e4941e09
Jul 18 05:39:49 devstack sudo[90092]: pam_unix(sudo:session): session opened for user root(uid=0) by (uid=1000)
Jul 18 05:39:49 devstack cinder-volume[87497]: DEBUG oslo_concurrency.lockutils [None req-763f1551-0c19-4bee-88c7-c6fb5b49a5c7 tempest-TaggedAttachmentsTest-2071554030 None] Acquiring lock "quobyte_ensure" by "cinder.volume.drivers.quobyte.QuobyteDriver._ensure_shares_mounted" {{(pid=87497) inner /opt/stack/data/venv/lib/python3.12/site-packages/oslo_concurrency/lockutils.py:512}}
Jul 18 05:39:49 devstack cinder-volume[87497]: DEBUG oslo_concurrency.lockutils [None req-763f1551-0c19-4bee-88c7-c6fb5b49a5c7 tempest-TaggedAttachmentsTest-2071554030 None] Lock "quobyte_ensure" acquired by "cinder.volume.drivers.quobyte.QuobyteDriver._ensure_shares_mounted" :: waited 0.001s {{(pid=87497) inner /opt/stack/data/venv/lib/python3.12/site-packages/oslo_concurrency/lockutils.py:525}}
Jul 18 05:39:49 devstack cinder-volume[87497]: DEBUG cinder.volume.drivers.quobyte [None req-763f1551-0c19-4bee-88c7-c6fb5b49a5c7 tempest-TaggedAttachmentsTest-2071554030 None] Quobyte Volume URL set to: {'osci02.corp.quobyte.com/cinder-vol-7cb4dfc5-0646-4637-add7-cf154cef9c13': None} {{(pid=87497) _load_shares_config /opt/stack/cinder/cinder/volume/drivers/quobyte.py:651}}
Jul 18 05:39:49 devstack cinder-volume[87497]: DEBUG cinder.volume.drivers.quobyte [None req-763f1551-0c19-4bee-88c7-c6fb5b49a5c7 tempest-TaggedAttachmentsTest-2071554030 None] Available shares ['osci02.corp.quobyte.com/cinder-vol-7cb4dfc5-0646-4637-add7-cf154cef9c13'] {{(pid=87497) _ensure_shares_mounted /opt/stack/cinder/cinder/volume/drivers/quobyte.py:681}}
Jul 18 05:39:49 devstack cinder-volume[87497]: DEBUG oslo_concurrency.lockutils [None req-763f1551-0c19-4bee-88c7-c6fb5b49a5c7 tempest-TaggedAttachmentsTest-2071554030 None] Lock "quobyte_ensure" "released" by "cinder.volume.drivers.quobyte.QuobyteDriver._ensure_shares_mounted" :: held 0.013s {{(pid=87497) inner /opt/stack/data/venv/lib/python3.12/site-packages/oslo_concurrency/lockutils.py:544}}
Jul 18 05:39:49 devstack cinder-volume[87497]: DEBUG oslo_concurrency.processutils [None req-763f1551-0c19-4bee-88c7-c6fb5b49a5c7 tempest-TaggedAttachmentsTest-2071554030 None] Running cmd (subprocess): sudo cinder-rootwrap /etc/cinder/rootwrap.conf df --portability --block-size 1 /opt/stack/data/cinder/mnt/1d3b582a55c58ae5eff86e377e1362dc {{(pid=87497) execute /opt/stack/data/venv/lib/python3.12/site-packages/oslo_concurrency/processutils.py:440}}
Jul 18 05:39:49 devstack sudo[90094]: quobyte : PWD=/ ; USER=root ; COMMAND=/opt/stack/data/venv/bin/cinder-rootwrap /etc/cinder/rootwrap.conf df --portability --block-size 1 /opt/stack/data/cinder/mnt/1d3b582a55c58ae5eff86e377e1362dc
Jul 18 05:39:49 devstack sudo[90094]: pam_unix(sudo:session): session opened for user root(uid=0) by (uid=1000)
Jul 18 05:39:49 devstack sudo[90092]: pam_unix(sudo:session): session closed for user root
Jul 18 05:39:49 devstack cinder-volume[87497]: DEBUG oslo_concurrency.processutils [None req-dd370b65-1069-4dc8-94b3-f10cd96e084f tempest-GroupSnapshotsV319Test-740558736 None] CMD "/opt/stack/data/venv/bin/python3.12 -m oslo_concurrency.prlimit --as=1073741824 --cpu=60 -- sudo cinder-rootwrap /etc/cinder/rootwrap.conf env LC_ALL=C qemu-img info -f qcow2 --output=json --force-share /opt/stack/data/cinder/mnt/1d3b582a55c58ae5eff86e377e1362dc/volume-ce4d2e37-42ff-456d-b54a-ebb9e4941e09" returned: 0 in 0.665s {{(pid=87497) execute /opt/stack/data/venv/lib/python3.12/site-packages/oslo_concurrency/processutils.py:468}}
Jul 18 05:39:49 devstack cinder-volume[87497]: DEBUG oslo_concurrency.processutils [None req-dd370b65-1069-4dc8-94b3-f10cd96e084f tempest-GroupSnapshotsV319Test-740558736 None] Running cmd (subprocess): sudo cinder-rootwrap /etc/cinder/rootwrap.conf rm -f /opt/stack/data/cinder/mnt/1d3b582a55c58ae5eff86e377e1362dc/volume-ce4d2e37-42ff-456d-b54a-ebb9e4941e09 {{(pid=87497) execute /opt/stack/data/venv/lib/python3.12/site-packages/oslo_concurrency/processutils.py:440}}
Jul 18 05:39:49 devstack sudo[90094]: pam_unix(sudo:session): session closed for user root
Jul 18 05:39:49 devstack cinder-volume[87497]: DEBUG oslo_concurrency.processutils [None req-763f1551-0c19-4bee-88c7-c6fb5b49a5c7 tempest-TaggedAttachmentsTest-2071554030 None] CMD "sudo cinder-rootwrap /etc/cinder/rootwrap.conf df --portability --block-size 1 /opt/stack/data/cinder/mnt/1d3b582a55c58ae5eff86e377e1362dc" returned: 0 in 0.442s {{(pid=87497) execute /opt/stack/data/venv/lib/python3.12/site-packages/oslo_concurrency/processutils.py:468}}
Jul 18 05:39:49 devstack cinder-volume[87497]: DEBUG cinder.manager [None req-763f1551-0c19-4bee-88c7-c6fb5b49a5c7 tempest-TaggedAttachmentsTest-2071554030 None] Notifying Schedulers of capabilities ... {{(pid=87497) _publish_service_capabilities /opt/stack/cinder/cinder/manager.py:219}}
Jul 18 05:39:49 devstack sudo[90100]: quobyte : PWD=/ ; USER=root ; COMMAND=/opt/stack/data/venv/bin/cinder-rootwrap /etc/cinder/rootwrap.conf rm -f /opt/stack/data/cinder/mnt/1d3b582a55c58ae5eff86e377e1362dc/volume-ce4d2e37-42ff-456d-b54a-ebb9e4941e09
Jul 18 05:39:49 devstack sudo[90100]: pam_unix(sudo:session): session opened for user root(uid=0) by (uid=1000)
Jul 18 05:39:49 devstack cinder-volume[87497]: INFO cinder.volume.manager [None req-763f1551-0c19-4bee-88c7-c6fb5b49a5c7 tempest-TaggedAttachmentsTest-2071554030 None] Deleted volume successfully.
Jul 18 05:39:49 devstack cinder-volume[87497]: DEBUG cinder.coordination [None req-763f1551-0c19-4bee-88c7-c6fb5b49a5c7 tempest-TaggedAttachmentsTest-2071554030 None] Lock "cinder-b03754c5-cc46-4492-a1ba-3c946d3c81a4-delete_volume" released by "delete_volume" :: held 1.906s {{(pid=87497) __release /opt/stack/cinder/cinder/coordination.py:152}}
Jul 18 05:39:49 devstack sudo[90100]: pam_unix(sudo:session): session closed for user root
Jul 18 05:39:49 devstack cinder-volume[87497]: DEBUG oslo_concurrency.processutils [None req-dd370b65-1069-4dc8-94b3-f10cd96e084f tempest-GroupSnapshotsV319Test-740558736 None] CMD "sudo cinder-rootwrap /etc/cinder/rootwrap.conf rm -f /opt/stack/data/cinder/mnt/1d3b582a55c58ae5eff86e377e1362dc/volume-ce4d2e37-42ff-456d-b54a-ebb9e4941e09" returned: 0 in 0.356s {{(pid=87497) execute /opt/stack/data/venv/lib/python3.12/site-packages/oslo_concurrency/processutils.py:468}}
Jul 18 05:39:50 devstack cinder-volume[87497]: DEBUG cinder.coordination [None req-dd370b65-1069-4dc8-94b3-f10cd96e084f tempest-GroupSnapshotsV319Test-740558736 None] Lock "cinder-quobyte-ce4d2e37-42ff-456d-b54a-ebb9e4941e09" released by "delete_volume" :: held 1.149s {{(pid=87497) __release /opt/stack/cinder/cinder/coordination.py:152}}
Jul 18 05:39:50 devstack cinder-volume[87497]: DEBUG cinder.quota [None req-dd370b65-1069-4dc8-94b3-f10cd96e084f tempest-GroupSnapshotsV319Test-740558736 None] Created reservations ['3e56d2d6-9f6c-458f-81f9-afaa01ba7323'] {{(pid=87497) reserve /opt/stack/cinder/cinder/quota.py:752}}
Jul 18 05:39:50 devstack cinder-volume[87497]: WARNING cinder.quota [None req-dd370b65-1069-4dc8-94b3-f10cd96e084f tempest-GroupSnapshotsV319Test-740558736 None] Deprecated: Default quota for resource: volumes_tempest-GroupSnapshotsV319Test-volume-type-459308721 is set by the default quota flag: quota_volumes_tempest-GroupSnapshotsV319Test-volume-type-459308721, it is now deprecated. Please use the default quota class for default quota.
Jul 18 05:39:50 devstack cinder-volume[87497]: DEBUG cinder.quota [None req-dd370b65-1069-4dc8-94b3-f10cd96e084f tempest-GroupSnapshotsV319Test-740558736 None] Created reservations ['cce7203d-b769-4b3f-9917-a818491060a5', '37a01e92-5b2e-4d91-ba93-ce6c9003d175', 'd176cfb8-6e8e-4eff-9d48-88a3d3249d85', 'c554561a-486c-4689-b21d-17246606e561'] {{(pid=87497) reserve /opt/stack/cinder/cinder/quota.py:752}}
Jul 18 05:39:50 devstack cinder-volume[87497]: DEBUG oslo_concurrency.lockutils [None req-dd370b65-1069-4dc8-94b3-f10cd96e084f tempest-GroupSnapshotsV319Test-740558736 None] Acquiring lock "quobyte_ensure" by "cinder.volume.drivers.quobyte.QuobyteDriver._ensure_shares_mounted" {{(pid=87497) inner /opt/stack/data/venv/lib/python3.12/site-packages/oslo_concurrency/lockutils.py:512}}
