Jul 18 05:44:36 devstack cinder-volume[87497]: DEBUG oslo_concurrency.processutils [None req-fcea9d96-5226-40bc-bb63-b837fe35667c tempest-TestServerVolumeAttachScenarioOldVersion-866644715 None] Running cmd (subprocess): sudo cinder-rootwrap /etc/cinder/rootwrap.conf chmod ugo+rw /opt/stack/data/cinder/mnt/1d3b582a55c58ae5eff86e377e1362dc/volume-379b95cc-3bc1-48c6-b6d0-71210e047469 {{(pid=87497) execute /opt/stack/data/venv/lib/python3.12/site-packages/oslo_concurrency/processutils.py:440}}
Jul 18 05:44:36 devstack sudo[95146]: quobyte : PWD=/ ; USER=root ; COMMAND=/opt/stack/data/venv/bin/cinder-rootwrap /etc/cinder/rootwrap.conf chmod ugo+rw /opt/stack/data/cinder/mnt/1d3b582a55c58ae5eff86e377e1362dc/volume-379b95cc-3bc1-48c6-b6d0-71210e047469
Jul 18 05:44:36 devstack sudo[95146]: pam_unix(sudo:session): session opened for user root(uid=0) by (uid=1000)
Jul 18 05:44:36 devstack sudo[95146]: pam_unix(sudo:session): session closed for user root
Jul 18 05:44:36 devstack cinder-volume[87497]: DEBUG oslo_concurrency.processutils [None req-fcea9d96-5226-40bc-bb63-b837fe35667c tempest-TestServerVolumeAttachScenarioOldVersion-866644715 None] CMD "sudo cinder-rootwrap /etc/cinder/rootwrap.conf chmod ugo+rw /opt/stack/data/cinder/mnt/1d3b582a55c58ae5eff86e377e1362dc/volume-379b95cc-3bc1-48c6-b6d0-71210e047469" returned: 0 in 0.507s {{(pid=87497) execute /opt/stack/data/venv/lib/python3.12/site-packages/oslo_concurrency/processutils.py:468}}
Jul 18 05:44:36 devstack cinder-volume[87497]: DEBUG cinder.volume.drivers.quobyte [None req-fcea9d96-5226-40bc-bb63-b837fe35667c tempest-TestServerVolumeAttachScenarioOldVersion-866644715 None] <== create_volume: return (1186ms) {'provider_location': 'osci02.corp.quobyte.com/cinder-vol-7cb4dfc5-0646-4637-add7-cf154cef9c13'} {{(pid=87497) trace_logging_wrapper /opt/stack/cinder/cinder/volume/volume_utils.py:1522}}
Jul 18 05:44:36 devstack cinder-volume[87497]: DEBUG oslo_concurrency.lockutils [None req-fcea9d96-5226-40bc-bb63-b837fe35667c tempest-TestServerVolumeAttachScenarioOldVersion-866644715 None] Lock "quobyte" "released" by "cinder.volume.drivers.quobyte.QuobyteDriver.create_volume" :: held 1.192s {{(pid=87497) inner /opt/stack/data/venv/lib/python3.12/site-packages/oslo_concurrency/lockutils.py:544}}
Jul 18 05:44:36 devstack cinder-volume[87497]: DEBUG cinder.volume.manager [None req-fcea9d96-5226-40bc-bb63-b837fe35667c tempest-TestServerVolumeAttachScenarioOldVersion-866644715 None] Task 'cinder.volume.flows.manager.create_volume.CreateVolumeFromSpecTask;volume:create' (aed2188e-0bf4-423f-9d5c-ef1f5cb2c780) transitioned into state 'SUCCESS' from state 'RUNNING' with result '{'status': 'creating', 'volume_name': 'volume-379b95cc-3bc1-48c6-b6d0-71210e047469', 'volume_size': 1}' {{(pid=87497) _task_receiver /opt/stack/data/venv/lib/python3.12/site-packages/taskflow/listeners/logging.py:218}}
Jul 18 05:44:36 devstack cinder-volume[87497]: DEBUG cinder.volume.manager [None req-fcea9d96-5226-40bc-bb63-b837fe35667c tempest-TestServerVolumeAttachScenarioOldVersion-866644715 None] Task 'cinder.volume.flows.manager.create_volume.CreateVolumeOnFinishTask;volume:create, create.end' (2651be52-f5a0-4a20-8316-f9e4c79af8b6) transitioned into state 'RUNNING' from state 'PENDING' {{(pid=87497) _task_receiver /opt/stack/data/venv/lib/python3.12/site-packages/taskflow/listeners/logging.py:242}}
Jul 18 05:44:36 devstack cinder-volume[87497]: INFO cinder.volume.flows.manager.create_volume [None req-fcea9d96-5226-40bc-bb63-b837fe35667c tempest-TestServerVolumeAttachScenarioOldVersion-866644715 None] Volume volume-379b95cc-3bc1-48c6-b6d0-71210e047469 (379b95cc-3bc1-48c6-b6d0-71210e047469): created successfully
Jul 18 05:44:36 devstack cinder-volume[87497]: DEBUG cinder.volume.manager [None req-fcea9d96-5226-40bc-bb63-b837fe35667c tempest-TestServerVolumeAttachScenarioOldVersion-866644715 None] Task 'cinder.volume.flows.manager.create_volume.CreateVolumeOnFinishTask;volume:create, create.end' (2651be52-f5a0-4a20-8316-f9e4c79af8b6) transitioned into state 'SUCCESS' from state 'RUNNING' with result 'None' {{(pid=87497) _task_receiver /opt/stack/data/venv/lib/python3.12/site-packages/taskflow/listeners/logging.py:218}}
Jul 18 05:44:36 devstack cinder-volume[87497]: DEBUG cinder.volume.manager [None req-fcea9d96-5226-40bc-bb63-b837fe35667c tempest-TestServerVolumeAttachScenarioOldVersion-866644715 None] Flow 'volume_create_manager' (e445bd5c-1d9e-4760-89a2-48d2ac38cb53) transitioned into state 'SUCCESS' from state 'RUNNING' {{(pid=87497) _flow_receiver /opt/stack/data/venv/lib/python3.12/site-packages/taskflow/listeners/logging.py:160}}
Jul 18 05:44:36 devstack cinder-volume[87497]: INFO cinder.volume.manager [None req-fcea9d96-5226-40bc-bb63-b837fe35667c tempest-TestServerVolumeAttachScenarioOldVersion-866644715 None] Created volume successfully.
Jul 18 05:44:37 devstack cinder-volume[87497]: INFO cinder.volume.manager [None req-29a4adda-5160-42c3-a5cf-c325446b623d tempest-GroupSnapshotsTest-1276713363 None] GroupSnapshot 6bb96615-e2c7-488f-83c4-667ac78c994b: creating.
Jul 18 05:44:37 devstack cinder-volume[87497]: DEBUG cinder.volume.manager [None req-29a4adda-5160-42c3-a5cf-c325446b623d tempest-GroupSnapshotsTest-1276713363 None] Group snapshot 6bb96615-e2c7-488f-83c4-667ac78c994b: creating. {{(pid=87497) create_group_snapshot /opt/stack/cinder/cinder/volume/manager.py:4175}}
Jul 18 05:44:37 devstack cinder-volume[87497]: DEBUG oslo_concurrency.lockutils [None req-29a4adda-5160-42c3-a5cf-c325446b623d tempest-GroupSnapshotsTest-1276713363 None] Acquiring lock "quobyte" by "cinder.volume.drivers.quobyte.QuobyteDriver.create_snapshot" {{(pid=87497) inner /opt/stack/data/venv/lib/python3.12/site-packages/oslo_concurrency/lockutils.py:512}}
Jul 18 05:44:37 devstack cinder-volume[87497]: DEBUG oslo_concurrency.lockutils [None req-29a4adda-5160-42c3-a5cf-c325446b623d tempest-GroupSnapshotsTest-1276713363 None] Lock "quobyte" acquired by "cinder.volume.drivers.quobyte.QuobyteDriver.create_snapshot" :: waited 0.001s {{(pid=87497) inner /opt/stack/data/venv/lib/python3.12/site-packages/oslo_concurrency/lockutils.py:525}}
Jul 18 05:44:37 devstack cinder-volume[87497]: DEBUG cinder.volume.drivers.remotefs [None req-29a4adda-5160-42c3-a5cf-c325446b623d tempest-GroupSnapshotsTest-1276713363 None] Creating offline snapshot 8ba30a0f-3c98-44e5-9e50-20da8edcbeb6 of volume f0bdfd9d-cca8-4089-83e3-ae95de82ab39 {{(pid=87497) _create_snapshot /opt/stack/cinder/cinder/volume/drivers/remotefs.py:1816}}
Jul 18 05:44:37 devstack cinder-volume[87497]: DEBUG oslo.privsep.daemon [-] privsep: reply[c1fa502e-784a-4b65-840c-9dc866e844cb]: (4, 'qcow2') {{(pid=88960) _call_back /opt/stack/data/venv/lib/python3.12/site-packages/oslo_privsep/daemon.py:580}}
Jul 18 05:44:37 devstack cinder-volume[87497]: DEBUG oslo_concurrency.processutils [None req-29a4adda-5160-42c3-a5cf-c325446b623d tempest-GroupSnapshotsTest-1276713363 None] Running cmd (subprocess): /opt/stack/data/venv/bin/python3.12 -m oslo_concurrency.prlimit --as=1073741824 --cpu=60 -- sudo cinder-rootwrap /etc/cinder/rootwrap.conf env LC_ALL=C qemu-img info -f qcow2 --output=json --force-share /opt/stack/data/cinder/mnt/1d3b582a55c58ae5eff86e377e1362dc/volume-f0bdfd9d-cca8-4089-83e3-ae95de82ab39 {{(pid=87497) execute /opt/stack/data/venv/lib/python3.12/site-packages/oslo_concurrency/processutils.py:440}}
Jul 18 05:44:37 devstack sudo[95202]: quobyte : PWD=/ ; USER=root ; COMMAND=/opt/stack/data/venv/bin/cinder-rootwrap /etc/cinder/rootwrap.conf env LC_ALL=C qemu-img info -f qcow2 --output=json --force-share /opt/stack/data/cinder/mnt/1d3b582a55c58ae5eff86e377e1362dc/volume-f0bdfd9d-cca8-4089-83e3-ae95de82ab39
Jul 18 05:44:37 devstack sudo[95202]: pam_unix(sudo:session): session opened for user root(uid=0) by (uid=1000)
Jul 18 05:44:37 devstack sudo[95202]: pam_unix(sudo:session): session closed for user root
Jul 18 05:44:37 devstack cinder-volume[87497]: DEBUG oslo_concurrency.processutils [None req-29a4adda-5160-42c3-a5cf-c325446b623d tempest-GroupSnapshotsTest-1276713363 None] CMD "/opt/stack/data/venv/bin/python3.12 -m oslo_concurrency.prlimit --as=1073741824 --cpu=60 -- sudo cinder-rootwrap /etc/cinder/rootwrap.conf env LC_ALL=C qemu-img info -f qcow2 --output=json --force-share /opt/stack/data/cinder/mnt/1d3b582a55c58ae5eff86e377e1362dc/volume-f0bdfd9d-cca8-4089-83e3-ae95de82ab39" returned: 0 in 0.511s {{(pid=87497) execute /opt/stack/data/venv/lib/python3.12/site-packages/oslo_concurrency/processutils.py:468}}
Jul 18 05:44:37 devstack cinder-volume[87497]: DEBUG oslo_concurrency.processutils [None req-29a4adda-5160-42c3-a5cf-c325446b623d tempest-GroupSnapshotsTest-1276713363 None] Running cmd (subprocess): sudo cinder-rootwrap /etc/cinder/rootwrap.conf qemu-img create -f qcow2 -o backing_file=/opt/stack/data/cinder/mnt/1d3b582a55c58ae5eff86e377e1362dc/volume-f0bdfd9d-cca8-4089-83e3-ae95de82ab39,backing_fmt=qcow2 /opt/stack/data/cinder/mnt/1d3b582a55c58ae5eff86e377e1362dc/volume-f0bdfd9d-cca8-4089-83e3-ae95de82ab39.8ba30a0f-3c98-44e5-9e50-20da8edcbeb6 1G {{(pid=87497) execute /opt/stack/data/venv/lib/python3.12/site-packages/oslo_concurrency/processutils.py:440}}
Jul 18 05:44:37 devstack sudo[95213]: quobyte : PWD=/ ; USER=root ; COMMAND=/opt/stack/data/venv/bin/cinder-rootwrap /etc/cinder/rootwrap.conf qemu-img create -f qcow2 -o backing_file=/opt/stack/data/cinder/mnt/1d3b582a55c58ae5eff86e377e1362dc/volume-f0bdfd9d-cca8-4089-83e3-ae95de82ab39,backing_fmt=qcow2 /opt/stack/data/cinder/mnt/1d3b582a55c58ae5eff86e377e1362dc/volume-f0bdfd9d-cca8-4089-83e3-ae95de82ab39.8ba30a0f-3c98-44e5-9e50-20da8edcbeb6 1G
Jul 18 05:44:37 devstack sudo[95213]: pam_unix(sudo:session): session opened for user root(uid=0) by (uid=1000)
Jul 18 05:44:38 devstack sudo[95213]: pam_unix(sudo:session): session closed for user root
Jul 18 05:44:38 devstack cinder-volume[87497]: DEBUG oslo_concurrency.processutils [None req-29a4adda-5160-42c3-a5cf-c325446b623d tempest-GroupSnapshotsTest-1276713363 None] CMD "sudo cinder-rootwrap /etc/cinder/rootwrap.conf qemu-img create -f qcow2 -o backing_file=/opt/stack/data/cinder/mnt/1d3b582a55c58ae5eff86e377e1362dc/volume-f0bdfd9d-cca8-4089-83e3-ae95de82ab39,backing_fmt=qcow2 /opt/stack/data/cinder/mnt/1d3b582a55c58ae5eff86e377e1362dc/volume-f0bdfd9d-cca8-4089-83e3-ae95de82ab39.8ba30a0f-3c98-44e5-9e50-20da8edcbeb6 1G" returned: 0 in 0.560s {{(pid=87497) execute /opt/stack/data/venv/lib/python3.12/site-packages/oslo_concurrency/processutils.py:468}}
Jul 18 05:44:38 devstack cinder-volume[87497]: DEBUG oslo_concurrency.processutils [None req-29a4adda-5160-42c3-a5cf-c325446b623d tempest-GroupSnapshotsTest-1276713363 None] Running cmd (subprocess): sudo cinder-rootwrap /etc/cinder/rootwrap.conf qemu-img rebase -u -b volume-f0bdfd9d-cca8-4089-83e3-ae95de82ab39 -F qcow2 /opt/stack/data/cinder/mnt/1d3b582a55c58ae5eff86e377e1362dc/volume-f0bdfd9d-cca8-4089-83e3-ae95de82ab39.8ba30a0f-3c98-44e5-9e50-20da8edcbeb6 {{(pid=87497) execute /opt/stack/data/venv/lib/python3.12/site-packages/oslo_concurrency/processutils.py:440}}
Jul 18 05:44:38 devstack sudo[95228]: quobyte : PWD=/ ; USER=root ; COMMAND=/opt/stack/data/venv/bin/cinder-rootwrap /etc/cinder/rootwrap.conf qemu-img rebase -u -b volume-f0bdfd9d-cca8-4089-83e3-ae95de82ab39 -F qcow2 /opt/stack/data/cinder/mnt/1d3b582a55c58ae5eff86e377e1362dc/volume-f0bdfd9d-cca8-4089-83e3-ae95de82ab39.8ba30a0f-3c98-44e5-9e50-20da8edcbeb6
Jul 18 05:44:38 devstack sudo[95228]: pam_unix(sudo:session): session opened for user root(uid=0) by (uid=1000)
Jul 18 05:44:38 devstack cinder-volume[87497]: DEBUG oslo_concurrency.lockutils [req-5d853f93-f6f7-4d53-98af-66bd35b9d8dc req-dd5cd5c1-544c-461b-a3f2-d7f1e842f17a tempest-TestServerVolumeAttachScenarioOldVersion-866644715 None] Acquiring lock "quobyte" by "cinder.volume.drivers.quobyte.QuobyteDriver.initialize_connection" {{(pid=87497) inner /opt/stack/data/venv/lib/python3.12/site-packages/oslo_concurrency/lockutils.py:512}}
Jul 18 05:44:38 devstack sudo[95228]: pam_unix(sudo:session): session closed for user root
Jul 18 05:44:38 devstack cinder-volume[87497]: DEBUG oslo_concurrency.processutils [None req-29a4adda-5160-42c3-a5cf-c325446b623d tempest-GroupSnapshotsTest-1276713363 None] CMD "sudo cinder-rootwrap /etc/cinder/rootwrap.conf qemu-img rebase -u -b volume-f0bdfd9d-cca8-4089-83e3-ae95de82ab39 -F qcow2 /opt/stack/data/cinder/mnt/1d3b582a55c58ae5eff86e377e1362dc/volume-f0bdfd9d-cca8-4089-83e3-ae95de82ab39.8ba30a0f-3c98-44e5-9e50-20da8edcbeb6" returned: 0 in 0.434s {{(pid=87497) execute /opt/stack/data/venv/lib/python3.12/site-packages/oslo_concurrency/processutils.py:468}}
Jul 18 05:44:38 devstack cinder-volume[87497]: WARNING cinder.volume.drivers.remotefs [None req-29a4adda-5160-42c3-a5cf-c325446b623d tempest-GroupSnapshotsTest-1276713363 None] /opt/stack/data/cinder/mnt/1d3b582a55c58ae5eff86e377e1362dc/volume-f0bdfd9d-cca8-4089-83e3-ae95de82ab39.8ba30a0f-3c98-44e5-9e50-20da8edcbeb6 is being set with open permissions: ugo+rw: NotImplementedError
Jul 18 05:44:38 devstack cinder-volume[87497]: DEBUG oslo_concurrency.processutils [None req-29a4adda-5160-42c3-a5cf-c325446b623d tempest-GroupSnapshotsTest-1276713363 None] Running cmd (subprocess): sudo cinder-rootwrap /etc/cinder/rootwrap.conf chmod ugo+rw /opt/stack/data/cinder/mnt/1d3b582a55c58ae5eff86e377e1362dc/volume-f0bdfd9d-cca8-4089-83e3-ae95de82ab39.8ba30a0f-3c98-44e5-9e50-20da8edcbeb6 {{(pid=87497) execute /opt/stack/data/venv/lib/python3.12/site-packages/oslo_concurrency/processutils.py:440}}
Jul 18 05:44:38 devstack sudo[95233]: quobyte : PWD=/ ; USER=root ; COMMAND=/opt/stack/data/venv/bin/cinder-rootwrap /etc/cinder/rootwrap.conf chmod ugo+rw /opt/stack/data/cinder/mnt/1d3b582a55c58ae5eff86e377e1362dc/volume-f0bdfd9d-cca8-4089-83e3-ae95de82ab39.8ba30a0f-3c98-44e5-9e50-20da8edcbeb6
Jul 18 05:44:38 devstack sudo[95233]: pam_unix(sudo:session): session opened for user root(uid=0) by (uid=1000)
Jul 18 05:44:39 devstack sudo[95233]: pam_unix(sudo:session): session closed for user root
Jul 18 05:44:39 devstack cinder-volume[87497]: DEBUG oslo_concurrency.processutils [None req-29a4adda-5160-42c3-a5cf-c325446b623d tempest-GroupSnapshotsTest-1276713363 None] CMD "sudo cinder-rootwrap /etc/cinder/rootwrap.conf chmod ugo+rw /opt/stack/data/cinder/mnt/1d3b582a55c58ae5eff86e377e1362dc/volume-f0bdfd9d-cca8-4089-83e3-ae95de82ab39.8ba30a0f-3c98-44e5-9e50-20da8edcbeb6" returned: 0 in 0.299s {{(pid=87497) execute /opt/stack/data/venv/lib/python3.12/site-packages/oslo_concurrency/processutils.py:468}}
Jul 18 05:44:39 devstack cinder-volume[87497]: DEBUG oslo_concurrency.processutils [None req-29a4adda-5160-42c3-a5cf-c325446b623d tempest-GroupSnapshotsTest-1276713363 None] Running cmd (subprocess): sudo cinder-rootwrap /etc/cinder/rootwrap.conf truncate -s0 /opt/stack/data/cinder/mnt/1d3b582a55c58ae5eff86e377e1362dc/volume-f0bdfd9d-cca8-4089-83e3-ae95de82ab39.info {{(pid=87497) execute /opt/stack/data/venv/lib/python3.12/site-packages/oslo_concurrency/processutils.py:440}}
Jul 18 05:44:39 devstack sudo[95236]: quobyte : PWD=/ ; USER=root ; COMMAND=/opt/stack/data/venv/bin/cinder-rootwrap /etc/cinder/rootwrap.conf truncate -s0 /opt/stack/data/cinder/mnt/1d3b582a55c58ae5eff86e377e1362dc/volume-f0bdfd9d-cca8-4089-83e3-ae95de82ab39.info
Jul 18 05:44:39 devstack sudo[95236]: pam_unix(sudo:session): session opened for user root(uid=0) by (uid=1000)
Jul 18 05:44:39 devstack sudo[95236]: pam_unix(sudo:session): session closed for user root
Jul 18 05:44:39 devstack cinder-volume[87497]: DEBUG oslo_concurrency.processutils [None req-29a4adda-5160-42c3-a5cf-c325446b623d tempest-GroupSnapshotsTest-1276713363 None] CMD "sudo cinder-rootwrap /etc/cinder/rootwrap.conf truncate -s0 /opt/stack/data/cinder/mnt/1d3b582a55c58ae5eff86e377e1362dc/volume-f0bdfd9d-cca8-4089-83e3-ae95de82ab39.info" returned: 0 in 0.380s {{(pid=87497) execute /opt/stack/data/venv/lib/python3.12/site-packages/oslo_concurrency/processutils.py:468}}
Jul 18 05:44:39 devstack cinder-volume[87497]: WARNING cinder.volume.drivers.remotefs [None req-29a4adda-5160-42c3-a5cf-c325446b623d tempest-GroupSnapshotsTest-1276713363 None] /opt/stack/data/cinder/mnt/1d3b582a55c58ae5eff86e377e1362dc/volume-f0bdfd9d-cca8-4089-83e3-ae95de82ab39.info is being set with open permissions: ugo+rw: NotImplementedError
Jul 18 05:44:39 devstack cinder-volume[87497]: DEBUG oslo_concurrency.processutils [None req-29a4adda-5160-42c3-a5cf-c325446b623d tempest-GroupSnapshotsTest-1276713363 None] Running cmd (subprocess): sudo cinder-rootwrap /etc/cinder/rootwrap.conf chmod ugo+rw /opt/stack/data/cinder/mnt/1d3b582a55c58ae5eff86e377e1362dc/volume-f0bdfd9d-cca8-4089-83e3-ae95de82ab39.info {{(pid=87497) execute /opt/stack/data/venv/lib/python3.12/site-packages/oslo_concurrency/processutils.py:440}}
Jul 18 05:44:39 devstack sudo[95240]: quobyte : PWD=/ ; USER=root ; COMMAND=/opt/stack/data/venv/bin/cinder-rootwrap /etc/cinder/rootwrap.conf chmod ugo+rw /opt/stack/data/cinder/mnt/1d3b582a55c58ae5eff86e377e1362dc/volume-f0bdfd9d-cca8-4089-83e3-ae95de82ab39.info
Jul 18 05:44:39 devstack sudo[95240]: pam_unix(sudo:session): session opened for user root(uid=0) by (uid=1000)
Jul 18 05:44:39 devstack sudo[95240]: pam_unix(sudo:session): session closed for user root
Jul 18 05:44:39 devstack cinder-volume[87497]: DEBUG oslo_concurrency.processutils [None req-29a4adda-5160-42c3-a5cf-c325446b623d tempest-GroupSnapshotsTest-1276713363 None] CMD "sudo cinder-rootwrap /etc/cinder/rootwrap.conf chmod ugo+rw /opt/stack/data/cinder/mnt/1d3b582a55c58ae5eff86e377e1362dc/volume-f0bdfd9d-cca8-4089-83e3-ae95de82ab39.info" returned: 0 in 0.430s {{(pid=87497) execute /opt/stack/data/venv/lib/python3.12/site-packages/oslo_concurrency/processutils.py:468}}
Jul 18 05:44:39 devstack cinder-volume[87497]: DEBUG oslo_concurrency.lockutils [None req-29a4adda-5160-42c3-a5cf-c325446b623d tempest-GroupSnapshotsTest-1276713363 None] Lock "quobyte" "released" by "cinder.volume.drivers.quobyte.QuobyteDriver.create_snapshot" :: held 2.718s {{(pid=87497) inner /opt/stack/data/venv/lib/python3.12/site-packages/oslo_concurrency/lockutils.py:544}}
Jul 18 05:44:39 devstack cinder-volume[87497]: DEBUG oslo_concurrency.lockutils [None req-29a4adda-5160-42c3-a5cf-c325446b623d tempest-GroupSnapshotsTest-1276713363 None] Acquiring lock "quobyte" by "cinder.volume.drivers.quobyte.QuobyteDriver.create_snapshot" {{(pid=87497) inner /opt/stack/data/venv/lib/python3.12/site-packages/oslo_concurrency/lockutils.py:512}}
Jul 18 05:44:39 devstack cinder-volume[87497]: DEBUG oslo_concurrency.lockutils [None req-29a4adda-5160-42c3-a5cf-c325446b623d tempest-GroupSnapshotsTest-1276713363 None] Lock "quobyte" acquired by "cinder.volume.drivers.quobyte.QuobyteDriver.create_snapshot" :: waited 0.000s {{(pid=87497) inner /opt/stack/data/venv/lib/python3.12/site-packages/oslo_concurrency/lockutils.py:525}}
Jul 18 05:44:39 devstack cinder-volume[87497]: DEBUG cinder.volume.drivers.remotefs [None req-29a4adda-5160-42c3-a5cf-c325446b623d tempest-GroupSnapshotsTest-1276713363 None] Creating offline snapshot a7706596-ffd4-4f79-9b61-4b4d88f1799f of volume 8c3eadd7-94af-47ad-82d1-aadb8bc34d5d {{(pid=87497) _create_snapshot /opt/stack/cinder/cinder/volume/drivers/remotefs.py:1816}}
Jul 18 05:44:40 devstack cinder-volume[87497]: DEBUG oslo.privsep.daemon [-] privsep: reply[fabc2b99-324c-49a6-988f-56456b0fe7bc]: (4, 'qcow2') {{(pid=88960) _call_back /opt/stack/data/venv/lib/python3.12/site-packages/oslo_privsep/daemon.py:580}}
Jul 18 05:44:40 devstack cinder-volume[87497]: DEBUG oslo_concurrency.processutils [None req-29a4adda-5160-42c3-a5cf-c325446b623d tempest-GroupSnapshotsTest-1276713363 None] Running cmd (subprocess): /opt/stack/data/venv/bin/python3.12 -m oslo_concurrency.prlimit --as=1073741824 --cpu=60 -- sudo cinder-rootwrap /etc/cinder/rootwrap.conf env LC_ALL=C qemu-img info -f qcow2 --output=json --force-share /opt/stack/data/cinder/mnt/1d3b582a55c58ae5eff86e377e1362dc/volume-8c3eadd7-94af-47ad-82d1-aadb8bc34d5d {{(pid=87497) execute /opt/stack/data/venv/lib/python3.12/site-packages/oslo_concurrency/processutils.py:440}}
Jul 18 05:44:40 devstack sudo[95244]: quobyte : PWD=/ ; USER=root ; COMMAND=/opt/stack/data/venv/bin/cinder-rootwrap /etc/cinder/rootwrap.conf env LC_ALL=C qemu-img info -f qcow2 --output=json --force-share /opt/stack/data/cinder/mnt/1d3b582a55c58ae5eff86e377e1362dc/volume-8c3eadd7-94af-47ad-82d1-aadb8bc34d5d
Jul 18 05:44:40 devstack sudo[95244]: pam_unix(sudo:session): session opened for user root(uid=0) by (uid=1000)
Jul 18 05:44:40 devstack sudo[95244]: pam_unix(sudo:session): session closed for user root
Jul 18 05:44:40 devstack cinder-volume[87497]: DEBUG oslo_concurrency.processutils [None req-29a4adda-5160-42c3-a5cf-c325446b623d tempest-GroupSnapshotsTest-1276713363 None] CMD "/opt/stack/data/venv/bin/python3.12 -m oslo_concurrency.prlimit --as=1073741824 --cpu=60 -- sudo cinder-rootwrap /etc/cinder/rootwrap.conf env LC_ALL=C qemu-img info -f qcow2 --output=json --force-share /opt/stack/data/cinder/mnt/1d3b582a55c58ae5eff86e377e1362dc/volume-8c3eadd7-94af-47ad-82d1-aadb8bc34d5d" returned: 0 in 0.506s {{(pid=87497) execute /opt/stack/data/venv/lib/python3.12/site-packages/oslo_concurrency/processutils.py:468}}
Jul 18 05:44:40 devstack cinder-volume[87497]: DEBUG oslo_concurrency.processutils [None req-29a4adda-5160-42c3-a5cf-c325446b623d tempest-GroupSnapshotsTest-1276713363 None] Running cmd (subprocess): sudo cinder-rootwrap /etc/cinder/rootwrap.conf qemu-img create -f qcow2 -o backing_file=/opt/stack/data/cinder/mnt/1d3b582a55c58ae5eff86e377e1362dc/volume-8c3eadd7-94af-47ad-82d1-aadb8bc34d5d,backing_fmt=qcow2 /opt/stack/data/cinder/mnt/1d3b582a55c58ae5eff86e377e1362dc/volume-8c3eadd7-94af-47ad-82d1-aadb8bc34d5d.a7706596-ffd4-4f79-9b61-4b4d88f1799f 1G {{(pid=87497) execute /opt/stack/data/venv/lib/python3.12/site-packages/oslo_concurrency/processutils.py:440}}
Jul 18 05:44:40 devstack sudo[95250]: quobyte : PWD=/ ; USER=root ; COMMAND=/opt/stack/data/venv/bin/cinder-rootwrap /etc/cinder/rootwrap.conf qemu-img create -f qcow2 -o backing_file=/opt/stack/data/cinder/mnt/1d3b582a55c58ae5eff86e377e1362dc/volume-8c3eadd7-94af-47ad-82d1-aadb8bc34d5d,backing_fmt=qcow2 /opt/stack/data/cinder/mnt/1d3b582a55c58ae5eff86e377e1362dc/volume-8c3eadd7-94af-47ad-82d1-aadb8bc34d5d.a7706596-ffd4-4f79-9b61-4b4d88f1799f 1G
Jul 18 05:44:40 devstack sudo[95250]: pam_unix(sudo:session): session opened for user root(uid=0) by (uid=1000)
Jul 18 05:44:41 devstack sudo[95250]: pam_unix(sudo:session): session closed for user root
Jul 18 05:44:41 devstack cinder-volume[87497]: DEBUG oslo_concurrency.processutils [None req-29a4adda-5160-42c3-a5cf-c325446b623d tempest-GroupSnapshotsTest-1276713363 None] CMD "sudo cinder-rootwrap /etc/cinder/rootwrap.conf qemu-img create -f qcow2 -o backing_file=/opt/stack/data/cinder/mnt/1d3b582a55c58ae5eff86e377e1362dc/volume-8c3eadd7-94af-47ad-82d1-aadb8bc34d5d,backing_fmt=qcow2 /opt/stack/data/cinder/mnt/1d3b582a55c58ae5eff86e377e1362dc/volume-8c3eadd7-94af-47ad-82d1-aadb8bc34d5d.a7706596-ffd4-4f79-9b61-4b4d88f1799f 1G" returned: 0 in 0.501s {{(pid=87497) execute /opt/stack/data/venv/lib/python3.12/site-packages/oslo_concurrency/processutils.py:468}}
Jul 18 05:44:41 devstack cinder-volume[87497]: DEBUG oslo_concurrency.processutils [None req-29a4adda-5160-42c3-a5cf-c325446b623d tempest-GroupSnapshotsTest-1276713363 None] Running cmd (subprocess): sudo cinder-rootwrap /etc/cinder/rootwrap.conf qemu-img rebase -u -b volume-8c3eadd7-94af-47ad-82d1-aadb8bc34d5d -F qcow2 /opt/stack/data/cinder/mnt/1d3b582a55c58ae5eff86e377e1362dc/volume-8c3eadd7-94af-47ad-82d1-aadb8bc34d5d.a7706596-ffd4-4f79-9b61-4b4d88f1799f {{(pid=87497) execute /opt/stack/data/venv/lib/python3.12/site-packages/oslo_concurrency/processutils.py:440}}
Jul 18 05:44:41 devstack sudo[95256]: quobyte : PWD=/ ; USER=root ; COMMAND=/opt/stack/data/venv/bin/cinder-rootwrap /etc/cinder/rootwrap.conf qemu-img rebase -u -b volume-8c3eadd7-94af-47ad-82d1-aadb8bc34d5d -F qcow2 /opt/stack/data/cinder/mnt/1d3b582a55c58ae5eff86e377e1362dc/volume-8c3eadd7-94af-47ad-82d1-aadb8bc34d5d.a7706596-ffd4-4f79-9b61-4b4d88f1799f
Jul 18 05:44:41 devstack sudo[95256]: pam_unix(sudo:session): session opened for user root(uid=0) by (uid=1000)
Jul 18 05:44:41 devstack sudo[95256]: pam_unix(sudo:session): session closed for user root
Jul 18 05:44:41 devstack cinder-volume[87497]: DEBUG oslo_concurrency.processutils [None req-29a4adda-5160-42c3-a5cf-c325446b623d tempest-GroupSnapshotsTest-1276713363 None] CMD "sudo cinder-rootwrap /etc/cinder/rootwrap.conf qemu-img rebase -u -b volume-8c3eadd7-94af-47ad-82d1-aadb8bc34d5d -F qcow2 /opt/stack/data/cinder/mnt/1d3b582a55c58ae5eff86e377e1362dc/volume-8c3eadd7-94af-47ad-82d1-aadb8bc34d5d.a7706596-ffd4-4f79-9b61-4b4d88f1799f" returned: 0 in 0.317s {{(pid=87497) execute /opt/stack/data/venv/lib/python3.12/site-packages/oslo_concurrency/processutils.py:468}}
Jul 18 05:44:41 devstack cinder-volume[87497]: WARNING cinder.volume.drivers.remotefs [None req-29a4adda-5160-42c3-a5cf-c325446b623d tempest-GroupSnapshotsTest-1276713363 None] /opt/stack/data/cinder/mnt/1d3b582a55c58ae5eff86e377e1362dc/volume-8c3eadd7-94af-47ad-82d1-aadb8bc34d5d.a7706596-ffd4-4f79-9b61-4b4d88f1799f is being set with open permissions: ugo+rw: NotImplementedError
Jul 18 05:44:41 devstack cinder-volume[87497]: DEBUG oslo_concurrency.processutils [None req-29a4adda-5160-42c3-a5cf-c325446b623d tempest-GroupSnapshotsTest-1276713363 None] Running cmd (subprocess): sudo cinder-rootwrap /etc/cinder/rootwrap.conf chmod ugo+rw /opt/stack/data/cinder/mnt/1d3b582a55c58ae5eff86e377e1362dc/volume-8c3eadd7-94af-47ad-82d1-aadb8bc34d5d.a7706596-ffd4-4f79-9b61-4b4d88f1799f {{(pid=87497) execute /opt/stack/data/venv/lib/python3.12/site-packages/oslo_concurrency/processutils.py:440}}
Jul 18 05:44:41 devstack sudo[95265]: quobyte : PWD=/ ; USER=root ; COMMAND=/opt/stack/data/venv/bin/cinder-rootwrap /etc/cinder/rootwrap.conf chmod ugo+rw /opt/stack/data/cinder/mnt/1d3b582a55c58ae5eff86e377e1362dc/volume-8c3eadd7-94af-47ad-82d1-aadb8bc34d5d.a7706596-ffd4-4f79-9b61-4b4d88f1799f
Jul 18 05:44:41 devstack sudo[95265]: pam_unix(sudo:session): session opened for user root(uid=0) by (uid=1000)
Jul 18 05:44:41 devstack sudo[95265]: pam_unix(sudo:session): session closed for user root
Jul 18 05:44:41 devstack cinder-volume[87497]: DEBUG oslo_concurrency.processutils [None req-29a4adda-5160-42c3-a5cf-c325446b623d tempest-GroupSnapshotsTest-1276713363 None] CMD "sudo cinder-rootwrap /etc/cinder/rootwrap.conf chmod ugo+rw /opt/stack/data/cinder/mnt/1d3b582a55c58ae5eff86e377e1362dc/volume-8c3eadd7-94af-47ad-82d1-aadb8bc34d5d.a7706596-ffd4-4f79-9b61-4b4d88f1799f" returned: 0 in 0.315s {{(pid=87497) execute /opt/stack/data/venv/lib/python3.12/site-packages/oslo_concurrency/processutils.py:468}}
Jul 18 05:44:41 devstack cinder-volume[87497]: DEBUG oslo_concurrency.processutils [None req-29a4adda-5160-42c3-a5cf-c325446b623d tempest-GroupSnapshotsTest-1276713363 None] Running cmd (subprocess): sudo cinder-rootwrap /etc/cinder/rootwrap.conf truncate -s0 /opt/stack/data/cinder/mnt/1d3b582a55c58ae5eff86e377e1362dc/volume-8c3eadd7-94af-47ad-82d1-aadb8bc34d5d.info {{(pid=87497) execute /opt/stack/data/venv/lib/python3.12/site-packages/oslo_concurrency/processutils.py:440}}
Jul 18 05:44:41 devstack sudo[95268]: quobyte : PWD=/ ; USER=root ; COMMAND=/opt/stack/data/venv/bin/cinder-rootwrap /etc/cinder/rootwrap.conf truncate -s0 /opt/stack/data/cinder/mnt/1d3b582a55c58ae5eff86e377e1362dc/volume-8c3eadd7-94af-47ad-82d1-aadb8bc34d5d.info
Jul 18 05:44:41 devstack sudo[95268]: pam_unix(sudo:session): session opened for user root(uid=0) by (uid=1000)
Jul 18 05:44:41 devstack sudo[95268]: pam_unix(sudo:session): session closed for user root
Jul 18 05:44:41 devstack cinder-volume[87497]: DEBUG oslo_concurrency.processutils [None req-29a4adda-5160-42c3-a5cf-c325446b623d tempest-GroupSnapshotsTest-1276713363 None] CMD "sudo cinder-rootwrap /etc/cinder/rootwrap.conf truncate -s0 /opt/stack/data/cinder/mnt/1d3b582a55c58ae5eff86e377e1362dc/volume-8c3eadd7-94af-47ad-82d1-aadb8bc34d5d.info" returned: 0 in 0.276s {{(pid=87497) execute /opt/stack/data/venv/lib/python3.12/site-packages/oslo_concurrency/processutils.py:468}}
Jul 18 05:44:41 devstack cinder-volume[87497]: WARNING cinder.volume.drivers.remotefs [None req-29a4adda-5160-42c3-a5cf-c325446b623d tempest-GroupSnapshotsTest-1276713363 None] /opt/stack/data/cinder/mnt/1d3b582a55c58ae5eff86e377e1362dc/volume-8c3eadd7-94af-47ad-82d1-aadb8bc34d5d.info is being set with open permissions: ugo+rw: NotImplementedError
Jul 18 05:44:41 devstack cinder-volume[87497]: DEBUG oslo_concurrency.processutils [None req-29a4adda-5160-42c3-a5cf-c325446b623d tempest-GroupSnapshotsTest-1276713363 None] Running cmd (subprocess): sudo cinder-rootwrap /etc/cinder/rootwrap.conf chmod ugo+rw /opt/stack/data/cinder/mnt/1d3b582a55c58ae5eff86e377e1362dc/volume-8c3eadd7-94af-47ad-82d1-aadb8bc34d5d.info {{(pid=87497) execute /opt/stack/data/venv/lib/python3.12/site-packages/oslo_concurrency/processutils.py:440}}
Jul 18 05:44:42 devstack sudo[95271]: quobyte : PWD=/ ; USER=root ; COMMAND=/opt/stack/data/venv/bin/cinder-rootwrap /etc/cinder/rootwrap.conf chmod ugo+rw /opt/stack/data/cinder/mnt/1d3b582a55c58ae5eff86e377e1362dc/volume-8c3eadd7-94af-47ad-82d1-aadb8bc34d5d.info
Jul 18 05:44:42 devstack sudo[95271]: pam_unix(sudo:session): session opened for user root(uid=0) by (uid=1000)
Jul 18 05:44:42 devstack cinder-volume[87497]: DEBUG cinder.volume.flows.manager.create_volume [None req-a94e63ff-39ba-4a23-9482-3345718dc685 tempest-AttachVolumeTestJSON-2089319826 None] Volume reschedule parameters: True retry: {'num_attempts': 1, 'backends': ['devstack@QuobyteHD#QuobyteHD'], 'hosts': ['devstack@QuobyteHD#QuobyteHD']} {{(pid=87497) get_flow /opt/stack/cinder/cinder/volume/flows/manager/create_volume.py:1397}}
Jul 18 05:44:42 devstack cinder-volume[87497]: DEBUG cinder.volume.manager [None req-a94e63ff-39ba-4a23-9482-3345718dc685 tempest-AttachVolumeTestJSON-2089319826 None] Flow 'volume_create_manager' (c19db9aa-be4f-46cb-9443-5f1dd1d742e1) transitioned into state 'RUNNING' from state 'PENDING' {{(pid=87497) _flow_receiver /opt/stack/data/venv/lib/python3.12/site-packages/taskflow/listeners/logging.py:160}}
Jul 18 05:44:42 devstack cinder-volume[87497]: DEBUG cinder.volume.manager [None req-a94e63ff-39ba-4a23-9482-3345718dc685 tempest-AttachVolumeTestJSON-2089319826 None] Task 'cinder.volume.flows.manager.create_volume.ExtractVolumeRefTask;volume:create' (5f8d4832-c51d-4eca-985d-f0dcd7f24015) transitioned into state 'RUNNING' from state 'PENDING' {{(pid=87497) _task_receiver /opt/stack/data/venv/lib/python3.12/site-packages/taskflow/listeners/logging.py:242}}
Jul 18 05:44:42 devstack cinder-volume[87497]: DEBUG cinder.volume.manager [None req-a94e63ff-39ba-4a23-9482-3345718dc685 tempest-AttachVolumeTestJSON-2089319826 None] Task 'cinder.volume.flows.manager.create_volume.ExtractVolumeRefTask;volume:create' (5f8d4832-c51d-4eca-985d-f0dcd7f24015) transitioned into state 'SUCCESS' from state 'RUNNING' with result 'Volume(_name_id=None,admin_metadata=,attach_status='detached',availability_zone='nova',bootable=False,cluster=,cluster_name=None,consistencygroup=,consistencygroup_id=None,created_at=2026-07-18T03:44:42Z,deleted=False,deleted_at=None,display_description=None,display_name='tempest-AttachVolumeTestJSON-volume-384247598',ec2_id=None,encryption_key_id=None,glance_metadata=,group=,group_id=None,host='devstack@QuobyteHD#QuobyteHD',id=531d96e7-ce29-4ec3-929e-76d9c2ccc6d5,launched_at=None,metadata={},migration_status=None,multiattach=False,previous_status=None,project_id='de092f296db2409e87fa257dd20c66e9',provider_auth=None,provider_geometry=None,provider_id=None,provider_location=None,replication_driver_data=None,replication_extended_status=None,replication_status=None,scheduled_at=2026-07-18T03:44:42Z,service_uuid=None,shared_targets=True,size=1,snapshot_id=None,snapshots=,source_volid=None,status='creating',terminated_at=None,updated_at=2026-07-18T03:44:42Z,use_quota=True,user_id='ca64b221b701499a8068050d68b72b1e',volume_attachment=VolumeAttachmentList,volume_type=VolumeType(b5654734-615d-40c5-b054-d15bc08138b9),volume_type_id=b5654734-615d-40c5-b054-d15bc08138b9)' {{(pid=87497) _task_receiver /opt/stack/data/venv/lib/python3.12/site-packages/taskflow/listeners/logging.py:218}}
Jul 18 05:44:42 devstack cinder-volume[87497]: DEBUG cinder.volume.manager [None req-a94e63ff-39ba-4a23-9482-3345718dc685 tempest-AttachVolumeTestJSON-2089319826 None] Task 'cinder.volume.flows.manager.create_volume.OnFailureRescheduleTask;volume:create' (888ba665-fc7d-4df9-9e5d-0f5736a780be) transitioned into state 'RUNNING' from state 'PENDING' {{(pid=87497) _task_receiver /opt/stack/data/venv/lib/python3.12/site-packages/taskflow/listeners/logging.py:242}}
Jul 18 05:44:42 devstack cinder-volume[87497]: DEBUG cinder.volume.manager [None req-a94e63ff-39ba-4a23-9482-3345718dc685 tempest-AttachVolumeTestJSON-2089319826 None] Task 'cinder.volume.flows.manager.create_volume.OnFailureRescheduleTask;volume:create' (888ba665-fc7d-4df9-9e5d-0f5736a780be) transitioned into state 'SUCCESS' from state 'RUNNING' with result 'None' {{(pid=87497) _task_receiver /opt/stack/data/venv/lib/python3.12/site-packages/taskflow/listeners/logging.py:218}}
Jul 18 05:44:42 devstack cinder-volume[87497]: DEBUG cinder.volume.manager [None req-a94e63ff-39ba-4a23-9482-3345718dc685 tempest-AttachVolumeTestJSON-2089319826 None] Task 'cinder.volume.flows.manager.create_volume.ExtractVolumeSpecTask;volume:create' (f908d92a-312e-4540-ac42-045960be0869) transitioned into state 'RUNNING' from state 'PENDING' {{(pid=87497) _task_receiver /opt/stack/data/venv/lib/python3.12/site-packages/taskflow/listeners/logging.py:242}}
Jul 18 05:44:42 devstack cinder-volume[87497]: DEBUG cinder.volume.manager [None req-a94e63ff-39ba-4a23-9482-3345718dc685 tempest-AttachVolumeTestJSON-2089319826 None] Task 'cinder.volume.flows.manager.create_volume.ExtractVolumeSpecTask;volume:create' (f908d92a-312e-4540-ac42-045960be0869) transitioned into state 'SUCCESS' from state 'RUNNING' with result '{'status': 'creating', 'type': 'raw', 'volume_id': '531d96e7-ce29-4ec3-929e-76d9c2ccc6d5', 'volume_name': 'volume-531d96e7-ce29-4ec3-929e-76d9c2ccc6d5', 'volume_size': 1}' {{(pid=87497) _task_receiver /opt/stack/data/venv/lib/python3.12/site-packages/taskflow/listeners/logging.py:218}}
Jul 18 05:44:42 devstack cinder-volume[87497]: DEBUG cinder.volume.manager [None req-a94e63ff-39ba-4a23-9482-3345718dc685 tempest-AttachVolumeTestJSON-2089319826 None] Task 'cinder.volume.flows.manager.create_volume.NotifyVolumeActionTask;volume:create, create.start' (5fb0acc7-d690-4c8f-a20f-b3966632e839) transitioned into state 'RUNNING' from state 'PENDING' {{(pid=87497) _task_receiver /opt/stack/data/venv/lib/python3.12/site-packages/taskflow/listeners/logging.py:242}}
Jul 18 05:44:42 devstack cinder-volume[87497]: DEBUG cinder.volume.manager [None req-a94e63ff-39ba-4a23-9482-3345718dc685 tempest-AttachVolumeTestJSON-2089319826 None] Task 'cinder.volume.flows.manager.create_volume.NotifyVolumeActionTask;volume:create, create.start' (5fb0acc7-d690-4c8f-a20f-b3966632e839) transitioned into state 'SUCCESS' from state 'RUNNING' with result 'None' {{(pid=87497) _task_receiver /opt/stack/data/venv/lib/python3.12/site-packages/taskflow/listeners/logging.py:218}}
Jul 18 05:44:42 devstack cinder-volume[87497]: DEBUG cinder.volume.manager [None req-a94e63ff-39ba-4a23-9482-3345718dc685 tempest-AttachVolumeTestJSON-2089319826 None] Task 'cinder.volume.flows.manager.create_volume.CreateVolumeFromSpecTask;volume:create' (088f57cd-806c-4295-a3bf-eda7d3294831) transitioned into state 'RUNNING' from state 'PENDING' {{(pid=87497) _task_receiver /opt/stack/data/venv/lib/python3.12/site-packages/taskflow/listeners/logging.py:242}}
Jul 18 05:44:42 devstack cinder-volume[87497]: INFO cinder.volume.flows.manager.create_volume [None req-a94e63ff-39ba-4a23-9482-3345718dc685 tempest-AttachVolumeTestJSON-2089319826 None] Volume 531d96e7-ce29-4ec3-929e-76d9c2ccc6d5: being created as raw with specification: {'status': 'creating', 'volume_name': 'volume-531d96e7-ce29-4ec3-929e-76d9c2ccc6d5', 'volume_size': 1}
Jul 18 05:44:42 devstack cinder-volume[87497]: DEBUG oslo_concurrency.lockutils [None req-a94e63ff-39ba-4a23-9482-3345718dc685 tempest-AttachVolumeTestJSON-2089319826 None] Acquiring lock "quobyte" by "cinder.volume.drivers.quobyte.QuobyteDriver.create_volume" {{(pid=87497) inner /opt/stack/data/venv/lib/python3.12/site-packages/oslo_concurrency/lockutils.py:512}}
Jul 18 05:44:42 devstack sudo[95271]: pam_unix(sudo:session): session closed for user root
Jul 18 05:44:42 devstack cinder-volume[87497]: DEBUG oslo_concurrency.processutils [None req-29a4adda-5160-42c3-a5cf-c325446b623d tempest-GroupSnapshotsTest-1276713363 None] CMD "sudo cinder-rootwrap /etc/cinder/rootwrap.conf chmod ugo+rw /opt/stack/data/cinder/mnt/1d3b582a55c58ae5eff86e377e1362dc/volume-8c3eadd7-94af-47ad-82d1-aadb8bc34d5d.info" returned: 0 in 0.265s {{(pid=87497) execute /opt/stack/data/venv/lib/python3.12/site-packages/oslo_concurrency/processutils.py:468}}
Jul 18 05:44:42 devstack cinder-volume[87497]: DEBUG oslo_concurrency.lockutils [None req-29a4adda-5160-42c3-a5cf-c325446b623d tempest-GroupSnapshotsTest-1276713363 None] Lock "quobyte" "released" by "cinder.volume.drivers.quobyte.QuobyteDriver.create_snapshot" :: held 2.292s {{(pid=87497) inner /opt/stack/data/venv/lib/python3.12/site-packages/oslo_concurrency/lockutils.py:544}}
Jul 18 05:44:42 devstack cinder-volume[87497]: DEBUG oslo_concurrency.lockutils [req-5d853f93-f6f7-4d53-98af-66bd35b9d8dc req-dd5cd5c1-544c-461b-a3f2-d7f1e842f17a tempest-TestServerVolumeAttachScenarioOldVersion-866644715 None] Lock "quobyte" acquired by "cinder.volume.drivers.quobyte.QuobyteDriver.initialize_connection" :: waited 3.757s {{(pid=87497) inner /opt/stack/data/venv/lib/python3.12/site-packages/oslo_concurrency/lockutils.py:525}}
Jul 18 05:44:42 devstack cinder-volume[87497]: DEBUG oslo_concurrency.lockutils [req-5d853f93-f6f7-4d53-98af-66bd35b9d8dc req-dd5cd5c1-544c-461b-a3f2-d7f1e842f17a tempest-TestServerVolumeAttachScenarioOldVersion-866644715 None] Lock "quobyte" "released" by "cinder.volume.drivers.quobyte.QuobyteDriver.initialize_connection" :: held 0.025s {{(pid=87497) inner /opt/stack/data/venv/lib/python3.12/site-packages/oslo_concurrency/lockutils.py:544}}
Jul 18 05:44:42 devstack cinder-volume[87497]: DEBUG oslo_concurrency.lockutils [None req-a94e63ff-39ba-4a23-9482-3345718dc685 tempest-AttachVolumeTestJSON-2089319826 None] Lock "quobyte" acquired by "cinder.volume.drivers.quobyte.QuobyteDriver.create_volume" :: waited 0.051s {{(pid=87497) inner /opt/stack/data/venv/lib/python3.12/site-packages/oslo_concurrency/lockutils.py:525}}
Jul 18 05:44:42 devstack cinder-volume[87497]: DEBUG cinder.volume.drivers.quobyte [None req-a94e63ff-39ba-4a23-9482-3345718dc685 tempest-AttachVolumeTestJSON-2089319826 None] ==> create_volume: call "{'self': , 'volume': Volume(_name_id=None,admin_metadata=,attach_status='detached',availability_zone='nova',bootable=False,cluster=,cluster_name=None,consistencygroup=,consistencygroup_id=None,created_at=2026-07-18T03:44:42Z,deleted=False,deleted_at=None,display_description=None,display_name='tempest-AttachVolumeTestJSON-volume-384247598',ec2_id=None,encryption_key_id=None,glance_metadata=,group=,group_id=None,host='devstack@QuobyteHD#QuobyteHD',id=531d96e7-ce29-4ec3-929e-76d9c2ccc6d5,launched_at=None,metadata={},migration_status=None,multiattach=False,previous_status=None,project_id='de092f296db2409e87fa257dd20c66e9',provider_auth=None,provider_geometry=None,provider_id=None,provider_location=None,replication_driver_data=None,replication_extended_status=None,replication_status=None,scheduled_at=2026-07-18T03:44:42Z,service_uuid=None,shared_targets=True,size=1,snapshot_id=None,snapshots=,source_volid=None,status='creating',terminated_at=None,updated_at=2026-07-18T03:44:42Z,use_quota=True,user_id='ca64b221b701499a8068050d68b72b1e',volume_attachment=VolumeAttachmentList,volume_type=VolumeType(b5654734-615d-40c5-b054-d15bc08138b9),volume_type_id=b5654734-615d-40c5-b054-d15bc08138b9)}" {{(pid=87497) trace_logging_wrapper /opt/stack/cinder/cinder/volume/volume_utils.py:1497}}
Jul 18 05:44:42 devstack cinder-volume[87497]: DEBUG cinder.volume.drivers.remotefs [None req-a94e63ff-39ba-4a23-9482-3345718dc685 tempest-AttachVolumeTestJSON-2089319826 None] Creating volume 531d96e7-ce29-4ec3-929e-76d9c2ccc6d5 {{(pid=87497) create_volume /opt/stack/cinder/cinder/volume/drivers/remotefs.py:292}}
Jul 18 05:44:42 devstack cinder-volume[87497]: DEBUG oslo_concurrency.lockutils [None req-a94e63ff-39ba-4a23-9482-3345718dc685 tempest-AttachVolumeTestJSON-2089319826 None] Acquiring lock "quobyte_ensure" by "cinder.volume.drivers.quobyte.QuobyteDriver._ensure_shares_mounted" {{(pid=87497) inner /opt/stack/data/venv/lib/python3.12/site-packages/oslo_concurrency/lockutils.py:512}}
Jul 18 05:44:42 devstack cinder-volume[87497]: DEBUG oslo_concurrency.lockutils [None req-a94e63ff-39ba-4a23-9482-3345718dc685 tempest-AttachVolumeTestJSON-2089319826 None] Lock "quobyte_ensure" acquired by "cinder.volume.drivers.quobyte.QuobyteDriver._ensure_shares_mounted" :: waited 0.001s {{(pid=87497) inner /opt/stack/data/venv/lib/python3.12/site-packages/oslo_concurrency/lockutils.py:525}}
Jul 18 05:44:42 devstack cinder-volume[87497]: DEBUG cinder.volume.drivers.quobyte [None req-a94e63ff-39ba-4a23-9482-3345718dc685 tempest-AttachVolumeTestJSON-2089319826 None] Quobyte Volume URL set to: {'osci02.corp.quobyte.com/cinder-vol-7cb4dfc5-0646-4637-add7-cf154cef9c13': None} {{(pid=87497) _load_shares_config /opt/stack/cinder/cinder/volume/drivers/quobyte.py:651}}
Jul 18 05:44:42 devstack cinder-volume[87497]: DEBUG cinder.volume.drivers.quobyte [None req-a94e63ff-39ba-4a23-9482-3345718dc685 tempest-AttachVolumeTestJSON-2089319826 None] Available shares ['osci02.corp.quobyte.com/cinder-vol-7cb4dfc5-0646-4637-add7-cf154cef9c13'] {{(pid=87497) _ensure_shares_mounted /opt/stack/cinder/cinder/volume/drivers/quobyte.py:681}}
Jul 18 05:44:42 devstack cinder-volume[87497]: DEBUG oslo_concurrency.lockutils [None req-a94e63ff-39ba-4a23-9482-3345718dc685 tempest-AttachVolumeTestJSON-2089319826 None] Lock "quobyte_ensure" "released" by "cinder.volume.drivers.quobyte.QuobyteDriver._ensure_shares_mounted" :: held 0.006s {{(pid=87497) inner /opt/stack/data/venv/lib/python3.12/site-packages/oslo_concurrency/lockutils.py:544}}
Jul 18 05:44:42 devstack cinder-volume[87497]: DEBUG cinder.volume.drivers.quobyte [None req-a94e63ff-39ba-4a23-9482-3345718dc685 tempest-AttachVolumeTestJSON-2089319826 None] Selected osci02.corp.quobyte.com/cinder-vol-7cb4dfc5-0646-4637-add7-cf154cef9c13 as target Quobyte volume. {{(pid=87497) _find_share /opt/stack/cinder/cinder/volume/drivers/quobyte.py:702}}
Jul 18 05:44:42 devstack cinder-volume[87497]: INFO cinder.volume.drivers.remotefs [None req-a94e63ff-39ba-4a23-9482-3345718dc685 tempest-AttachVolumeTestJSON-2089319826 None] casted to osci02.corp.quobyte.com/cinder-vol-7cb4dfc5-0646-4637-add7-cf154cef9c13
Jul 18 05:44:42 devstack cinder-volume[87497]: DEBUG oslo_concurrency.processutils [None req-a94e63ff-39ba-4a23-9482-3345718dc685 tempest-AttachVolumeTestJSON-2089319826 None] Running cmd (subprocess): sudo cinder-rootwrap /etc/cinder/rootwrap.conf qemu-img create -f qcow2 -o preallocation=metadata /opt/stack/data/cinder/mnt/1d3b582a55c58ae5eff86e377e1362dc/volume-531d96e7-ce29-4ec3-929e-76d9c2ccc6d5 1073741824 {{(pid=87497) execute /opt/stack/data/venv/lib/python3.12/site-packages/oslo_concurrency/processutils.py:440}}
Jul 18 05:44:42 devstack sudo[95274]: quobyte : PWD=/ ; USER=root ; COMMAND=/opt/stack/data/venv/bin/cinder-rootwrap /etc/cinder/rootwrap.conf qemu-img create -f qcow2 -o preallocation=metadata /opt/stack/data/cinder/mnt/1d3b582a55c58ae5eff86e377e1362dc/volume-531d96e7-ce29-4ec3-929e-76d9c2ccc6d5 1073741824
Jul 18 05:44:42 devstack sudo[95274]: pam_unix(sudo:session): session opened for user root(uid=0) by (uid=1000)
Jul 18 05:44:42 devstack cinder-volume[87497]: DEBUG cinder.volume.manager [req-5d853f93-f6f7-4d53-98af-66bd35b9d8dc req-dd5cd5c1-544c-461b-a3f2-d7f1e842f17a tempest-TestServerVolumeAttachScenarioOldVersion-866644715 None] Connection info returned from driver {'export': 'osci02.corp.quobyte.com/cinder-vol-7cb4dfc5-0646-4637-add7-cf154cef9c13', 'name': 'volume-379b95cc-3bc1-48c6-b6d0-71210e047469', 'options': None, 'format': 'qcow2', 'qos_specs': None, 'access_mode': 'rw', 'encrypted': False, 'cacheable': False, 'driver_volume_type': 'quobyte', 'mount_point_base': '/opt/stack/data/cinder/mnt', 'attachment_id': '8c94336c-2c31-4bdc-85ce-35d64f3e33cf', 'enforce_multipath': True} {{(pid=87497) _connection_create /opt/stack/cinder/cinder/volume/manager.py:4924}}
Jul 18 05:44:42 devstack cinder-volume[87497]: INFO cinder.volume.manager [req-5d853f93-f6f7-4d53-98af-66bd35b9d8dc req-dd5cd5c1-544c-461b-a3f2-d7f1e842f17a tempest-TestServerVolumeAttachScenarioOldVersion-866644715 None] attachment_update completed successfully.
Jul 18 05:44:42 devstack cinder-volume[87497]: INFO cinder.volume.manager [None req-29a4adda-5160-42c3-a5cf-c325446b623d tempest-GroupSnapshotsTest-1276713363 None] group_snapshot 6bb96615-e2c7-488f-83c4-667ac78c994b: created successfully
Jul 18 05:44:42 devstack sudo[95274]: pam_unix(sudo:session): session closed for user root
Jul 18 05:44:42 devstack cinder-volume[87497]: DEBUG oslo_concurrency.processutils [None req-a94e63ff-39ba-4a23-9482-3345718dc685 tempest-AttachVolumeTestJSON-2089319826 None] CMD "sudo cinder-rootwrap /etc/cinder/rootwrap.conf qemu-img create -f qcow2 -o preallocation=metadata /opt/stack/data/cinder/mnt/1d3b582a55c58ae5eff86e377e1362dc/volume-531d96e7-ce29-4ec3-929e-76d9c2ccc6d5 1073741824" returned: 0 in 0.540s {{(pid=87497) execute /opt/stack/data/venv/lib/python3.12/site-packages/oslo_concurrency/processutils.py:468}}
Jul 18 05:44:42 devstack cinder-volume[87497]: DEBUG oslo_concurrency.processutils [None req-a94e63ff-39ba-4a23-9482-3345718dc685 tempest-AttachVolumeTestJSON-2089319826 None] Running cmd (subprocess): sudo cinder-rootwrap /etc/cinder/rootwrap.conf chmod ugo+rw /opt/stack/data/cinder/mnt/1d3b582a55c58ae5eff86e377e1362dc/volume-531d96e7-ce29-4ec3-929e-76d9c2ccc6d5 {{(pid=87497) execute /opt/stack/data/venv/lib/python3.12/site-packages/oslo_concurrency/processutils.py:440}}
Jul 18 05:44:42 devstack sudo[95575]: quobyte : PWD=/ ; USER=root ; COMMAND=/opt/stack/data/venv/bin/cinder-rootwrap /etc/cinder/rootwrap.conf chmod ugo+rw /opt/stack/data/cinder/mnt/1d3b582a55c58ae5eff86e377e1362dc/volume-531d96e7-ce29-4ec3-929e-76d9c2ccc6d5
Jul 18 05:44:42 devstack sudo[95575]: pam_unix(sudo:session): session opened for user root(uid=0) by (uid=1000)
Jul 18 05:44:42 devstack cinder-volume[87497]: INFO cinder.volume.manager [None req-d907d5a5-b843-4cb3-88a9-b37b1da0f752 tempest-GroupSnapshotsTest-1276713363 None] group_snapshot 6bb96615-e2c7-488f-83c4-667ac78c994b: deleting
Jul 18 05:44:42 devstack cinder-volume[87497]: DEBUG cinder.volume.manager [None req-d907d5a5-b843-4cb3-88a9-b37b1da0f752 tempest-GroupSnapshotsTest-1276713363 None] group_snapshot 6bb96615-e2c7-488f-83c4-667ac78c994b: deleting {{(pid=87497) delete_group_snapshot /opt/stack/cinder/cinder/volume/manager.py:4350}}
Jul 18 05:44:43 devstack cinder-volume[87497]: DEBUG cinder.coordination [None req-d907d5a5-b843-4cb3-88a9-b37b1da0f752 tempest-GroupSnapshotsTest-1276713363 None] Acquiring lock "cinder-quobyte-f0bdfd9d-cca8-4089-83e3-ae95de82ab39" by "delete_snapshot" {{(pid=87497) __acquire /opt/stack/cinder/cinder/coordination.py:138}}
Jul 18 05:44:43 devstack cinder-volume[87497]: DEBUG cinder.coordination [None req-d907d5a5-b843-4cb3-88a9-b37b1da0f752 tempest-GroupSnapshotsTest-1276713363 None] Lock "cinder-quobyte-f0bdfd9d-cca8-4089-83e3-ae95de82ab39" acquired by "delete_snapshot" :: waited 0.034s {{(pid=87497) __acquire /opt/stack/cinder/cinder/coordination.py:141}}
Jul 18 05:44:43 devstack cinder-volume[87497]: DEBUG cinder.coordination [None req-d907d5a5-b843-4cb3-88a9-b37b1da0f752 tempest-GroupSnapshotsTest-1276713363 None] Acquiring lock "cinder-quobyte-8ba30a0f-3c98-44e5-9e50-20da8edcbeb6" by "_delete_snapshot" {{(pid=87497) __acquire /opt/stack/cinder/cinder/coordination.py:138}}
Jul 18 05:44:43 devstack cinder-volume[87497]: DEBUG cinder.coordination [None req-d907d5a5-b843-4cb3-88a9-b37b1da0f752 tempest-GroupSnapshotsTest-1276713363 None] Lock "cinder-quobyte-8ba30a0f-3c98-44e5-9e50-20da8edcbeb6" acquired by "_delete_snapshot" :: waited 0.050s {{(pid=87497) __acquire /opt/stack/cinder/cinder/coordination.py:141}}
Jul 18 05:44:43 devstack cinder-volume[87497]: DEBUG cinder.volume.drivers.remotefs [None req-d907d5a5-b843-4cb3-88a9-b37b1da0f752 tempest-GroupSnapshotsTest-1276713363 None] Deleting offline snapshot 8ba30a0f-3c98-44e5-9e50-20da8edcbeb6 of volume f0bdfd9d-cca8-4089-83e3-ae95de82ab39 {{(pid=87497) _delete_snapshot /opt/stack/cinder/cinder/volume/drivers/remotefs.py:1288}}
Jul 18 05:44:43 devstack cinder-volume[87497]: DEBUG cinder.volume.drivers.remotefs [None req-d907d5a5-b843-4cb3-88a9-b37b1da0f752 tempest-GroupSnapshotsTest-1276713363 None] snapshot_file for this snap is: volume-f0bdfd9d-cca8-4089-83e3-ae95de82ab39.8ba30a0f-3c98-44e5-9e50-20da8edcbeb6 {{(pid=87497) _delete_snapshot /opt/stack/cinder/cinder/volume/drivers/remotefs.py:1317}}
Jul 18 05:44:43 devstack cinder-volume[87497]: DEBUG oslo.privsep.daemon [-] privsep: reply[6b6fcd5a-c0f3-4b17-9fab-56b896259b79]: (4, 'qcow2') {{(pid=88960) _call_back /opt/stack/data/venv/lib/python3.12/site-packages/oslo_privsep/daemon.py:580}}
