Jul 18 05:43:10 devstack cinder-volume[87497]: DEBUG oslo_concurrency.processutils [None req-2ff16354-514c-447c-b1ef-d7d8c3bd29d6 tempest-VolumesSnapshotNegativeTestJSON-1508225016 None] CMD "sudo cinder-rootwrap /etc/cinder/rootwrap.conf qemu-img create -f qcow2 -o preallocation=metadata /opt/stack/data/cinder/mnt/1d3b582a55c58ae5eff86e377e1362dc/volume-9d8c2d07-decf-4d8d-b7be-1916783e4b74 2147483648" returned: 0 in 0.558s {{(pid=87497) execute /opt/stack/data/venv/lib/python3.12/site-packages/oslo_concurrency/processutils.py:468}}
Jul 18 05:43:10 devstack cinder-volume[87497]: DEBUG oslo_concurrency.processutils [None req-2ff16354-514c-447c-b1ef-d7d8c3bd29d6 tempest-VolumesSnapshotNegativeTestJSON-1508225016 None] Running cmd (subprocess): sudo cinder-rootwrap /etc/cinder/rootwrap.conf chmod ugo+rw /opt/stack/data/cinder/mnt/1d3b582a55c58ae5eff86e377e1362dc/volume-9d8c2d07-decf-4d8d-b7be-1916783e4b74 {{(pid=87497) execute /opt/stack/data/venv/lib/python3.12/site-packages/oslo_concurrency/processutils.py:440}}
Jul 18 05:43:10 devstack sudo[93690]: quobyte : PWD=/ ; USER=root ; COMMAND=/opt/stack/data/venv/bin/cinder-rootwrap /etc/cinder/rootwrap.conf chmod ugo+rw /opt/stack/data/cinder/mnt/1d3b582a55c58ae5eff86e377e1362dc/volume-9d8c2d07-decf-4d8d-b7be-1916783e4b74
Jul 18 05:43:10 devstack sudo[93690]: pam_unix(sudo:session): session opened for user root(uid=0) by (uid=1000)
Jul 18 05:43:10 devstack sudo[93690]: pam_unix(sudo:session): session closed for user root
Jul 18 05:43:10 devstack cinder-volume[87497]: DEBUG oslo_concurrency.processutils [None req-2ff16354-514c-447c-b1ef-d7d8c3bd29d6 tempest-VolumesSnapshotNegativeTestJSON-1508225016 None] CMD "sudo cinder-rootwrap /etc/cinder/rootwrap.conf chmod ugo+rw /opt/stack/data/cinder/mnt/1d3b582a55c58ae5eff86e377e1362dc/volume-9d8c2d07-decf-4d8d-b7be-1916783e4b74" returned: 0 in 0.286s {{(pid=87497) execute /opt/stack/data/venv/lib/python3.12/site-packages/oslo_concurrency/processutils.py:468}}
Jul 18 05:43:10 devstack cinder-volume[87497]: DEBUG cinder.volume.drivers.quobyte [None req-2ff16354-514c-447c-b1ef-d7d8c3bd29d6 tempest-VolumesSnapshotNegativeTestJSON-1508225016 None] <== create_volume: return (935ms) {'provider_location': 'osci02.corp.quobyte.com/cinder-vol-7cb4dfc5-0646-4637-add7-cf154cef9c13'} {{(pid=87497) trace_logging_wrapper /opt/stack/cinder/cinder/volume/volume_utils.py:1522}}
Jul 18 05:43:10 devstack cinder-volume[87497]: DEBUG oslo_concurrency.lockutils [None req-2ff16354-514c-447c-b1ef-d7d8c3bd29d6 tempest-VolumesSnapshotNegativeTestJSON-1508225016 None] Lock "quobyte" "released" by "cinder.volume.drivers.quobyte.QuobyteDriver.create_volume" :: held 0.940s {{(pid=87497) inner /opt/stack/data/venv/lib/python3.12/site-packages/oslo_concurrency/lockutils.py:544}}
Jul 18 05:43:10 devstack cinder-volume[87497]: DEBUG cinder.volume.manager [None req-2ff16354-514c-447c-b1ef-d7d8c3bd29d6 tempest-VolumesSnapshotNegativeTestJSON-1508225016 None] Task 'cinder.volume.flows.manager.create_volume.CreateVolumeFromSpecTask;volume:create' (9340267b-15f3-4738-abbd-df6614291ba0) transitioned into state 'SUCCESS' from state 'RUNNING' with result '{'status': 'creating', 'volume_name': 'volume-9d8c2d07-decf-4d8d-b7be-1916783e4b74', 'volume_size': 2}' {{(pid=87497) _task_receiver /opt/stack/data/venv/lib/python3.12/site-packages/taskflow/listeners/logging.py:218}}
Jul 18 05:43:10 devstack cinder-volume[87497]: DEBUG cinder.volume.manager [None req-2ff16354-514c-447c-b1ef-d7d8c3bd29d6 tempest-VolumesSnapshotNegativeTestJSON-1508225016 None] Task 'cinder.volume.flows.manager.create_volume.CreateVolumeOnFinishTask;volume:create, create.end' (257be7c5-f82c-49c4-8407-538f3b4b46d7) transitioned into state 'RUNNING' from state 'PENDING' {{(pid=87497) _task_receiver /opt/stack/data/venv/lib/python3.12/site-packages/taskflow/listeners/logging.py:242}}
Jul 18 05:43:10 devstack cinder-volume[87497]: INFO cinder.volume.flows.manager.create_volume [None req-2ff16354-514c-447c-b1ef-d7d8c3bd29d6 tempest-VolumesSnapshotNegativeTestJSON-1508225016 None] Volume volume-9d8c2d07-decf-4d8d-b7be-1916783e4b74 (9d8c2d07-decf-4d8d-b7be-1916783e4b74): created successfully
Jul 18 05:43:10 devstack cinder-volume[87497]: DEBUG cinder.volume.manager [None req-2ff16354-514c-447c-b1ef-d7d8c3bd29d6 tempest-VolumesSnapshotNegativeTestJSON-1508225016 None] Task 'cinder.volume.flows.manager.create_volume.CreateVolumeOnFinishTask;volume:create, create.end' (257be7c5-f82c-49c4-8407-538f3b4b46d7) transitioned into state 'SUCCESS' from state 'RUNNING' with result 'None' {{(pid=87497) _task_receiver /opt/stack/data/venv/lib/python3.12/site-packages/taskflow/listeners/logging.py:218}}
Jul 18 05:43:10 devstack cinder-volume[87497]: DEBUG cinder.volume.manager [None req-2ff16354-514c-447c-b1ef-d7d8c3bd29d6 tempest-VolumesSnapshotNegativeTestJSON-1508225016 None] Flow 'volume_create_manager' (568c9ac3-0804-40a5-9706-942567a1eeeb) transitioned into state 'SUCCESS' from state 'RUNNING' {{(pid=87497) _flow_receiver /opt/stack/data/venv/lib/python3.12/site-packages/taskflow/listeners/logging.py:160}}
Jul 18 05:43:10 devstack cinder-volume[87497]: INFO cinder.volume.manager [None req-2ff16354-514c-447c-b1ef-d7d8c3bd29d6 tempest-VolumesSnapshotNegativeTestJSON-1508225016 None] Created volume successfully.
Jul 18 05:43:10 devstack cinder-volume[87497]: DEBUG cinder.coordination [None req-8a41e693-e29f-449e-b15e-d541a8a6f586 tempest-AttachVolumeShelveTestJSON-130051479 None] Acquiring lock "cinder-19e899bf-a9df-400a-b46f-4321d11b2ba3-delete_volume" by "delete_volume" {{(pid=87497) __acquire /opt/stack/cinder/cinder/coordination.py:138}}
Jul 18 05:43:10 devstack cinder-volume[87497]: DEBUG cinder.coordination [None req-8a41e693-e29f-449e-b15e-d541a8a6f586 tempest-AttachVolumeShelveTestJSON-130051479 None] Lock "cinder-19e899bf-a9df-400a-b46f-4321d11b2ba3-delete_volume" acquired by "delete_volume" :: waited 0.032s {{(pid=87497) __acquire /opt/stack/cinder/cinder/coordination.py:141}}
Jul 18 05:43:10 devstack cinder-volume[87497]: DEBUG cinder.coordination [None req-8a41e693-e29f-449e-b15e-d541a8a6f586 tempest-AttachVolumeShelveTestJSON-130051479 None] Acquiring lock "cinder-quobyte-19e899bf-a9df-400a-b46f-4321d11b2ba3" by "delete_volume" {{(pid=87497) __acquire /opt/stack/cinder/cinder/coordination.py:138}}
Jul 18 05:43:10 devstack cinder-volume[87497]: DEBUG cinder.coordination [None req-8a41e693-e29f-449e-b15e-d541a8a6f586 tempest-AttachVolumeShelveTestJSON-130051479 None] Lock "cinder-quobyte-19e899bf-a9df-400a-b46f-4321d11b2ba3" acquired by "delete_volume" :: waited 0.022s {{(pid=87497) __acquire /opt/stack/cinder/cinder/coordination.py:141}}
Jul 18 05:43:10 devstack cinder-volume[87497]: DEBUG oslo.privsep.daemon [-] privsep: reply[89bde733-4bcb-4eb7-a770-bb19e4159ff1]: (4, 'qcow2') {{(pid=88960) _call_back /opt/stack/data/venv/lib/python3.12/site-packages/oslo_privsep/daemon.py:580}}
Jul 18 05:43:10 devstack cinder-volume[87497]: DEBUG oslo_concurrency.processutils [None req-8a41e693-e29f-449e-b15e-d541a8a6f586 tempest-AttachVolumeShelveTestJSON-130051479 None] Running cmd (subprocess): /opt/stack/data/venv/bin/python3.12 -m oslo_concurrency.prlimit --as=1073741824 --cpu=60 -- sudo cinder-rootwrap /etc/cinder/rootwrap.conf env LC_ALL=C qemu-img info -f qcow2 --output=json --force-share /opt/stack/data/cinder/mnt/1d3b582a55c58ae5eff86e377e1362dc/volume-19e899bf-a9df-400a-b46f-4321d11b2ba3 {{(pid=87497) execute /opt/stack/data/venv/lib/python3.12/site-packages/oslo_concurrency/processutils.py:440}}
Jul 18 05:43:10 devstack sudo[93693]: quobyte : PWD=/ ; USER=root ; COMMAND=/opt/stack/data/venv/bin/cinder-rootwrap /etc/cinder/rootwrap.conf env LC_ALL=C qemu-img info -f qcow2 --output=json --force-share /opt/stack/data/cinder/mnt/1d3b582a55c58ae5eff86e377e1362dc/volume-19e899bf-a9df-400a-b46f-4321d11b2ba3
Jul 18 05:43:10 devstack sudo[93693]: pam_unix(sudo:session): session opened for user root(uid=0) by (uid=1000)
Jul 18 05:43:11 devstack sudo[93693]: pam_unix(sudo:session): session closed for user root
Jul 18 05:43:11 devstack cinder-volume[87497]: DEBUG oslo_concurrency.processutils [None req-8a41e693-e29f-449e-b15e-d541a8a6f586 tempest-AttachVolumeShelveTestJSON-130051479 None] CMD "/opt/stack/data/venv/bin/python3.12 -m oslo_concurrency.prlimit --as=1073741824 --cpu=60 -- sudo cinder-rootwrap /etc/cinder/rootwrap.conf env LC_ALL=C qemu-img info -f qcow2 --output=json --force-share /opt/stack/data/cinder/mnt/1d3b582a55c58ae5eff86e377e1362dc/volume-19e899bf-a9df-400a-b46f-4321d11b2ba3" returned: 0 in 0.377s {{(pid=87497) execute /opt/stack/data/venv/lib/python3.12/site-packages/oslo_concurrency/processutils.py:468}}
Jul 18 05:43:11 devstack cinder-volume[87497]: DEBUG oslo_concurrency.processutils [None req-8a41e693-e29f-449e-b15e-d541a8a6f586 tempest-AttachVolumeShelveTestJSON-130051479 None] Running cmd (subprocess): sudo cinder-rootwrap /etc/cinder/rootwrap.conf rm -f /opt/stack/data/cinder/mnt/1d3b582a55c58ae5eff86e377e1362dc/volume-19e899bf-a9df-400a-b46f-4321d11b2ba3 {{(pid=87497) execute /opt/stack/data/venv/lib/python3.12/site-packages/oslo_concurrency/processutils.py:440}}
Jul 18 05:43:11 devstack sudo[93698]: quobyte : PWD=/ ; USER=root ; COMMAND=/opt/stack/data/venv/bin/cinder-rootwrap /etc/cinder/rootwrap.conf rm -f /opt/stack/data/cinder/mnt/1d3b582a55c58ae5eff86e377e1362dc/volume-19e899bf-a9df-400a-b46f-4321d11b2ba3
Jul 18 05:43:11 devstack sudo[93698]: pam_unix(sudo:session): session opened for user root(uid=0) by (uid=1000)
Jul 18 05:43:11 devstack cinder-volume[87497]: DEBUG oslo_concurrency.lockutils [None req-872a39c1-0985-4e61-bc37-e6ad9d791483 tempest-VolumesSnapshotNegativeTestJSON-1508225016 None] Acquiring lock "quobyte" by "cinder.volume.drivers.quobyte.QuobyteDriver.create_snapshot" {{(pid=87497) inner /opt/stack/data/venv/lib/python3.12/site-packages/oslo_concurrency/lockutils.py:512}}
Jul 18 05:43:11 devstack cinder-volume[87497]: DEBUG oslo_concurrency.lockutils [None req-872a39c1-0985-4e61-bc37-e6ad9d791483 tempest-VolumesSnapshotNegativeTestJSON-1508225016 None] Lock "quobyte" acquired by "cinder.volume.drivers.quobyte.QuobyteDriver.create_snapshot" :: waited 0.001s {{(pid=87497) inner /opt/stack/data/venv/lib/python3.12/site-packages/oslo_concurrency/lockutils.py:525}}
Jul 18 05:43:11 devstack sudo[93698]: pam_unix(sudo:session): session closed for user root
Jul 18 05:43:11 devstack cinder-volume[87497]: DEBUG cinder.volume.drivers.remotefs [None req-872a39c1-0985-4e61-bc37-e6ad9d791483 tempest-VolumesSnapshotNegativeTestJSON-1508225016 None] Creating offline snapshot 7ac42bec-f5cd-460d-a218-3001a68dbf8b of volume 9d8c2d07-decf-4d8d-b7be-1916783e4b74 {{(pid=87497) _create_snapshot /opt/stack/cinder/cinder/volume/drivers/remotefs.py:1816}}
Jul 18 05:43:11 devstack cinder-volume[87497]: DEBUG oslo_concurrency.processutils [None req-8a41e693-e29f-449e-b15e-d541a8a6f586 tempest-AttachVolumeShelveTestJSON-130051479 None] CMD "sudo cinder-rootwrap /etc/cinder/rootwrap.conf rm -f /opt/stack/data/cinder/mnt/1d3b582a55c58ae5eff86e377e1362dc/volume-19e899bf-a9df-400a-b46f-4321d11b2ba3" returned: 0 in 0.313s {{(pid=87497) execute /opt/stack/data/venv/lib/python3.12/site-packages/oslo_concurrency/processutils.py:468}}
Jul 18 05:43:11 devstack cinder-volume[87497]: DEBUG cinder.coordination [None req-8a41e693-e29f-449e-b15e-d541a8a6f586 tempest-AttachVolumeShelveTestJSON-130051479 None] Lock "cinder-quobyte-19e899bf-a9df-400a-b46f-4321d11b2ba3" released by "delete_volume" :: held 0.733s {{(pid=87497) __release /opt/stack/cinder/cinder/coordination.py:152}}
Jul 18 05:43:11 devstack cinder-volume[87497]: DEBUG oslo.privsep.daemon [-] privsep: reply[9872a04c-ff4f-41a8-adf9-159501a52ca3]: (4, 'qcow2') {{(pid=88960) _call_back /opt/stack/data/venv/lib/python3.12/site-packages/oslo_privsep/daemon.py:580}}
Jul 18 05:43:11 devstack cinder-volume[87497]: DEBUG oslo_concurrency.processutils [None req-872a39c1-0985-4e61-bc37-e6ad9d791483 tempest-VolumesSnapshotNegativeTestJSON-1508225016 None] Running cmd (subprocess): /opt/stack/data/venv/bin/python3.12 -m oslo_concurrency.prlimit --as=1073741824 --cpu=60 -- sudo cinder-rootwrap /etc/cinder/rootwrap.conf env LC_ALL=C qemu-img info -f qcow2 --output=json --force-share /opt/stack/data/cinder/mnt/1d3b582a55c58ae5eff86e377e1362dc/volume-9d8c2d07-decf-4d8d-b7be-1916783e4b74 {{(pid=87497) execute /opt/stack/data/venv/lib/python3.12/site-packages/oslo_concurrency/processutils.py:440}}
Jul 18 05:43:11 devstack cinder-volume[87497]: DEBUG cinder.quota [None req-8a41e693-e29f-449e-b15e-d541a8a6f586 tempest-AttachVolumeShelveTestJSON-130051479 None] Created reservations ['3e9ca7e2-16f7-4e20-bb05-6b276853c896', '18044ab0-b662-455b-af38-f9f342cc1630', '54755ebc-060e-46ae-913a-d3b81557a0f8', 'f4ec3830-fa95-4b00-971c-e17aa1e0ce64'] {{(pid=87497) reserve /opt/stack/cinder/cinder/quota.py:752}}
Jul 18 05:43:11 devstack sudo[93701]: quobyte : PWD=/ ; USER=root ; COMMAND=/opt/stack/data/venv/bin/cinder-rootwrap /etc/cinder/rootwrap.conf env LC_ALL=C qemu-img info -f qcow2 --output=json --force-share /opt/stack/data/cinder/mnt/1d3b582a55c58ae5eff86e377e1362dc/volume-9d8c2d07-decf-4d8d-b7be-1916783e4b74
Jul 18 05:43:11 devstack sudo[93701]: pam_unix(sudo:session): session opened for user root(uid=0) by (uid=1000)
Jul 18 05:43:11 devstack cinder-volume[87497]: DEBUG oslo_concurrency.lockutils [None req-8a41e693-e29f-449e-b15e-d541a8a6f586 tempest-AttachVolumeShelveTestJSON-130051479 None] Acquiring lock "quobyte_ensure" by "cinder.volume.drivers.quobyte.QuobyteDriver._ensure_shares_mounted" {{(pid=87497) inner /opt/stack/data/venv/lib/python3.12/site-packages/oslo_concurrency/lockutils.py:512}}
Jul 18 05:43:11 devstack cinder-volume[87497]: DEBUG oslo_concurrency.lockutils [None req-8a41e693-e29f-449e-b15e-d541a8a6f586 tempest-AttachVolumeShelveTestJSON-130051479 None] Lock "quobyte_ensure" acquired by "cinder.volume.drivers.quobyte.QuobyteDriver._ensure_shares_mounted" :: waited 0.001s {{(pid=87497) inner /opt/stack/data/venv/lib/python3.12/site-packages/oslo_concurrency/lockutils.py:525}}
Jul 18 05:43:11 devstack cinder-volume[87497]: DEBUG cinder.volume.drivers.quobyte [None req-8a41e693-e29f-449e-b15e-d541a8a6f586 tempest-AttachVolumeShelveTestJSON-130051479 None] Quobyte Volume URL set to: {'osci02.corp.quobyte.com/cinder-vol-7cb4dfc5-0646-4637-add7-cf154cef9c13': None} {{(pid=87497) _load_shares_config /opt/stack/cinder/cinder/volume/drivers/quobyte.py:651}}
Jul 18 05:43:11 devstack cinder-volume[87497]: DEBUG cinder.volume.drivers.quobyte [None req-8a41e693-e29f-449e-b15e-d541a8a6f586 tempest-AttachVolumeShelveTestJSON-130051479 None] Available shares ['osci02.corp.quobyte.com/cinder-vol-7cb4dfc5-0646-4637-add7-cf154cef9c13'] {{(pid=87497) _ensure_shares_mounted /opt/stack/cinder/cinder/volume/drivers/quobyte.py:681}}
Jul 18 05:43:11 devstack cinder-volume[87497]: DEBUG oslo_concurrency.lockutils [None req-8a41e693-e29f-449e-b15e-d541a8a6f586 tempest-AttachVolumeShelveTestJSON-130051479 None] Lock "quobyte_ensure" "released" by "cinder.volume.drivers.quobyte.QuobyteDriver._ensure_shares_mounted" :: held 0.008s {{(pid=87497) inner /opt/stack/data/venv/lib/python3.12/site-packages/oslo_concurrency/lockutils.py:544}}
Jul 18 05:43:11 devstack cinder-volume[87497]: DEBUG oslo_concurrency.processutils [None req-8a41e693-e29f-449e-b15e-d541a8a6f586 tempest-AttachVolumeShelveTestJSON-130051479 None] Running cmd (subprocess): sudo cinder-rootwrap /etc/cinder/rootwrap.conf df --portability --block-size 1 /opt/stack/data/cinder/mnt/1d3b582a55c58ae5eff86e377e1362dc {{(pid=87497) execute /opt/stack/data/venv/lib/python3.12/site-packages/oslo_concurrency/processutils.py:440}}
Jul 18 05:43:11 devstack sudo[93703]: quobyte : PWD=/ ; USER=root ; COMMAND=/opt/stack/data/venv/bin/cinder-rootwrap /etc/cinder/rootwrap.conf df --portability --block-size 1 /opt/stack/data/cinder/mnt/1d3b582a55c58ae5eff86e377e1362dc
Jul 18 05:43:11 devstack sudo[93703]: pam_unix(sudo:session): session opened for user root(uid=0) by (uid=1000)
Jul 18 05:43:11 devstack sudo[93701]: pam_unix(sudo:session): session closed for user root
Jul 18 05:43:11 devstack cinder-volume[87497]: DEBUG oslo_concurrency.processutils [None req-872a39c1-0985-4e61-bc37-e6ad9d791483 tempest-VolumesSnapshotNegativeTestJSON-1508225016 None] CMD "/opt/stack/data/venv/bin/python3.12 -m oslo_concurrency.prlimit --as=1073741824 --cpu=60 -- sudo cinder-rootwrap /etc/cinder/rootwrap.conf env LC_ALL=C qemu-img info -f qcow2 --output=json --force-share /opt/stack/data/cinder/mnt/1d3b582a55c58ae5eff86e377e1362dc/volume-9d8c2d07-decf-4d8d-b7be-1916783e4b74" returned: 0 in 0.441s {{(pid=87497) execute /opt/stack/data/venv/lib/python3.12/site-packages/oslo_concurrency/processutils.py:468}}
Jul 18 05:43:11 devstack cinder-volume[87497]: DEBUG oslo_concurrency.processutils [None req-872a39c1-0985-4e61-bc37-e6ad9d791483 tempest-VolumesSnapshotNegativeTestJSON-1508225016 None] Running cmd (subprocess): sudo cinder-rootwrap /etc/cinder/rootwrap.conf qemu-img create -f qcow2 -o backing_file=/opt/stack/data/cinder/mnt/1d3b582a55c58ae5eff86e377e1362dc/volume-9d8c2d07-decf-4d8d-b7be-1916783e4b74,backing_fmt=qcow2 /opt/stack/data/cinder/mnt/1d3b582a55c58ae5eff86e377e1362dc/volume-9d8c2d07-decf-4d8d-b7be-1916783e4b74.7ac42bec-f5cd-460d-a218-3001a68dbf8b 2G {{(pid=87497) execute /opt/stack/data/venv/lib/python3.12/site-packages/oslo_concurrency/processutils.py:440}}
Jul 18 05:43:11 devstack sudo[93709]: quobyte : PWD=/ ; USER=root ; COMMAND=/opt/stack/data/venv/bin/cinder-rootwrap /etc/cinder/rootwrap.conf qemu-img create -f qcow2 -o backing_file=/opt/stack/data/cinder/mnt/1d3b582a55c58ae5eff86e377e1362dc/volume-9d8c2d07-decf-4d8d-b7be-1916783e4b74,backing_fmt=qcow2 /opt/stack/data/cinder/mnt/1d3b582a55c58ae5eff86e377e1362dc/volume-9d8c2d07-decf-4d8d-b7be-1916783e4b74.7ac42bec-f5cd-460d-a218-3001a68dbf8b 2G
Jul 18 05:43:11 devstack sudo[93703]: pam_unix(sudo:session): session closed for user root
Jul 18 05:43:11 devstack sudo[93709]: pam_unix(sudo:session): session opened for user root(uid=0) by (uid=1000)
Jul 18 05:43:11 devstack cinder-volume[87497]: DEBUG oslo_concurrency.processutils [None req-8a41e693-e29f-449e-b15e-d541a8a6f586 tempest-AttachVolumeShelveTestJSON-130051479 None] CMD "sudo cinder-rootwrap /etc/cinder/rootwrap.conf df --portability --block-size 1 /opt/stack/data/cinder/mnt/1d3b582a55c58ae5eff86e377e1362dc" returned: 0 in 0.337s {{(pid=87497) execute /opt/stack/data/venv/lib/python3.12/site-packages/oslo_concurrency/processutils.py:468}}
Jul 18 05:43:11 devstack cinder-volume[87497]: DEBUG cinder.manager [None req-8a41e693-e29f-449e-b15e-d541a8a6f586 tempest-AttachVolumeShelveTestJSON-130051479 None] Notifying Schedulers of capabilities ... {{(pid=87497) _publish_service_capabilities /opt/stack/cinder/cinder/manager.py:219}}
Jul 18 05:43:12 devstack cinder-volume[87497]: INFO cinder.volume.manager [None req-8a41e693-e29f-449e-b15e-d541a8a6f586 tempest-AttachVolumeShelveTestJSON-130051479 None] Deleted volume successfully.
Jul 18 05:43:12 devstack cinder-volume[87497]: DEBUG cinder.coordination [None req-8a41e693-e29f-449e-b15e-d541a8a6f586 tempest-AttachVolumeShelveTestJSON-130051479 None] Lock "cinder-19e899bf-a9df-400a-b46f-4321d11b2ba3-delete_volume" released by "delete_volume" :: held 1.338s {{(pid=87497) __release /opt/stack/cinder/cinder/coordination.py:152}}
Jul 18 05:43:12 devstack sudo[93709]: pam_unix(sudo:session): session closed for user root
Jul 18 05:43:12 devstack cinder-volume[87497]: DEBUG oslo_concurrency.processutils [None req-872a39c1-0985-4e61-bc37-e6ad9d791483 tempest-VolumesSnapshotNegativeTestJSON-1508225016 None] CMD "sudo cinder-rootwrap /etc/cinder/rootwrap.conf qemu-img create -f qcow2 -o backing_file=/opt/stack/data/cinder/mnt/1d3b582a55c58ae5eff86e377e1362dc/volume-9d8c2d07-decf-4d8d-b7be-1916783e4b74,backing_fmt=qcow2 /opt/stack/data/cinder/mnt/1d3b582a55c58ae5eff86e377e1362dc/volume-9d8c2d07-decf-4d8d-b7be-1916783e4b74.7ac42bec-f5cd-460d-a218-3001a68dbf8b 2G" returned: 0 in 0.469s {{(pid=87497) execute /opt/stack/data/venv/lib/python3.12/site-packages/oslo_concurrency/processutils.py:468}}
Jul 18 05:43:12 devstack cinder-volume[87497]: DEBUG oslo_concurrency.processutils [None req-872a39c1-0985-4e61-bc37-e6ad9d791483 tempest-VolumesSnapshotNegativeTestJSON-1508225016 None] Running cmd (subprocess): sudo cinder-rootwrap /etc/cinder/rootwrap.conf qemu-img rebase -u -b volume-9d8c2d07-decf-4d8d-b7be-1916783e4b74 -F qcow2 /opt/stack/data/cinder/mnt/1d3b582a55c58ae5eff86e377e1362dc/volume-9d8c2d07-decf-4d8d-b7be-1916783e4b74.7ac42bec-f5cd-460d-a218-3001a68dbf8b {{(pid=87497) execute /opt/stack/data/venv/lib/python3.12/site-packages/oslo_concurrency/processutils.py:440}}
Jul 18 05:43:12 devstack sudo[93715]: quobyte : PWD=/ ; USER=root ; COMMAND=/opt/stack/data/venv/bin/cinder-rootwrap /etc/cinder/rootwrap.conf qemu-img rebase -u -b volume-9d8c2d07-decf-4d8d-b7be-1916783e4b74 -F qcow2 /opt/stack/data/cinder/mnt/1d3b582a55c58ae5eff86e377e1362dc/volume-9d8c2d07-decf-4d8d-b7be-1916783e4b74.7ac42bec-f5cd-460d-a218-3001a68dbf8b
Jul 18 05:43:12 devstack sudo[93715]: pam_unix(sudo:session): session opened for user root(uid=0) by (uid=1000)
Jul 18 05:43:12 devstack sudo[93715]: pam_unix(sudo:session): session closed for user root
Jul 18 05:43:12 devstack cinder-volume[87497]: DEBUG oslo_concurrency.processutils [None req-872a39c1-0985-4e61-bc37-e6ad9d791483 tempest-VolumesSnapshotNegativeTestJSON-1508225016 None] CMD "sudo cinder-rootwrap /etc/cinder/rootwrap.conf qemu-img rebase -u -b volume-9d8c2d07-decf-4d8d-b7be-1916783e4b74 -F qcow2 /opt/stack/data/cinder/mnt/1d3b582a55c58ae5eff86e377e1362dc/volume-9d8c2d07-decf-4d8d-b7be-1916783e4b74.7ac42bec-f5cd-460d-a218-3001a68dbf8b" returned: 0 in 0.322s {{(pid=87497) execute /opt/stack/data/venv/lib/python3.12/site-packages/oslo_concurrency/processutils.py:468}}
Jul 18 05:43:12 devstack cinder-volume[87497]: WARNING cinder.volume.drivers.remotefs [None req-872a39c1-0985-4e61-bc37-e6ad9d791483 tempest-VolumesSnapshotNegativeTestJSON-1508225016 None] /opt/stack/data/cinder/mnt/1d3b582a55c58ae5eff86e377e1362dc/volume-9d8c2d07-decf-4d8d-b7be-1916783e4b74.7ac42bec-f5cd-460d-a218-3001a68dbf8b is being set with open permissions: ugo+rw
Jul 18 05:43:12 devstack cinder-volume[87497]: DEBUG oslo_concurrency.processutils [None req-872a39c1-0985-4e61-bc37-e6ad9d791483 tempest-VolumesSnapshotNegativeTestJSON-1508225016 None] Running cmd (subprocess): sudo cinder-rootwrap /etc/cinder/rootwrap.conf chmod ugo+rw /opt/stack/data/cinder/mnt/1d3b582a55c58ae5eff86e377e1362dc/volume-9d8c2d07-decf-4d8d-b7be-1916783e4b74.7ac42bec-f5cd-460d-a218-3001a68dbf8b {{(pid=87497) execute /opt/stack/data/venv/lib/python3.12/site-packages/oslo_concurrency/processutils.py:440}}
Jul 18 05:43:12 devstack sudo[93722]: quobyte : PWD=/ ; USER=root ; COMMAND=/opt/stack/data/venv/bin/cinder-rootwrap /etc/cinder/rootwrap.conf chmod ugo+rw /opt/stack/data/cinder/mnt/1d3b582a55c58ae5eff86e377e1362dc/volume-9d8c2d07-decf-4d8d-b7be-1916783e4b74.7ac42bec-f5cd-460d-a218-3001a68dbf8b
Jul 18 05:43:12 devstack sudo[93722]: pam_unix(sudo:session): session opened for user root(uid=0) by (uid=1000)
Jul 18 05:43:13 devstack sudo[93722]: pam_unix(sudo:session): session closed for user root
Jul 18 05:43:13 devstack cinder-volume[87497]: DEBUG oslo_concurrency.processutils [None req-872a39c1-0985-4e61-bc37-e6ad9d791483 tempest-VolumesSnapshotNegativeTestJSON-1508225016 None] CMD "sudo cinder-rootwrap /etc/cinder/rootwrap.conf chmod ugo+rw /opt/stack/data/cinder/mnt/1d3b582a55c58ae5eff86e377e1362dc/volume-9d8c2d07-decf-4d8d-b7be-1916783e4b74.7ac42bec-f5cd-460d-a218-3001a68dbf8b" returned: 0 in 0.351s {{(pid=87497) execute /opt/stack/data/venv/lib/python3.12/site-packages/oslo_concurrency/processutils.py:468}}
Jul 18 05:43:13 devstack cinder-volume[87497]: DEBUG oslo_concurrency.processutils [None req-872a39c1-0985-4e61-bc37-e6ad9d791483 tempest-VolumesSnapshotNegativeTestJSON-1508225016 None] Running cmd (subprocess): sudo cinder-rootwrap /etc/cinder/rootwrap.conf truncate -s0 /opt/stack/data/cinder/mnt/1d3b582a55c58ae5eff86e377e1362dc/volume-9d8c2d07-decf-4d8d-b7be-1916783e4b74.info {{(pid=87497) execute /opt/stack/data/venv/lib/python3.12/site-packages/oslo_concurrency/processutils.py:440}}
Jul 18 05:43:13 devstack sudo[93725]: quobyte : PWD=/ ; USER=root ; COMMAND=/opt/stack/data/venv/bin/cinder-rootwrap /etc/cinder/rootwrap.conf truncate -s0 /opt/stack/data/cinder/mnt/1d3b582a55c58ae5eff86e377e1362dc/volume-9d8c2d07-decf-4d8d-b7be-1916783e4b74.info
Jul 18 05:43:13 devstack sudo[93725]: pam_unix(sudo:session): session opened for user root(uid=0) by (uid=1000)
Jul 18 05:43:13 devstack sudo[93725]: pam_unix(sudo:session): session closed for user root
Jul 18 05:43:13 devstack cinder-volume[87497]: DEBUG oslo_concurrency.processutils [None req-872a39c1-0985-4e61-bc37-e6ad9d791483 tempest-VolumesSnapshotNegativeTestJSON-1508225016 None] CMD "sudo cinder-rootwrap /etc/cinder/rootwrap.conf truncate -s0 /opt/stack/data/cinder/mnt/1d3b582a55c58ae5eff86e377e1362dc/volume-9d8c2d07-decf-4d8d-b7be-1916783e4b74.info" returned: 0 in 0.314s {{(pid=87497) execute /opt/stack/data/venv/lib/python3.12/site-packages/oslo_concurrency/processutils.py:468}}
Jul 18 05:43:13 devstack cinder-volume[87497]: WARNING cinder.volume.drivers.remotefs [None req-872a39c1-0985-4e61-bc37-e6ad9d791483 tempest-VolumesSnapshotNegativeTestJSON-1508225016 None] /opt/stack/data/cinder/mnt/1d3b582a55c58ae5eff86e377e1362dc/volume-9d8c2d07-decf-4d8d-b7be-1916783e4b74.info is being set with open permissions: ugo+rw
Jul 18 05:43:13 devstack cinder-volume[87497]: DEBUG oslo_concurrency.processutils [None req-872a39c1-0985-4e61-bc37-e6ad9d791483 tempest-VolumesSnapshotNegativeTestJSON-1508225016 None] Running cmd (subprocess): sudo cinder-rootwrap /etc/cinder/rootwrap.conf chmod ugo+rw /opt/stack/data/cinder/mnt/1d3b582a55c58ae5eff86e377e1362dc/volume-9d8c2d07-decf-4d8d-b7be-1916783e4b74.info {{(pid=87497) execute /opt/stack/data/venv/lib/python3.12/site-packages/oslo_concurrency/processutils.py:440}}
Jul 18 05:43:13 devstack sudo[93733]: quobyte : PWD=/ ; USER=root ; COMMAND=/opt/stack/data/venv/bin/cinder-rootwrap /etc/cinder/rootwrap.conf chmod ugo+rw /opt/stack/data/cinder/mnt/1d3b582a55c58ae5eff86e377e1362dc/volume-9d8c2d07-decf-4d8d-b7be-1916783e4b74.info
Jul 18 05:43:13 devstack sudo[93733]: pam_unix(sudo:session): session opened for user root(uid=0) by (uid=1000)
Jul 18 05:43:13 devstack sudo[93733]: pam_unix(sudo:session): session closed for user root
Jul 18 05:43:13 devstack cinder-volume[87497]: DEBUG oslo_concurrency.processutils [None req-872a39c1-0985-4e61-bc37-e6ad9d791483 tempest-VolumesSnapshotNegativeTestJSON-1508225016 None] CMD "sudo cinder-rootwrap /etc/cinder/rootwrap.conf chmod ugo+rw /opt/stack/data/cinder/mnt/1d3b582a55c58ae5eff86e377e1362dc/volume-9d8c2d07-decf-4d8d-b7be-1916783e4b74.info" returned: 0 in 0.442s {{(pid=87497) execute /opt/stack/data/venv/lib/python3.12/site-packages/oslo_concurrency/processutils.py:468}}
Jul 18 05:43:13 devstack cinder-volume[87497]: DEBUG oslo_concurrency.lockutils [None req-872a39c1-0985-4e61-bc37-e6ad9d791483 tempest-VolumesSnapshotNegativeTestJSON-1508225016 None] Lock "quobyte" "released" by "cinder.volume.drivers.quobyte.QuobyteDriver.create_snapshot" :: held 2.504s {{(pid=87497) inner /opt/stack/data/venv/lib/python3.12/site-packages/oslo_concurrency/lockutils.py:544}}
Jul 18 05:43:14 devstack cinder-volume[87497]: INFO cinder.volume.manager [None req-872a39c1-0985-4e61-bc37-e6ad9d791483 tempest-VolumesSnapshotNegativeTestJSON-1508225016 None] Create snapshot completed successfully
Jul 18 05:43:14 devstack cinder-volume[87497]: DEBUG cinder.coordination [None req-606e392c-6b1a-43b1-a664-5ac7ff1ff0db tempest-VolumesSnapshotNegativeTestJSON-1508225016 None] Acquiring lock "cinder-7ac42bec-f5cd-460d-a218-3001a68dbf8b-delete_snapshot" by "delete_snapshot" {{(pid=87497) __acquire /opt/stack/cinder/cinder/coordination.py:138}}
Jul 18 05:43:14 devstack cinder-volume[87497]: DEBUG cinder.coordination [None req-606e392c-6b1a-43b1-a664-5ac7ff1ff0db tempest-VolumesSnapshotNegativeTestJSON-1508225016 None] Lock "cinder-7ac42bec-f5cd-460d-a218-3001a68dbf8b-delete_snapshot" acquired by "delete_snapshot" :: waited 0.027s {{(pid=87497) __acquire /opt/stack/cinder/cinder/coordination.py:141}}
Jul 18 05:43:14 devstack cinder-volume[87497]: DEBUG cinder.coordination [None req-606e392c-6b1a-43b1-a664-5ac7ff1ff0db tempest-VolumesSnapshotNegativeTestJSON-1508225016 None] Acquiring lock "cinder-quobyte-9d8c2d07-decf-4d8d-b7be-1916783e4b74" by "delete_snapshot" {{(pid=87497) __acquire /opt/stack/cinder/cinder/coordination.py:138}}
Jul 18 05:43:14 devstack cinder-volume[87497]: DEBUG cinder.coordination [None req-606e392c-6b1a-43b1-a664-5ac7ff1ff0db tempest-VolumesSnapshotNegativeTestJSON-1508225016 None] Lock "cinder-quobyte-9d8c2d07-decf-4d8d-b7be-1916783e4b74" acquired by "delete_snapshot" :: waited 0.020s {{(pid=87497) __acquire /opt/stack/cinder/cinder/coordination.py:141}}
Jul 18 05:43:14 devstack cinder-volume[87497]: DEBUG cinder.coordination [None req-606e392c-6b1a-43b1-a664-5ac7ff1ff0db tempest-VolumesSnapshotNegativeTestJSON-1508225016 None] Acquiring lock "cinder-quobyte-7ac42bec-f5cd-460d-a218-3001a68dbf8b" by "_delete_snapshot" {{(pid=87497) __acquire /opt/stack/cinder/cinder/coordination.py:138}}
Jul 18 05:43:14 devstack cinder-volume[87497]: DEBUG cinder.coordination [None req-606e392c-6b1a-43b1-a664-5ac7ff1ff0db tempest-VolumesSnapshotNegativeTestJSON-1508225016 None] Lock "cinder-quobyte-7ac42bec-f5cd-460d-a218-3001a68dbf8b" acquired by "_delete_snapshot" :: waited 0.017s {{(pid=87497) __acquire /opt/stack/cinder/cinder/coordination.py:141}}
Jul 18 05:43:14 devstack cinder-volume[87497]: DEBUG cinder.volume.drivers.remotefs [None req-606e392c-6b1a-43b1-a664-5ac7ff1ff0db tempest-VolumesSnapshotNegativeTestJSON-1508225016 None] Deleting offline snapshot 7ac42bec-f5cd-460d-a218-3001a68dbf8b of volume 9d8c2d07-decf-4d8d-b7be-1916783e4b74 {{(pid=87497) _delete_snapshot /opt/stack/cinder/cinder/volume/drivers/remotefs.py:1288}}
Jul 18 05:43:14 devstack cinder-volume[87497]: DEBUG cinder.volume.drivers.remotefs [None req-606e392c-6b1a-43b1-a664-5ac7ff1ff0db tempest-VolumesSnapshotNegativeTestJSON-1508225016 None] snapshot_file for this snap is: volume-9d8c2d07-decf-4d8d-b7be-1916783e4b74.7ac42bec-f5cd-460d-a218-3001a68dbf8b {{(pid=87497) _delete_snapshot /opt/stack/cinder/cinder/volume/drivers/remotefs.py:1317}}
Jul 18 05:43:14 devstack cinder-volume[87497]: DEBUG oslo.privsep.daemon [-] privsep: reply[c64e1b4c-ea81-44d9-8045-a1ef43536436]: (4, 'qcow2') {{(pid=88960) _call_back /opt/stack/data/venv/lib/python3.12/site-packages/oslo_privsep/daemon.py:580}}
Jul 18 05:43:14 devstack cinder-volume[87497]: DEBUG oslo_concurrency.processutils [None req-606e392c-6b1a-43b1-a664-5ac7ff1ff0db tempest-VolumesSnapshotNegativeTestJSON-1508225016 None] Running cmd (subprocess): /opt/stack/data/venv/bin/python3.12 -m oslo_concurrency.prlimit --as=1073741824 --cpu=60 -- sudo cinder-rootwrap /etc/cinder/rootwrap.conf env LC_ALL=C qemu-img info -f qcow2 --output=json --force-share /opt/stack/data/cinder/mnt/1d3b582a55c58ae5eff86e377e1362dc/volume-9d8c2d07-decf-4d8d-b7be-1916783e4b74.7ac42bec-f5cd-460d-a218-3001a68dbf8b {{(pid=87497) execute /opt/stack/data/venv/lib/python3.12/site-packages/oslo_concurrency/processutils.py:440}}
Jul 18 05:43:15 devstack sudo[93761]: quobyte : PWD=/ ; USER=root ; COMMAND=/opt/stack/data/venv/bin/cinder-rootwrap /etc/cinder/rootwrap.conf env LC_ALL=C qemu-img info -f qcow2 --output=json --force-share /opt/stack/data/cinder/mnt/1d3b582a55c58ae5eff86e377e1362dc/volume-9d8c2d07-decf-4d8d-b7be-1916783e4b74.7ac42bec-f5cd-460d-a218-3001a68dbf8b
Jul 18 05:43:15 devstack sudo[93761]: pam_unix(sudo:session): session opened for user root(uid=0) by (uid=1000)
Jul 18 05:43:15 devstack sudo[93761]: pam_unix(sudo:session): session closed for user root
Jul 18 05:43:15 devstack cinder-volume[87497]: DEBUG oslo_concurrency.processutils [None req-606e392c-6b1a-43b1-a664-5ac7ff1ff0db tempest-VolumesSnapshotNegativeTestJSON-1508225016 None] CMD "/opt/stack/data/venv/bin/python3.12 -m oslo_concurrency.prlimit --as=1073741824 --cpu=60 -- sudo cinder-rootwrap /etc/cinder/rootwrap.conf env LC_ALL=C qemu-img info -f qcow2 --output=json --force-share /opt/stack/data/cinder/mnt/1d3b582a55c58ae5eff86e377e1362dc/volume-9d8c2d07-decf-4d8d-b7be-1916783e4b74.7ac42bec-f5cd-460d-a218-3001a68dbf8b" returned: 0 in 0.535s {{(pid=87497) execute /opt/stack/data/venv/lib/python3.12/site-packages/oslo_concurrency/processutils.py:468}}
Jul 18 05:43:15 devstack cinder-volume[87497]: DEBUG cinder.volume.drivers.remotefs [None req-606e392c-6b1a-43b1-a664-5ac7ff1ff0db tempest-VolumesSnapshotNegativeTestJSON-1508225016 None] Fetching qemu-img info with special backing_file_template: (/opt/stack/data/cinder/mnt/[0-9a-f]+/)?(volume-9d8c2d07-decf-4d8d-b7be-1916783e4b74(.(tmp-snap-)?[0-9a-f-]+)?|volume_from_snapshot_cache/(tmp-snap-)?[0-9a-f-]+(.(child-|parent-)[0-9a-f-]+)?)$ {{(pid=87497) _qemu_img_info_base /opt/stack/cinder/cinder/volume/drivers/remotefs.py:896}}
Jul 18 05:43:15 devstack cinder-volume[87497]: DEBUG oslo.privsep.daemon [-] privsep: reply[44502145-4697-4785-bf36-946b0ee4172d]: (4, 'qcow2') {{(pid=88960) _call_back /opt/stack/data/venv/lib/python3.12/site-packages/oslo_privsep/daemon.py:580}}
Jul 18 05:43:15 devstack cinder-volume[87497]: DEBUG oslo_concurrency.processutils [None req-606e392c-6b1a-43b1-a664-5ac7ff1ff0db tempest-VolumesSnapshotNegativeTestJSON-1508225016 None] Running cmd (subprocess): /opt/stack/data/venv/bin/python3.12 -m oslo_concurrency.prlimit --as=1073741824 --cpu=60 -- sudo cinder-rootwrap /etc/cinder/rootwrap.conf env LC_ALL=C qemu-img info -f qcow2 --output=json --force-share /opt/stack/data/cinder/mnt/1d3b582a55c58ae5eff86e377e1362dc/volume-9d8c2d07-decf-4d8d-b7be-1916783e4b74 {{(pid=87497) execute /opt/stack/data/venv/lib/python3.12/site-packages/oslo_concurrency/processutils.py:440}}
Jul 18 05:43:15 devstack sudo[93769]: quobyte : PWD=/ ; USER=root ; COMMAND=/opt/stack/data/venv/bin/cinder-rootwrap /etc/cinder/rootwrap.conf env LC_ALL=C qemu-img info -f qcow2 --output=json --force-share /opt/stack/data/cinder/mnt/1d3b582a55c58ae5eff86e377e1362dc/volume-9d8c2d07-decf-4d8d-b7be-1916783e4b74
Jul 18 05:43:15 devstack sudo[93769]: pam_unix(sudo:session): session opened for user root(uid=0) by (uid=1000)
Jul 18 05:43:15 devstack sudo[93769]: pam_unix(sudo:session): session closed for user root
Jul 18 05:43:15 devstack cinder-volume[87497]: DEBUG oslo_concurrency.processutils [None req-606e392c-6b1a-43b1-a664-5ac7ff1ff0db tempest-VolumesSnapshotNegativeTestJSON-1508225016 None] CMD "/opt/stack/data/venv/bin/python3.12 -m oslo_concurrency.prlimit --as=1073741824 --cpu=60 -- sudo cinder-rootwrap /etc/cinder/rootwrap.conf env LC_ALL=C qemu-img info -f qcow2 --output=json --force-share /opt/stack/data/cinder/mnt/1d3b582a55c58ae5eff86e377e1362dc/volume-9d8c2d07-decf-4d8d-b7be-1916783e4b74" returned: 0 in 0.412s {{(pid=87497) execute /opt/stack/data/venv/lib/python3.12/site-packages/oslo_concurrency/processutils.py:468}}
Jul 18 05:43:15 devstack cinder-volume[87497]: DEBUG oslo_concurrency.processutils [None req-606e392c-6b1a-43b1-a664-5ac7ff1ff0db tempest-VolumesSnapshotNegativeTestJSON-1508225016 None] Running cmd (subprocess): sudo cinder-rootwrap /etc/cinder/rootwrap.conf qemu-img commit -d /opt/stack/data/cinder/mnt/1d3b582a55c58ae5eff86e377e1362dc/volume-9d8c2d07-decf-4d8d-b7be-1916783e4b74.7ac42bec-f5cd-460d-a218-3001a68dbf8b {{(pid=87497) execute /opt/stack/data/venv/lib/python3.12/site-packages/oslo_concurrency/processutils.py:440}}
Jul 18 05:43:15 devstack sudo[93774]: quobyte : PWD=/ ; USER=root ; COMMAND=/opt/stack/data/venv/bin/cinder-rootwrap /etc/cinder/rootwrap.conf qemu-img commit -d /opt/stack/data/cinder/mnt/1d3b582a55c58ae5eff86e377e1362dc/volume-9d8c2d07-decf-4d8d-b7be-1916783e4b74.7ac42bec-f5cd-460d-a218-3001a68dbf8b
Jul 18 05:43:15 devstack sudo[93774]: pam_unix(sudo:session): session opened for user root(uid=0) by (uid=1000)
Jul 18 05:43:16 devstack sudo[93774]: pam_unix(sudo:session): session closed for user root
Jul 18 05:43:16 devstack cinder-volume[87497]: DEBUG oslo_concurrency.processutils [None req-606e392c-6b1a-43b1-a664-5ac7ff1ff0db tempest-VolumesSnapshotNegativeTestJSON-1508225016 None] CMD "sudo cinder-rootwrap /etc/cinder/rootwrap.conf qemu-img commit -d /opt/stack/data/cinder/mnt/1d3b582a55c58ae5eff86e377e1362dc/volume-9d8c2d07-decf-4d8d-b7be-1916783e4b74.7ac42bec-f5cd-460d-a218-3001a68dbf8b" returned: 0 in 0.374s {{(pid=87497) execute /opt/stack/data/venv/lib/python3.12/site-packages/oslo_concurrency/processutils.py:468}}
Jul 18 05:43:16 devstack cinder-volume[87497]: DEBUG oslo_concurrency.processutils [None req-606e392c-6b1a-43b1-a664-5ac7ff1ff0db tempest-VolumesSnapshotNegativeTestJSON-1508225016 None] Running cmd (subprocess): sudo cinder-rootwrap /etc/cinder/rootwrap.conf rm -f /opt/stack/data/cinder/mnt/1d3b582a55c58ae5eff86e377e1362dc/volume-9d8c2d07-decf-4d8d-b7be-1916783e4b74.7ac42bec-f5cd-460d-a218-3001a68dbf8b {{(pid=87497) execute /opt/stack/data/venv/lib/python3.12/site-packages/oslo_concurrency/processutils.py:440}}
Jul 18 05:43:16 devstack sudo[93780]: quobyte : PWD=/ ; USER=root ; COMMAND=/opt/stack/data/venv/bin/cinder-rootwrap /etc/cinder/rootwrap.conf rm -f /opt/stack/data/cinder/mnt/1d3b582a55c58ae5eff86e377e1362dc/volume-9d8c2d07-decf-4d8d-b7be-1916783e4b74.7ac42bec-f5cd-460d-a218-3001a68dbf8b
Jul 18 05:43:16 devstack sudo[93780]: pam_unix(sudo:session): session opened for user root(uid=0) by (uid=1000)
Jul 18 05:43:16 devstack sudo[93780]: pam_unix(sudo:session): session closed for user root
Jul 18 05:43:16 devstack cinder-volume[87497]: DEBUG oslo_concurrency.processutils [None req-606e392c-6b1a-43b1-a664-5ac7ff1ff0db tempest-VolumesSnapshotNegativeTestJSON-1508225016 None] CMD "sudo cinder-rootwrap /etc/cinder/rootwrap.conf rm -f /opt/stack/data/cinder/mnt/1d3b582a55c58ae5eff86e377e1362dc/volume-9d8c2d07-decf-4d8d-b7be-1916783e4b74.7ac42bec-f5cd-460d-a218-3001a68dbf8b" returned: 0 in 0.246s {{(pid=87497) execute /opt/stack/data/venv/lib/python3.12/site-packages/oslo_concurrency/processutils.py:468}}
Jul 18 05:43:16 devstack cinder-volume[87497]: DEBUG cinder.coordination [None req-606e392c-6b1a-43b1-a664-5ac7ff1ff0db tempest-VolumesSnapshotNegativeTestJSON-1508225016 None] Lock "cinder-quobyte-7ac42bec-f5cd-460d-a218-3001a68dbf8b" released by "_delete_snapshot" :: held 1.730s {{(pid=87497) __release /opt/stack/cinder/cinder/coordination.py:152}}
Jul 18 05:43:16 devstack cinder-volume[87497]: DEBUG cinder.coordination [None req-606e392c-6b1a-43b1-a664-5ac7ff1ff0db tempest-VolumesSnapshotNegativeTestJSON-1508225016 None] Lock "cinder-quobyte-9d8c2d07-decf-4d8d-b7be-1916783e4b74" released by "delete_snapshot" :: held 1.757s {{(pid=87497) __release /opt/stack/cinder/cinder/coordination.py:152}}
Jul 18 05:43:16 devstack cinder-volume[87497]: WARNING cinder.quota [None req-606e392c-6b1a-43b1-a664-5ac7ff1ff0db tempest-VolumesSnapshotNegativeTestJSON-1508225016 None] Deprecated: Default quota for resource: snapshots_QuobyteHD is set by the default quota flag: quota_snapshots_QuobyteHD, it is now deprecated. Please use the default quota class for default quota.
Jul 18 05:43:16 devstack cinder-volume[87497]: DEBUG cinder.quota [None req-606e392c-6b1a-43b1-a664-5ac7ff1ff0db tempest-VolumesSnapshotNegativeTestJSON-1508225016 None] Created reservations ['d5d80e1d-c345-43e8-822c-2747100a47c7', '8d5a32f0-3b51-43bd-86c9-bf333806e06a', '23fbb514-1ff8-4aa3-98b6-70a91e85099b', '75c0d790-05e0-4169-b57e-c2c1537964c9'] {{(pid=87497) reserve /opt/stack/cinder/cinder/quota.py:752}}
Jul 18 05:43:16 devstack cinder-volume[87497]: INFO cinder.volume.manager [None req-606e392c-6b1a-43b1-a664-5ac7ff1ff0db tempest-VolumesSnapshotNegativeTestJSON-1508225016 None] Delete snapshot completed successfully.
Jul 18 05:43:16 devstack cinder-volume[87497]: DEBUG cinder.coordination [None req-606e392c-6b1a-43b1-a664-5ac7ff1ff0db tempest-VolumesSnapshotNegativeTestJSON-1508225016 None] Lock "cinder-7ac42bec-f5cd-460d-a218-3001a68dbf8b-delete_snapshot" released by "delete_snapshot" :: held 1.897s {{(pid=87497) __release /opt/stack/cinder/cinder/coordination.py:152}}
Jul 18 05:43:17 devstack cinder-volume[87497]: DEBUG cinder.coordination [None req-05c24b5f-9c54-4a54-9d86-205b5aaebf64 tempest-VolumesSnapshotNegativeTestJSON-1508225016 None] Acquiring lock "cinder-9d8c2d07-decf-4d8d-b7be-1916783e4b74-delete_volume" by "delete_volume" {{(pid=87497) __acquire /opt/stack/cinder/cinder/coordination.py:138}}
Jul 18 05:43:17 devstack cinder-volume[87497]: DEBUG cinder.coordination [None req-05c24b5f-9c54-4a54-9d86-205b5aaebf64 tempest-VolumesSnapshotNegativeTestJSON-1508225016 None] Lock "cinder-9d8c2d07-decf-4d8d-b7be-1916783e4b74-delete_volume" acquired by "delete_volume" :: waited 0.026s {{(pid=87497) __acquire /opt/stack/cinder/cinder/coordination.py:141}}
Jul 18 05:43:17 devstack cinder-volume[87497]: DEBUG cinder.coordination [None req-05c24b5f-9c54-4a54-9d86-205b5aaebf64 tempest-VolumesSnapshotNegativeTestJSON-1508225016 None] Acquiring lock "cinder-quobyte-9d8c2d07-decf-4d8d-b7be-1916783e4b74" by "delete_volume" {{(pid=87497) __acquire /opt/stack/cinder/cinder/coordination.py:138}}
Jul 18 05:43:17 devstack cinder-volume[87497]: DEBUG cinder.coordination [None req-05c24b5f-9c54-4a54-9d86-205b5aaebf64 tempest-VolumesSnapshotNegativeTestJSON-1508225016 None] Lock "cinder-quobyte-9d8c2d07-decf-4d8d-b7be-1916783e4b74" acquired by "delete_volume" :: waited 0.023s {{(pid=87497) __acquire /opt/stack/cinder/cinder/coordination.py:141}}
Jul 18 05:43:17 devstack cinder-volume[87497]: DEBUG oslo.privsep.daemon [-] privsep: reply[58762840-6368-47b4-ac4a-019f3673e8a5]: (4, 'qcow2') {{(pid=88960) _call_back /opt/stack/data/venv/lib/python3.12/site-packages/oslo_privsep/daemon.py:580}}
Jul 18 05:43:17 devstack cinder-volume[87497]: DEBUG oslo_concurrency.processutils [None req-05c24b5f-9c54-4a54-9d86-205b5aaebf64 tempest-VolumesSnapshotNegativeTestJSON-1508225016 None] Running cmd (subprocess): /opt/stack/data/venv/bin/python3.12 -m oslo_concurrency.prlimit --as=1073741824 --cpu=60 -- sudo cinder-rootwrap /etc/cinder/rootwrap.conf env LC_ALL=C qemu-img info -f qcow2 --output=json --force-share /opt/stack/data/cinder/mnt/1d3b582a55c58ae5eff86e377e1362dc/volume-9d8c2d07-decf-4d8d-b7be-1916783e4b74 {{(pid=87497) execute /opt/stack/data/venv/lib/python3.12/site-packages/oslo_concurrency/processutils.py:440}}
Jul 18 05:43:17 devstack sudo[93783]: quobyte : PWD=/ ; USER=root ; COMMAND=/opt/stack/data/venv/bin/cinder-rootwrap /etc/cinder/rootwrap.conf env LC_ALL=C qemu-img info -f qcow2 --output=json --force-share /opt/stack/data/cinder/mnt/1d3b582a55c58ae5eff86e377e1362dc/volume-9d8c2d07-decf-4d8d-b7be-1916783e4b74
Jul 18 05:43:17 devstack sudo[93783]: pam_unix(sudo:session): session opened for user root(uid=0) by (uid=1000)
Jul 18 05:43:17 devstack sudo[93783]: pam_unix(sudo:session): session closed for user root
Jul 18 05:43:17 devstack cinder-volume[87497]: DEBUG oslo_concurrency.processutils [None req-05c24b5f-9c54-4a54-9d86-205b5aaebf64 tempest-VolumesSnapshotNegativeTestJSON-1508225016 None] CMD "/opt/stack/data/venv/bin/python3.12 -m oslo_concurrency.prlimit --as=1073741824 --cpu=60 -- sudo cinder-rootwrap /etc/cinder/rootwrap.conf env LC_ALL=C qemu-img info -f qcow2 --output=json --force-share /opt/stack/data/cinder/mnt/1d3b582a55c58ae5eff86e377e1362dc/volume-9d8c2d07-decf-4d8d-b7be-1916783e4b74" returned: 0 in 0.429s {{(pid=87497) execute /opt/stack/data/venv/lib/python3.12/site-packages/oslo_concurrency/processutils.py:468}}
Jul 18 05:43:17 devstack cinder-volume[87497]: DEBUG oslo_concurrency.processutils [None req-05c24b5f-9c54-4a54-9d86-205b5aaebf64 tempest-VolumesSnapshotNegativeTestJSON-1508225016 None] Running cmd (subprocess): sudo cinder-rootwrap /etc/cinder/rootwrap.conf rm -f /opt/stack/data/cinder/mnt/1d3b582a55c58ae5eff86e377e1362dc/volume-9d8c2d07-decf-4d8d-b7be-1916783e4b74 {{(pid=87497) execute /opt/stack/data/venv/lib/python3.12/site-packages/oslo_concurrency/processutils.py:440}}
Jul 18 05:43:17 devstack sudo[93788]: quobyte : PWD=/ ; USER=root ; COMMAND=/opt/stack/data/venv/bin/cinder-rootwrap /etc/cinder/rootwrap.conf rm -f /opt/stack/data/cinder/mnt/1d3b582a55c58ae5eff86e377e1362dc/volume-9d8c2d07-decf-4d8d-b7be-1916783e4b74
Jul 18 05:43:17 devstack sudo[93788]: pam_unix(sudo:session): session opened for user root(uid=0) by (uid=1000)
Jul 18 05:43:17 devstack sudo[93788]: pam_unix(sudo:session): session closed for user root
Jul 18 05:43:17 devstack cinder-volume[87497]: DEBUG oslo_concurrency.processutils [None req-05c24b5f-9c54-4a54-9d86-205b5aaebf64 tempest-VolumesSnapshotNegativeTestJSON-1508225016 None] CMD "sudo cinder-rootwrap /etc/cinder/rootwrap.conf rm -f /opt/stack/data/cinder/mnt/1d3b582a55c58ae5eff86e377e1362dc/volume-9d8c2d07-decf-4d8d-b7be-1916783e4b74" returned: 0 in 0.313s {{(pid=87497) execute /opt/stack/data/venv/lib/python3.12/site-packages/oslo_concurrency/processutils.py:468}}
Jul 18 05:43:18 devstack cinder-volume[87497]: DEBUG cinder.coordination [None req-05c24b5f-9c54-4a54-9d86-205b5aaebf64 tempest-VolumesSnapshotNegativeTestJSON-1508225016 None] Lock "cinder-quobyte-9d8c2d07-decf-4d8d-b7be-1916783e4b74" released by "delete_volume" :: held 0.829s {{(pid=87497) __release /opt/stack/cinder/cinder/coordination.py:152}}
Jul 18 05:43:18 devstack cinder-volume[87497]: DEBUG cinder.quota [None req-05c24b5f-9c54-4a54-9d86-205b5aaebf64 tempest-VolumesSnapshotNegativeTestJSON-1508225016 None] Created reservations ['d44abee7-15da-436d-ba0a-0e04c0eff731', 'f612d778-8e18-4e73-91e1-ceaf02f82e64', '3f7480fc-19b3-40da-9dcb-f5900ce8c268', 'a935234d-1285-491f-acbc-0e31be414622'] {{(pid=87497) reserve /opt/stack/cinder/cinder/quota.py:752}}
Jul 18 05:43:18 devstack cinder-volume[87497]: DEBUG oslo_concurrency.lockutils [None req-05c24b5f-9c54-4a54-9d86-205b5aaebf64 tempest-VolumesSnapshotNegativeTestJSON-1508225016 None] Acquiring lock "quobyte_ensure" by "cinder.volume.drivers.quobyte.QuobyteDriver._ensure_shares_mounted" {{(pid=87497) inner /opt/stack/data/venv/lib/python3.12/site-packages/oslo_concurrency/lockutils.py:512}}
Jul 18 05:43:18 devstack cinder-volume[87497]: DEBUG oslo_concurrency.lockutils [None req-05c24b5f-9c54-4a54-9d86-205b5aaebf64 tempest-VolumesSnapshotNegativeTestJSON-1508225016 None] Lock "quobyte_ensure" acquired by "cinder.volume.drivers.quobyte.QuobyteDriver._ensure_shares_mounted" :: waited 0.001s {{(pid=87497) inner /opt/stack/data/venv/lib/python3.12/site-packages/oslo_concurrency/lockutils.py:525}}
Jul 18 05:43:18 devstack cinder-volume[87497]: DEBUG cinder.volume.drivers.quobyte [None req-05c24b5f-9c54-4a54-9d86-205b5aaebf64 tempest-VolumesSnapshotNegativeTestJSON-1508225016 None] Quobyte Volume URL set to: {'osci02.corp.quobyte.com/cinder-vol-7cb4dfc5-0646-4637-add7-cf154cef9c13': None} {{(pid=87497) _load_shares_config /opt/stack/cinder/cinder/volume/drivers/quobyte.py:651}}
Jul 18 05:43:18 devstack cinder-volume[87497]: DEBUG cinder.volume.drivers.quobyte [None req-05c24b5f-9c54-4a54-9d86-205b5aaebf64 tempest-VolumesSnapshotNegativeTestJSON-1508225016 None] Available shares ['osci02.corp.quobyte.com/cinder-vol-7cb4dfc5-0646-4637-add7-cf154cef9c13'] {{(pid=87497) _ensure_shares_mounted /opt/stack/cinder/cinder/volume/drivers/quobyte.py:681}}
Jul 18 05:43:18 devstack cinder-volume[87497]: DEBUG oslo_concurrency.lockutils [None req-05c24b5f-9c54-4a54-9d86-205b5aaebf64 tempest-VolumesSnapshotNegativeTestJSON-1508225016 None] Lock "quobyte_ensure" "released" by "cinder.volume.drivers.quobyte.QuobyteDriver._ensure_shares_mounted" :: held 0.009s {{(pid=87497) inner /opt/stack/data/venv/lib/python3.12/site-packages/oslo_concurrency/lockutils.py:544}}
Jul 18 05:43:18 devstack cinder-volume[87497]: DEBUG oslo_concurrency.processutils [None req-05c24b5f-9c54-4a54-9d86-205b5aaebf64 tempest-VolumesSnapshotNegativeTestJSON-1508225016 None] Running cmd (subprocess): sudo cinder-rootwrap /etc/cinder/rootwrap.conf df --portability --block-size 1 /opt/stack/data/cinder/mnt/1d3b582a55c58ae5eff86e377e1362dc {{(pid=87497) execute /opt/stack/data/venv/lib/python3.12/site-packages/oslo_concurrency/processutils.py:440}}
Jul 18 05:43:18 devstack sudo[93792]: quobyte : PWD=/ ; USER=root ; COMMAND=/opt/stack/data/venv/bin/cinder-rootwrap /etc/cinder/rootwrap.conf df --portability --block-size 1 /opt/stack/data/cinder/mnt/1d3b582a55c58ae5eff86e377e1362dc
Jul 18 05:43:18 devstack sudo[93792]: pam_unix(sudo:session): session opened for user root(uid=0) by (uid=1000)
Jul 18 05:43:18 devstack sudo[93792]: pam_unix(sudo:session): session closed for user root
Jul 18 05:43:18 devstack cinder-volume[87497]: DEBUG oslo_concurrency.processutils [None req-05c24b5f-9c54-4a54-9d86-205b5aaebf64 tempest-VolumesSnapshotNegativeTestJSON-1508225016 None] CMD "sudo cinder-rootwrap /etc/cinder/rootwrap.conf df --portability --block-size 1 /opt/stack/data/cinder/mnt/1d3b582a55c58ae5eff86e377e1362dc" returned: 0 in 0.436s {{(pid=87497) execute /opt/stack/data/venv/lib/python3.12/site-packages/oslo_concurrency/processutils.py:468}}
Jul 18 05:43:18 devstack cinder-volume[87497]: DEBUG cinder.manager [None req-05c24b5f-9c54-4a54-9d86-205b5aaebf64 tempest-VolumesSnapshotNegativeTestJSON-1508225016 None] Notifying Schedulers of capabilities ... {{(pid=87497) _publish_service_capabilities /opt/stack/cinder/cinder/manager.py:219}}
Jul 18 05:43:18 devstack cinder-volume[87497]: INFO cinder.volume.manager [None req-05c24b5f-9c54-4a54-9d86-205b5aaebf64 tempest-VolumesSnapshotNegativeTestJSON-1508225016 None] Deleted volume successfully.
