Sep 07 10:00:06 devstack cinder-volume[87515]: DEBUG oslo_concurrency.processutils [None req-4627e56d-ae20-4a2a-855b-cbd5530dae79 tempest-GroupsV314Test-1269514990 None] CMD "/opt/stack/data/venv/bin/python3.12 -m oslo_concurrency.prlimit --as=1073741824 --cpu=60 -- sudo cinder-rootwrap /etc/cinder/rootwrap.conf env LC_ALL=C qemu-img info -f qcow2 --output=json --force-share /opt/stack/data/cinder/mnt/cdc5cde6216eb15955b399e54bc8276a/volume-c3817023-e52a-4ba0-b29f-b2377e4aa977" returned: 0 in 0.493s {{(pid=87515) execute /opt/stack/data/venv/lib/python3.12/site-packages/oslo_concurrency/processutils.py:468}}
Sep 07 10:00:06 devstack cinder-volume[87515]: DEBUG oslo_concurrency.processutils [None req-4627e56d-ae20-4a2a-855b-cbd5530dae79 tempest-GroupsV314Test-1269514990 None] Running cmd (subprocess): sudo cinder-rootwrap /etc/cinder/rootwrap.conf qemu-img create -f qcow2 -o backing_file=/opt/stack/data/cinder/mnt/cdc5cde6216eb15955b399e54bc8276a/volume-c3817023-e52a-4ba0-b29f-b2377e4aa977,backing_fmt=qcow2 /opt/stack/data/cinder/mnt/cdc5cde6216eb15955b399e54bc8276a/volume-c3817023-e52a-4ba0-b29f-b2377e4aa977.183fe0c9-a4c6-464c-a046-2611eb400657 1G {{(pid=87515) execute /opt/stack/data/venv/lib/python3.12/site-packages/oslo_concurrency/processutils.py:440}}
Sep 07 10:00:06 devstack sudo[90730]: quobyte : PWD=/ ; USER=root ; COMMAND=/opt/stack/data/venv/bin/cinder-rootwrap /etc/cinder/rootwrap.conf qemu-img create -f qcow2 -o backing_file=/opt/stack/data/cinder/mnt/cdc5cde6216eb15955b399e54bc8276a/volume-c3817023-e52a-4ba0-b29f-b2377e4aa977,backing_fmt=qcow2 /opt/stack/data/cinder/mnt/cdc5cde6216eb15955b399e54bc8276a/volume-c3817023-e52a-4ba0-b29f-b2377e4aa977.183fe0c9-a4c6-464c-a046-2611eb400657 1G
Sep 07 10:00:06 devstack sudo[90730]: pam_unix(sudo:session): session opened for user root(uid=0) by (uid=1000)
Sep 07 10:00:07 devstack sudo[90730]: pam_unix(sudo:session): session closed for user root
Sep 07 10:00:07 devstack cinder-volume[87515]: DEBUG oslo_concurrency.processutils [None req-4627e56d-ae20-4a2a-855b-cbd5530dae79 tempest-GroupsV314Test-1269514990 None] CMD "sudo cinder-rootwrap /etc/cinder/rootwrap.conf qemu-img create -f qcow2 -o backing_file=/opt/stack/data/cinder/mnt/cdc5cde6216eb15955b399e54bc8276a/volume-c3817023-e52a-4ba0-b29f-b2377e4aa977,backing_fmt=qcow2 /opt/stack/data/cinder/mnt/cdc5cde6216eb15955b399e54bc8276a/volume-c3817023-e52a-4ba0-b29f-b2377e4aa977.183fe0c9-a4c6-464c-a046-2611eb400657 1G" returned: 0 in 0.506s {{(pid=87515) execute /opt/stack/data/venv/lib/python3.12/site-packages/oslo_concurrency/processutils.py:468}}
Sep 07 10:00:07 devstack cinder-volume[87515]: DEBUG oslo_concurrency.processutils [None req-4627e56d-ae20-4a2a-855b-cbd5530dae79 tempest-GroupsV314Test-1269514990 None] Running cmd (subprocess): sudo cinder-rootwrap /etc/cinder/rootwrap.conf qemu-img rebase -u -b volume-c3817023-e52a-4ba0-b29f-b2377e4aa977 -F qcow2 /opt/stack/data/cinder/mnt/cdc5cde6216eb15955b399e54bc8276a/volume-c3817023-e52a-4ba0-b29f-b2377e4aa977.183fe0c9-a4c6-464c-a046-2611eb400657 {{(pid=87515) execute /opt/stack/data/venv/lib/python3.12/site-packages/oslo_concurrency/processutils.py:440}}
Sep 07 10:00:07 devstack sudo[90737]: quobyte : PWD=/ ; USER=root ; COMMAND=/opt/stack/data/venv/bin/cinder-rootwrap /etc/cinder/rootwrap.conf qemu-img rebase -u -b volume-c3817023-e52a-4ba0-b29f-b2377e4aa977 -F qcow2 /opt/stack/data/cinder/mnt/cdc5cde6216eb15955b399e54bc8276a/volume-c3817023-e52a-4ba0-b29f-b2377e4aa977.183fe0c9-a4c6-464c-a046-2611eb400657
Sep 07 10:00:07 devstack sudo[90737]: pam_unix(sudo:session): session opened for user root(uid=0) by (uid=1000)
Sep 07 10:00:07 devstack sudo[90737]: pam_unix(sudo:session): session closed for user root
Sep 07 10:00:07 devstack cinder-volume[87515]: DEBUG oslo_concurrency.processutils [None req-4627e56d-ae20-4a2a-855b-cbd5530dae79 tempest-GroupsV314Test-1269514990 None] CMD "sudo cinder-rootwrap /etc/cinder/rootwrap.conf qemu-img rebase -u -b volume-c3817023-e52a-4ba0-b29f-b2377e4aa977 -F qcow2 /opt/stack/data/cinder/mnt/cdc5cde6216eb15955b399e54bc8276a/volume-c3817023-e52a-4ba0-b29f-b2377e4aa977.183fe0c9-a4c6-464c-a046-2611eb400657" returned: 0 in 0.368s {{(pid=87515) execute /opt/stack/data/venv/lib/python3.12/site-packages/oslo_concurrency/processutils.py:468}}
Sep 07 10:00:07 devstack cinder-volume[87515]: WARNING cinder.volume.drivers.remotefs [None req-4627e56d-ae20-4a2a-855b-cbd5530dae79 tempest-GroupsV314Test-1269514990 None] /opt/stack/data/cinder/mnt/cdc5cde6216eb15955b399e54bc8276a/volume-c3817023-e52a-4ba0-b29f-b2377e4aa977.183fe0c9-a4c6-464c-a046-2611eb400657 is being set with open permissions: ugo+rw: NotImplementedError
Sep 07 10:00:07 devstack cinder-volume[87515]: DEBUG oslo_concurrency.processutils [None req-4627e56d-ae20-4a2a-855b-cbd5530dae79 tempest-GroupsV314Test-1269514990 None] Running cmd (subprocess): sudo cinder-rootwrap /etc/cinder/rootwrap.conf chmod ugo+rw /opt/stack/data/cinder/mnt/cdc5cde6216eb15955b399e54bc8276a/volume-c3817023-e52a-4ba0-b29f-b2377e4aa977.183fe0c9-a4c6-464c-a046-2611eb400657 {{(pid=87515) execute /opt/stack/data/venv/lib/python3.12/site-packages/oslo_concurrency/processutils.py:440}}
Sep 07 10:00:07 devstack sudo[90743]: quobyte : PWD=/ ; USER=root ; COMMAND=/opt/stack/data/venv/bin/cinder-rootwrap /etc/cinder/rootwrap.conf chmod ugo+rw /opt/stack/data/cinder/mnt/cdc5cde6216eb15955b399e54bc8276a/volume-c3817023-e52a-4ba0-b29f-b2377e4aa977.183fe0c9-a4c6-464c-a046-2611eb400657
Sep 07 10:00:07 devstack sudo[90743]: pam_unix(sudo:session): session opened for user root(uid=0) by (uid=1000)
Sep 07 10:00:07 devstack sudo[90743]: pam_unix(sudo:session): session closed for user root
Sep 07 10:00:07 devstack cinder-volume[87515]: DEBUG oslo_concurrency.processutils [None req-4627e56d-ae20-4a2a-855b-cbd5530dae79 tempest-GroupsV314Test-1269514990 None] CMD "sudo cinder-rootwrap /etc/cinder/rootwrap.conf chmod ugo+rw /opt/stack/data/cinder/mnt/cdc5cde6216eb15955b399e54bc8276a/volume-c3817023-e52a-4ba0-b29f-b2377e4aa977.183fe0c9-a4c6-464c-a046-2611eb400657" returned: 0 in 0.283s {{(pid=87515) execute /opt/stack/data/venv/lib/python3.12/site-packages/oslo_concurrency/processutils.py:468}}
Sep 07 10:00:07 devstack cinder-volume[87515]: DEBUG oslo_concurrency.processutils [None req-4627e56d-ae20-4a2a-855b-cbd5530dae79 tempest-GroupsV314Test-1269514990 None] Running cmd (subprocess): sudo cinder-rootwrap /etc/cinder/rootwrap.conf truncate -s0 /opt/stack/data/cinder/mnt/cdc5cde6216eb15955b399e54bc8276a/volume-c3817023-e52a-4ba0-b29f-b2377e4aa977.info {{(pid=87515) execute /opt/stack/data/venv/lib/python3.12/site-packages/oslo_concurrency/processutils.py:440}}
Sep 07 10:00:07 devstack sudo[90747]: quobyte : PWD=/ ; USER=root ; COMMAND=/opt/stack/data/venv/bin/cinder-rootwrap /etc/cinder/rootwrap.conf truncate -s0 /opt/stack/data/cinder/mnt/cdc5cde6216eb15955b399e54bc8276a/volume-c3817023-e52a-4ba0-b29f-b2377e4aa977.info
Sep 07 10:00:07 devstack sudo[90747]: pam_unix(sudo:session): session opened for user root(uid=0) by (uid=1000)
Sep 07 10:00:08 devstack sudo[90747]: pam_unix(sudo:session): session closed for user root
Sep 07 10:00:08 devstack cinder-volume[87515]: DEBUG oslo_concurrency.processutils [None req-4627e56d-ae20-4a2a-855b-cbd5530dae79 tempest-GroupsV314Test-1269514990 None] CMD "sudo cinder-rootwrap /etc/cinder/rootwrap.conf truncate -s0 /opt/stack/data/cinder/mnt/cdc5cde6216eb15955b399e54bc8276a/volume-c3817023-e52a-4ba0-b29f-b2377e4aa977.info" returned: 0 in 0.477s {{(pid=87515) execute /opt/stack/data/venv/lib/python3.12/site-packages/oslo_concurrency/processutils.py:468}}
Sep 07 10:00:08 devstack cinder-volume[87515]: WARNING cinder.volume.drivers.remotefs [None req-4627e56d-ae20-4a2a-855b-cbd5530dae79 tempest-GroupsV314Test-1269514990 None] /opt/stack/data/cinder/mnt/cdc5cde6216eb15955b399e54bc8276a/volume-c3817023-e52a-4ba0-b29f-b2377e4aa977.info is being set with open permissions: ugo+rw: NotImplementedError
Sep 07 10:00:08 devstack cinder-volume[87515]: DEBUG oslo_concurrency.processutils [None req-4627e56d-ae20-4a2a-855b-cbd5530dae79 tempest-GroupsV314Test-1269514990 None] Running cmd (subprocess): sudo cinder-rootwrap /etc/cinder/rootwrap.conf chmod ugo+rw /opt/stack/data/cinder/mnt/cdc5cde6216eb15955b399e54bc8276a/volume-c3817023-e52a-4ba0-b29f-b2377e4aa977.info {{(pid=87515) execute /opt/stack/data/venv/lib/python3.12/site-packages/oslo_concurrency/processutils.py:440}}
Sep 07 10:00:08 devstack sudo[90752]: quobyte : PWD=/ ; USER=root ; COMMAND=/opt/stack/data/venv/bin/cinder-rootwrap /etc/cinder/rootwrap.conf chmod ugo+rw /opt/stack/data/cinder/mnt/cdc5cde6216eb15955b399e54bc8276a/volume-c3817023-e52a-4ba0-b29f-b2377e4aa977.info
Sep 07 10:00:08 devstack sudo[90752]: pam_unix(sudo:session): session opened for user root(uid=0) by (uid=1000)
Sep 07 10:00:08 devstack sudo[90752]: pam_unix(sudo:session): session closed for user root
Sep 07 10:00:08 devstack cinder-volume[87515]: DEBUG oslo_concurrency.processutils [None req-4627e56d-ae20-4a2a-855b-cbd5530dae79 tempest-GroupsV314Test-1269514990 None] CMD "sudo cinder-rootwrap /etc/cinder/rootwrap.conf chmod ugo+rw /opt/stack/data/cinder/mnt/cdc5cde6216eb15955b399e54bc8276a/volume-c3817023-e52a-4ba0-b29f-b2377e4aa977.info" returned: 0 in 0.383s {{(pid=87515) execute /opt/stack/data/venv/lib/python3.12/site-packages/oslo_concurrency/processutils.py:468}}
Sep 07 10:00:08 devstack cinder-volume[87515]: DEBUG cinder.coordination [None req-4627e56d-ae20-4a2a-855b-cbd5530dae79 tempest-GroupsV314Test-1269514990 None] Acquiring lock "cinder-quobyte-b9b6617c-2fc3-4073-8108-642296217967" by "_copy_volume_from_snapshot" {{(pid=87515) __acquire /opt/stack/cinder/cinder/coordination.py:138}}
Sep 07 10:00:08 devstack cinder-volume[87515]: DEBUG cinder.coordination [None req-4627e56d-ae20-4a2a-855b-cbd5530dae79 tempest-GroupsV314Test-1269514990 None] Lock "cinder-quobyte-b9b6617c-2fc3-4073-8108-642296217967" acquired by "_copy_volume_from_snapshot" :: waited 0.030s {{(pid=87515) __acquire /opt/stack/cinder/cinder/coordination.py:141}}
Sep 07 10:00:08 devstack cinder-volume[87515]: DEBUG cinder.volume.drivers.quobyte [None req-4627e56d-ae20-4a2a-855b-cbd5530dae79 tempest-GroupsV314Test-1269514990 None] snapshot: 183fe0c9-a4c6-464c-a046-2611eb400657, volume: b9b6617c-2fc3-4073-8108-642296217967, {{(pid=87515) _copy_volume_from_snapshot /opt/stack/cinder/cinder/volume/drivers/quobyte.py:402}}
Sep 07 10:00:08 devstack cinder-volume[87515]: DEBUG oslo_concurrency.lockutils [None req-4627e56d-ae20-4a2a-855b-cbd5530dae79 tempest-GroupsV314Test-1269514990 None] Acquiring lock "quobyte_ensure" by "cinder.volume.drivers.quobyte.QuobyteDriver._ensure_shares_mounted" {{(pid=87515) inner /opt/stack/data/venv/lib/python3.12/site-packages/oslo_concurrency/lockutils.py:512}}
Sep 07 10:00:08 devstack cinder-volume[87515]: DEBUG oslo_concurrency.lockutils [None req-4627e56d-ae20-4a2a-855b-cbd5530dae79 tempest-GroupsV314Test-1269514990 None] Lock "quobyte_ensure" acquired by "cinder.volume.drivers.quobyte.QuobyteDriver._ensure_shares_mounted" :: waited 0.001s {{(pid=87515) inner /opt/stack/data/venv/lib/python3.12/site-packages/oslo_concurrency/lockutils.py:525}}
Sep 07 10:00:08 devstack cinder-volume[87515]: DEBUG cinder.volume.drivers.quobyte [None req-4627e56d-ae20-4a2a-855b-cbd5530dae79 tempest-GroupsV314Test-1269514990 None] Quobyte Volume URL set to: {'osci02.corp.quobyte.com/cinder-vol-5b4500ed-e0c1-4a68-88f6-ab13ab07e14c': None} {{(pid=87515) _load_shares_config /opt/stack/cinder/cinder/volume/drivers/quobyte.py:662}}
Sep 07 10:00:08 devstack cinder-volume[87515]: DEBUG cinder.volume.drivers.quobyte [None req-4627e56d-ae20-4a2a-855b-cbd5530dae79 tempest-GroupsV314Test-1269514990 None] Available shares ['osci02.corp.quobyte.com/cinder-vol-5b4500ed-e0c1-4a68-88f6-ab13ab07e14c'] {{(pid=87515) _ensure_shares_mounted /opt/stack/cinder/cinder/volume/drivers/quobyte.py:692}}
Sep 07 10:00:08 devstack cinder-volume[87515]: DEBUG oslo_concurrency.lockutils [None req-4627e56d-ae20-4a2a-855b-cbd5530dae79 tempest-GroupsV314Test-1269514990 None] Lock "quobyte_ensure" "released" by "cinder.volume.drivers.quobyte.QuobyteDriver._ensure_shares_mounted" :: held 0.012s {{(pid=87515) inner /opt/stack/data/venv/lib/python3.12/site-packages/oslo_concurrency/lockutils.py:544}}
Sep 07 10:00:08 devstack cinder-volume[87515]: DEBUG oslo.privsep.daemon [-] privsep: reply[e9973c8a-0b8b-450a-ac2e-fcc465485bf6]: (4, 'qcow2') {{(pid=88332) _call_back /opt/stack/data/venv/lib/python3.12/site-packages/oslo_privsep/daemon.py:580}}
Sep 07 10:00:08 devstack cinder-volume[87515]: DEBUG oslo_concurrency.processutils [None req-4627e56d-ae20-4a2a-855b-cbd5530dae79 tempest-GroupsV314Test-1269514990 None] Running cmd (subprocess): /opt/stack/data/venv/bin/python3.12 -m oslo_concurrency.prlimit --as=1073741824 --cpu=60 -- sudo cinder-rootwrap /etc/cinder/rootwrap.conf env LC_ALL=C qemu-img info -f qcow2 --output=json --force-share /opt/stack/data/cinder/mnt/cdc5cde6216eb15955b399e54bc8276a/volume-c3817023-e52a-4ba0-b29f-b2377e4aa977.183fe0c9-a4c6-464c-a046-2611eb400657 {{(pid=87515) execute /opt/stack/data/venv/lib/python3.12/site-packages/oslo_concurrency/processutils.py:440}}
Sep 07 10:00:09 devstack sudo[90755]: quobyte : PWD=/ ; USER=root ; COMMAND=/opt/stack/data/venv/bin/cinder-rootwrap /etc/cinder/rootwrap.conf env LC_ALL=C qemu-img info -f qcow2 --output=json --force-share /opt/stack/data/cinder/mnt/cdc5cde6216eb15955b399e54bc8276a/volume-c3817023-e52a-4ba0-b29f-b2377e4aa977.183fe0c9-a4c6-464c-a046-2611eb400657
Sep 07 10:00:09 devstack sudo[90755]: pam_unix(sudo:session): session opened for user root(uid=0) by (uid=1000)
Sep 07 10:00:09 devstack sudo[90755]: pam_unix(sudo:session): session closed for user root
Sep 07 10:00:09 devstack cinder-volume[87515]: DEBUG oslo_concurrency.processutils [None req-4627e56d-ae20-4a2a-855b-cbd5530dae79 tempest-GroupsV314Test-1269514990 None] CMD "/opt/stack/data/venv/bin/python3.12 -m oslo_concurrency.prlimit --as=1073741824 --cpu=60 -- sudo cinder-rootwrap /etc/cinder/rootwrap.conf env LC_ALL=C qemu-img info -f qcow2 --output=json --force-share /opt/stack/data/cinder/mnt/cdc5cde6216eb15955b399e54bc8276a/volume-c3817023-e52a-4ba0-b29f-b2377e4aa977.183fe0c9-a4c6-464c-a046-2611eb400657" returned: 0 in 0.489s {{(pid=87515) execute /opt/stack/data/venv/lib/python3.12/site-packages/oslo_concurrency/processutils.py:468}}
Sep 07 10:00:09 devstack cinder-volume[87515]: DEBUG cinder.volume.drivers.remotefs [None req-4627e56d-ae20-4a2a-855b-cbd5530dae79 tempest-GroupsV314Test-1269514990 None] Fetching qemu-img info with special backing_file_template: (/opt/stack/data/cinder/mnt/[0-9a-f]+/)?(volume-c3817023-e52a-4ba0-b29f-b2377e4aa977(.(tmp-snap-)?[0-9a-f-]+)?|volume_from_snapshot_cache/(tmp-snap-)?[0-9a-f-]+(.(child-|parent-)[0-9a-f-]+)?)$ {{(pid=87515) _qemu_img_info_base /opt/stack/cinder/cinder/volume/drivers/remotefs.py:896}}
Sep 07 10:00:09 devstack cinder-volume[87515]: DEBUG oslo.privsep.daemon [-] privsep: reply[ee87cb8a-bea9-42b6-9582-2817ef3864fe]: (4, 'qcow2') {{(pid=88332) _call_back /opt/stack/data/venv/lib/python3.12/site-packages/oslo_privsep/daemon.py:580}}
Sep 07 10:00:09 devstack cinder-volume[87515]: DEBUG oslo_concurrency.processutils [None req-4627e56d-ae20-4a2a-855b-cbd5530dae79 tempest-GroupsV314Test-1269514990 None] Running cmd (subprocess): /opt/stack/data/venv/bin/python3.12 -m oslo_concurrency.prlimit --as=1073741824 --cpu=60 -- sudo cinder-rootwrap /etc/cinder/rootwrap.conf env LC_ALL=C qemu-img info -f qcow2 --output=json --force-share /opt/stack/data/cinder/mnt/cdc5cde6216eb15955b399e54bc8276a/volume-c3817023-e52a-4ba0-b29f-b2377e4aa977 {{(pid=87515) execute /opt/stack/data/venv/lib/python3.12/site-packages/oslo_concurrency/processutils.py:440}}
Sep 07 10:00:09 devstack sudo[90760]: quobyte : PWD=/ ; USER=root ; COMMAND=/opt/stack/data/venv/bin/cinder-rootwrap /etc/cinder/rootwrap.conf env LC_ALL=C qemu-img info -f qcow2 --output=json --force-share /opt/stack/data/cinder/mnt/cdc5cde6216eb15955b399e54bc8276a/volume-c3817023-e52a-4ba0-b29f-b2377e4aa977
Sep 07 10:00:09 devstack sudo[90760]: pam_unix(sudo:session): session opened for user root(uid=0) by (uid=1000)
Sep 07 10:00:09 devstack sudo[90760]: pam_unix(sudo:session): session closed for user root
Sep 07 10:00:09 devstack cinder-volume[87515]: DEBUG oslo_concurrency.processutils [None req-4627e56d-ae20-4a2a-855b-cbd5530dae79 tempest-GroupsV314Test-1269514990 None] CMD "/opt/stack/data/venv/bin/python3.12 -m oslo_concurrency.prlimit --as=1073741824 --cpu=60 -- sudo cinder-rootwrap /etc/cinder/rootwrap.conf env LC_ALL=C qemu-img info -f qcow2 --output=json --force-share /opt/stack/data/cinder/mnt/cdc5cde6216eb15955b399e54bc8276a/volume-c3817023-e52a-4ba0-b29f-b2377e4aa977" returned: 0 in 0.559s {{(pid=87515) execute /opt/stack/data/venv/lib/python3.12/site-packages/oslo_concurrency/processutils.py:468}}
Sep 07 10:00:09 devstack cinder-volume[87515]: DEBUG cinder.volume.drivers.quobyte [None req-4627e56d-ae20-4a2a-855b-cbd5530dae79 tempest-GroupsV314Test-1269514990 None] will copy from snapshot at /opt/stack/data/cinder/mnt/cdc5cde6216eb15955b399e54bc8276a/volume-c3817023-e52a-4ba0-b29f-b2377e4aa977 {{(pid=87515) _copy_volume_from_snapshot /opt/stack/cinder/cinder/volume/drivers/quobyte.py:423}}
Sep 07 10:00:09 devstack cinder-volume[87515]: DEBUG cinder.volume.drivers.quobyte [None req-4627e56d-ae20-4a2a-855b-cbd5530dae79 tempest-GroupsV314Test-1269514990 None] Creating direct copy from snapshot {{(pid=87515) _copy_volume_from_snapshot /opt/stack/cinder/cinder/volume/drivers/quobyte.py:431}}
Sep 07 10:00:09 devstack cinder-volume[87515]: DEBUG cinder.utils [None req-4627e56d-ae20-4a2a-855b-cbd5530dae79 tempest-GroupsV314Test-1269514990 None] Path /opt/stack/data/cinder/mnt/cdc5cde6216eb15955b399e54bc8276a/volume-b9b6617c-2fc3-4073-8108-642296217967 not found in is_blk_device check {{(pid=87515) is_blk_device /opt/stack/cinder/cinder/utils.py:622}}
Sep 07 10:00:09 devstack cinder-volume[87515]: DEBUG oslo_concurrency.processutils [None req-4627e56d-ae20-4a2a-855b-cbd5530dae79 tempest-GroupsV314Test-1269514990 None] Running cmd (subprocess): sudo cinder-rootwrap /etc/cinder/rootwrap.conf qemu-img convert -O qcow2 /opt/stack/data/cinder/mnt/cdc5cde6216eb15955b399e54bc8276a/volume-c3817023-e52a-4ba0-b29f-b2377e4aa977 /opt/stack/data/cinder/mnt/cdc5cde6216eb15955b399e54bc8276a/volume-b9b6617c-2fc3-4073-8108-642296217967 {{(pid=87515) execute /opt/stack/data/venv/lib/python3.12/site-packages/oslo_concurrency/processutils.py:440}}
Sep 07 10:00:10 devstack sudo[90768]: quobyte : PWD=/ ; USER=root ; COMMAND=/opt/stack/data/venv/bin/cinder-rootwrap /etc/cinder/rootwrap.conf qemu-img convert -O qcow2 /opt/stack/data/cinder/mnt/cdc5cde6216eb15955b399e54bc8276a/volume-c3817023-e52a-4ba0-b29f-b2377e4aa977 /opt/stack/data/cinder/mnt/cdc5cde6216eb15955b399e54bc8276a/volume-b9b6617c-2fc3-4073-8108-642296217967
Sep 07 10:00:10 devstack sudo[90768]: pam_unix(sudo:session): session opened for user root(uid=0) by (uid=1000)
Sep 07 10:00:11 devstack cinder-volume[87515]: DEBUG oslo_service.periodic_task [None req-cebd6a9d-3073-42a1-b65a-b38d444d85ed None None] Running periodic task VolumeManager.publish_service_capabilities {{(pid=87515) run_periodic_tasks /opt/stack/data/venv/lib/python3.12/site-packages/oslo_service/periodic_task.py:254}}
Sep 07 10:00:11 devstack cinder-volume[87515]: DEBUG oslo_concurrency.lockutils [None req-cebd6a9d-3073-42a1-b65a-b38d444d85ed None None] Acquiring lock "quobyte_ensure" by "cinder.volume.drivers.quobyte.QuobyteDriver._ensure_shares_mounted" {{(pid=87515) inner /opt/stack/data/venv/lib/python3.12/site-packages/oslo_concurrency/lockutils.py:512}}
Sep 07 10:00:11 devstack cinder-volume[87515]: DEBUG oslo_concurrency.lockutils [None req-cebd6a9d-3073-42a1-b65a-b38d444d85ed None None] Lock "quobyte_ensure" acquired by "cinder.volume.drivers.quobyte.QuobyteDriver._ensure_shares_mounted" :: waited 0.002s {{(pid=87515) inner /opt/stack/data/venv/lib/python3.12/site-packages/oslo_concurrency/lockutils.py:525}}
Sep 07 10:00:11 devstack cinder-volume[87515]: DEBUG cinder.volume.drivers.quobyte [None req-cebd6a9d-3073-42a1-b65a-b38d444d85ed None None] Quobyte Volume URL set to: {'osci02.corp.quobyte.com/cinder-vol-5b4500ed-e0c1-4a68-88f6-ab13ab07e14c': None} {{(pid=87515) _load_shares_config /opt/stack/cinder/cinder/volume/drivers/quobyte.py:662}}
Sep 07 10:00:11 devstack cinder-volume[87515]: DEBUG cinder.volume.drivers.quobyte [None req-cebd6a9d-3073-42a1-b65a-b38d444d85ed None None] Available shares ['osci02.corp.quobyte.com/cinder-vol-5b4500ed-e0c1-4a68-88f6-ab13ab07e14c'] {{(pid=87515) _ensure_shares_mounted /opt/stack/cinder/cinder/volume/drivers/quobyte.py:692}}
Sep 07 10:00:11 devstack cinder-volume[87515]: DEBUG oslo_concurrency.lockutils [None req-cebd6a9d-3073-42a1-b65a-b38d444d85ed None None] Lock "quobyte_ensure" "released" by "cinder.volume.drivers.quobyte.QuobyteDriver._ensure_shares_mounted" :: held 0.019s {{(pid=87515) inner /opt/stack/data/venv/lib/python3.12/site-packages/oslo_concurrency/lockutils.py:544}}
Sep 07 10:00:11 devstack cinder-volume[87515]: DEBUG oslo_concurrency.processutils [None req-cebd6a9d-3073-42a1-b65a-b38d444d85ed None None] Running cmd (subprocess): sudo cinder-rootwrap /etc/cinder/rootwrap.conf df --portability --block-size 1 /opt/stack/data/cinder/mnt/cdc5cde6216eb15955b399e54bc8276a {{(pid=87515) execute /opt/stack/data/venv/lib/python3.12/site-packages/oslo_concurrency/processutils.py:440}}
Sep 07 10:00:11 devstack sudo[90819]: quobyte : PWD=/ ; USER=root ; COMMAND=/opt/stack/data/venv/bin/cinder-rootwrap /etc/cinder/rootwrap.conf df --portability --block-size 1 /opt/stack/data/cinder/mnt/cdc5cde6216eb15955b399e54bc8276a
Sep 07 10:00:11 devstack sudo[90819]: pam_unix(sudo:session): session opened for user root(uid=0) by (uid=1000)
Sep 07 10:00:12 devstack sudo[90819]: pam_unix(sudo:session): session closed for user root
Sep 07 10:00:12 devstack cinder-volume[87515]: DEBUG oslo_concurrency.processutils [None req-cebd6a9d-3073-42a1-b65a-b38d444d85ed None None] CMD "sudo cinder-rootwrap /etc/cinder/rootwrap.conf df --portability --block-size 1 /opt/stack/data/cinder/mnt/cdc5cde6216eb15955b399e54bc8276a" returned: 0 in 1.012s {{(pid=87515) execute /opt/stack/data/venv/lib/python3.12/site-packages/oslo_concurrency/processutils.py:468}}
Sep 07 10:00:12 devstack cinder-volume[87515]: DEBUG cinder.manager [None req-cebd6a9d-3073-42a1-b65a-b38d444d85ed None None] Notifying Schedulers of capabilities ... {{(pid=87515) _publish_service_capabilities /opt/stack/cinder/cinder/manager.py:219}}
Sep 07 10:00:16 devstack sudo[90768]: pam_unix(sudo:session): session closed for user root
Sep 07 10:00:16 devstack cinder-volume[87515]: DEBUG oslo_concurrency.processutils [None req-4627e56d-ae20-4a2a-855b-cbd5530dae79 tempest-GroupsV314Test-1269514990 None] CMD "sudo cinder-rootwrap /etc/cinder/rootwrap.conf qemu-img convert -O qcow2 /opt/stack/data/cinder/mnt/cdc5cde6216eb15955b399e54bc8276a/volume-c3817023-e52a-4ba0-b29f-b2377e4aa977 /opt/stack/data/cinder/mnt/cdc5cde6216eb15955b399e54bc8276a/volume-b9b6617c-2fc3-4073-8108-642296217967" returned: 0 in 6.961s {{(pid=87515) execute /opt/stack/data/venv/lib/python3.12/site-packages/oslo_concurrency/processutils.py:468}}
Sep 07 10:00:16 devstack cinder-volume[87515]: DEBUG cinder.image.image_utils [None req-4627e56d-ae20-4a2a-855b-cbd5530dae79 tempest-GroupsV314Test-1269514990 None] Image conversion details: src /opt/stack/data/cinder/mnt/cdc5cde6216eb15955b399e54bc8276a/volume-c3817023-e52a-4ba0-b29f-b2377e4aa977, size 1024.00 MB, duration 6.96 sec, destination /opt/stack/data/cinder/mnt/cdc5cde6216eb15955b399e54bc8276a/volume-b9b6617c-2fc3-4073-8108-642296217967 {{(pid=87515) _convert_image /opt/stack/cinder/cinder/image/image_utils.py:536}}
Sep 07 10:00:16 devstack cinder-volume[87515]: INFO cinder.image.image_utils [None req-4627e56d-ae20-4a2a-855b-cbd5530dae79 tempest-GroupsV314Test-1269514990 None] Converted 1024.00 MB image at 147.08 MB/s
Sep 07 10:00:16 devstack cinder-volume[87515]: WARNING cinder.volume.drivers.remotefs [None req-4627e56d-ae20-4a2a-855b-cbd5530dae79 tempest-GroupsV314Test-1269514990 None] /opt/stack/data/cinder/mnt/cdc5cde6216eb15955b399e54bc8276a/volume-b9b6617c-2fc3-4073-8108-642296217967 is being set with open permissions: ugo+rw: NotImplementedError
Sep 07 10:00:16 devstack cinder-volume[87515]: DEBUG oslo_concurrency.processutils [None req-4627e56d-ae20-4a2a-855b-cbd5530dae79 tempest-GroupsV314Test-1269514990 None] Running cmd (subprocess): sudo cinder-rootwrap /etc/cinder/rootwrap.conf chmod ugo+rw /opt/stack/data/cinder/mnt/cdc5cde6216eb15955b399e54bc8276a/volume-b9b6617c-2fc3-4073-8108-642296217967 {{(pid=87515) execute /opt/stack/data/venv/lib/python3.12/site-packages/oslo_concurrency/processutils.py:440}}
Sep 07 10:00:16 devstack sudo[90841]: quobyte : PWD=/ ; USER=root ; COMMAND=/opt/stack/data/venv/bin/cinder-rootwrap /etc/cinder/rootwrap.conf chmod ugo+rw /opt/stack/data/cinder/mnt/cdc5cde6216eb15955b399e54bc8276a/volume-b9b6617c-2fc3-4073-8108-642296217967
Sep 07 10:00:16 devstack sudo[90841]: pam_unix(sudo:session): session opened for user root(uid=0) by (uid=1000)
Sep 07 10:00:17 devstack sudo[90841]: pam_unix(sudo:session): session closed for user root
Sep 07 10:00:17 devstack cinder-volume[87515]: DEBUG oslo_concurrency.processutils [None req-4627e56d-ae20-4a2a-855b-cbd5530dae79 tempest-GroupsV314Test-1269514990 None] CMD "sudo cinder-rootwrap /etc/cinder/rootwrap.conf chmod ugo+rw /opt/stack/data/cinder/mnt/cdc5cde6216eb15955b399e54bc8276a/volume-b9b6617c-2fc3-4073-8108-642296217967" returned: 0 in 0.361s {{(pid=87515) execute /opt/stack/data/venv/lib/python3.12/site-packages/oslo_concurrency/processutils.py:468}}
Sep 07 10:00:17 devstack cinder-volume[87515]: DEBUG cinder.coordination [None req-4627e56d-ae20-4a2a-855b-cbd5530dae79 tempest-GroupsV314Test-1269514990 None] Lock "cinder-quobyte-b9b6617c-2fc3-4073-8108-642296217967" released by "_copy_volume_from_snapshot" :: held 8.491s {{(pid=87515) __release /opt/stack/cinder/cinder/coordination.py:152}}
Sep 07 10:00:17 devstack cinder-volume[87515]: DEBUG cinder.coordination [None req-4627e56d-ae20-4a2a-855b-cbd5530dae79 tempest-GroupsV314Test-1269514990 None] Acquiring lock "cinder-quobyte-183fe0c9-a4c6-464c-a046-2611eb400657" by "_delete_snapshot" {{(pid=87515) __acquire /opt/stack/cinder/cinder/coordination.py:138}}
Sep 07 10:00:17 devstack cinder-volume[87515]: DEBUG cinder.coordination [None req-4627e56d-ae20-4a2a-855b-cbd5530dae79 tempest-GroupsV314Test-1269514990 None] Lock "cinder-quobyte-183fe0c9-a4c6-464c-a046-2611eb400657" acquired by "_delete_snapshot" :: waited 0.026s {{(pid=87515) __acquire /opt/stack/cinder/cinder/coordination.py:141}}
Sep 07 10:00:17 devstack cinder-volume[87515]: DEBUG cinder.volume.drivers.remotefs [None req-4627e56d-ae20-4a2a-855b-cbd5530dae79 tempest-GroupsV314Test-1269514990 None] Deleting offline snapshot 183fe0c9-a4c6-464c-a046-2611eb400657 of volume c3817023-e52a-4ba0-b29f-b2377e4aa977 {{(pid=87515) _delete_snapshot /opt/stack/cinder/cinder/volume/drivers/remotefs.py:1288}}
Sep 07 10:00:17 devstack cinder-volume[87515]: DEBUG cinder.volume.drivers.remotefs [None req-4627e56d-ae20-4a2a-855b-cbd5530dae79 tempest-GroupsV314Test-1269514990 None] snapshot_file for this snap is: volume-c3817023-e52a-4ba0-b29f-b2377e4aa977.183fe0c9-a4c6-464c-a046-2611eb400657 {{(pid=87515) _delete_snapshot /opt/stack/cinder/cinder/volume/drivers/remotefs.py:1317}}
Sep 07 10:00:17 devstack cinder-volume[87515]: DEBUG oslo.privsep.daemon [-] privsep: reply[0b6d96f3-23e8-44ac-a3ac-d8a1f55cf36f]: (4, 'qcow2') {{(pid=88332) _call_back /opt/stack/data/venv/lib/python3.12/site-packages/oslo_privsep/daemon.py:580}}
Sep 07 10:00:17 devstack cinder-volume[87515]: DEBUG oslo_concurrency.processutils [None req-4627e56d-ae20-4a2a-855b-cbd5530dae79 tempest-GroupsV314Test-1269514990 None] Running cmd (subprocess): /opt/stack/data/venv/bin/python3.12 -m oslo_concurrency.prlimit --as=1073741824 --cpu=60 -- sudo cinder-rootwrap /etc/cinder/rootwrap.conf env LC_ALL=C qemu-img info -f qcow2 --output=json --force-share /opt/stack/data/cinder/mnt/cdc5cde6216eb15955b399e54bc8276a/volume-c3817023-e52a-4ba0-b29f-b2377e4aa977.183fe0c9-a4c6-464c-a046-2611eb400657 {{(pid=87515) execute /opt/stack/data/venv/lib/python3.12/site-packages/oslo_concurrency/processutils.py:440}}
Sep 07 10:00:17 devstack sudo[90844]: quobyte : PWD=/ ; USER=root ; COMMAND=/opt/stack/data/venv/bin/cinder-rootwrap /etc/cinder/rootwrap.conf env LC_ALL=C qemu-img info -f qcow2 --output=json --force-share /opt/stack/data/cinder/mnt/cdc5cde6216eb15955b399e54bc8276a/volume-c3817023-e52a-4ba0-b29f-b2377e4aa977.183fe0c9-a4c6-464c-a046-2611eb400657
Sep 07 10:00:17 devstack sudo[90844]: pam_unix(sudo:session): session opened for user root(uid=0) by (uid=1000)
Sep 07 10:00:17 devstack cinder-volume[87515]: DEBUG dbcounter [-] [87515] Writing DB stats cinder:SELECT=7,cinder:UPDATE=5,cinder:INSERT=3,cinder:DELETE=1 {{(pid=87515) stat_writer /opt/stack/data/venv/lib/python3.12/site-packages/dbcounter.py:115}}
Sep 07 10:00:18 devstack sudo[90844]: pam_unix(sudo:session): session closed for user root
Sep 07 10:00:18 devstack cinder-volume[87515]: DEBUG oslo_concurrency.processutils [None req-4627e56d-ae20-4a2a-855b-cbd5530dae79 tempest-GroupsV314Test-1269514990 None] CMD "/opt/stack/data/venv/bin/python3.12 -m oslo_concurrency.prlimit --as=1073741824 --cpu=60 -- sudo cinder-rootwrap /etc/cinder/rootwrap.conf env LC_ALL=C qemu-img info -f qcow2 --output=json --force-share /opt/stack/data/cinder/mnt/cdc5cde6216eb15955b399e54bc8276a/volume-c3817023-e52a-4ba0-b29f-b2377e4aa977.183fe0c9-a4c6-464c-a046-2611eb400657" returned: 0 in 0.613s {{(pid=87515) execute /opt/stack/data/venv/lib/python3.12/site-packages/oslo_concurrency/processutils.py:468}}
Sep 07 10:00:18 devstack cinder-volume[87515]: DEBUG cinder.volume.drivers.remotefs [None req-4627e56d-ae20-4a2a-855b-cbd5530dae79 tempest-GroupsV314Test-1269514990 None] Fetching qemu-img info with special backing_file_template: (/opt/stack/data/cinder/mnt/[0-9a-f]+/)?(volume-c3817023-e52a-4ba0-b29f-b2377e4aa977(.(tmp-snap-)?[0-9a-f-]+)?|volume_from_snapshot_cache/(tmp-snap-)?[0-9a-f-]+(.(child-|parent-)[0-9a-f-]+)?)$ {{(pid=87515) _qemu_img_info_base /opt/stack/cinder/cinder/volume/drivers/remotefs.py:896}}
Sep 07 10:00:18 devstack cinder-volume[87515]: DEBUG oslo.privsep.daemon [-] privsep: reply[ebb736ab-dbbc-454c-b12e-2e26b8af29d3]: (4, 'qcow2') {{(pid=88332) _call_back /opt/stack/data/venv/lib/python3.12/site-packages/oslo_privsep/daemon.py:580}}
Sep 07 10:00:18 devstack cinder-volume[87515]: DEBUG oslo_concurrency.processutils [None req-4627e56d-ae20-4a2a-855b-cbd5530dae79 tempest-GroupsV314Test-1269514990 None] Running cmd (subprocess): /opt/stack/data/venv/bin/python3.12 -m oslo_concurrency.prlimit --as=1073741824 --cpu=60 -- sudo cinder-rootwrap /etc/cinder/rootwrap.conf env LC_ALL=C qemu-img info -f qcow2 --output=json --force-share /opt/stack/data/cinder/mnt/cdc5cde6216eb15955b399e54bc8276a/volume-c3817023-e52a-4ba0-b29f-b2377e4aa977 {{(pid=87515) execute /opt/stack/data/venv/lib/python3.12/site-packages/oslo_concurrency/processutils.py:440}}
Sep 07 10:00:18 devstack sudo[90849]: quobyte : PWD=/ ; USER=root ; COMMAND=/opt/stack/data/venv/bin/cinder-rootwrap /etc/cinder/rootwrap.conf env LC_ALL=C qemu-img info -f qcow2 --output=json --force-share /opt/stack/data/cinder/mnt/cdc5cde6216eb15955b399e54bc8276a/volume-c3817023-e52a-4ba0-b29f-b2377e4aa977
Sep 07 10:00:18 devstack sudo[90849]: pam_unix(sudo:session): session opened for user root(uid=0) by (uid=1000)
Sep 07 10:00:18 devstack cinder-volume[87515]: DEBUG cinder.volume.flows.manager.create_volume [None req-cc0cabcd-dd2b-4202-ba77-d09429e061f0 tempest-ServerActionsTestOtherA-1577109295 None] Volume reschedule parameters: True retry: {'num_attempts': 1, 'backends': ['devstack@QuobyteHD#QuobyteHD'], 'hosts': ['devstack@QuobyteHD#QuobyteHD']} {{(pid=87515) get_flow /opt/stack/cinder/cinder/volume/flows/manager/create_volume.py:1397}}
Sep 07 10:00:18 devstack cinder-volume[87515]: DEBUG cinder.volume.manager [None req-cc0cabcd-dd2b-4202-ba77-d09429e061f0 tempest-ServerActionsTestOtherA-1577109295 None] Flow 'volume_create_manager' (49fd4c2f-244e-4374-a487-f4f713af2070) transitioned into state 'RUNNING' from state 'PENDING' {{(pid=87515) _flow_receiver /opt/stack/data/venv/lib/python3.12/site-packages/taskflow/listeners/logging.py:160}}
Sep 07 10:00:18 devstack cinder-volume[87515]: DEBUG cinder.volume.manager [None req-cc0cabcd-dd2b-4202-ba77-d09429e061f0 tempest-ServerActionsTestOtherA-1577109295 None] Task 'cinder.volume.flows.manager.create_volume.ExtractVolumeRefTask;volume:create' (5e6a4232-7639-41d9-89a2-154f9ee577a2) transitioned into state 'RUNNING' from state 'PENDING' {{(pid=87515) _task_receiver /opt/stack/data/venv/lib/python3.12/site-packages/taskflow/listeners/logging.py:242}}
Sep 07 10:00:18 devstack cinder-volume[87515]: DEBUG cinder.volume.manager [None req-cc0cabcd-dd2b-4202-ba77-d09429e061f0 tempest-ServerActionsTestOtherA-1577109295 None] Task 'cinder.volume.flows.manager.create_volume.ExtractVolumeRefTask;volume:create' (5e6a4232-7639-41d9-89a2-154f9ee577a2) transitioned into state 'SUCCESS' from state 'RUNNING' with result 'Volume(_name_id=None,admin_metadata=,attach_status='detached',availability_zone='nova',bootable=False,cluster=,cluster_name=None,consistencygroup=,consistencygroup_id=None,created_at=2026-09-07T08:00:18Z,deleted=False,deleted_at=None,display_description=None,display_name='tempest-tempest.common.compute-volume-244151822',ec2_id=None,encryption_key_id=None,glance_metadata=,group=,group_id=None,host='devstack@QuobyteHD#QuobyteHD',id=a4bf0a9c-41d0-42cc-a3bf-c195d11e69fe,launched_at=None,metadata={},migration_status=None,multiattach=False,previous_status=None,project_id='0805f131487d4bf6907414c10b172704',provider_auth=None,provider_geometry=None,provider_id=None,provider_location=None,replication_driver_data=None,replication_extended_status=None,replication_status=None,scheduled_at=2026-09-07T08:00:19Z,service_uuid=None,shared_targets=True,size=1,snapshot_id=None,snapshots=,source_volid=None,status='creating',terminated_at=None,updated_at=2026-09-07T08:00:19Z,use_quota=True,user_id='1918b665bf3a468e837ffc0cefcbf767',volume_attachment=VolumeAttachmentList,volume_type=VolumeType(f3a092cd-7947-4cbf-abff-4ba9567becf0),volume_type_id=f3a092cd-7947-4cbf-abff-4ba9567becf0)' {{(pid=87515) _task_receiver /opt/stack/data/venv/lib/python3.12/site-packages/taskflow/listeners/logging.py:218}}
Sep 07 10:00:18 devstack cinder-volume[87515]: DEBUG cinder.volume.manager [None req-cc0cabcd-dd2b-4202-ba77-d09429e061f0 tempest-ServerActionsTestOtherA-1577109295 None] Task 'cinder.volume.flows.manager.create_volume.OnFailureRescheduleTask;volume:create' (d8942fc0-b1b7-4c2b-86a7-e49e287f752d) transitioned into state 'RUNNING' from state 'PENDING' {{(pid=87515) _task_receiver /opt/stack/data/venv/lib/python3.12/site-packages/taskflow/listeners/logging.py:242}}
Sep 07 10:00:18 devstack cinder-volume[87515]: DEBUG cinder.volume.manager [None req-cc0cabcd-dd2b-4202-ba77-d09429e061f0 tempest-ServerActionsTestOtherA-1577109295 None] Task 'cinder.volume.flows.manager.create_volume.OnFailureRescheduleTask;volume:create' (d8942fc0-b1b7-4c2b-86a7-e49e287f752d) transitioned into state 'SUCCESS' from state 'RUNNING' with result 'None' {{(pid=87515) _task_receiver /opt/stack/data/venv/lib/python3.12/site-packages/taskflow/listeners/logging.py:218}}
Sep 07 10:00:18 devstack cinder-volume[87515]: DEBUG cinder.volume.manager [None req-cc0cabcd-dd2b-4202-ba77-d09429e061f0 tempest-ServerActionsTestOtherA-1577109295 None] Task 'cinder.volume.flows.manager.create_volume.ExtractVolumeSpecTask;volume:create' (3f9775e6-cefc-4178-b542-b82b3d44fca1) transitioned into state 'RUNNING' from state 'PENDING' {{(pid=87515) _task_receiver /opt/stack/data/venv/lib/python3.12/site-packages/taskflow/listeners/logging.py:242}}
Sep 07 10:00:18 devstack cinder-volume[87515]: DEBUG cinder.image.glance [None req-cc0cabcd-dd2b-4202-ba77-d09429e061f0 tempest-ServerActionsTestOtherA-1577109295 None] Creating Keystone auth plugin from conf {{(pid=87515) _create_glance_client /opt/stack/cinder/cinder/image/glance.py:135}}
Sep 07 10:00:18 devstack sudo[90849]: pam_unix(sudo:session): session closed for user root
Sep 07 10:00:18 devstack cinder-volume[87515]: DEBUG oslo_concurrency.processutils [None req-4627e56d-ae20-4a2a-855b-cbd5530dae79 tempest-GroupsV314Test-1269514990 None] CMD "/opt/stack/data/venv/bin/python3.12 -m oslo_concurrency.prlimit --as=1073741824 --cpu=60 -- sudo cinder-rootwrap /etc/cinder/rootwrap.conf env LC_ALL=C qemu-img info -f qcow2 --output=json --force-share /opt/stack/data/cinder/mnt/cdc5cde6216eb15955b399e54bc8276a/volume-c3817023-e52a-4ba0-b29f-b2377e4aa977" returned: 0 in 0.694s {{(pid=87515) execute /opt/stack/data/venv/lib/python3.12/site-packages/oslo_concurrency/processutils.py:468}}
Sep 07 10:00:18 devstack cinder-volume[87515]: DEBUG oslo_concurrency.processutils [None req-4627e56d-ae20-4a2a-855b-cbd5530dae79 tempest-GroupsV314Test-1269514990 None] Running cmd (subprocess): sudo cinder-rootwrap /etc/cinder/rootwrap.conf qemu-img commit -d /opt/stack/data/cinder/mnt/cdc5cde6216eb15955b399e54bc8276a/volume-c3817023-e52a-4ba0-b29f-b2377e4aa977.183fe0c9-a4c6-464c-a046-2611eb400657 {{(pid=87515) execute /opt/stack/data/venv/lib/python3.12/site-packages/oslo_concurrency/processutils.py:440}}
Sep 07 10:00:18 devstack sudo[90855]: quobyte : PWD=/ ; USER=root ; COMMAND=/opt/stack/data/venv/bin/cinder-rootwrap /etc/cinder/rootwrap.conf qemu-img commit -d /opt/stack/data/cinder/mnt/cdc5cde6216eb15955b399e54bc8276a/volume-c3817023-e52a-4ba0-b29f-b2377e4aa977.183fe0c9-a4c6-464c-a046-2611eb400657
Sep 07 10:00:18 devstack sudo[90855]: pam_unix(sudo:session): session opened for user root(uid=0) by (uid=1000)
Sep 07 10:00:18 devstack cinder-volume[87515]: DEBUG cinder.volume.flows.manager.create_volume [None req-273fc75a-76c5-4948-9ce7-96943d3957bb tempest-TaggedAttachmentsTest-262548527 None] Volume reschedule parameters: True retry: {'num_attempts': 1, 'backends': ['devstack@QuobyteHD#QuobyteHD'], 'hosts': ['devstack@QuobyteHD#QuobyteHD']} {{(pid=87515) get_flow /opt/stack/cinder/cinder/volume/flows/manager/create_volume.py:1397}}
Sep 07 10:00:18 devstack cinder-volume[87515]: DEBUG cinder.volume.manager [None req-273fc75a-76c5-4948-9ce7-96943d3957bb tempest-TaggedAttachmentsTest-262548527 None] Flow 'volume_create_manager' (99703f2b-9431-4241-8ca8-c5ccf382ab7f) transitioned into state 'RUNNING' from state 'PENDING' {{(pid=87515) _flow_receiver /opt/stack/data/venv/lib/python3.12/site-packages/taskflow/listeners/logging.py:160}}
Sep 07 10:00:18 devstack cinder-volume[87515]: DEBUG cinder.volume.manager [None req-273fc75a-76c5-4948-9ce7-96943d3957bb tempest-TaggedAttachmentsTest-262548527 None] Task 'cinder.volume.flows.manager.create_volume.ExtractVolumeRefTask;volume:create' (7cb1f70e-c788-4cd7-a6a6-a2d8a9a9ab46) transitioned into state 'RUNNING' from state 'PENDING' {{(pid=87515) _task_receiver /opt/stack/data/venv/lib/python3.12/site-packages/taskflow/listeners/logging.py:242}}
Sep 07 10:00:18 devstack cinder-volume[87515]: DEBUG cinder.volume.manager [None req-273fc75a-76c5-4948-9ce7-96943d3957bb tempest-TaggedAttachmentsTest-262548527 None] Task 'cinder.volume.flows.manager.create_volume.ExtractVolumeRefTask;volume:create' (7cb1f70e-c788-4cd7-a6a6-a2d8a9a9ab46) transitioned into state 'SUCCESS' from state 'RUNNING' with result 'Volume(_name_id=None,admin_metadata=,attach_status='detached',availability_zone='nova',bootable=False,cluster=,cluster_name=None,consistencygroup=,consistencygroup_id=None,created_at=2026-09-07T08:00:18Z,deleted=False,deleted_at=None,display_description=None,display_name='tempest-TaggedAttachmentsTest-volume-1136371274',ec2_id=None,encryption_key_id=None,glance_metadata=,group=,group_id=None,host='devstack@QuobyteHD#QuobyteHD',id=7e146ba7-f52f-4ef5-b38f-8bf5a6375fe8,launched_at=None,metadata={},migration_status=None,multiattach=False,previous_status=None,project_id='16f364821de44c84a3d9a2e603d67e06',provider_auth=None,provider_geometry=None,provider_id=None,provider_location=None,replication_driver_data=None,replication_extended_status=None,replication_status=None,scheduled_at=2026-09-07T08:00:19Z,service_uuid=None,shared_targets=True,size=1,snapshot_id=None,snapshots=,source_volid=None,status='creating',terminated_at=None,updated_at=2026-09-07T08:00:19Z,use_quota=True,user_id='d57cabcda2a4460ab2cbda6017fad938',volume_attachment=VolumeAttachmentList,volume_type=VolumeType(f3a092cd-7947-4cbf-abff-4ba9567becf0),volume_type_id=f3a092cd-7947-4cbf-abff-4ba9567becf0)' {{(pid=87515) _task_receiver /opt/stack/data/venv/lib/python3.12/site-packages/taskflow/listeners/logging.py:218}}
Sep 07 10:00:18 devstack cinder-volume[87515]: DEBUG cinder.volume.manager [None req-273fc75a-76c5-4948-9ce7-96943d3957bb tempest-TaggedAttachmentsTest-262548527 None] Task 'cinder.volume.flows.manager.create_volume.OnFailureRescheduleTask;volume:create' (7528c0da-a476-42a3-92c6-1ac49a222218) transitioned into state 'RUNNING' from state 'PENDING' {{(pid=87515) _task_receiver /opt/stack/data/venv/lib/python3.12/site-packages/taskflow/listeners/logging.py:242}}
Sep 07 10:00:18 devstack cinder-volume[87515]: DEBUG cinder.volume.manager [None req-273fc75a-76c5-4948-9ce7-96943d3957bb tempest-TaggedAttachmentsTest-262548527 None] Task 'cinder.volume.flows.manager.create_volume.OnFailureRescheduleTask;volume:create' (7528c0da-a476-42a3-92c6-1ac49a222218) transitioned into state 'SUCCESS' from state 'RUNNING' with result 'None' {{(pid=87515) _task_receiver /opt/stack/data/venv/lib/python3.12/site-packages/taskflow/listeners/logging.py:218}}
Sep 07 10:00:18 devstack cinder-volume[87515]: DEBUG cinder.volume.manager [None req-273fc75a-76c5-4948-9ce7-96943d3957bb tempest-TaggedAttachmentsTest-262548527 None] Task 'cinder.volume.flows.manager.create_volume.ExtractVolumeSpecTask;volume:create' (7037835d-3863-4c25-bf76-2b572ab96244) transitioned into state 'RUNNING' from state 'PENDING' {{(pid=87515) _task_receiver /opt/stack/data/venv/lib/python3.12/site-packages/taskflow/listeners/logging.py:242}}
Sep 07 10:00:18 devstack cinder-volume[87515]: DEBUG cinder.volume.manager [None req-273fc75a-76c5-4948-9ce7-96943d3957bb tempest-TaggedAttachmentsTest-262548527 None] Task 'cinder.volume.flows.manager.create_volume.ExtractVolumeSpecTask;volume:create' (7037835d-3863-4c25-bf76-2b572ab96244) transitioned into state 'SUCCESS' from state 'RUNNING' with result '{'status': 'creating', 'type': 'raw', 'volume_id': '7e146ba7-f52f-4ef5-b38f-8bf5a6375fe8', 'volume_name': 'volume-7e146ba7-f52f-4ef5-b38f-8bf5a6375fe8', 'volume_size': 1}' {{(pid=87515) _task_receiver /opt/stack/data/venv/lib/python3.12/site-packages/taskflow/listeners/logging.py:218}}
Sep 07 10:00:18 devstack cinder-volume[87515]: DEBUG cinder.volume.manager [None req-273fc75a-76c5-4948-9ce7-96943d3957bb tempest-TaggedAttachmentsTest-262548527 None] Task 'cinder.volume.flows.manager.create_volume.NotifyVolumeActionTask;volume:create, create.start' (3eba4cfa-203b-4af4-be62-4b50fd1fab2f) transitioned into state 'RUNNING' from state 'PENDING' {{(pid=87515) _task_receiver /opt/stack/data/venv/lib/python3.12/site-packages/taskflow/listeners/logging.py:242}}
Sep 07 10:00:18 devstack cinder-volume[87515]: DEBUG cinder.volume.manager [None req-273fc75a-76c5-4948-9ce7-96943d3957bb tempest-TaggedAttachmentsTest-262548527 None] Task 'cinder.volume.flows.manager.create_volume.NotifyVolumeActionTask;volume:create, create.start' (3eba4cfa-203b-4af4-be62-4b50fd1fab2f) transitioned into state 'SUCCESS' from state 'RUNNING' with result 'None' {{(pid=87515) _task_receiver /opt/stack/data/venv/lib/python3.12/site-packages/taskflow/listeners/logging.py:218}}
Sep 07 10:00:18 devstack cinder-volume[87515]: DEBUG cinder.volume.manager [None req-273fc75a-76c5-4948-9ce7-96943d3957bb tempest-TaggedAttachmentsTest-262548527 None] Task 'cinder.volume.flows.manager.create_volume.CreateVolumeFromSpecTask;volume:create' (3d760056-af38-4c00-a63c-fcfc181c7677) transitioned into state 'RUNNING' from state 'PENDING' {{(pid=87515) _task_receiver /opt/stack/data/venv/lib/python3.12/site-packages/taskflow/listeners/logging.py:242}}
Sep 07 10:00:18 devstack cinder-volume[87515]: INFO cinder.volume.flows.manager.create_volume [None req-273fc75a-76c5-4948-9ce7-96943d3957bb tempest-TaggedAttachmentsTest-262548527 None] Volume 7e146ba7-f52f-4ef5-b38f-8bf5a6375fe8: being created as raw with specification: {'status': 'creating', 'volume_name': 'volume-7e146ba7-f52f-4ef5-b38f-8bf5a6375fe8', 'volume_size': 1}
Sep 07 10:00:18 devstack cinder-volume[87515]: DEBUG oslo_concurrency.lockutils [None req-273fc75a-76c5-4948-9ce7-96943d3957bb tempest-TaggedAttachmentsTest-262548527 None] Acquiring lock "quobyte" by "cinder.volume.drivers.quobyte.QuobyteDriver.create_volume" {{(pid=87515) inner /opt/stack/data/venv/lib/python3.12/site-packages/oslo_concurrency/lockutils.py:512}}
Sep 07 10:00:19 devstack sudo[90855]: pam_unix(sudo:session): session closed for user root
Sep 07 10:00:19 devstack cinder-volume[87515]: DEBUG oslo_concurrency.processutils [None req-4627e56d-ae20-4a2a-855b-cbd5530dae79 tempest-GroupsV314Test-1269514990 None] CMD "sudo cinder-rootwrap /etc/cinder/rootwrap.conf qemu-img commit -d /opt/stack/data/cinder/mnt/cdc5cde6216eb15955b399e54bc8276a/volume-c3817023-e52a-4ba0-b29f-b2377e4aa977.183fe0c9-a4c6-464c-a046-2611eb400657" returned: 0 in 0.454s {{(pid=87515) execute /opt/stack/data/venv/lib/python3.12/site-packages/oslo_concurrency/processutils.py:468}}
Sep 07 10:00:19 devstack cinder-volume[87515]: DEBUG oslo_concurrency.processutils [None req-4627e56d-ae20-4a2a-855b-cbd5530dae79 tempest-GroupsV314Test-1269514990 None] Running cmd (subprocess): sudo cinder-rootwrap /etc/cinder/rootwrap.conf rm -f /opt/stack/data/cinder/mnt/cdc5cde6216eb15955b399e54bc8276a/volume-c3817023-e52a-4ba0-b29f-b2377e4aa977.183fe0c9-a4c6-464c-a046-2611eb400657 {{(pid=87515) execute /opt/stack/data/venv/lib/python3.12/site-packages/oslo_concurrency/processutils.py:440}}
Sep 07 10:00:19 devstack cinder-volume[87515]: DEBUG cinder.volume.manager [None req-cc0cabcd-dd2b-4202-ba77-d09429e061f0 tempest-ServerActionsTestOtherA-1577109295 None] Task 'cinder.volume.flows.manager.create_volume.ExtractVolumeSpecTask;volume:create' (3f9775e6-cefc-4178-b542-b82b3d44fca1) transitioned into state 'SUCCESS' from state 'RUNNING' with result '{'status': 'creating', 'type': 'image', 'volume_id': 'a4bf0a9c-41d0-42cc-a3bf-c195d11e69fe', 'volume_name': 'volume-a4bf0a9c-41d0-42cc-a3bf-c195d11e69fe', 'volume_size': 1, 'image_id': '26019e10-1e1f-4514-b191-397ccf1d59e6', 'image_location': (None, [{'url': 'file:///opt/stack/data/glance/images/26019e10-1e1f-4514-b191-397ccf1d59e6', 'metadata': {}}]), 'image_meta': {'name': 'cirros-0.6.3-x86_64-disk', 'disk_format': 'qcow2', 'container_format': 'bare', 'visibility': 'public', 'size': 21692416, 'virtual_size': 117440512, 'status': 'active', 'checksum': '87617e24a5e30cb3b87fda8c0764838f', 'protected': False, 'min_ram': 0, 'min_disk': 0, 'owner': '4765956d565c46c2a4a703c5a550ca58', 'os_hidden': False, 'os_hash_algo': 'sha512', 'os_hash_value': '9a9bce0083a00939ec17c11febbfc767aa211aaa54f51e75c5a8b271a9b5637c77205a518b7a2007cb391d23cceb01e0e4e8d64832317151bc85b734b92a7be0', 'id': '26019e10-1e1f-4514-b191-397ccf1d59e6', 'created_at': datetime.datetime(2026, 9, 7, 7, 52, 21, tzinfo=datetime.timezone.utc), 'updated_at': datetime.datetime(2026, 9, 7, 7, 52, 22, tzinfo=datetime.timezone.utc), 'tags': [], 'file': '/v2/images/26019e10-1e1f-4514-b191-397ccf1d59e6/file', 'properties': {'hw_rng_model': 'virtio', 'owner_specified.openstack.md5': '', 'owner_specified.openstack.object': 'images/cirros-0.6.3-x86_64-disk', 'owner_specified.openstack.sha256': ''}}, 'image_service': }' {{(pid=87515) _task_receiver /opt/stack/data/venv/lib/python3.12/site-packages/taskflow/listeners/logging.py:218}}
Sep 07 10:00:19 devstack cinder-volume[87515]: DEBUG cinder.volume.manager [None req-cc0cabcd-dd2b-4202-ba77-d09429e061f0 tempest-ServerActionsTestOtherA-1577109295 None] Task 'cinder.volume.flows.manager.create_volume.NotifyVolumeActionTask;volume:create, create.start' (76896f03-ddbd-4565-bd8b-bd04076a1044) transitioned into state 'RUNNING' from state 'PENDING' {{(pid=87515) _task_receiver /opt/stack/data/venv/lib/python3.12/site-packages/taskflow/listeners/logging.py:242}}
Sep 07 10:00:19 devstack cinder-volume[87515]: DEBUG cinder.volume.manager [None req-cc0cabcd-dd2b-4202-ba77-d09429e061f0 tempest-ServerActionsTestOtherA-1577109295 None] Task 'cinder.volume.flows.manager.create_volume.NotifyVolumeActionTask;volume:create, create.start' (76896f03-ddbd-4565-bd8b-bd04076a1044) transitioned into state 'SUCCESS' from state 'RUNNING' with result 'None' {{(pid=87515) _task_receiver /opt/stack/data/venv/lib/python3.12/site-packages/taskflow/listeners/logging.py:218}}
Sep 07 10:00:19 devstack sudo[90860]: quobyte : PWD=/ ; USER=root ; COMMAND=/opt/stack/data/venv/bin/cinder-rootwrap /etc/cinder/rootwrap.conf rm -f /opt/stack/data/cinder/mnt/cdc5cde6216eb15955b399e54bc8276a/volume-c3817023-e52a-4ba0-b29f-b2377e4aa977.183fe0c9-a4c6-464c-a046-2611eb400657
Sep 07 10:00:19 devstack sudo[90860]: pam_unix(sudo:session): session opened for user root(uid=0) by (uid=1000)
