Jul 11 03:50:32 devstack devstack@n-api.service[61833]: DEBUG oslo_concurrency.lockutils [None req-ab07b4b2-a652-4738-927e-a3bae5d41a7a tempest-ServerActionsTestOtherA-1307395732 tempest-ServerActionsTestOtherA-1307395732-project-member] Lock "0e61e0e4-5878-4e45-91d7-7ea32df9dfb7" "released" by "nova.context.set_target_cell..get_or_set_cached_cell_and_set_connections" :: held 0.001s {{(pid=61833) inner /opt/stack/data/venv/lib/python3.12/site-packages/oslo_concurrency/lockutils.py:543}}
Jul 11 03:50:32 devstack devstack@n-api.service[61833]: WARNING neutronclient.v2_0.client [None req-ab07b4b2-a652-4738-927e-a3bae5d41a7a tempest-ServerActionsTestOtherA-1307395732 tempest-ServerActionsTestOtherA-1307395732-project-member] The python binding code in neutronclient is deprecated in favor of OpenstackSDK, please use that as this will be removed in a future release.
Jul 11 03:50:32 devstack devstack@n-api.service[61834]: DEBUG nova.api.openstack.wsgi [None req-b4ee6b0e-b65b-4dd9-bb4f-144b3444e1f4 tempest-VolumesAdminNegativeTest-425616936 tempest-VolumesAdminNegativeTest-425616936-project-member] Calling method '>' {{(pid=61834) _process_stack /opt/stack/nova/nova/api/openstack/wsgi.py:551}}
Jul 11 03:50:32 devstack devstack@n-api.service[61834]: DEBUG nova.compute.api [None req-b4ee6b0e-b65b-4dd9-bb4f-144b3444e1f4 tempest-VolumesAdminNegativeTest-425616936 tempest-VolumesAdminNegativeTest-425616936-project-member] [instance: ebea9dfa-dd7d-4996-981b-6294f9c2900c] Fetching instance by UUID {{(pid=61834) get /opt/stack/nova/nova/compute/api.py:3068}}
Jul 11 03:50:32 devstack devstack@n-api.service[61834]: DEBUG oslo_concurrency.lockutils [None req-b4ee6b0e-b65b-4dd9-bb4f-144b3444e1f4 tempest-VolumesAdminNegativeTest-425616936 tempest-VolumesAdminNegativeTest-425616936-project-member] Acquiring lock "0e61e0e4-5878-4e45-91d7-7ea32df9dfb7" by "nova.context.set_target_cell..get_or_set_cached_cell_and_set_connections" {{(pid=61834) inner /opt/stack/data/venv/lib/python3.12/site-packages/oslo_concurrency/lockutils.py:511}}
Jul 11 03:50:32 devstack devstack@n-api.service[61834]: DEBUG oslo_concurrency.lockutils [None req-b4ee6b0e-b65b-4dd9-bb4f-144b3444e1f4 tempest-VolumesAdminNegativeTest-425616936 tempest-VolumesAdminNegativeTest-425616936-project-member] Lock "0e61e0e4-5878-4e45-91d7-7ea32df9dfb7" acquired by "nova.context.set_target_cell..get_or_set_cached_cell_and_set_connections" :: waited 0.001s {{(pid=61834) inner /opt/stack/data/venv/lib/python3.12/site-packages/oslo_concurrency/lockutils.py:524}}
Jul 11 03:50:32 devstack devstack@n-api.service[61834]: DEBUG oslo_concurrency.lockutils [None req-b4ee6b0e-b65b-4dd9-bb4f-144b3444e1f4 tempest-VolumesAdminNegativeTest-425616936 tempest-VolumesAdminNegativeTest-425616936-project-member] Lock "0e61e0e4-5878-4e45-91d7-7ea32df9dfb7" "released" by "nova.context.set_target_cell..get_or_set_cached_cell_and_set_connections" :: held 0.001s {{(pid=61834) inner /opt/stack/data/venv/lib/python3.12/site-packages/oslo_concurrency/lockutils.py:543}}
Jul 11 03:50:32 devstack devstack@n-api.service[61834]: DEBUG oslo_concurrency.lockutils [None req-b4ee6b0e-b65b-4dd9-bb4f-144b3444e1f4 tempest-VolumesAdminNegativeTest-425616936 tempest-VolumesAdminNegativeTest-425616936-project-member] Acquiring lock "0e61e0e4-5878-4e45-91d7-7ea32df9dfb7" by "nova.context.set_target_cell..get_or_set_cached_cell_and_set_connections" {{(pid=61834) inner /opt/stack/data/venv/lib/python3.12/site-packages/oslo_concurrency/lockutils.py:511}}
Jul 11 03:50:32 devstack devstack@n-api.service[61834]: DEBUG oslo_concurrency.lockutils [None req-b4ee6b0e-b65b-4dd9-bb4f-144b3444e1f4 tempest-VolumesAdminNegativeTest-425616936 tempest-VolumesAdminNegativeTest-425616936-project-member] Lock "0e61e0e4-5878-4e45-91d7-7ea32df9dfb7" acquired by "nova.context.set_target_cell..get_or_set_cached_cell_and_set_connections" :: waited 0.001s {{(pid=61834) inner /opt/stack/data/venv/lib/python3.12/site-packages/oslo_concurrency/lockutils.py:524}}
Jul 11 03:50:32 devstack devstack@n-api.service[61834]: DEBUG oslo_concurrency.lockutils [None req-b4ee6b0e-b65b-4dd9-bb4f-144b3444e1f4 tempest-VolumesAdminNegativeTest-425616936 tempest-VolumesAdminNegativeTest-425616936-project-member] Lock "0e61e0e4-5878-4e45-91d7-7ea32df9dfb7" "released" by "nova.context.set_target_cell..get_or_set_cached_cell_and_set_connections" :: held 0.001s {{(pid=61834) inner /opt/stack/data/venv/lib/python3.12/site-packages/oslo_concurrency/lockutils.py:543}}
Jul 11 03:50:32 devstack devstack@n-api.service[61834]: WARNING neutronclient.v2_0.client [None req-b4ee6b0e-b65b-4dd9-bb4f-144b3444e1f4 tempest-VolumesAdminNegativeTest-425616936 tempest-VolumesAdminNegativeTest-425616936-project-member] The python binding code in neutronclient is deprecated in favor of OpenstackSDK, please use that as this will be removed in a future release.
Jul 11 03:50:33 devstack devstack@n-api.service[61833]: DEBUG nova.policy [None req-ab07b4b2-a652-4738-927e-a3bae5d41a7a tempest-ServerActionsTestOtherA-1307395732 tempest-ServerActionsTestOtherA-1307395732-project-member] Policy check for os_compute_api:os-extended-server-attributes failed with credentials {'is_admin': False, 'user_id': '17fa65e5e08b40ae9679986676924be2', 'user_domain_id': 'default', 'system_scope': None, 'domain_id': None, 'project_id': '5cfc40d7aba24c8e9bb377e9d87e63eb', 'project_domain_id': 'default', 'roles': ['member', 'reader'], 'is_admin_project': True, 'service_user_id': None, 'service_user_domain_id': None, 'service_project_id': None, 'service_project_domain_id': None, 'service_roles': []} {{(pid=61833) authorize /opt/stack/nova/nova/policy.py:192}}
Jul 11 03:50:33 devstack devstack@n-api.service[61833]: INFO nova.api.openstack.requestlog [None req-ab07b4b2-a652-4738-927e-a3bae5d41a7a tempest-ServerActionsTestOtherA-1307395732 tempest-ServerActionsTestOtherA-1307395732-project-member] 192.168.122.161 "GET /compute/v2.1/servers/348de3f4-0a03-4a70-bb6e-f294ab22b9d6" status: 200 len: 1562 microversion: 2.1 time: 0.798321
Jul 11 03:50:33 devstack devstack@n-api.service[61833]: [pid: 61833|app: 0|req: 58/115] 192.168.122.161 () {58 vars in 1238 bytes} [Sat Jul 11 03:50:32 2026] GET /compute/v2.1/servers/348de3f4-0a03-4a70-bb6e-f294ab22b9d6 => generated 1562 bytes in 801 msecs (HTTP/1.1 200) 9 headers in 358 bytes (1 switches on core 0)
Jul 11 03:50:33 devstack devstack@n-api.service[61833]: DEBUG nova.api.openstack.wsgi [None req-379ad4be-a9ba-4477-be09-4f315a63baf6 tempest-VolumesSnapshotsTestJSON-1333934189 tempest-VolumesSnapshotsTestJSON-1333934189-project-member] Calling method '>' {{(pid=61833) _process_stack /opt/stack/nova/nova/api/openstack/wsgi.py:551}}
Jul 11 03:50:33 devstack devstack@n-api.service[61834]: DEBUG nova.policy [None req-b4ee6b0e-b65b-4dd9-bb4f-144b3444e1f4 tempest-VolumesAdminNegativeTest-425616936 tempest-VolumesAdminNegativeTest-425616936-project-member] Policy check for os_compute_api:os-extended-server-attributes failed with credentials {'is_admin': False, 'user_id': '7a6fcc2af37b4136aacaf4aa511ad339', 'user_domain_id': 'default', 'system_scope': None, 'domain_id': None, 'project_id': '660061c57b084f6f9c8a16617e8086fe', 'project_domain_id': 'default', 'roles': ['member', 'reader'], 'is_admin_project': True, 'service_user_id': None, 'service_user_domain_id': None, 'service_project_id': None, 'service_project_domain_id': None, 'service_roles': []} {{(pid=61834) authorize /opt/stack/nova/nova/policy.py:192}}
Jul 11 03:50:33 devstack devstack@n-api.service[61834]: INFO nova.api.openstack.requestlog [None req-b4ee6b0e-b65b-4dd9-bb4f-144b3444e1f4 tempest-VolumesAdminNegativeTest-425616936 tempest-VolumesAdminNegativeTest-425616936-project-member] 192.168.122.161 "GET /compute/v2.1/servers/ebea9dfa-dd7d-4996-981b-6294f9c2900c" status: 200 len: 1332 microversion: 2.1 time: 0.774734
Jul 11 03:50:33 devstack devstack@n-api.service[61834]: [pid: 61834|app: 0|req: 58/116] 192.168.122.161 () {58 vars in 1238 bytes} [Sat Jul 11 03:50:32 2026] GET /compute/v2.1/servers/ebea9dfa-dd7d-4996-981b-6294f9c2900c => generated 1332 bytes in 776 msecs (HTTP/1.1 200) 9 headers in 358 bytes (1 switches on core 0)
Jul 11 03:50:33 devstack devstack@n-api.service[61834]: DEBUG nova.api.openstack.wsgi [None req-751364f3-0423-464b-8955-a120471577aa tempest-ServerActionsTestOtherA-1307395732 tempest-ServerActionsTestOtherA-1307395732-project-member] Calling method '>' {{(pid=61834) _process_stack /opt/stack/nova/nova/api/openstack/wsgi.py:551}}
Jul 11 03:50:33 devstack devstack@n-api.service[61834]: DEBUG nova.compute.api [None req-751364f3-0423-464b-8955-a120471577aa tempest-ServerActionsTestOtherA-1307395732 tempest-ServerActionsTestOtherA-1307395732-project-member] [instance: 348de3f4-0a03-4a70-bb6e-f294ab22b9d6] Fetching instance by UUID {{(pid=61834) get /opt/stack/nova/nova/compute/api.py:3068}}
Jul 11 03:50:33 devstack devstack@n-api.service[61834]: DEBUG oslo_concurrency.lockutils [None req-751364f3-0423-464b-8955-a120471577aa tempest-ServerActionsTestOtherA-1307395732 tempest-ServerActionsTestOtherA-1307395732-project-member] Acquiring lock "0e61e0e4-5878-4e45-91d7-7ea32df9dfb7" by "nova.context.set_target_cell..get_or_set_cached_cell_and_set_connections" {{(pid=61834) inner /opt/stack/data/venv/lib/python3.12/site-packages/oslo_concurrency/lockutils.py:511}}
Jul 11 03:50:33 devstack devstack@n-api.service[61834]: DEBUG oslo_concurrency.lockutils [None req-751364f3-0423-464b-8955-a120471577aa tempest-ServerActionsTestOtherA-1307395732 tempest-ServerActionsTestOtherA-1307395732-project-member] Lock "0e61e0e4-5878-4e45-91d7-7ea32df9dfb7" acquired by "nova.context.set_target_cell..get_or_set_cached_cell_and_set_connections" :: waited 0.001s {{(pid=61834) inner /opt/stack/data/venv/lib/python3.12/site-packages/oslo_concurrency/lockutils.py:524}}
Jul 11 03:50:33 devstack devstack@n-api.service[61834]: DEBUG oslo_concurrency.lockutils [None req-751364f3-0423-464b-8955-a120471577aa tempest-ServerActionsTestOtherA-1307395732 tempest-ServerActionsTestOtherA-1307395732-project-member] Lock "0e61e0e4-5878-4e45-91d7-7ea32df9dfb7" "released" by "nova.context.set_target_cell..get_or_set_cached_cell_and_set_connections" :: held 0.001s {{(pid=61834) inner /opt/stack/data/venv/lib/python3.12/site-packages/oslo_concurrency/lockutils.py:543}}
Jul 11 03:50:33 devstack devstack@n-api.service[61834]: DEBUG oslo_concurrency.lockutils [None req-751364f3-0423-464b-8955-a120471577aa tempest-ServerActionsTestOtherA-1307395732 tempest-ServerActionsTestOtherA-1307395732-project-member] Acquiring lock "0e61e0e4-5878-4e45-91d7-7ea32df9dfb7" by "nova.context.set_target_cell..get_or_set_cached_cell_and_set_connections" {{(pid=61834) inner /opt/stack/data/venv/lib/python3.12/site-packages/oslo_concurrency/lockutils.py:511}}
Jul 11 03:50:33 devstack devstack@n-api.service[61834]: DEBUG oslo_concurrency.lockutils [None req-751364f3-0423-464b-8955-a120471577aa tempest-ServerActionsTestOtherA-1307395732 tempest-ServerActionsTestOtherA-1307395732-project-member] Lock "0e61e0e4-5878-4e45-91d7-7ea32df9dfb7" acquired by "nova.context.set_target_cell..get_or_set_cached_cell_and_set_connections" :: waited 0.006s {{(pid=61834) inner /opt/stack/data/venv/lib/python3.12/site-packages/oslo_concurrency/lockutils.py:524}}
Jul 11 03:50:33 devstack devstack@n-api.service[61834]: DEBUG oslo_concurrency.lockutils [None req-751364f3-0423-464b-8955-a120471577aa tempest-ServerActionsTestOtherA-1307395732 tempest-ServerActionsTestOtherA-1307395732-project-member] Lock "0e61e0e4-5878-4e45-91d7-7ea32df9dfb7" "released" by "nova.context.set_target_cell..get_or_set_cached_cell_and_set_connections" :: held 0.000s {{(pid=61834) inner /opt/stack/data/venv/lib/python3.12/site-packages/oslo_concurrency/lockutils.py:543}}
Jul 11 03:50:33 devstack devstack@n-api.service[61833]: INFO nova.api.openstack.requestlog [None req-379ad4be-a9ba-4477-be09-4f315a63baf6 tempest-VolumesSnapshotsTestJSON-1333934189 tempest-VolumesSnapshotsTestJSON-1333934189-project-member] 192.168.122.161 "GET /compute/v2.1/os-volumes/5215ec71-911e-4a4c-ac34-f2024ccfdd1a" status: 200 len: 343 microversion: 2.1 time: 0.207200
Jul 11 03:50:33 devstack devstack@n-api.service[61833]: [pid: 61833|app: 0|req: 59/117] 192.168.122.161 () {58 vars in 1247 bytes} [Sat Jul 11 03:50:33 2026] GET /compute/v2.1/os-volumes/5215ec71-911e-4a4c-ac34-f2024ccfdd1a => generated 343 bytes in 211 msecs (HTTP/1.1 200) 9 headers in 357 bytes (1 switches on core 0)
Jul 11 03:50:33 devstack devstack@n-api.service[61834]: WARNING neutronclient.v2_0.client [None req-751364f3-0423-464b-8955-a120471577aa tempest-ServerActionsTestOtherA-1307395732 tempest-ServerActionsTestOtherA-1307395732-project-member] The python binding code in neutronclient is deprecated in favor of OpenstackSDK, please use that as this will be removed in a future release.
Jul 11 03:50:34 devstack devstack@n-api.service[61834]: INFO nova.api.openstack.requestlog [None req-751364f3-0423-464b-8955-a120471577aa tempest-ServerActionsTestOtherA-1307395732 tempest-ServerActionsTestOtherA-1307395732-project-member] 192.168.122.161 "GET /compute/v2.1/servers/348de3f4-0a03-4a70-bb6e-f294ab22b9d6/os-interface" status: 200 len: 283 microversion: 2.1 time: 0.426334
Jul 11 03:50:34 devstack devstack@n-api.service[61834]: [pid: 61834|app: 0|req: 59/118] 192.168.122.161 () {58 vars in 1277 bytes} [Sat Jul 11 03:50:33 2026] GET /compute/v2.1/servers/348de3f4-0a03-4a70-bb6e-f294ab22b9d6/os-interface => generated 283 bytes in 451 msecs (HTTP/1.1 200) 9 headers in 357 bytes (1 switches on core 0)
Jul 11 03:50:34 devstack devstack@n-api.service[61834]: DEBUG nova.api.openstack.wsgi [None req-f34873a3-a64a-42b5-bdbc-1e678a1b9c9f tempest-VolumesAdminNegativeTest-425616936 tempest-VolumesAdminNegativeTest-425616936-project-member] Calling method '>' {{(pid=61834) _process_stack /opt/stack/nova/nova/api/openstack/wsgi.py:551}}
Jul 11 03:50:34 devstack devstack@n-api.service[61834]: DEBUG nova.compute.api [None req-f34873a3-a64a-42b5-bdbc-1e678a1b9c9f tempest-VolumesAdminNegativeTest-425616936 tempest-VolumesAdminNegativeTest-425616936-project-member] [instance: ebea9dfa-dd7d-4996-981b-6294f9c2900c] Fetching instance by UUID {{(pid=61834) get /opt/stack/nova/nova/compute/api.py:3068}}
Jul 11 03:50:34 devstack devstack@n-api.service[61834]: DEBUG oslo_concurrency.lockutils [None req-f34873a3-a64a-42b5-bdbc-1e678a1b9c9f tempest-VolumesAdminNegativeTest-425616936 tempest-VolumesAdminNegativeTest-425616936-project-member] Acquiring lock "0e61e0e4-5878-4e45-91d7-7ea32df9dfb7" by "nova.context.set_target_cell..get_or_set_cached_cell_and_set_connections" {{(pid=61834) inner /opt/stack/data/venv/lib/python3.12/site-packages/oslo_concurrency/lockutils.py:511}}
Jul 11 03:50:34 devstack devstack@n-api.service[61834]: DEBUG oslo_concurrency.lockutils [None req-f34873a3-a64a-42b5-bdbc-1e678a1b9c9f tempest-VolumesAdminNegativeTest-425616936 tempest-VolumesAdminNegativeTest-425616936-project-member] Lock "0e61e0e4-5878-4e45-91d7-7ea32df9dfb7" acquired by "nova.context.set_target_cell..get_or_set_cached_cell_and_set_connections" :: waited 0.002s {{(pid=61834) inner /opt/stack/data/venv/lib/python3.12/site-packages/oslo_concurrency/lockutils.py:524}}
Jul 11 03:50:34 devstack devstack@n-api.service[61834]: DEBUG oslo_concurrency.lockutils [None req-f34873a3-a64a-42b5-bdbc-1e678a1b9c9f tempest-VolumesAdminNegativeTest-425616936 tempest-VolumesAdminNegativeTest-425616936-project-member] Lock "0e61e0e4-5878-4e45-91d7-7ea32df9dfb7" "released" by "nova.context.set_target_cell..get_or_set_cached_cell_and_set_connections" :: held 0.003s {{(pid=61834) inner /opt/stack/data/venv/lib/python3.12/site-packages/oslo_concurrency/lockutils.py:543}}
Jul 11 03:50:34 devstack devstack@n-api.service[61834]: DEBUG oslo_concurrency.lockutils [None req-f34873a3-a64a-42b5-bdbc-1e678a1b9c9f tempest-VolumesAdminNegativeTest-425616936 tempest-VolumesAdminNegativeTest-425616936-project-member] Acquiring lock "0e61e0e4-5878-4e45-91d7-7ea32df9dfb7" by "nova.context.set_target_cell..get_or_set_cached_cell_and_set_connections" {{(pid=61834) inner /opt/stack/data/venv/lib/python3.12/site-packages/oslo_concurrency/lockutils.py:511}}
Jul 11 03:50:34 devstack devstack@n-api.service[61834]: DEBUG oslo_concurrency.lockutils [None req-f34873a3-a64a-42b5-bdbc-1e678a1b9c9f tempest-VolumesAdminNegativeTest-425616936 tempest-VolumesAdminNegativeTest-425616936-project-member] Lock "0e61e0e4-5878-4e45-91d7-7ea32df9dfb7" acquired by "nova.context.set_target_cell..get_or_set_cached_cell_and_set_connections" :: waited 0.001s {{(pid=61834) inner /opt/stack/data/venv/lib/python3.12/site-packages/oslo_concurrency/lockutils.py:524}}
Jul 11 03:50:34 devstack devstack@n-api.service[61834]: DEBUG oslo_concurrency.lockutils [None req-f34873a3-a64a-42b5-bdbc-1e678a1b9c9f tempest-VolumesAdminNegativeTest-425616936 tempest-VolumesAdminNegativeTest-425616936-project-member] Lock "0e61e0e4-5878-4e45-91d7-7ea32df9dfb7" "released" by "nova.context.set_target_cell..get_or_set_cached_cell_and_set_connections" :: held 0.006s {{(pid=61834) inner /opt/stack/data/venv/lib/python3.12/site-packages/oslo_concurrency/lockutils.py:543}}
Jul 11 03:50:34 devstack devstack@n-api.service[61834]: WARNING neutronclient.v2_0.client [None req-f34873a3-a64a-42b5-bdbc-1e678a1b9c9f tempest-VolumesAdminNegativeTest-425616936 tempest-VolumesAdminNegativeTest-425616936-project-member] The python binding code in neutronclient is deprecated in favor of OpenstackSDK, please use that as this will be removed in a future release.
Jul 11 03:50:34 devstack devstack@n-api.service[61833]: DEBUG nova.api.openstack.wsgi [req-7c218841-d2f1-4037-a5f5-db98901bcb1b req-5a519ba8-fe82-484c-bf73-fc8a0dd6b5ae service nova] Action: 'create', calling method: >, body: {"events": [{"server_uuid": "ebea9dfa-dd7d-4996-981b-6294f9c2900c", "name": "network-vif-plugged", "status": "completed", "tag": "18172558-3bce-4b1a-bca5-373ba6e3e206"}]} {{(pid=61833) _process_stack /opt/stack/nova/nova/api/openstack/wsgi.py:549}}
Jul 11 03:50:34 devstack devstack@n-api.service[61833]: DEBUG oslo_concurrency.lockutils [req-7c218841-d2f1-4037-a5f5-db98901bcb1b req-5a519ba8-fe82-484c-bf73-fc8a0dd6b5ae service nova] Acquiring lock "0e61e0e4-5878-4e45-91d7-7ea32df9dfb7" by "nova.context.set_target_cell..get_or_set_cached_cell_and_set_connections" {{(pid=61833) inner /opt/stack/data/venv/lib/python3.12/site-packages/oslo_concurrency/lockutils.py:511}}
Jul 11 03:50:34 devstack devstack@n-api.service[61833]: DEBUG oslo_concurrency.lockutils [req-7c218841-d2f1-4037-a5f5-db98901bcb1b req-5a519ba8-fe82-484c-bf73-fc8a0dd6b5ae service nova] Lock "0e61e0e4-5878-4e45-91d7-7ea32df9dfb7" acquired by "nova.context.set_target_cell..get_or_set_cached_cell_and_set_connections" :: waited 0.003s {{(pid=61833) inner /opt/stack/data/venv/lib/python3.12/site-packages/oslo_concurrency/lockutils.py:524}}
Jul 11 03:50:34 devstack devstack@n-api.service[61833]: DEBUG oslo_concurrency.lockutils [req-7c218841-d2f1-4037-a5f5-db98901bcb1b req-5a519ba8-fe82-484c-bf73-fc8a0dd6b5ae service nova] Lock "0e61e0e4-5878-4e45-91d7-7ea32df9dfb7" "released" by "nova.context.set_target_cell..get_or_set_cached_cell_and_set_connections" :: held 0.000s {{(pid=61833) inner /opt/stack/data/venv/lib/python3.12/site-packages/oslo_concurrency/lockutils.py:543}}
Jul 11 03:50:34 devstack devstack@n-api.service[61833]: INFO nova.api.openstack.compute.server_external_events [req-7c218841-d2f1-4037-a5f5-db98901bcb1b req-5a519ba8-fe82-484c-bf73-fc8a0dd6b5ae service nova] Creating event network-vif-plugged:18172558-3bce-4b1a-bca5-373ba6e3e206 for instance ebea9dfa-dd7d-4996-981b-6294f9c2900c on devstack
Jul 11 03:50:34 devstack devstack@n-api.service[61833]: DEBUG nova.compute.rpcapi [req-7c218841-d2f1-4037-a5f5-db98901bcb1b req-5a519ba8-fe82-484c-bf73-fc8a0dd6b5ae service nova] RPC: Sending the message to topic: compute-alt {{(pid=61833) prepare_for_alt_rpcserver /opt/stack/nova/nova/compute/rpcapi.py:595}}
Jul 11 03:50:34 devstack devstack@n-api.service[61833]: INFO nova.api.openstack.requestlog [req-7c218841-d2f1-4037-a5f5-db98901bcb1b req-5a519ba8-fe82-484c-bf73-fc8a0dd6b5ae service nova] 192.168.122.161 "POST /compute/v2.1/os-server-external-events" status: 200 len: 183 microversion: 2.1 time: 0.335459
Jul 11 03:50:34 devstack devstack@n-api.service[61833]: [pid: 61833|app: 0|req: 60/119] 192.168.122.161 () {64 vars in 1321 bytes} [Sat Jul 11 03:50:34 2026] POST /compute/v2.1/os-server-external-events => generated 183 bytes in 337 msecs (HTTP/1.1 200) 9 headers in 357 bytes (1 switches on core 0)
Jul 11 03:50:34 devstack devstack@n-api.service[61833]: DEBUG nova.api.openstack.wsgi [None req-30796919-cef1-4b9e-ae44-36ec11887efe tempest-VolumesSnapshotsTestJSON-1333934189 tempest-VolumesSnapshotsTestJSON-1333934189-project-member] Calling method '>' {{(pid=61833) _process_stack /opt/stack/nova/nova/api/openstack/wsgi.py:551}}
Jul 11 03:50:35 devstack devstack@n-api.service[61833]: INFO nova.api.openstack.requestlog [None req-30796919-cef1-4b9e-ae44-36ec11887efe tempest-VolumesSnapshotsTestJSON-1333934189 tempest-VolumesSnapshotsTestJSON-1333934189-project-member] 192.168.122.161 "GET /compute/v2.1/os-volumes/5215ec71-911e-4a4c-ac34-f2024ccfdd1a" status: 200 len: 343 microversion: 2.1 time: 0.230777
Jul 11 03:50:35 devstack devstack@n-api.service[61833]: [pid: 61833|app: 0|req: 61/120] 192.168.122.161 () {58 vars in 1247 bytes} [Sat Jul 11 03:50:34 2026] GET /compute/v2.1/os-volumes/5215ec71-911e-4a4c-ac34-f2024ccfdd1a => generated 343 bytes in 233 msecs (HTTP/1.1 200) 9 headers in 357 bytes (1 switches on core 0)
Jul 11 03:50:36 devstack devstack@n-api.service[61833]: DEBUG nova.api.openstack.wsgi [None req-9010bfd8-b827-47a4-be8f-9a498f304515 tempest-VolumesSnapshotsTestJSON-1333934189 tempest-VolumesSnapshotsTestJSON-1333934189-project-member] Calling method '>' {{(pid=61833) _process_stack /opt/stack/nova/nova/api/openstack/wsgi.py:551}}
Jul 11 03:50:36 devstack devstack@n-api.service[61833]: INFO nova.api.openstack.requestlog [None req-9010bfd8-b827-47a4-be8f-9a498f304515 tempest-VolumesSnapshotsTestJSON-1333934189 tempest-VolumesSnapshotsTestJSON-1333934189-project-member] 192.168.122.161 "GET /compute/v2.1/os-volumes/5215ec71-911e-4a4c-ac34-f2024ccfdd1a" status: 200 len: 343 microversion: 2.1 time: 0.147013
Jul 11 03:50:36 devstack devstack@n-api.service[61833]: [pid: 61833|app: 0|req: 62/121] 192.168.122.161 () {58 vars in 1247 bytes} [Sat Jul 11 03:50:36 2026] GET /compute/v2.1/os-volumes/5215ec71-911e-4a4c-ac34-f2024ccfdd1a => generated 343 bytes in 149 msecs (HTTP/1.1 200) 9 headers in 357 bytes (1 switches on core 0)
Jul 11 03:50:36 devstack devstack@n-api.service[61833]: DEBUG nova.api.openstack.wsgi [req-8be64ef2-8f18-4120-9c15-39b04afb70d9 req-e977f901-a521-4a7f-89c8-fb96ec4eeaa9 service nova] Action: 'create', calling method: >, body: {"events": [{"server_uuid": "ebea9dfa-dd7d-4996-981b-6294f9c2900c", "name": "network-vif-plugged", "status": "completed", "tag": "18172558-3bce-4b1a-bca5-373ba6e3e206"}]} {{(pid=61833) _process_stack /opt/stack/nova/nova/api/openstack/wsgi.py:549}}
Jul 11 03:50:36 devstack devstack@n-api.service[61833]: DEBUG oslo_concurrency.lockutils [req-8be64ef2-8f18-4120-9c15-39b04afb70d9 req-e977f901-a521-4a7f-89c8-fb96ec4eeaa9 service nova] Acquiring lock "0e61e0e4-5878-4e45-91d7-7ea32df9dfb7" by "nova.context.set_target_cell..get_or_set_cached_cell_and_set_connections" {{(pid=61833) inner /opt/stack/data/venv/lib/python3.12/site-packages/oslo_concurrency/lockutils.py:511}}
Jul 11 03:50:36 devstack devstack@n-api.service[61833]: DEBUG oslo_concurrency.lockutils [req-8be64ef2-8f18-4120-9c15-39b04afb70d9 req-e977f901-a521-4a7f-89c8-fb96ec4eeaa9 service nova] Lock "0e61e0e4-5878-4e45-91d7-7ea32df9dfb7" acquired by "nova.context.set_target_cell..get_or_set_cached_cell_and_set_connections" :: waited 0.001s {{(pid=61833) inner /opt/stack/data/venv/lib/python3.12/site-packages/oslo_concurrency/lockutils.py:524}}
Jul 11 03:50:36 devstack devstack@n-api.service[61833]: DEBUG oslo_concurrency.lockutils [req-8be64ef2-8f18-4120-9c15-39b04afb70d9 req-e977f901-a521-4a7f-89c8-fb96ec4eeaa9 service nova] Lock "0e61e0e4-5878-4e45-91d7-7ea32df9dfb7" "released" by "nova.context.set_target_cell..get_or_set_cached_cell_and_set_connections" :: held 0.000s {{(pid=61833) inner /opt/stack/data/venv/lib/python3.12/site-packages/oslo_concurrency/lockutils.py:543}}
Jul 11 03:50:37 devstack devstack@n-api.service[61833]: INFO nova.api.openstack.compute.server_external_events [req-8be64ef2-8f18-4120-9c15-39b04afb70d9 req-e977f901-a521-4a7f-89c8-fb96ec4eeaa9 service nova] Creating event network-vif-plugged:18172558-3bce-4b1a-bca5-373ba6e3e206 for instance ebea9dfa-dd7d-4996-981b-6294f9c2900c on devstack
Jul 11 03:50:37 devstack devstack@n-api.service[61833]: DEBUG nova.compute.rpcapi [req-8be64ef2-8f18-4120-9c15-39b04afb70d9 req-e977f901-a521-4a7f-89c8-fb96ec4eeaa9 service nova] RPC: Sending the message to topic: compute-alt {{(pid=61833) prepare_for_alt_rpcserver /opt/stack/nova/nova/compute/rpcapi.py:595}}
Jul 11 03:50:37 devstack devstack@n-api.service[61833]: INFO nova.api.openstack.requestlog [req-8be64ef2-8f18-4120-9c15-39b04afb70d9 req-e977f901-a521-4a7f-89c8-fb96ec4eeaa9 service nova] 192.168.122.161 "POST /compute/v2.1/os-server-external-events" status: 200 len: 183 microversion: 2.1 time: 0.139787
Jul 11 03:50:37 devstack devstack@n-api.service[61833]: [pid: 61833|app: 0|req: 63/122] 192.168.122.161 () {64 vars in 1321 bytes} [Sat Jul 11 03:50:36 2026] POST /compute/v2.1/os-server-external-events => generated 183 bytes in 146 msecs (HTTP/1.1 200) 9 headers in 357 bytes (1 switches on core 0)
Jul 11 03:50:37 devstack devstack@n-api.service[61833]: DEBUG nova.api.openstack.wsgi [None req-26bedeb6-a39f-4306-bf68-efaa1bfc53f9 tempest-VolumesSnapshotsTestJSON-1333934189 tempest-VolumesSnapshotsTestJSON-1333934189-project-member] Calling method '>' {{(pid=61833) _process_stack /opt/stack/nova/nova/api/openstack/wsgi.py:551}}
Jul 11 03:50:37 devstack devstack@n-api.service[61833]: INFO nova.api.openstack.requestlog [None req-26bedeb6-a39f-4306-bf68-efaa1bfc53f9 tempest-VolumesSnapshotsTestJSON-1333934189 tempest-VolumesSnapshotsTestJSON-1333934189-project-member] 192.168.122.161 "GET /compute/v2.1/os-volumes/5215ec71-911e-4a4c-ac34-f2024ccfdd1a" status: 200 len: 343 microversion: 2.1 time: 0.264437
Jul 11 03:50:37 devstack devstack@n-api.service[61833]: [pid: 61833|app: 0|req: 64/123] 192.168.122.161 () {58 vars in 1247 bytes} [Sat Jul 11 03:50:37 2026] GET /compute/v2.1/os-volumes/5215ec71-911e-4a4c-ac34-f2024ccfdd1a => generated 343 bytes in 268 msecs (HTTP/1.1 200) 9 headers in 357 bytes (1 switches on core 0)
Jul 11 03:50:38 devstack devstack@n-api.service[61833]: DEBUG nova.api.openstack.wsgi [None req-a80a2e64-5509-43e4-a5f8-49f1441ae84e tempest-VolumesSnapshotsTestJSON-1333934189 tempest-VolumesSnapshotsTestJSON-1333934189-project-member] Calling method '>' {{(pid=61833) _process_stack /opt/stack/nova/nova/api/openstack/wsgi.py:551}}
Jul 11 03:50:38 devstack devstack@n-api.service[61833]: INFO nova.api.openstack.requestlog [None req-a80a2e64-5509-43e4-a5f8-49f1441ae84e tempest-VolumesSnapshotsTestJSON-1333934189 tempest-VolumesSnapshotsTestJSON-1333934189-project-member] 192.168.122.161 "GET /compute/v2.1/os-volumes/5215ec71-911e-4a4c-ac34-f2024ccfdd1a" status: 200 len: 343 microversion: 2.1 time: 0.139285
Jul 11 03:50:38 devstack devstack@n-api.service[61833]: [pid: 61833|app: 0|req: 65/124] 192.168.122.161 () {58 vars in 1247 bytes} [Sat Jul 11 03:50:38 2026] GET /compute/v2.1/os-volumes/5215ec71-911e-4a4c-ac34-f2024ccfdd1a => generated 343 bytes in 143 msecs (HTTP/1.1 200) 9 headers in 357 bytes (1 switches on core 0)
Jul 11 03:50:39 devstack devstack@n-api.service[61833]: DEBUG nova.api.openstack.wsgi [req-15d87ba1-5c1a-4c88-95bb-c9e4753c6f0c req-c92b81c1-ee7a-4c2d-9378-4b517e5aadd3 service nova] Action: 'create', calling method: >, body: {"events": [{"name": "network-changed", "server_uuid": "348de3f4-0a03-4a70-bb6e-f294ab22b9d6", "tag": "8d65aca0-8e31-4796-b74d-d9829f4c4d7c"}]} {{(pid=61833) _process_stack /opt/stack/nova/nova/api/openstack/wsgi.py:549}}
Jul 11 03:50:39 devstack devstack@n-api.service[61834]: DEBUG dbcounter [-] [61834] Writing DB stats nova_cell0:SELECT=3 {{(pid=61834) stat_writer /opt/stack/data/venv/lib/python3.12/site-packages/dbcounter.py:115}}
Jul 11 03:50:39 devstack devstack@n-api.service[61833]: DEBUG oslo_concurrency.lockutils [req-15d87ba1-5c1a-4c88-95bb-c9e4753c6f0c req-c92b81c1-ee7a-4c2d-9378-4b517e5aadd3 service nova] Acquiring lock "0e61e0e4-5878-4e45-91d7-7ea32df9dfb7" by "nova.context.set_target_cell..get_or_set_cached_cell_and_set_connections" {{(pid=61833) inner /opt/stack/data/venv/lib/python3.12/site-packages/oslo_concurrency/lockutils.py:511}}
Jul 11 03:50:39 devstack devstack@n-api.service[61833]: DEBUG oslo_concurrency.lockutils [req-15d87ba1-5c1a-4c88-95bb-c9e4753c6f0c req-c92b81c1-ee7a-4c2d-9378-4b517e5aadd3 service nova] Lock "0e61e0e4-5878-4e45-91d7-7ea32df9dfb7" acquired by "nova.context.set_target_cell..get_or_set_cached_cell_and_set_connections" :: waited 0.001s {{(pid=61833) inner /opt/stack/data/venv/lib/python3.12/site-packages/oslo_concurrency/lockutils.py:524}}
Jul 11 03:50:39 devstack devstack@n-api.service[61833]: DEBUG oslo_concurrency.lockutils [req-15d87ba1-5c1a-4c88-95bb-c9e4753c6f0c req-c92b81c1-ee7a-4c2d-9378-4b517e5aadd3 service nova] Lock "0e61e0e4-5878-4e45-91d7-7ea32df9dfb7" "released" by "nova.context.set_target_cell..get_or_set_cached_cell_and_set_connections" :: held 0.000s {{(pid=61833) inner /opt/stack/data/venv/lib/python3.12/site-packages/oslo_concurrency/lockutils.py:543}}
Jul 11 03:50:39 devstack devstack@n-api.service[61833]: INFO nova.api.openstack.compute.server_external_events [req-15d87ba1-5c1a-4c88-95bb-c9e4753c6f0c req-c92b81c1-ee7a-4c2d-9378-4b517e5aadd3 service nova] Creating event network-changed:8d65aca0-8e31-4796-b74d-d9829f4c4d7c for instance 348de3f4-0a03-4a70-bb6e-f294ab22b9d6 on devstack
Jul 11 03:50:39 devstack devstack@n-api.service[61833]: DEBUG nova.compute.rpcapi [req-15d87ba1-5c1a-4c88-95bb-c9e4753c6f0c req-c92b81c1-ee7a-4c2d-9378-4b517e5aadd3 service nova] RPC: Sending the message to topic: compute-alt {{(pid=61833) prepare_for_alt_rpcserver /opt/stack/nova/nova/compute/rpcapi.py:595}}
Jul 11 03:50:39 devstack devstack@n-api.service[61833]: INFO nova.api.openstack.requestlog [req-15d87ba1-5c1a-4c88-95bb-c9e4753c6f0c req-c92b81c1-ee7a-4c2d-9378-4b517e5aadd3 service nova] 192.168.122.161 "POST /compute/v2.1/os-server-external-events" status: 200 len: 179 microversion: 2.1 time: 0.070242
Jul 11 03:50:39 devstack devstack@n-api.service[61833]: [pid: 61833|app: 0|req: 66/125] 192.168.122.161 () {64 vars in 1321 bytes} [Sat Jul 11 03:50:39 2026] POST /compute/v2.1/os-server-external-events => generated 179 bytes in 74 msecs (HTTP/1.1 200) 9 headers in 357 bytes (1 switches on core 0)
Jul 11 03:50:39 devstack devstack@n-api.service[61833]: DEBUG nova.api.openstack.wsgi [None req-eb694565-f45b-4ea2-8ccb-8a3bf63cc247 tempest-VolumesSnapshotsTestJSON-1333934189 tempest-VolumesSnapshotsTestJSON-1333934189-project-member] Calling method '>' {{(pid=61833) _process_stack /opt/stack/nova/nova/api/openstack/wsgi.py:551}}
Jul 11 03:50:39 devstack devstack@n-api.service[61833]: INFO nova.api.openstack.requestlog [None req-eb694565-f45b-4ea2-8ccb-8a3bf63cc247 tempest-VolumesSnapshotsTestJSON-1333934189 tempest-VolumesSnapshotsTestJSON-1333934189-project-member] 192.168.122.161 "GET /compute/v2.1/os-volumes/5215ec71-911e-4a4c-ac34-f2024ccfdd1a" status: 200 len: 344 microversion: 2.1 time: 0.125592
Jul 11 03:50:39 devstack devstack@n-api.service[61833]: [pid: 61833|app: 0|req: 67/126] 192.168.122.161 () {58 vars in 1247 bytes} [Sat Jul 11 03:50:39 2026] GET /compute/v2.1/os-volumes/5215ec71-911e-4a4c-ac34-f2024ccfdd1a => generated 344 bytes in 130 msecs (HTTP/1.1 200) 9 headers in 357 bytes (1 switches on core 0)
Jul 11 03:50:39 devstack devstack@n-api.service[61833]: DEBUG nova.api.openstack.wsgi [None req-1c217f33-5904-45c7-b83b-cd6beb75e348 tempest-VolumesSnapshotsTestJSON-1333934189 tempest-VolumesSnapshotsTestJSON-1333934189-project-member] Action: 'create', calling method: >, body: {"snapshot": {"volume_id": "5215ec71-911e-4a4c-ac34-f2024ccfdd1a", "display_name": "tempest-VolumesSnapshotsTestJSON-Snapshot-1671432489"}} {{(pid=61833) _process_stack /opt/stack/nova/nova/api/openstack/wsgi.py:549}}
Jul 11 03:50:40 devstack devstack@n-api.service[61834]: DEBUG nova.policy [None req-f34873a3-a64a-42b5-bdbc-1e678a1b9c9f tempest-VolumesAdminNegativeTest-425616936 tempest-VolumesAdminNegativeTest-425616936-project-member] Policy check for os_compute_api:os-extended-server-attributes failed with credentials {'is_admin': False, 'user_id': '7a6fcc2af37b4136aacaf4aa511ad339', 'user_domain_id': 'default', 'system_scope': None, 'domain_id': None, 'project_id': '660061c57b084f6f9c8a16617e8086fe', 'project_domain_id': 'default', 'roles': ['member', 'reader'], 'is_admin_project': True, 'service_user_id': None, 'service_user_domain_id': None, 'service_project_id': None, 'service_project_domain_id': None, 'service_roles': []} {{(pid=61834) authorize /opt/stack/nova/nova/policy.py:192}}
Jul 11 03:50:40 devstack devstack@n-api.service[61834]: INFO nova.api.openstack.requestlog [None req-f34873a3-a64a-42b5-bdbc-1e678a1b9c9f tempest-VolumesAdminNegativeTest-425616936 tempest-VolumesAdminNegativeTest-425616936-project-member] 192.168.122.161 "GET /compute/v2.1/servers/ebea9dfa-dd7d-4996-981b-6294f9c2900c" status: 200 len: 1332 microversion: 2.1 time: 5.504248
Jul 11 03:50:40 devstack devstack@n-api.service[61834]: [pid: 61834|app: 0|req: 60/127] 192.168.122.161 () {58 vars in 1238 bytes} [Sat Jul 11 03:50:34 2026] GET /compute/v2.1/servers/ebea9dfa-dd7d-4996-981b-6294f9c2900c => generated 1332 bytes in 5505 msecs (HTTP/1.1 200) 9 headers in 358 bytes (1 switches on core 0)
Jul 11 03:50:40 devstack devstack@n-api.service[61833]: INFO nova.api.openstack.requestlog [None req-1c217f33-5904-45c7-b83b-cd6beb75e348 tempest-VolumesSnapshotsTestJSON-1333934189 tempest-VolumesSnapshotsTestJSON-1333934189-project-member] 192.168.122.161 "POST /compute/v2.1/os-snapshots" status: 200 len: 287 microversion: 2.1 time: 0.656720
Jul 11 03:50:40 devstack devstack@n-api.service[61833]: [pid: 61833|app: 0|req: 68/128] 192.168.122.161 () {60 vars in 1164 bytes} [Sat Jul 11 03:50:39 2026] POST /compute/v2.1/os-snapshots => generated 287 bytes in 658 msecs (HTTP/1.1 200) 9 headers in 357 bytes (1 switches on core 0)
Jul 11 03:50:40 devstack devstack@n-api.service[61834]: DEBUG nova.api.openstack.wsgi [None req-e062d02b-9987-40f5-926f-3330bccae91c tempest-VolumesSnapshotsTestJSON-1333934189 tempest-VolumesSnapshotsTestJSON-1333934189-project-reader] Calling method '>' {{(pid=61834) _process_stack /opt/stack/nova/nova/api/openstack/wsgi.py:551}}
Jul 11 03:50:41 devstack devstack@n-api.service[61834]: INFO nova.api.openstack.requestlog [None req-e062d02b-9987-40f5-926f-3330bccae91c tempest-VolumesSnapshotsTestJSON-1333934189 tempest-VolumesSnapshotsTestJSON-1333934189-project-reader] 192.168.122.161 "GET /compute/v2.1/os-snapshots/ec29e45b-c294-4dd7-9edb-e25f6d7f7af7" status: 200 len: 287 microversion: 2.1 time: 0.460022
Jul 11 03:50:41 devstack devstack@n-api.service[61834]: [pid: 61834|app: 0|req: 61/129] 192.168.122.161 () {58 vars in 1253 bytes} [Sat Jul 11 03:50:40 2026] GET /compute/v2.1/os-snapshots/ec29e45b-c294-4dd7-9edb-e25f6d7f7af7 => generated 287 bytes in 467 msecs (HTTP/1.1 200) 9 headers in 357 bytes (1 switches on core 0)
Jul 11 03:50:41 devstack devstack@n-api.service[61833]: DEBUG nova.api.openstack.wsgi [None req-16ecd11c-7cac-4c7a-b2d5-5fe3c338065f tempest-VolumesSnapshotsTestJSON-1333934189 tempest-VolumesSnapshotsTestJSON-1333934189-project-reader] Calling method '>' {{(pid=61833) _process_stack /opt/stack/nova/nova/api/openstack/wsgi.py:551}}
Jul 11 03:50:41 devstack devstack@n-api.service[61834]: DEBUG nova.api.openstack.wsgi [None req-2058042b-3c7e-4476-b105-0c44b8f33339 tempest-VolumesAdminNegativeTest-425616936 tempest-VolumesAdminNegativeTest-425616936-project-member] Calling method '>' {{(pid=61834) _process_stack /opt/stack/nova/nova/api/openstack/wsgi.py:551}}
Jul 11 03:50:41 devstack devstack@n-api.service[61834]: DEBUG nova.compute.api [None req-2058042b-3c7e-4476-b105-0c44b8f33339 tempest-VolumesAdminNegativeTest-425616936 tempest-VolumesAdminNegativeTest-425616936-project-member] [instance: ebea9dfa-dd7d-4996-981b-6294f9c2900c] Fetching instance by UUID {{(pid=61834) get /opt/stack/nova/nova/compute/api.py:3068}}
Jul 11 03:50:41 devstack devstack@n-api.service[61834]: DEBUG oslo_concurrency.lockutils [None req-2058042b-3c7e-4476-b105-0c44b8f33339 tempest-VolumesAdminNegativeTest-425616936 tempest-VolumesAdminNegativeTest-425616936-project-member] Acquiring lock "0e61e0e4-5878-4e45-91d7-7ea32df9dfb7" by "nova.context.set_target_cell..get_or_set_cached_cell_and_set_connections" {{(pid=61834) inner /opt/stack/data/venv/lib/python3.12/site-packages/oslo_concurrency/lockutils.py:511}}
Jul 11 03:50:41 devstack devstack@n-api.service[61834]: DEBUG oslo_concurrency.lockutils [None req-2058042b-3c7e-4476-b105-0c44b8f33339 tempest-VolumesAdminNegativeTest-425616936 tempest-VolumesAdminNegativeTest-425616936-project-member] Lock "0e61e0e4-5878-4e45-91d7-7ea32df9dfb7" acquired by "nova.context.set_target_cell..get_or_set_cached_cell_and_set_connections" :: waited 0.004s {{(pid=61834) inner /opt/stack/data/venv/lib/python3.12/site-packages/oslo_concurrency/lockutils.py:524}}
Jul 11 03:50:41 devstack devstack@n-api.service[61834]: DEBUG oslo_concurrency.lockutils [None req-2058042b-3c7e-4476-b105-0c44b8f33339 tempest-VolumesAdminNegativeTest-425616936 tempest-VolumesAdminNegativeTest-425616936-project-member] Lock "0e61e0e4-5878-4e45-91d7-7ea32df9dfb7" "released" by "nova.context.set_target_cell..get_or_set_cached_cell_and_set_connections" :: held 0.001s {{(pid=61834) inner /opt/stack/data/venv/lib/python3.12/site-packages/oslo_concurrency/lockutils.py:543}}
Jul 11 03:50:41 devstack devstack@n-api.service[61834]: DEBUG oslo_concurrency.lockutils [None req-2058042b-3c7e-4476-b105-0c44b8f33339 tempest-VolumesAdminNegativeTest-425616936 tempest-VolumesAdminNegativeTest-425616936-project-member] Acquiring lock "0e61e0e4-5878-4e45-91d7-7ea32df9dfb7" by "nova.context.set_target_cell..get_or_set_cached_cell_and_set_connections" {{(pid=61834) inner /opt/stack/data/venv/lib/python3.12/site-packages/oslo_concurrency/lockutils.py:511}}
Jul 11 03:50:41 devstack devstack@n-api.service[61834]: DEBUG oslo_concurrency.lockutils [None req-2058042b-3c7e-4476-b105-0c44b8f33339 tempest-VolumesAdminNegativeTest-425616936 tempest-VolumesAdminNegativeTest-425616936-project-member] Lock "0e61e0e4-5878-4e45-91d7-7ea32df9dfb7" acquired by "nova.context.set_target_cell..get_or_set_cached_cell_and_set_connections" :: waited 0.007s {{(pid=61834) inner /opt/stack/data/venv/lib/python3.12/site-packages/oslo_concurrency/lockutils.py:524}}
Jul 11 03:50:41 devstack devstack@n-api.service[61834]: DEBUG oslo_concurrency.lockutils [None req-2058042b-3c7e-4476-b105-0c44b8f33339 tempest-VolumesAdminNegativeTest-425616936 tempest-VolumesAdminNegativeTest-425616936-project-member] Lock "0e61e0e4-5878-4e45-91d7-7ea32df9dfb7" "released" by "nova.context.set_target_cell..get_or_set_cached_cell_and_set_connections" :: held 0.001s {{(pid=61834) inner /opt/stack/data/venv/lib/python3.12/site-packages/oslo_concurrency/lockutils.py:543}}
Jul 11 03:50:41 devstack devstack@n-api.service[61833]: INFO nova.api.openstack.requestlog [None req-16ecd11c-7cac-4c7a-b2d5-5fe3c338065f tempest-VolumesSnapshotsTestJSON-1333934189 tempest-VolumesSnapshotsTestJSON-1333934189-project-reader] 192.168.122.161 "GET /compute/v2.1/os-snapshots" status: 200 len: 290 microversion: 2.1 time: 0.144899
Jul 11 03:50:41 devstack devstack@n-api.service[61833]: [pid: 61833|app: 0|req: 69/130] 192.168.122.161 () {58 vars in 1142 bytes} [Sat Jul 11 03:50:41 2026] GET /compute/v2.1/os-snapshots => generated 290 bytes in 146 msecs (HTTP/1.1 200) 9 headers in 357 bytes (1 switches on core 0)
Jul 11 03:50:41 devstack devstack@n-api.service[61833]: DEBUG nova.api.openstack.wsgi [None req-340beb46-eed7-490b-9d9e-08e4a9322c4f tempest-VolumesSnapshotsTestJSON-1333934189 tempest-VolumesSnapshotsTestJSON-1333934189-project-member] Calling method '>' {{(pid=61833) _process_stack /opt/stack/nova/nova/api/openstack/wsgi.py:551}}
Jul 11 03:50:41 devstack devstack@n-api.service[61834]: WARNING neutronclient.v2_0.client [None req-2058042b-3c7e-4476-b105-0c44b8f33339 tempest-VolumesAdminNegativeTest-425616936 tempest-VolumesAdminNegativeTest-425616936-project-member] The python binding code in neutronclient is deprecated in favor of OpenstackSDK, please use that as this will be removed in a future release.
Jul 11 03:50:41 devstack devstack@n-api.service[61833]: INFO nova.api.openstack.requestlog [None req-340beb46-eed7-490b-9d9e-08e4a9322c4f tempest-VolumesSnapshotsTestJSON-1333934189 tempest-VolumesSnapshotsTestJSON-1333934189-project-member] 192.168.122.161 "GET /compute/v2.1/os-snapshots/ec29e45b-c294-4dd7-9edb-e25f6d7f7af7" status: 200 len: 287 microversion: 2.1 time: 0.072124
Jul 11 03:50:41 devstack devstack@n-api.service[61833]: [pid: 61833|app: 0|req: 70/131] 192.168.122.161 () {58 vars in 1253 bytes} [Sat Jul 11 03:50:41 2026] GET /compute/v2.1/os-snapshots/ec29e45b-c294-4dd7-9edb-e25f6d7f7af7 => generated 287 bytes in 75 msecs (HTTP/1.1 200) 9 headers in 357 bytes (1 switches on core 0)
Jul 11 03:50:42 devstack devstack@n-api.service[61834]: DEBUG nova.policy [None req-2058042b-3c7e-4476-b105-0c44b8f33339 tempest-VolumesAdminNegativeTest-425616936 tempest-VolumesAdminNegativeTest-425616936-project-member] Policy check for os_compute_api:os-extended-server-attributes failed with credentials {'is_admin': False, 'user_id': '7a6fcc2af37b4136aacaf4aa511ad339', 'user_domain_id': 'default', 'system_scope': None, 'domain_id': None, 'project_id': '660061c57b084f6f9c8a16617e8086fe', 'project_domain_id': 'default', 'roles': ['member', 'reader'], 'is_admin_project': True, 'service_user_id': None, 'service_user_domain_id': None, 'service_project_id': None, 'service_project_domain_id': None, 'service_roles': []} {{(pid=61834) authorize /opt/stack/nova/nova/policy.py:192}}
Jul 11 03:50:42 devstack devstack@n-api.service[61834]: INFO nova.api.openstack.requestlog [None req-2058042b-3c7e-4476-b105-0c44b8f33339 tempest-VolumesAdminNegativeTest-425616936 tempest-VolumesAdminNegativeTest-425616936-project-member] 192.168.122.161 "GET /compute/v2.1/servers/ebea9dfa-dd7d-4996-981b-6294f9c2900c" status: 200 len: 1515 microversion: 2.1 time: 1.192675
Jul 11 03:50:42 devstack devstack@n-api.service[61834]: [pid: 61834|app: 0|req: 62/132] 192.168.122.161 () {58 vars in 1238 bytes} [Sat Jul 11 03:50:41 2026] GET /compute/v2.1/servers/ebea9dfa-dd7d-4996-981b-6294f9c2900c => generated 1515 bytes in 1194 msecs (HTTP/1.1 200) 9 headers in 358 bytes (1 switches on core 0)
Jul 11 03:50:42 devstack devstack@n-api.service[61833]: DEBUG nova.api.openstack.wsgi [None req-d1a3c589-d940-4eb2-8ee5-2e7b4d29655b tempest-VolumesSnapshotsTestJSON-1333934189 tempest-VolumesSnapshotsTestJSON-1333934189-project-member] Calling method '>' {{(pid=61833) _process_stack /opt/stack/nova/nova/api/openstack/wsgi.py:551}}
Jul 11 03:50:42 devstack devstack@n-api.service[61833]: INFO nova.api.openstack.requestlog [None req-d1a3c589-d940-4eb2-8ee5-2e7b4d29655b tempest-VolumesSnapshotsTestJSON-1333934189 tempest-VolumesSnapshotsTestJSON-1333934189-project-member] 192.168.122.161 "GET /compute/v2.1/os-snapshots/ec29e45b-c294-4dd7-9edb-e25f6d7f7af7" status: 200 len: 287 microversion: 2.1 time: 0.104793
Jul 11 03:50:42 devstack devstack@n-api.service[61833]: [pid: 61833|app: 0|req: 71/133] 192.168.122.161 () {58 vars in 1253 bytes} [Sat Jul 11 03:50:42 2026] GET /compute/v2.1/os-snapshots/ec29e45b-c294-4dd7-9edb-e25f6d7f7af7 => generated 287 bytes in 111 msecs (HTTP/1.1 200) 9 headers in 357 bytes (1 switches on core 0)
Jul 11 03:50:43 devstack devstack@n-api.service[61834]: DEBUG nova.api.openstack.wsgi [None req-0d728c32-eb37-4fcd-a622-874f76428be2 tempest-VolumesSnapshotsTestJSON-1333934189 tempest-VolumesSnapshotsTestJSON-1333934189-project-member] Calling method '>' {{(pid=61834) _process_stack /opt/stack/nova/nova/api/openstack/wsgi.py:551}}
Jul 11 03:50:43 devstack devstack@n-api.service[61834]: INFO nova.api.openstack.requestlog [None req-0d728c32-eb37-4fcd-a622-874f76428be2 tempest-VolumesSnapshotsTestJSON-1333934189 tempest-VolumesSnapshotsTestJSON-1333934189-project-member] 192.168.122.161 "GET /compute/v2.1/os-snapshots/ec29e45b-c294-4dd7-9edb-e25f6d7f7af7" status: 200 len: 287 microversion: 2.1 time: 0.196934
Jul 11 03:50:43 devstack devstack@n-api.service[61834]: [pid: 61834|app: 0|req: 63/134] 192.168.122.161 () {58 vars in 1253 bytes} [Sat Jul 11 03:50:43 2026] GET /compute/v2.1/os-snapshots/ec29e45b-c294-4dd7-9edb-e25f6d7f7af7 => generated 287 bytes in 202 msecs (HTTP/1.1 200) 9 headers in 357 bytes (1 switches on core 0)
Jul 11 03:50:44 devstack devstack@n-api.service[61833]: DEBUG nova.api.openstack.wsgi [None req-30500f49-82fb-4ab8-9cf1-261ec8be384e tempest-VolumesSnapshotsTestJSON-1333934189 tempest-VolumesSnapshotsTestJSON-1333934189-project-member] Calling method '>' {{(pid=61833) _process_stack /opt/stack/nova/nova/api/openstack/wsgi.py:551}}
Jul 11 03:50:44 devstack devstack@n-api.service[61833]: INFO nova.api.openstack.requestlog [None req-30500f49-82fb-4ab8-9cf1-261ec8be384e tempest-VolumesSnapshotsTestJSON-1333934189 tempest-VolumesSnapshotsTestJSON-1333934189-project-member] 192.168.122.161 "GET /compute/v2.1/os-snapshots/ec29e45b-c294-4dd7-9edb-e25f6d7f7af7" status: 200 len: 287 microversion: 2.1 time: 0.133444
Jul 11 03:50:44 devstack devstack@n-api.service[61833]: [pid: 61833|app: 0|req: 72/135] 192.168.122.161 () {58 vars in 1253 bytes} [Sat Jul 11 03:50:44 2026] GET /compute/v2.1/os-snapshots/ec29e45b-c294-4dd7-9edb-e25f6d7f7af7 => generated 287 bytes in 135 msecs (HTTP/1.1 200) 9 headers in 357 bytes (1 switches on core 0)
Jul 11 03:50:45 devstack devstack@n-api.service[61834]: DEBUG nova.api.openstack.wsgi [None req-6e262e26-92bf-4de3-8aa1-533f561cb8a3 tempest-VolumesSnapshotsTestJSON-1333934189 tempest-VolumesSnapshotsTestJSON-1333934189-project-member] Calling method '>' {{(pid=61834) _process_stack /opt/stack/nova/nova/api/openstack/wsgi.py:551}}
Jul 11 03:50:45 devstack devstack@n-api.service[61834]: INFO nova.api.openstack.requestlog [None req-6e262e26-92bf-4de3-8aa1-533f561cb8a3 tempest-VolumesSnapshotsTestJSON-1333934189 tempest-VolumesSnapshotsTestJSON-1333934189-project-member] 192.168.122.161 "GET /compute/v2.1/os-snapshots/ec29e45b-c294-4dd7-9edb-e25f6d7f7af7" status: 200 len: 287 microversion: 2.1 time: 0.101888
Jul 11 03:50:45 devstack devstack@n-api.service[61834]: [pid: 61834|app: 0|req: 64/136] 192.168.122.161 () {58 vars in 1253 bytes} [Sat Jul 11 03:50:45 2026] GET /compute/v2.1/os-snapshots/ec29e45b-c294-4dd7-9edb-e25f6d7f7af7 => generated 287 bytes in 103 msecs (HTTP/1.1 200) 9 headers in 357 bytes (1 switches on core 0)
Jul 11 03:50:46 devstack devstack@n-api.service[61833]: DEBUG nova.api.openstack.wsgi [None req-82f9e60a-eafa-4d0c-ae38-d54db8b2676f tempest-VolumesSnapshotsTestJSON-1333934189 tempest-VolumesSnapshotsTestJSON-1333934189-project-member] Calling method '>' {{(pid=61833) _process_stack /opt/stack/nova/nova/api/openstack/wsgi.py:551}}
Jul 11 03:50:47 devstack devstack@n-api.service[61833]: INFO nova.api.openstack.requestlog [None req-82f9e60a-eafa-4d0c-ae38-d54db8b2676f tempest-VolumesSnapshotsTestJSON-1333934189 tempest-VolumesSnapshotsTestJSON-1333934189-project-member] 192.168.122.161 "GET /compute/v2.1/os-snapshots/ec29e45b-c294-4dd7-9edb-e25f6d7f7af7" status: 200 len: 287 microversion: 2.1 time: 0.105115
Jul 11 03:50:47 devstack devstack@n-api.service[61833]: [pid: 61833|app: 0|req: 73/137] 192.168.122.161 () {58 vars in 1253 bytes} [Sat Jul 11 03:50:46 2026] GET /compute/v2.1/os-snapshots/ec29e45b-c294-4dd7-9edb-e25f6d7f7af7 => generated 287 bytes in 109 msecs (HTTP/1.1 200) 9 headers in 357 bytes (1 switches on core 0)
Jul 11 03:50:48 devstack devstack@n-api.service[61834]: DEBUG nova.api.openstack.wsgi [None req-cdd32645-ccd8-4ed4-a033-6b5f65fdff60 tempest-VolumesSnapshotsTestJSON-1333934189 tempest-VolumesSnapshotsTestJSON-1333934189-project-member] Calling method '>' {{(pid=61834) _process_stack /opt/stack/nova/nova/api/openstack/wsgi.py:551}}
Jul 11 03:50:48 devstack devstack@n-api.service[61834]: INFO nova.api.openstack.requestlog [None req-cdd32645-ccd8-4ed4-a033-6b5f65fdff60 tempest-VolumesSnapshotsTestJSON-1333934189 tempest-VolumesSnapshotsTestJSON-1333934189-project-member] 192.168.122.161 "GET /compute/v2.1/os-snapshots/ec29e45b-c294-4dd7-9edb-e25f6d7f7af7" status: 200 len: 287 microversion: 2.1 time: 0.088573
Jul 11 03:50:48 devstack devstack@n-api.service[61834]: [pid: 61834|app: 0|req: 65/138] 192.168.122.161 () {58 vars in 1253 bytes} [Sat Jul 11 03:50:48 2026] GET /compute/v2.1/os-snapshots/ec29e45b-c294-4dd7-9edb-e25f6d7f7af7 => generated 287 bytes in 90 msecs (HTTP/1.1 200) 9 headers in 357 bytes (1 switches on core 0)
Jul 11 03:50:49 devstack devstack@n-api.service[61833]: DEBUG nova.api.openstack.wsgi [None req-6aa5ef6e-ea97-42f0-81af-9daf8390816a tempest-VolumesSnapshotsTestJSON-1333934189 tempest-VolumesSnapshotsTestJSON-1333934189-project-member] Calling method '>' {{(pid=61833) _process_stack /opt/stack/nova/nova/api/openstack/wsgi.py:551}}
