Jul 10 00:27:28 devstack cinder-volume[88119]: DEBUG cinder.volume.drivers.remotefs [None req-8dabc9bc-dce0-4399-84a1-e622ab6b707a tempest-SnapshotsActionsTest-965593556 None] Fetching qemu-img info with special backing_file_template: (/opt/stack/data/cinder/mnt/[0-9a-f]+/)?(volume-352581dc-172a-4b2b-a7e2-e446be0f4290(.(tmp-snap-)?[0-9a-f-]+)?|volume_from_snapshot_cache/(tmp-snap-)?[0-9a-f-]+(.(child-|parent-)[0-9a-f-]+)?)$ {{(pid=88119) _qemu_img_info_base /opt/stack/cinder/cinder/volume/drivers/remotefs.py:896}}
Jul 10 00:27:28 devstack cinder-volume[88119]: DEBUG oslo_concurrency.processutils [None req-8dabc9bc-dce0-4399-84a1-e622ab6b707a tempest-SnapshotsActionsTest-965593556 None] Running cmd (subprocess): sudo cinder-rootwrap /etc/cinder/rootwrap.conf qemu-img create -f qcow2 -o backing_file=/opt/stack/data/cinder/mnt/1136ab8aa4a9d68708bac5506fb93996/volume-352581dc-172a-4b2b-a7e2-e446be0f4290.7baa4d5a-a6f5-4d36-9ed8-d35f75e109e5,backing_fmt=qcow2 /opt/stack/data/cinder/mnt/1136ab8aa4a9d68708bac5506fb93996/volume-352581dc-172a-4b2b-a7e2-e446be0f4290.03b06a0d-d127-44b0-a8e0-00eaf551f27e 1G {{(pid=88119) execute /opt/stack/data/venv/lib/python3.12/site-packages/oslo_concurrency/processutils.py:440}}
Jul 10 00:27:28 devstack sudo[94352]: quobyte : PWD=/ ; USER=root ; COMMAND=/opt/stack/data/venv/bin/cinder-rootwrap /etc/cinder/rootwrap.conf qemu-img create -f qcow2 -o backing_file=/opt/stack/data/cinder/mnt/1136ab8aa4a9d68708bac5506fb93996/volume-352581dc-172a-4b2b-a7e2-e446be0f4290.7baa4d5a-a6f5-4d36-9ed8-d35f75e109e5,backing_fmt=qcow2 /opt/stack/data/cinder/mnt/1136ab8aa4a9d68708bac5506fb93996/volume-352581dc-172a-4b2b-a7e2-e446be0f4290.03b06a0d-d127-44b0-a8e0-00eaf551f27e 1G
Jul 10 00:27:28 devstack sudo[94352]: pam_unix(sudo:session): session opened for user root(uid=0) by (uid=1000)
Jul 10 00:27:29 devstack sudo[94352]: pam_unix(sudo:session): session closed for user root
Jul 10 00:27:29 devstack cinder-volume[88119]: DEBUG oslo_concurrency.processutils [None req-8dabc9bc-dce0-4399-84a1-e622ab6b707a tempest-SnapshotsActionsTest-965593556 None] CMD "sudo cinder-rootwrap /etc/cinder/rootwrap.conf qemu-img create -f qcow2 -o backing_file=/opt/stack/data/cinder/mnt/1136ab8aa4a9d68708bac5506fb93996/volume-352581dc-172a-4b2b-a7e2-e446be0f4290.7baa4d5a-a6f5-4d36-9ed8-d35f75e109e5,backing_fmt=qcow2 /opt/stack/data/cinder/mnt/1136ab8aa4a9d68708bac5506fb93996/volume-352581dc-172a-4b2b-a7e2-e446be0f4290.03b06a0d-d127-44b0-a8e0-00eaf551f27e 1G" returned: 0 in 0.876s {{(pid=88119) execute /opt/stack/data/venv/lib/python3.12/site-packages/oslo_concurrency/processutils.py:468}}
Jul 10 00:27:29 devstack cinder-volume[88119]: DEBUG oslo_concurrency.processutils [None req-8dabc9bc-dce0-4399-84a1-e622ab6b707a tempest-SnapshotsActionsTest-965593556 None] Running cmd (subprocess): sudo cinder-rootwrap /etc/cinder/rootwrap.conf qemu-img rebase -u -b volume-352581dc-172a-4b2b-a7e2-e446be0f4290.7baa4d5a-a6f5-4d36-9ed8-d35f75e109e5 -F qcow2 /opt/stack/data/cinder/mnt/1136ab8aa4a9d68708bac5506fb93996/volume-352581dc-172a-4b2b-a7e2-e446be0f4290.03b06a0d-d127-44b0-a8e0-00eaf551f27e {{(pid=88119) execute /opt/stack/data/venv/lib/python3.12/site-packages/oslo_concurrency/processutils.py:440}}
Jul 10 00:27:29 devstack sudo[94368]: quobyte : PWD=/ ; USER=root ; COMMAND=/opt/stack/data/venv/bin/cinder-rootwrap /etc/cinder/rootwrap.conf qemu-img rebase -u -b volume-352581dc-172a-4b2b-a7e2-e446be0f4290.7baa4d5a-a6f5-4d36-9ed8-d35f75e109e5 -F qcow2 /opt/stack/data/cinder/mnt/1136ab8aa4a9d68708bac5506fb93996/volume-352581dc-172a-4b2b-a7e2-e446be0f4290.03b06a0d-d127-44b0-a8e0-00eaf551f27e
Jul 10 00:27:29 devstack sudo[94368]: pam_unix(sudo:session): session opened for user root(uid=0) by (uid=1000)
Jul 10 00:27:30 devstack sudo[94368]: pam_unix(sudo:session): session closed for user root
Jul 10 00:27:30 devstack cinder-volume[88119]: DEBUG oslo_concurrency.processutils [None req-8dabc9bc-dce0-4399-84a1-e622ab6b707a tempest-SnapshotsActionsTest-965593556 None] CMD "sudo cinder-rootwrap /etc/cinder/rootwrap.conf qemu-img rebase -u -b volume-352581dc-172a-4b2b-a7e2-e446be0f4290.7baa4d5a-a6f5-4d36-9ed8-d35f75e109e5 -F qcow2 /opt/stack/data/cinder/mnt/1136ab8aa4a9d68708bac5506fb93996/volume-352581dc-172a-4b2b-a7e2-e446be0f4290.03b06a0d-d127-44b0-a8e0-00eaf551f27e" returned: 0 in 0.675s {{(pid=88119) execute /opt/stack/data/venv/lib/python3.12/site-packages/oslo_concurrency/processutils.py:468}}
Jul 10 00:27:30 devstack cinder-volume[88119]: WARNING cinder.volume.drivers.remotefs [None req-8dabc9bc-dce0-4399-84a1-e622ab6b707a tempest-SnapshotsActionsTest-965593556 None] /opt/stack/data/cinder/mnt/1136ab8aa4a9d68708bac5506fb93996/volume-352581dc-172a-4b2b-a7e2-e446be0f4290.03b06a0d-d127-44b0-a8e0-00eaf551f27e is being set with open permissions: ugo+rw
Jul 10 00:27:30 devstack cinder-volume[88119]: DEBUG oslo_concurrency.processutils [None req-8dabc9bc-dce0-4399-84a1-e622ab6b707a tempest-SnapshotsActionsTest-965593556 None] Running cmd (subprocess): sudo cinder-rootwrap /etc/cinder/rootwrap.conf chmod ugo+rw /opt/stack/data/cinder/mnt/1136ab8aa4a9d68708bac5506fb93996/volume-352581dc-172a-4b2b-a7e2-e446be0f4290.03b06a0d-d127-44b0-a8e0-00eaf551f27e {{(pid=88119) execute /opt/stack/data/venv/lib/python3.12/site-packages/oslo_concurrency/processutils.py:440}}
Jul 10 00:27:30 devstack sudo[94381]: quobyte : PWD=/ ; USER=root ; COMMAND=/opt/stack/data/venv/bin/cinder-rootwrap /etc/cinder/rootwrap.conf chmod ugo+rw /opt/stack/data/cinder/mnt/1136ab8aa4a9d68708bac5506fb93996/volume-352581dc-172a-4b2b-a7e2-e446be0f4290.03b06a0d-d127-44b0-a8e0-00eaf551f27e
Jul 10 00:27:30 devstack sudo[94381]: pam_unix(sudo:session): session opened for user root(uid=0) by (uid=1000)
Jul 10 00:27:31 devstack sudo[94381]: pam_unix(sudo:session): session closed for user root
Jul 10 00:27:31 devstack cinder-volume[88119]: DEBUG oslo_concurrency.processutils [None req-8dabc9bc-dce0-4399-84a1-e622ab6b707a tempest-SnapshotsActionsTest-965593556 None] CMD "sudo cinder-rootwrap /etc/cinder/rootwrap.conf chmod ugo+rw /opt/stack/data/cinder/mnt/1136ab8aa4a9d68708bac5506fb93996/volume-352581dc-172a-4b2b-a7e2-e446be0f4290.03b06a0d-d127-44b0-a8e0-00eaf551f27e" returned: 0 in 0.662s {{(pid=88119) execute /opt/stack/data/venv/lib/python3.12/site-packages/oslo_concurrency/processutils.py:468}}
Jul 10 00:27:31 devstack cinder-volume[88119]: DEBUG oslo_concurrency.lockutils [None req-8dabc9bc-dce0-4399-84a1-e622ab6b707a tempest-SnapshotsActionsTest-965593556 None] Lock "quobyte" "released" by "cinder.volume.drivers.quobyte.QuobyteDriver.create_snapshot" :: held 3.366s {{(pid=88119) inner /opt/stack/data/venv/lib/python3.12/site-packages/oslo_concurrency/lockutils.py:543}}
Jul 10 00:27:31 devstack cinder-volume[88119]: INFO cinder.volume.manager [None req-8dabc9bc-dce0-4399-84a1-e622ab6b707a tempest-SnapshotsActionsTest-965593556 None] Create snapshot completed successfully
Jul 10 00:27:31 devstack cinder-volume[88119]: DEBUG oslo_service.periodic_task [None req-44ad911b-6e51-43e0-89cb-cb5ec1c5bc6d None None] Running periodic task VolumeManager.publish_service_capabilities {{(pid=88119) run_periodic_tasks /opt/stack/data/venv/lib/python3.12/site-packages/oslo_service/periodic_task.py:225}}
Jul 10 00:27:31 devstack cinder-volume[88119]: DEBUG oslo_concurrency.lockutils [None req-44ad911b-6e51-43e0-89cb-cb5ec1c5bc6d None None] Acquiring lock "quobyte_ensure" by "cinder.volume.drivers.quobyte.QuobyteDriver._ensure_shares_mounted" {{(pid=88119) inner /opt/stack/data/venv/lib/python3.12/site-packages/oslo_concurrency/lockutils.py:511}}
Jul 10 00:27:31 devstack cinder-volume[88119]: DEBUG oslo_concurrency.lockutils [None req-44ad911b-6e51-43e0-89cb-cb5ec1c5bc6d None None] Lock "quobyte_ensure" acquired by "cinder.volume.drivers.quobyte.QuobyteDriver._ensure_shares_mounted" :: waited 0.000s {{(pid=88119) inner /opt/stack/data/venv/lib/python3.12/site-packages/oslo_concurrency/lockutils.py:524}}
Jul 10 00:27:31 devstack cinder-volume[88119]: DEBUG cinder.volume.drivers.quobyte [None req-44ad911b-6e51-43e0-89cb-cb5ec1c5bc6d None None] Quobyte Volume URL set to: {'osci02.corp.quobyte.com/cinder-vol-2bd2d80e-0a7f-4628-b5ad-74f0fe219cff': None} {{(pid=88119) _load_shares_config /opt/stack/cinder/cinder/volume/drivers/quobyte.py:617}}
Jul 10 00:27:31 devstack cinder-volume[88119]: DEBUG cinder.volume.drivers.quobyte [None req-44ad911b-6e51-43e0-89cb-cb5ec1c5bc6d None None] Available shares ['osci02.corp.quobyte.com/cinder-vol-2bd2d80e-0a7f-4628-b5ad-74f0fe219cff'] {{(pid=88119) _ensure_shares_mounted /opt/stack/cinder/cinder/volume/drivers/quobyte.py:647}}
Jul 10 00:27:31 devstack cinder-volume[88119]: DEBUG oslo_concurrency.lockutils [None req-44ad911b-6e51-43e0-89cb-cb5ec1c5bc6d None None] Lock "quobyte_ensure" "released" by "cinder.volume.drivers.quobyte.QuobyteDriver._ensure_shares_mounted" :: held 0.008s {{(pid=88119) inner /opt/stack/data/venv/lib/python3.12/site-packages/oslo_concurrency/lockutils.py:543}}
Jul 10 00:27:31 devstack cinder-volume[88119]: DEBUG oslo_concurrency.processutils [None req-44ad911b-6e51-43e0-89cb-cb5ec1c5bc6d None None] Running cmd (subprocess): sudo cinder-rootwrap /etc/cinder/rootwrap.conf df --portability --block-size 1 /opt/stack/data/cinder/mnt/1136ab8aa4a9d68708bac5506fb93996 {{(pid=88119) execute /opt/stack/data/venv/lib/python3.12/site-packages/oslo_concurrency/processutils.py:440}}
Jul 10 00:27:31 devstack sudo[94384]: quobyte : PWD=/ ; USER=root ; COMMAND=/opt/stack/data/venv/bin/cinder-rootwrap /etc/cinder/rootwrap.conf df --portability --block-size 1 /opt/stack/data/cinder/mnt/1136ab8aa4a9d68708bac5506fb93996
Jul 10 00:27:31 devstack sudo[94384]: pam_unix(sudo:session): session opened for user root(uid=0) by (uid=1000)
Jul 10 00:27:32 devstack cinder-volume[88119]: DEBUG cinder.coordination [None req-118ce92c-5a41-4ab8-9d11-306c0b45d91c tempest-SnapshotsActionsTest-1729871635 None] Acquiring lock "cinder-03b06a0d-d127-44b0-a8e0-00eaf551f27e-delete_snapshot" by "delete_snapshot" {{(pid=88119) __acquire /opt/stack/cinder/cinder/coordination.py:138}}
Jul 10 00:27:32 devstack cinder-volume[88119]: DEBUG cinder.coordination [None req-118ce92c-5a41-4ab8-9d11-306c0b45d91c tempest-SnapshotsActionsTest-1729871635 None] Lock "cinder-03b06a0d-d127-44b0-a8e0-00eaf551f27e-delete_snapshot" acquired by "delete_snapshot" :: waited 0.023s {{(pid=88119) __acquire /opt/stack/cinder/cinder/coordination.py:141}}
Jul 10 00:27:32 devstack cinder-volume[88119]: DEBUG cinder.coordination [None req-118ce92c-5a41-4ab8-9d11-306c0b45d91c tempest-SnapshotsActionsTest-1729871635 None] Acquiring lock "cinder-quobyte-352581dc-172a-4b2b-a7e2-e446be0f4290" by "delete_snapshot" {{(pid=88119) __acquire /opt/stack/cinder/cinder/coordination.py:138}}
Jul 10 00:27:32 devstack cinder-volume[88119]: DEBUG cinder.coordination [None req-118ce92c-5a41-4ab8-9d11-306c0b45d91c tempest-SnapshotsActionsTest-1729871635 None] Lock "cinder-quobyte-352581dc-172a-4b2b-a7e2-e446be0f4290" acquired by "delete_snapshot" :: waited 0.033s {{(pid=88119) __acquire /opt/stack/cinder/cinder/coordination.py:141}}
Jul 10 00:27:32 devstack cinder-volume[88119]: DEBUG cinder.coordination [None req-118ce92c-5a41-4ab8-9d11-306c0b45d91c tempest-SnapshotsActionsTest-1729871635 None] Acquiring lock "cinder-quobyte-03b06a0d-d127-44b0-a8e0-00eaf551f27e" by "_delete_snapshot" {{(pid=88119) __acquire /opt/stack/cinder/cinder/coordination.py:138}}
Jul 10 00:27:32 devstack cinder-volume[88119]: DEBUG cinder.coordination [None req-118ce92c-5a41-4ab8-9d11-306c0b45d91c tempest-SnapshotsActionsTest-1729871635 None] Lock "cinder-quobyte-03b06a0d-d127-44b0-a8e0-00eaf551f27e" acquired by "_delete_snapshot" :: waited 0.021s {{(pid=88119) __acquire /opt/stack/cinder/cinder/coordination.py:141}}
Jul 10 00:27:32 devstack cinder-volume[88119]: DEBUG cinder.volume.drivers.remotefs [None req-118ce92c-5a41-4ab8-9d11-306c0b45d91c tempest-SnapshotsActionsTest-1729871635 None] Deleting offline snapshot 03b06a0d-d127-44b0-a8e0-00eaf551f27e of volume 352581dc-172a-4b2b-a7e2-e446be0f4290 {{(pid=88119) _delete_snapshot /opt/stack/cinder/cinder/volume/drivers/remotefs.py:1288}}
Jul 10 00:27:32 devstack cinder-volume[88119]: DEBUG cinder.volume.drivers.remotefs [None req-118ce92c-5a41-4ab8-9d11-306c0b45d91c tempest-SnapshotsActionsTest-1729871635 None] snapshot_file for this snap is: volume-352581dc-172a-4b2b-a7e2-e446be0f4290.03b06a0d-d127-44b0-a8e0-00eaf551f27e {{(pid=88119) _delete_snapshot /opt/stack/cinder/cinder/volume/drivers/remotefs.py:1317}}
Jul 10 00:27:32 devstack cinder-volume[88119]: DEBUG oslo.privsep.daemon [-] privsep: reply[e75d604a-0847-4845-895c-59ce4fc78392]: (4, 'qcow2') {{(pid=89253) _call_back /opt/stack/data/venv/lib/python3.12/site-packages/oslo_privsep/daemon.py:580}}
Jul 10 00:27:32 devstack cinder-volume[88119]: DEBUG oslo_concurrency.processutils [None req-118ce92c-5a41-4ab8-9d11-306c0b45d91c tempest-SnapshotsActionsTest-1729871635 None] Running cmd (subprocess): /opt/stack/data/venv/bin/python3.12 -m oslo_concurrency.prlimit --as=1073741824 --cpu=60 -- sudo cinder-rootwrap /etc/cinder/rootwrap.conf env LC_ALL=C qemu-img info -f qcow2 --output=json --force-share /opt/stack/data/cinder/mnt/1136ab8aa4a9d68708bac5506fb93996/volume-352581dc-172a-4b2b-a7e2-e446be0f4290.03b06a0d-d127-44b0-a8e0-00eaf551f27e {{(pid=88119) execute /opt/stack/data/venv/lib/python3.12/site-packages/oslo_concurrency/processutils.py:440}}
Jul 10 00:27:32 devstack sudo[94384]: pam_unix(sudo:session): session closed for user root
Jul 10 00:27:32 devstack cinder-volume[88119]: DEBUG oslo_concurrency.processutils [None req-44ad911b-6e51-43e0-89cb-cb5ec1c5bc6d None None] CMD "sudo cinder-rootwrap /etc/cinder/rootwrap.conf df --portability --block-size 1 /opt/stack/data/cinder/mnt/1136ab8aa4a9d68708bac5506fb93996" returned: 0 in 0.674s {{(pid=88119) execute /opt/stack/data/venv/lib/python3.12/site-packages/oslo_concurrency/processutils.py:468}}
Jul 10 00:27:32 devstack cinder-volume[88119]: DEBUG cinder.manager [None req-44ad911b-6e51-43e0-89cb-cb5ec1c5bc6d None None] Notifying Schedulers of capabilities ... {{(pid=88119) _publish_service_capabilities /opt/stack/cinder/cinder/manager.py:219}}
Jul 10 00:27:32 devstack cinder-volume[88119]: DEBUG oslo_service.periodic_task [None req-44ad911b-6e51-43e0-89cb-cb5ec1c5bc6d None None] Running periodic task VolumeManager._thread_info {{(pid=88119) run_periodic_tasks /opt/stack/data/venv/lib/python3.12/site-packages/oslo_service/periodic_task.py:225}}
Jul 10 00:27:32 devstack cinder-volume[88119]: DEBUG cinder.volume.manager [None req-44ad911b-6e51-43e0-89cb-cb5ec1c5bc6d None None] thread count: 8 {{(pid=88119) _thread_info /opt/stack/cinder/cinder/volume/manager.py:5473}}
Jul 10 00:27:32 devstack cinder-volume[88119]: DEBUG cinder.volume.manager [None req-44ad911b-6e51-43e0-89cb-cb5ec1c5bc6d None None] thread info: [<_MainThread(MainThread, started 132401719382144)>, , , , , , , ] {{(pid=88119) _thread_info /opt/stack/cinder/cinder/volume/manager.py:5474}}
Jul 10 00:27:32 devstack sudo[94386]: quobyte : PWD=/ ; USER=root ; COMMAND=/opt/stack/data/venv/bin/cinder-rootwrap /etc/cinder/rootwrap.conf env LC_ALL=C qemu-img info -f qcow2 --output=json --force-share /opt/stack/data/cinder/mnt/1136ab8aa4a9d68708bac5506fb93996/volume-352581dc-172a-4b2b-a7e2-e446be0f4290.03b06a0d-d127-44b0-a8e0-00eaf551f27e
Jul 10 00:27:32 devstack sudo[94386]: pam_unix(sudo:session): session opened for user root(uid=0) by (uid=1000)
Jul 10 00:27:33 devstack sudo[94386]: pam_unix(sudo:session): session closed for user root
Jul 10 00:27:33 devstack cinder-volume[88119]: DEBUG oslo_concurrency.processutils [None req-118ce92c-5a41-4ab8-9d11-306c0b45d91c tempest-SnapshotsActionsTest-1729871635 None] CMD "/opt/stack/data/venv/bin/python3.12 -m oslo_concurrency.prlimit --as=1073741824 --cpu=60 -- sudo cinder-rootwrap /etc/cinder/rootwrap.conf env LC_ALL=C qemu-img info -f qcow2 --output=json --force-share /opt/stack/data/cinder/mnt/1136ab8aa4a9d68708bac5506fb93996/volume-352581dc-172a-4b2b-a7e2-e446be0f4290.03b06a0d-d127-44b0-a8e0-00eaf551f27e" returned: 0 in 1.172s {{(pid=88119) execute /opt/stack/data/venv/lib/python3.12/site-packages/oslo_concurrency/processutils.py:468}}
Jul 10 00:27:33 devstack cinder-volume[88119]: DEBUG cinder.volume.drivers.remotefs [None req-118ce92c-5a41-4ab8-9d11-306c0b45d91c tempest-SnapshotsActionsTest-1729871635 None] Fetching qemu-img info with special backing_file_template: (/opt/stack/data/cinder/mnt/[0-9a-f]+/)?(volume-352581dc-172a-4b2b-a7e2-e446be0f4290(.(tmp-snap-)?[0-9a-f-]+)?|volume_from_snapshot_cache/(tmp-snap-)?[0-9a-f-]+(.(child-|parent-)[0-9a-f-]+)?)$ {{(pid=88119) _qemu_img_info_base /opt/stack/cinder/cinder/volume/drivers/remotefs.py:896}}
Jul 10 00:27:33 devstack cinder-volume[88119]: DEBUG oslo.privsep.daemon [-] privsep: reply[539bb50b-01f2-4ffb-9159-2ffe2575cd9e]: (4, 'qcow2') {{(pid=89253) _call_back /opt/stack/data/venv/lib/python3.12/site-packages/oslo_privsep/daemon.py:580}}
Jul 10 00:27:33 devstack cinder-volume[88119]: DEBUG oslo_concurrency.processutils [None req-118ce92c-5a41-4ab8-9d11-306c0b45d91c tempest-SnapshotsActionsTest-1729871635 None] Running cmd (subprocess): /opt/stack/data/venv/bin/python3.12 -m oslo_concurrency.prlimit --as=1073741824 --cpu=60 -- sudo cinder-rootwrap /etc/cinder/rootwrap.conf env LC_ALL=C qemu-img info -f qcow2 --output=json --force-share /opt/stack/data/cinder/mnt/1136ab8aa4a9d68708bac5506fb93996/volume-352581dc-172a-4b2b-a7e2-e446be0f4290.7baa4d5a-a6f5-4d36-9ed8-d35f75e109e5 {{(pid=88119) execute /opt/stack/data/venv/lib/python3.12/site-packages/oslo_concurrency/processutils.py:440}}
Jul 10 00:27:33 devstack sudo[94427]: quobyte : PWD=/ ; USER=root ; COMMAND=/opt/stack/data/venv/bin/cinder-rootwrap /etc/cinder/rootwrap.conf env LC_ALL=C qemu-img info -f qcow2 --output=json --force-share /opt/stack/data/cinder/mnt/1136ab8aa4a9d68708bac5506fb93996/volume-352581dc-172a-4b2b-a7e2-e446be0f4290.7baa4d5a-a6f5-4d36-9ed8-d35f75e109e5
Jul 10 00:27:33 devstack sudo[94427]: pam_unix(sudo:session): session opened for user root(uid=0) by (uid=1000)
Jul 10 00:27:34 devstack sudo[94427]: pam_unix(sudo:session): session closed for user root
Jul 10 00:27:34 devstack cinder-volume[88119]: DEBUG oslo_concurrency.processutils [None req-118ce92c-5a41-4ab8-9d11-306c0b45d91c tempest-SnapshotsActionsTest-1729871635 None] CMD "/opt/stack/data/venv/bin/python3.12 -m oslo_concurrency.prlimit --as=1073741824 --cpu=60 -- sudo cinder-rootwrap /etc/cinder/rootwrap.conf env LC_ALL=C qemu-img info -f qcow2 --output=json --force-share /opt/stack/data/cinder/mnt/1136ab8aa4a9d68708bac5506fb93996/volume-352581dc-172a-4b2b-a7e2-e446be0f4290.7baa4d5a-a6f5-4d36-9ed8-d35f75e109e5" returned: 0 in 0.965s {{(pid=88119) execute /opt/stack/data/venv/lib/python3.12/site-packages/oslo_concurrency/processutils.py:468}}
Jul 10 00:27:34 devstack cinder-volume[88119]: DEBUG cinder.volume.drivers.remotefs [None req-118ce92c-5a41-4ab8-9d11-306c0b45d91c tempest-SnapshotsActionsTest-1729871635 None] Fetching qemu-img info with special backing_file_template: (/opt/stack/data/cinder/mnt/[0-9a-f]+/)?(volume-352581dc-172a-4b2b-a7e2-e446be0f4290(.(tmp-snap-)?[0-9a-f-]+)?|volume_from_snapshot_cache/(tmp-snap-)?[0-9a-f-]+(.(child-|parent-)[0-9a-f-]+)?)$ {{(pid=88119) _qemu_img_info_base /opt/stack/cinder/cinder/volume/drivers/remotefs.py:896}}
Jul 10 00:27:34 devstack cinder-volume[88119]: DEBUG oslo_concurrency.processutils [None req-118ce92c-5a41-4ab8-9d11-306c0b45d91c tempest-SnapshotsActionsTest-1729871635 None] Running cmd (subprocess): sudo cinder-rootwrap /etc/cinder/rootwrap.conf qemu-img commit -d /opt/stack/data/cinder/mnt/1136ab8aa4a9d68708bac5506fb93996/volume-352581dc-172a-4b2b-a7e2-e446be0f4290.03b06a0d-d127-44b0-a8e0-00eaf551f27e {{(pid=88119) execute /opt/stack/data/venv/lib/python3.12/site-packages/oslo_concurrency/processutils.py:440}}
Jul 10 00:27:34 devstack sudo[94447]: quobyte : PWD=/ ; USER=root ; COMMAND=/opt/stack/data/venv/bin/cinder-rootwrap /etc/cinder/rootwrap.conf qemu-img commit -d /opt/stack/data/cinder/mnt/1136ab8aa4a9d68708bac5506fb93996/volume-352581dc-172a-4b2b-a7e2-e446be0f4290.03b06a0d-d127-44b0-a8e0-00eaf551f27e
Jul 10 00:27:34 devstack sudo[94447]: pam_unix(sudo:session): session opened for user root(uid=0) by (uid=1000)
Jul 10 00:27:35 devstack sudo[94447]: pam_unix(sudo:session): session closed for user root
Jul 10 00:27:35 devstack cinder-volume[88119]: DEBUG oslo_concurrency.processutils [None req-118ce92c-5a41-4ab8-9d11-306c0b45d91c tempest-SnapshotsActionsTest-1729871635 None] CMD "sudo cinder-rootwrap /etc/cinder/rootwrap.conf qemu-img commit -d /opt/stack/data/cinder/mnt/1136ab8aa4a9d68708bac5506fb93996/volume-352581dc-172a-4b2b-a7e2-e446be0f4290.03b06a0d-d127-44b0-a8e0-00eaf551f27e" returned: 0 in 0.881s {{(pid=88119) execute /opt/stack/data/venv/lib/python3.12/site-packages/oslo_concurrency/processutils.py:468}}
Jul 10 00:27:35 devstack cinder-volume[88119]: DEBUG oslo_concurrency.processutils [None req-118ce92c-5a41-4ab8-9d11-306c0b45d91c tempest-SnapshotsActionsTest-1729871635 None] Running cmd (subprocess): sudo cinder-rootwrap /etc/cinder/rootwrap.conf rm -f /opt/stack/data/cinder/mnt/1136ab8aa4a9d68708bac5506fb93996/volume-352581dc-172a-4b2b-a7e2-e446be0f4290.03b06a0d-d127-44b0-a8e0-00eaf551f27e {{(pid=88119) execute /opt/stack/data/venv/lib/python3.12/site-packages/oslo_concurrency/processutils.py:440}}
Jul 10 00:27:35 devstack sudo[94473]: quobyte : PWD=/ ; USER=root ; COMMAND=/opt/stack/data/venv/bin/cinder-rootwrap /etc/cinder/rootwrap.conf rm -f /opt/stack/data/cinder/mnt/1136ab8aa4a9d68708bac5506fb93996/volume-352581dc-172a-4b2b-a7e2-e446be0f4290.03b06a0d-d127-44b0-a8e0-00eaf551f27e
Jul 10 00:27:35 devstack sudo[94473]: pam_unix(sudo:session): session opened for user root(uid=0) by (uid=1000)
Jul 10 00:27:36 devstack sudo[94473]: pam_unix(sudo:session): session closed for user root
Jul 10 00:27:36 devstack cinder-volume[88119]: DEBUG oslo_concurrency.processutils [None req-118ce92c-5a41-4ab8-9d11-306c0b45d91c tempest-SnapshotsActionsTest-1729871635 None] CMD "sudo cinder-rootwrap /etc/cinder/rootwrap.conf rm -f /opt/stack/data/cinder/mnt/1136ab8aa4a9d68708bac5506fb93996/volume-352581dc-172a-4b2b-a7e2-e446be0f4290.03b06a0d-d127-44b0-a8e0-00eaf551f27e" returned: 0 in 0.925s {{(pid=88119) execute /opt/stack/data/venv/lib/python3.12/site-packages/oslo_concurrency/processutils.py:468}}
Jul 10 00:27:36 devstack cinder-volume[88119]: DEBUG cinder.coordination [None req-118ce92c-5a41-4ab8-9d11-306c0b45d91c tempest-SnapshotsActionsTest-1729871635 None] Lock "cinder-quobyte-03b06a0d-d127-44b0-a8e0-00eaf551f27e" released by "_delete_snapshot" :: held 4.092s {{(pid=88119) __release /opt/stack/cinder/cinder/coordination.py:152}}
Jul 10 00:27:36 devstack cinder-volume[88119]: DEBUG cinder.coordination [None req-118ce92c-5a41-4ab8-9d11-306c0b45d91c tempest-SnapshotsActionsTest-1729871635 None] Lock "cinder-quobyte-352581dc-172a-4b2b-a7e2-e446be0f4290" released by "delete_snapshot" :: held 4.126s {{(pid=88119) __release /opt/stack/cinder/cinder/coordination.py:152}}
Jul 10 00:27:36 devstack cinder-volume[88119]: DEBUG cinder.quota [None req-118ce92c-5a41-4ab8-9d11-306c0b45d91c tempest-SnapshotsActionsTest-1729871635 None] Created reservations ['276b28ae-7d65-4509-a80f-00991555be85', 'cef683ab-a51d-4a41-a773-9b3e7f21575a', '6afc1aaa-b9f0-4648-bc42-692b51757e81', '2c7f4cf7-4536-4dce-b3dd-9ba8ff9bd921'] {{(pid=88119) reserve /opt/stack/cinder/cinder/quota.py:752}}
Jul 10 00:27:36 devstack cinder-volume[88119]: INFO cinder.volume.manager [None req-118ce92c-5a41-4ab8-9d11-306c0b45d91c tempest-SnapshotsActionsTest-1729871635 None] Delete snapshot completed successfully.
Jul 10 00:27:36 devstack cinder-volume[88119]: DEBUG cinder.coordination [None req-118ce92c-5a41-4ab8-9d11-306c0b45d91c tempest-SnapshotsActionsTest-1729871635 None] Lock "cinder-03b06a0d-d127-44b0-a8e0-00eaf551f27e-delete_snapshot" released by "delete_snapshot" :: held 4.362s {{(pid=88119) __release /opt/stack/cinder/cinder/coordination.py:152}}
Jul 10 00:27:37 devstack cinder-volume[88119]: DEBUG oslo_concurrency.lockutils [None req-14246765-4d2e-409a-9362-accf06543c6f tempest-SnapshotsActionsTest-965593556 None] Acquiring lock "quobyte" by "cinder.volume.drivers.quobyte.QuobyteDriver.create_snapshot" {{(pid=88119) inner /opt/stack/data/venv/lib/python3.12/site-packages/oslo_concurrency/lockutils.py:511}}
Jul 10 00:27:37 devstack cinder-volume[88119]: DEBUG oslo_concurrency.lockutils [None req-14246765-4d2e-409a-9362-accf06543c6f tempest-SnapshotsActionsTest-965593556 None] Lock "quobyte" acquired by "cinder.volume.drivers.quobyte.QuobyteDriver.create_snapshot" :: waited 0.001s {{(pid=88119) inner /opt/stack/data/venv/lib/python3.12/site-packages/oslo_concurrency/lockutils.py:524}}
Jul 10 00:27:37 devstack cinder-volume[88119]: DEBUG cinder.volume.drivers.remotefs [None req-14246765-4d2e-409a-9362-accf06543c6f tempest-SnapshotsActionsTest-965593556 None] Creating offline snapshot 4b6676aa-876e-4de0-b7a6-5c5298df5c06 of volume 352581dc-172a-4b2b-a7e2-e446be0f4290 {{(pid=88119) _create_snapshot /opt/stack/cinder/cinder/volume/drivers/remotefs.py:1816}}
Jul 10 00:27:37 devstack cinder-volume[88119]: DEBUG oslo.privsep.daemon [-] privsep: reply[93b367e0-2162-4379-855e-f66f85ff0eae]: (4, 'qcow2') {{(pid=89253) _call_back /opt/stack/data/venv/lib/python3.12/site-packages/oslo_privsep/daemon.py:580}}
Jul 10 00:27:37 devstack cinder-volume[88119]: DEBUG oslo_concurrency.processutils [None req-14246765-4d2e-409a-9362-accf06543c6f tempest-SnapshotsActionsTest-965593556 None] Running cmd (subprocess): /opt/stack/data/venv/bin/python3.12 -m oslo_concurrency.prlimit --as=1073741824 --cpu=60 -- sudo cinder-rootwrap /etc/cinder/rootwrap.conf env LC_ALL=C qemu-img info -f qcow2 --output=json --force-share /opt/stack/data/cinder/mnt/1136ab8aa4a9d68708bac5506fb93996/volume-352581dc-172a-4b2b-a7e2-e446be0f4290.7baa4d5a-a6f5-4d36-9ed8-d35f75e109e5 {{(pid=88119) execute /opt/stack/data/venv/lib/python3.12/site-packages/oslo_concurrency/processutils.py:440}}
Jul 10 00:27:38 devstack sudo[94508]: quobyte : PWD=/ ; USER=root ; COMMAND=/opt/stack/data/venv/bin/cinder-rootwrap /etc/cinder/rootwrap.conf env LC_ALL=C qemu-img info -f qcow2 --output=json --force-share /opt/stack/data/cinder/mnt/1136ab8aa4a9d68708bac5506fb93996/volume-352581dc-172a-4b2b-a7e2-e446be0f4290.7baa4d5a-a6f5-4d36-9ed8-d35f75e109e5
Jul 10 00:27:38 devstack sudo[94508]: pam_unix(sudo:session): session opened for user root(uid=0) by (uid=1000)
Jul 10 00:27:38 devstack cinder-volume[88119]: INFO cinder.volume.manager [req-ae6ba4d1-100f-44b2-8b15-dceb8d53c545 req-3a50f32a-9ba7-41c6-b07e-2737d800f868 tempest-AttachVolumeTestJSON-630674806 None] Terminate volume connection completed successfully.
Jul 10 00:27:38 devstack cinder-volume[88119]: DEBUG cinder.volume.manager [req-ae6ba4d1-100f-44b2-8b15-dceb8d53c545 req-3a50f32a-9ba7-41c6-b07e-2737d800f868 tempest-AttachVolumeTestJSON-630674806 None] Deleting attachment 7110d171-8290-4cb6-b2ec-5d1d962bcb57. {{(pid=88119) attachment_delete /opt/stack/cinder/cinder/volume/manager.py:5056}}
Jul 10 00:27:38 devstack sudo[94508]: pam_unix(sudo:session): session closed for user root
Jul 10 00:27:38 devstack cinder-volume[88119]: DEBUG oslo_concurrency.processutils [None req-14246765-4d2e-409a-9362-accf06543c6f tempest-SnapshotsActionsTest-965593556 None] CMD "/opt/stack/data/venv/bin/python3.12 -m oslo_concurrency.prlimit --as=1073741824 --cpu=60 -- sudo cinder-rootwrap /etc/cinder/rootwrap.conf env LC_ALL=C qemu-img info -f qcow2 --output=json --force-share /opt/stack/data/cinder/mnt/1136ab8aa4a9d68708bac5506fb93996/volume-352581dc-172a-4b2b-a7e2-e446be0f4290.7baa4d5a-a6f5-4d36-9ed8-d35f75e109e5" returned: 0 in 1.097s {{(pid=88119) execute /opt/stack/data/venv/lib/python3.12/site-packages/oslo_concurrency/processutils.py:468}}
Jul 10 00:27:38 devstack cinder-volume[88119]: DEBUG cinder.volume.drivers.remotefs [None req-14246765-4d2e-409a-9362-accf06543c6f tempest-SnapshotsActionsTest-965593556 None] Fetching qemu-img info with special backing_file_template: (/opt/stack/data/cinder/mnt/[0-9a-f]+/)?(volume-352581dc-172a-4b2b-a7e2-e446be0f4290(.(tmp-snap-)?[0-9a-f-]+)?|volume_from_snapshot_cache/(tmp-snap-)?[0-9a-f-]+(.(child-|parent-)[0-9a-f-]+)?)$ {{(pid=88119) _qemu_img_info_base /opt/stack/cinder/cinder/volume/drivers/remotefs.py:896}}
Jul 10 00:27:38 devstack cinder-volume[88119]: DEBUG oslo_concurrency.processutils [None req-14246765-4d2e-409a-9362-accf06543c6f tempest-SnapshotsActionsTest-965593556 None] Running cmd (subprocess): sudo cinder-rootwrap /etc/cinder/rootwrap.conf qemu-img create -f qcow2 -o backing_file=/opt/stack/data/cinder/mnt/1136ab8aa4a9d68708bac5506fb93996/volume-352581dc-172a-4b2b-a7e2-e446be0f4290.7baa4d5a-a6f5-4d36-9ed8-d35f75e109e5,backing_fmt=qcow2 /opt/stack/data/cinder/mnt/1136ab8aa4a9d68708bac5506fb93996/volume-352581dc-172a-4b2b-a7e2-e446be0f4290.4b6676aa-876e-4de0-b7a6-5c5298df5c06 1G {{(pid=88119) execute /opt/stack/data/venv/lib/python3.12/site-packages/oslo_concurrency/processutils.py:440}}
Jul 10 00:27:38 devstack sudo[94515]: quobyte : PWD=/ ; USER=root ; COMMAND=/opt/stack/data/venv/bin/cinder-rootwrap /etc/cinder/rootwrap.conf qemu-img create -f qcow2 -o backing_file=/opt/stack/data/cinder/mnt/1136ab8aa4a9d68708bac5506fb93996/volume-352581dc-172a-4b2b-a7e2-e446be0f4290.7baa4d5a-a6f5-4d36-9ed8-d35f75e109e5,backing_fmt=qcow2 /opt/stack/data/cinder/mnt/1136ab8aa4a9d68708bac5506fb93996/volume-352581dc-172a-4b2b-a7e2-e446be0f4290.4b6676aa-876e-4de0-b7a6-5c5298df5c06 1G
Jul 10 00:27:38 devstack sudo[94515]: pam_unix(sudo:session): session opened for user root(uid=0) by (uid=1000)
Jul 10 00:27:40 devstack sudo[94515]: pam_unix(sudo:session): session closed for user root
Jul 10 00:27:40 devstack cinder-volume[88119]: DEBUG oslo_concurrency.processutils [None req-14246765-4d2e-409a-9362-accf06543c6f tempest-SnapshotsActionsTest-965593556 None] CMD "sudo cinder-rootwrap /etc/cinder/rootwrap.conf qemu-img create -f qcow2 -o backing_file=/opt/stack/data/cinder/mnt/1136ab8aa4a9d68708bac5506fb93996/volume-352581dc-172a-4b2b-a7e2-e446be0f4290.7baa4d5a-a6f5-4d36-9ed8-d35f75e109e5,backing_fmt=qcow2 /opt/stack/data/cinder/mnt/1136ab8aa4a9d68708bac5506fb93996/volume-352581dc-172a-4b2b-a7e2-e446be0f4290.4b6676aa-876e-4de0-b7a6-5c5298df5c06 1G" returned: 0 in 1.248s {{(pid=88119) execute /opt/stack/data/venv/lib/python3.12/site-packages/oslo_concurrency/processutils.py:468}}
Jul 10 00:27:40 devstack cinder-volume[88119]: DEBUG oslo_concurrency.processutils [None req-14246765-4d2e-409a-9362-accf06543c6f tempest-SnapshotsActionsTest-965593556 None] Running cmd (subprocess): sudo cinder-rootwrap /etc/cinder/rootwrap.conf qemu-img rebase -u -b volume-352581dc-172a-4b2b-a7e2-e446be0f4290.7baa4d5a-a6f5-4d36-9ed8-d35f75e109e5 -F qcow2 /opt/stack/data/cinder/mnt/1136ab8aa4a9d68708bac5506fb93996/volume-352581dc-172a-4b2b-a7e2-e446be0f4290.4b6676aa-876e-4de0-b7a6-5c5298df5c06 {{(pid=88119) execute /opt/stack/data/venv/lib/python3.12/site-packages/oslo_concurrency/processutils.py:440}}
Jul 10 00:27:40 devstack sudo[94525]: quobyte : PWD=/ ; USER=root ; COMMAND=/opt/stack/data/venv/bin/cinder-rootwrap /etc/cinder/rootwrap.conf qemu-img rebase -u -b volume-352581dc-172a-4b2b-a7e2-e446be0f4290.7baa4d5a-a6f5-4d36-9ed8-d35f75e109e5 -F qcow2 /opt/stack/data/cinder/mnt/1136ab8aa4a9d68708bac5506fb93996/volume-352581dc-172a-4b2b-a7e2-e446be0f4290.4b6676aa-876e-4de0-b7a6-5c5298df5c06
Jul 10 00:27:40 devstack sudo[94525]: pam_unix(sudo:session): session opened for user root(uid=0) by (uid=1000)
Jul 10 00:27:40 devstack sudo[94525]: pam_unix(sudo:session): session closed for user root
Jul 10 00:27:40 devstack cinder-volume[88119]: DEBUG oslo_concurrency.processutils [None req-14246765-4d2e-409a-9362-accf06543c6f tempest-SnapshotsActionsTest-965593556 None] CMD "sudo cinder-rootwrap /etc/cinder/rootwrap.conf qemu-img rebase -u -b volume-352581dc-172a-4b2b-a7e2-e446be0f4290.7baa4d5a-a6f5-4d36-9ed8-d35f75e109e5 -F qcow2 /opt/stack/data/cinder/mnt/1136ab8aa4a9d68708bac5506fb93996/volume-352581dc-172a-4b2b-a7e2-e446be0f4290.4b6676aa-876e-4de0-b7a6-5c5298df5c06" returned: 0 in 0.756s {{(pid=88119) execute /opt/stack/data/venv/lib/python3.12/site-packages/oslo_concurrency/processutils.py:468}}
Jul 10 00:27:40 devstack cinder-volume[88119]: WARNING cinder.volume.drivers.remotefs [None req-14246765-4d2e-409a-9362-accf06543c6f tempest-SnapshotsActionsTest-965593556 None] /opt/stack/data/cinder/mnt/1136ab8aa4a9d68708bac5506fb93996/volume-352581dc-172a-4b2b-a7e2-e446be0f4290.4b6676aa-876e-4de0-b7a6-5c5298df5c06 is being set with open permissions: ugo+rw
Jul 10 00:27:40 devstack cinder-volume[88119]: DEBUG oslo_concurrency.processutils [None req-14246765-4d2e-409a-9362-accf06543c6f tempest-SnapshotsActionsTest-965593556 None] Running cmd (subprocess): sudo cinder-rootwrap /etc/cinder/rootwrap.conf chmod ugo+rw /opt/stack/data/cinder/mnt/1136ab8aa4a9d68708bac5506fb93996/volume-352581dc-172a-4b2b-a7e2-e446be0f4290.4b6676aa-876e-4de0-b7a6-5c5298df5c06 {{(pid=88119) execute /opt/stack/data/venv/lib/python3.12/site-packages/oslo_concurrency/processutils.py:440}}
Jul 10 00:27:40 devstack sudo[94530]: quobyte : PWD=/ ; USER=root ; COMMAND=/opt/stack/data/venv/bin/cinder-rootwrap /etc/cinder/rootwrap.conf chmod ugo+rw /opt/stack/data/cinder/mnt/1136ab8aa4a9d68708bac5506fb93996/volume-352581dc-172a-4b2b-a7e2-e446be0f4290.4b6676aa-876e-4de0-b7a6-5c5298df5c06
Jul 10 00:27:41 devstack sudo[94530]: pam_unix(sudo:session): session opened for user root(uid=0) by (uid=1000)
Jul 10 00:27:41 devstack sudo[94530]: pam_unix(sudo:session): session closed for user root
Jul 10 00:27:41 devstack cinder-volume[88119]: DEBUG oslo_concurrency.processutils [None req-14246765-4d2e-409a-9362-accf06543c6f tempest-SnapshotsActionsTest-965593556 None] CMD "sudo cinder-rootwrap /etc/cinder/rootwrap.conf chmod ugo+rw /opt/stack/data/cinder/mnt/1136ab8aa4a9d68708bac5506fb93996/volume-352581dc-172a-4b2b-a7e2-e446be0f4290.4b6676aa-876e-4de0-b7a6-5c5298df5c06" returned: 0 in 0.740s {{(pid=88119) execute /opt/stack/data/venv/lib/python3.12/site-packages/oslo_concurrency/processutils.py:468}}
Jul 10 00:27:41 devstack cinder-volume[88119]: DEBUG oslo_concurrency.lockutils [None req-14246765-4d2e-409a-9362-accf06543c6f tempest-SnapshotsActionsTest-965593556 None] Lock "quobyte" "released" by "cinder.volume.drivers.quobyte.QuobyteDriver.create_snapshot" :: held 3.965s {{(pid=88119) inner /opt/stack/data/venv/lib/python3.12/site-packages/oslo_concurrency/lockutils.py:543}}
Jul 10 00:27:41 devstack cinder-volume[88119]: INFO cinder.volume.manager [None req-14246765-4d2e-409a-9362-accf06543c6f tempest-SnapshotsActionsTest-965593556 None] Create snapshot completed successfully
Jul 10 00:27:42 devstack cinder-volume[88119]: DEBUG cinder.coordination [None req-09e8478a-4037-470e-bd73-6d51db6c66e1 tempest-SnapshotsActionsTest-1729871635 None] Acquiring lock "cinder-4b6676aa-876e-4de0-b7a6-5c5298df5c06-delete_snapshot" by "delete_snapshot" {{(pid=88119) __acquire /opt/stack/cinder/cinder/coordination.py:138}}
Jul 10 00:27:42 devstack cinder-volume[88119]: DEBUG cinder.coordination [None req-09e8478a-4037-470e-bd73-6d51db6c66e1 tempest-SnapshotsActionsTest-1729871635 None] Lock "cinder-4b6676aa-876e-4de0-b7a6-5c5298df5c06-delete_snapshot" acquired by "delete_snapshot" :: waited 0.045s {{(pid=88119) __acquire /opt/stack/cinder/cinder/coordination.py:141}}
Jul 10 00:27:42 devstack cinder-volume[88119]: DEBUG cinder.coordination [None req-09e8478a-4037-470e-bd73-6d51db6c66e1 tempest-SnapshotsActionsTest-1729871635 None] Acquiring lock "cinder-quobyte-352581dc-172a-4b2b-a7e2-e446be0f4290" by "delete_snapshot" {{(pid=88119) __acquire /opt/stack/cinder/cinder/coordination.py:138}}
Jul 10 00:27:42 devstack cinder-volume[88119]: DEBUG cinder.coordination [None req-09e8478a-4037-470e-bd73-6d51db6c66e1 tempest-SnapshotsActionsTest-1729871635 None] Lock "cinder-quobyte-352581dc-172a-4b2b-a7e2-e446be0f4290" acquired by "delete_snapshot" :: waited 0.021s {{(pid=88119) __acquire /opt/stack/cinder/cinder/coordination.py:141}}
Jul 10 00:27:42 devstack cinder-volume[88119]: DEBUG cinder.coordination [None req-09e8478a-4037-470e-bd73-6d51db6c66e1 tempest-SnapshotsActionsTest-1729871635 None] Acquiring lock "cinder-quobyte-4b6676aa-876e-4de0-b7a6-5c5298df5c06" by "_delete_snapshot" {{(pid=88119) __acquire /opt/stack/cinder/cinder/coordination.py:138}}
Jul 10 00:27:42 devstack cinder-volume[88119]: DEBUG cinder.coordination [None req-09e8478a-4037-470e-bd73-6d51db6c66e1 tempest-SnapshotsActionsTest-1729871635 None] Lock "cinder-quobyte-4b6676aa-876e-4de0-b7a6-5c5298df5c06" acquired by "_delete_snapshot" :: waited 0.029s {{(pid=88119) __acquire /opt/stack/cinder/cinder/coordination.py:141}}
Jul 10 00:27:42 devstack cinder-volume[88119]: DEBUG cinder.volume.drivers.remotefs [None req-09e8478a-4037-470e-bd73-6d51db6c66e1 tempest-SnapshotsActionsTest-1729871635 None] Deleting offline snapshot 4b6676aa-876e-4de0-b7a6-5c5298df5c06 of volume 352581dc-172a-4b2b-a7e2-e446be0f4290 {{(pid=88119) _delete_snapshot /opt/stack/cinder/cinder/volume/drivers/remotefs.py:1288}}
Jul 10 00:27:42 devstack cinder-volume[88119]: DEBUG cinder.volume.drivers.remotefs [None req-09e8478a-4037-470e-bd73-6d51db6c66e1 tempest-SnapshotsActionsTest-1729871635 None] snapshot_file for this snap is: volume-352581dc-172a-4b2b-a7e2-e446be0f4290.4b6676aa-876e-4de0-b7a6-5c5298df5c06 {{(pid=88119) _delete_snapshot /opt/stack/cinder/cinder/volume/drivers/remotefs.py:1317}}
Jul 10 00:27:42 devstack cinder-volume[88119]: DEBUG oslo.privsep.daemon [-] privsep: reply[885a6e5d-f292-4637-b5db-67df667746ba]: (4, 'qcow2') {{(pid=89253) _call_back /opt/stack/data/venv/lib/python3.12/site-packages/oslo_privsep/daemon.py:580}}
Jul 10 00:27:42 devstack cinder-volume[88119]: DEBUG oslo_concurrency.processutils [None req-09e8478a-4037-470e-bd73-6d51db6c66e1 tempest-SnapshotsActionsTest-1729871635 None] Running cmd (subprocess): /opt/stack/data/venv/bin/python3.12 -m oslo_concurrency.prlimit --as=1073741824 --cpu=60 -- sudo cinder-rootwrap /etc/cinder/rootwrap.conf env LC_ALL=C qemu-img info -f qcow2 --output=json --force-share /opt/stack/data/cinder/mnt/1136ab8aa4a9d68708bac5506fb93996/volume-352581dc-172a-4b2b-a7e2-e446be0f4290.4b6676aa-876e-4de0-b7a6-5c5298df5c06 {{(pid=88119) execute /opt/stack/data/venv/lib/python3.12/site-packages/oslo_concurrency/processutils.py:440}}
Jul 10 00:27:42 devstack sudo[94538]: quobyte : PWD=/ ; USER=root ; COMMAND=/opt/stack/data/venv/bin/cinder-rootwrap /etc/cinder/rootwrap.conf env LC_ALL=C qemu-img info -f qcow2 --output=json --force-share /opt/stack/data/cinder/mnt/1136ab8aa4a9d68708bac5506fb93996/volume-352581dc-172a-4b2b-a7e2-e446be0f4290.4b6676aa-876e-4de0-b7a6-5c5298df5c06
Jul 10 00:27:42 devstack sudo[94538]: pam_unix(sudo:session): session opened for user root(uid=0) by (uid=1000)
Jul 10 00:27:43 devstack sudo[94538]: pam_unix(sudo:session): session closed for user root
Jul 10 00:27:43 devstack cinder-volume[88119]: DEBUG oslo_concurrency.processutils [None req-09e8478a-4037-470e-bd73-6d51db6c66e1 tempest-SnapshotsActionsTest-1729871635 None] CMD "/opt/stack/data/venv/bin/python3.12 -m oslo_concurrency.prlimit --as=1073741824 --cpu=60 -- sudo cinder-rootwrap /etc/cinder/rootwrap.conf env LC_ALL=C qemu-img info -f qcow2 --output=json --force-share /opt/stack/data/cinder/mnt/1136ab8aa4a9d68708bac5506fb93996/volume-352581dc-172a-4b2b-a7e2-e446be0f4290.4b6676aa-876e-4de0-b7a6-5c5298df5c06" returned: 0 in 1.002s {{(pid=88119) execute /opt/stack/data/venv/lib/python3.12/site-packages/oslo_concurrency/processutils.py:468}}
Jul 10 00:27:43 devstack cinder-volume[88119]: DEBUG cinder.volume.drivers.remotefs [None req-09e8478a-4037-470e-bd73-6d51db6c66e1 tempest-SnapshotsActionsTest-1729871635 None] Fetching qemu-img info with special backing_file_template: (/opt/stack/data/cinder/mnt/[0-9a-f]+/)?(volume-352581dc-172a-4b2b-a7e2-e446be0f4290(.(tmp-snap-)?[0-9a-f-]+)?|volume_from_snapshot_cache/(tmp-snap-)?[0-9a-f-]+(.(child-|parent-)[0-9a-f-]+)?)$ {{(pid=88119) _qemu_img_info_base /opt/stack/cinder/cinder/volume/drivers/remotefs.py:896}}
Jul 10 00:27:43 devstack cinder-volume[88119]: DEBUG oslo.privsep.daemon [-] privsep: reply[a3225387-0322-48f2-8d7f-27e9cbf3f6b8]: (4, 'qcow2') {{(pid=89253) _call_back /opt/stack/data/venv/lib/python3.12/site-packages/oslo_privsep/daemon.py:580}}
Jul 10 00:27:43 devstack cinder-volume[88119]: DEBUG oslo_concurrency.processutils [None req-09e8478a-4037-470e-bd73-6d51db6c66e1 tempest-SnapshotsActionsTest-1729871635 None] Running cmd (subprocess): /opt/stack/data/venv/bin/python3.12 -m oslo_concurrency.prlimit --as=1073741824 --cpu=60 -- sudo cinder-rootwrap /etc/cinder/rootwrap.conf env LC_ALL=C qemu-img info -f qcow2 --output=json --force-share /opt/stack/data/cinder/mnt/1136ab8aa4a9d68708bac5506fb93996/volume-352581dc-172a-4b2b-a7e2-e446be0f4290.7baa4d5a-a6f5-4d36-9ed8-d35f75e109e5 {{(pid=88119) execute /opt/stack/data/venv/lib/python3.12/site-packages/oslo_concurrency/processutils.py:440}}
Jul 10 00:27:43 devstack sudo[94545]: quobyte : PWD=/ ; USER=root ; COMMAND=/opt/stack/data/venv/bin/cinder-rootwrap /etc/cinder/rootwrap.conf env LC_ALL=C qemu-img info -f qcow2 --output=json --force-share /opt/stack/data/cinder/mnt/1136ab8aa4a9d68708bac5506fb93996/volume-352581dc-172a-4b2b-a7e2-e446be0f4290.7baa4d5a-a6f5-4d36-9ed8-d35f75e109e5
Jul 10 00:27:43 devstack sudo[94545]: pam_unix(sudo:session): session opened for user root(uid=0) by (uid=1000)
Jul 10 00:27:44 devstack sudo[94545]: pam_unix(sudo:session): session closed for user root
Jul 10 00:27:44 devstack cinder-volume[88119]: DEBUG oslo_concurrency.processutils [None req-09e8478a-4037-470e-bd73-6d51db6c66e1 tempest-SnapshotsActionsTest-1729871635 None] CMD "/opt/stack/data/venv/bin/python3.12 -m oslo_concurrency.prlimit --as=1073741824 --cpu=60 -- sudo cinder-rootwrap /etc/cinder/rootwrap.conf env LC_ALL=C qemu-img info -f qcow2 --output=json --force-share /opt/stack/data/cinder/mnt/1136ab8aa4a9d68708bac5506fb93996/volume-352581dc-172a-4b2b-a7e2-e446be0f4290.7baa4d5a-a6f5-4d36-9ed8-d35f75e109e5" returned: 0 in 0.825s {{(pid=88119) execute /opt/stack/data/venv/lib/python3.12/site-packages/oslo_concurrency/processutils.py:468}}
Jul 10 00:27:44 devstack cinder-volume[88119]: DEBUG cinder.volume.drivers.remotefs [None req-09e8478a-4037-470e-bd73-6d51db6c66e1 tempest-SnapshotsActionsTest-1729871635 None] Fetching qemu-img info with special backing_file_template: (/opt/stack/data/cinder/mnt/[0-9a-f]+/)?(volume-352581dc-172a-4b2b-a7e2-e446be0f4290(.(tmp-snap-)?[0-9a-f-]+)?|volume_from_snapshot_cache/(tmp-snap-)?[0-9a-f-]+(.(child-|parent-)[0-9a-f-]+)?)$ {{(pid=88119) _qemu_img_info_base /opt/stack/cinder/cinder/volume/drivers/remotefs.py:896}}
Jul 10 00:27:44 devstack cinder-volume[88119]: DEBUG oslo_concurrency.processutils [None req-09e8478a-4037-470e-bd73-6d51db6c66e1 tempest-SnapshotsActionsTest-1729871635 None] Running cmd (subprocess): sudo cinder-rootwrap /etc/cinder/rootwrap.conf qemu-img commit -d /opt/stack/data/cinder/mnt/1136ab8aa4a9d68708bac5506fb93996/volume-352581dc-172a-4b2b-a7e2-e446be0f4290.4b6676aa-876e-4de0-b7a6-5c5298df5c06 {{(pid=88119) execute /opt/stack/data/venv/lib/python3.12/site-packages/oslo_concurrency/processutils.py:440}}
Jul 10 00:27:44 devstack sudo[94551]: quobyte : PWD=/ ; USER=root ; COMMAND=/opt/stack/data/venv/bin/cinder-rootwrap /etc/cinder/rootwrap.conf qemu-img commit -d /opt/stack/data/cinder/mnt/1136ab8aa4a9d68708bac5506fb93996/volume-352581dc-172a-4b2b-a7e2-e446be0f4290.4b6676aa-876e-4de0-b7a6-5c5298df5c06
Jul 10 00:27:44 devstack sudo[94551]: pam_unix(sudo:session): session opened for user root(uid=0) by (uid=1000)
Jul 10 00:27:44 devstack cinder-volume[88119]: INFO cinder.volume.manager [req-5fe3b9b3-4d15-4ea5-bfda-fa8e30473be8 req-94f6b452-6246-4f99-8f4d-16e072d1fdda tempest-AttachVolumeNegativeTest-1454311424 None] Terminate volume connection completed successfully.
Jul 10 00:27:44 devstack cinder-volume[88119]: DEBUG cinder.volume.manager [req-5fe3b9b3-4d15-4ea5-bfda-fa8e30473be8 req-94f6b452-6246-4f99-8f4d-16e072d1fdda tempest-AttachVolumeNegativeTest-1454311424 None] Deleting attachment 58fd0118-f680-4353-bbb6-a3c236b546dd. {{(pid=88119) attachment_delete /opt/stack/cinder/cinder/volume/manager.py:5056}}
Jul 10 00:27:45 devstack sudo[94551]: pam_unix(sudo:session): session closed for user root
Jul 10 00:27:45 devstack cinder-volume[88119]: DEBUG oslo_concurrency.processutils [None req-09e8478a-4037-470e-bd73-6d51db6c66e1 tempest-SnapshotsActionsTest-1729871635 None] CMD "sudo cinder-rootwrap /etc/cinder/rootwrap.conf qemu-img commit -d /opt/stack/data/cinder/mnt/1136ab8aa4a9d68708bac5506fb93996/volume-352581dc-172a-4b2b-a7e2-e446be0f4290.4b6676aa-876e-4de0-b7a6-5c5298df5c06" returned: 0 in 0.848s {{(pid=88119) execute /opt/stack/data/venv/lib/python3.12/site-packages/oslo_concurrency/processutils.py:468}}
Jul 10 00:27:45 devstack cinder-volume[88119]: DEBUG oslo_concurrency.processutils [None req-09e8478a-4037-470e-bd73-6d51db6c66e1 tempest-SnapshotsActionsTest-1729871635 None] Running cmd (subprocess): sudo cinder-rootwrap /etc/cinder/rootwrap.conf rm -f /opt/stack/data/cinder/mnt/1136ab8aa4a9d68708bac5506fb93996/volume-352581dc-172a-4b2b-a7e2-e446be0f4290.4b6676aa-876e-4de0-b7a6-5c5298df5c06 {{(pid=88119) execute /opt/stack/data/venv/lib/python3.12/site-packages/oslo_concurrency/processutils.py:440}}
Jul 10 00:27:45 devstack sudo[94560]: quobyte : PWD=/ ; USER=root ; COMMAND=/opt/stack/data/venv/bin/cinder-rootwrap /etc/cinder/rootwrap.conf rm -f /opt/stack/data/cinder/mnt/1136ab8aa4a9d68708bac5506fb93996/volume-352581dc-172a-4b2b-a7e2-e446be0f4290.4b6676aa-876e-4de0-b7a6-5c5298df5c06
Jul 10 00:27:45 devstack sudo[94560]: pam_unix(sudo:session): session opened for user root(uid=0) by (uid=1000)
Jul 10 00:27:45 devstack sudo[94560]: pam_unix(sudo:session): session closed for user root
Jul 10 00:27:45 devstack cinder-volume[88119]: DEBUG oslo_concurrency.processutils [None req-09e8478a-4037-470e-bd73-6d51db6c66e1 tempest-SnapshotsActionsTest-1729871635 None] CMD "sudo cinder-rootwrap /etc/cinder/rootwrap.conf rm -f /opt/stack/data/cinder/mnt/1136ab8aa4a9d68708bac5506fb93996/volume-352581dc-172a-4b2b-a7e2-e446be0f4290.4b6676aa-876e-4de0-b7a6-5c5298df5c06" returned: 0 in 0.694s {{(pid=88119) execute /opt/stack/data/venv/lib/python3.12/site-packages/oslo_concurrency/processutils.py:468}}
Jul 10 00:27:45 devstack cinder-volume[88119]: DEBUG cinder.coordination [None req-09e8478a-4037-470e-bd73-6d51db6c66e1 tempest-SnapshotsActionsTest-1729871635 None] Lock "cinder-quobyte-4b6676aa-876e-4de0-b7a6-5c5298df5c06" released by "_delete_snapshot" :: held 3.502s {{(pid=88119) __release /opt/stack/cinder/cinder/coordination.py:152}}
Jul 10 00:27:45 devstack cinder-volume[88119]: DEBUG cinder.coordination [None req-09e8478a-4037-470e-bd73-6d51db6c66e1 tempest-SnapshotsActionsTest-1729871635 None] Lock "cinder-quobyte-352581dc-172a-4b2b-a7e2-e446be0f4290" released by "delete_snapshot" :: held 3.541s {{(pid=88119) __release /opt/stack/cinder/cinder/coordination.py:152}}
Jul 10 00:27:45 devstack cinder-volume[88119]: DEBUG cinder.quota [None req-09e8478a-4037-470e-bd73-6d51db6c66e1 tempest-SnapshotsActionsTest-1729871635 None] Created reservations ['3fba0dc6-0ef7-4e5e-b4c0-cf662a33e948', '0692c0d0-d2aa-4efc-8f61-f22cc5a7d77a', '4c53a697-465f-4539-a1e9-cf7e817b01b5', 'da6d1d03-9f82-427e-b364-4871f569f5e3'] {{(pid=88119) reserve /opt/stack/cinder/cinder/quota.py:752}}
Jul 10 00:27:45 devstack cinder-volume[88119]: INFO cinder.volume.manager [None req-09e8478a-4037-470e-bd73-6d51db6c66e1 tempest-SnapshotsActionsTest-1729871635 None] Delete snapshot completed successfully.
Jul 10 00:27:45 devstack cinder-volume[88119]: DEBUG cinder.coordination [None req-09e8478a-4037-470e-bd73-6d51db6c66e1 tempest-SnapshotsActionsTest-1729871635 None] Lock "cinder-4b6676aa-876e-4de0-b7a6-5c5298df5c06-delete_snapshot" released by "delete_snapshot" :: held 3.717s {{(pid=88119) __release /opt/stack/cinder/cinder/coordination.py:152}}
Jul 10 00:27:46 devstack cinder-volume[88119]: DEBUG cinder.coordination [None req-e0b1678d-d3f7-4577-b4c3-8d4cc6c83798 tempest-SnapshotsActionsTest-965593556 None] Acquiring lock "cinder-7baa4d5a-a6f5-4d36-9ed8-d35f75e109e5-delete_snapshot" by "delete_snapshot" {{(pid=88119) __acquire /opt/stack/cinder/cinder/coordination.py:138}}
Jul 10 00:27:46 devstack cinder-volume[88119]: DEBUG cinder.coordination [None req-e0b1678d-d3f7-4577-b4c3-8d4cc6c83798 tempest-SnapshotsActionsTest-965593556 None] Lock "cinder-7baa4d5a-a6f5-4d36-9ed8-d35f75e109e5-delete_snapshot" acquired by "delete_snapshot" :: waited 0.019s {{(pid=88119) __acquire /opt/stack/cinder/cinder/coordination.py:141}}
Jul 10 00:27:46 devstack cinder-volume[88119]: DEBUG cinder.coordination [None req-e0b1678d-d3f7-4577-b4c3-8d4cc6c83798 tempest-SnapshotsActionsTest-965593556 None] Acquiring lock "cinder-quobyte-352581dc-172a-4b2b-a7e2-e446be0f4290" by "delete_snapshot" {{(pid=88119) __acquire /opt/stack/cinder/cinder/coordination.py:138}}
Jul 10 00:27:47 devstack cinder-volume[88119]: DEBUG cinder.coordination [None req-e0b1678d-d3f7-4577-b4c3-8d4cc6c83798 tempest-SnapshotsActionsTest-965593556 None] Lock "cinder-quobyte-352581dc-172a-4b2b-a7e2-e446be0f4290" acquired by "delete_snapshot" :: waited 0.023s {{(pid=88119) __acquire /opt/stack/cinder/cinder/coordination.py:141}}
Jul 10 00:27:47 devstack cinder-volume[88119]: DEBUG cinder.coordination [None req-e0b1678d-d3f7-4577-b4c3-8d4cc6c83798 tempest-SnapshotsActionsTest-965593556 None] Acquiring lock "cinder-quobyte-7baa4d5a-a6f5-4d36-9ed8-d35f75e109e5" by "_delete_snapshot" {{(pid=88119) __acquire /opt/stack/cinder/cinder/coordination.py:138}}
