Nov 19 07:43:19 devstack devstack@g-api.service[73031]: DEBUG glance.common.config [None req-bf51c5f6-4b15-436b-82f0-8eb3c629826a None None] barbican.verify_ssl = True {{(pid=73031) log_opt_values /opt/stack/data/venv/lib/python3.10/site-packages/oslo_config/cfg.py:2824}}
Nov 19 07:43:19 devstack devstack@g-api.service[73031]: DEBUG glance.common.config [None req-bf51c5f6-4b15-436b-82f0-8eb3c629826a None None] barbican.verify_ssl_path = None {{(pid=73031) log_opt_values /opt/stack/data/venv/lib/python3.10/site-packages/oslo_config/cfg.py:2824}}
Nov 19 07:43:19 devstack devstack@g-api.service[73031]: DEBUG glance.common.config [None req-bf51c5f6-4b15-436b-82f0-8eb3c629826a None None] barbican_service_user.auth_section = None {{(pid=73031) log_opt_values /opt/stack/data/venv/lib/python3.10/site-packages/oslo_config/cfg.py:2824}}
Nov 19 07:43:19 devstack devstack@g-api.service[73031]: DEBUG glance.common.config [None req-bf51c5f6-4b15-436b-82f0-8eb3c629826a None None] barbican_service_user.auth_type = None {{(pid=73031) log_opt_values /opt/stack/data/venv/lib/python3.10/site-packages/oslo_config/cfg.py:2824}}
Nov 19 07:43:19 devstack devstack@g-api.service[73031]: DEBUG glance.common.config [None req-bf51c5f6-4b15-436b-82f0-8eb3c629826a None None] barbican_service_user.cafile = None {{(pid=73031) log_opt_values /opt/stack/data/venv/lib/python3.10/site-packages/oslo_config/cfg.py:2824}}
Nov 19 07:43:19 devstack devstack@g-api.service[73031]: DEBUG glance.common.config [None req-bf51c5f6-4b15-436b-82f0-8eb3c629826a None None] barbican_service_user.certfile = None {{(pid=73031) log_opt_values /opt/stack/data/venv/lib/python3.10/site-packages/oslo_config/cfg.py:2824}}
Nov 19 07:43:19 devstack devstack@g-api.service[73031]: DEBUG glance.common.config [None req-bf51c5f6-4b15-436b-82f0-8eb3c629826a None None] barbican_service_user.collect_timing = False {{(pid=73031) log_opt_values /opt/stack/data/venv/lib/python3.10/site-packages/oslo_config/cfg.py:2824}}
Nov 19 07:43:19 devstack devstack@g-api.service[73031]: DEBUG glance.common.config [None req-bf51c5f6-4b15-436b-82f0-8eb3c629826a None None] barbican_service_user.insecure = False {{(pid=73031) log_opt_values /opt/stack/data/venv/lib/python3.10/site-packages/oslo_config/cfg.py:2824}}
Nov 19 07:43:19 devstack devstack@g-api.service[73031]: DEBUG glance.common.config [None req-bf51c5f6-4b15-436b-82f0-8eb3c629826a None None] barbican_service_user.keyfile = None {{(pid=73031) log_opt_values /opt/stack/data/venv/lib/python3.10/site-packages/oslo_config/cfg.py:2824}}
Nov 19 07:43:19 devstack devstack@g-api.service[73031]: DEBUG glance.common.config [None req-bf51c5f6-4b15-436b-82f0-8eb3c629826a None None] barbican_service_user.split_loggers = False {{(pid=73031) log_opt_values /opt/stack/data/venv/lib/python3.10/site-packages/oslo_config/cfg.py:2824}}
Nov 19 07:43:19 devstack devstack@g-api.service[73031]: DEBUG glance.common.config [None req-bf51c5f6-4b15-436b-82f0-8eb3c629826a None None] barbican_service_user.timeout = None {{(pid=73031) log_opt_values /opt/stack/data/venv/lib/python3.10/site-packages/oslo_config/cfg.py:2824}}
Nov 19 07:43:19 devstack devstack@g-api.service[73031]: DEBUG glance.common.config [None req-bf51c5f6-4b15-436b-82f0-8eb3c629826a None None] database.asyncio_connection = **** {{(pid=73031) log_opt_values /opt/stack/data/venv/lib/python3.10/site-packages/oslo_config/cfg.py:2824}}
Nov 19 07:43:19 devstack devstack@g-api.service[73031]: DEBUG glance.common.config [None req-bf51c5f6-4b15-436b-82f0-8eb3c629826a None None] database.asyncio_slave_connection = **** {{(pid=73031) log_opt_values /opt/stack/data/venv/lib/python3.10/site-packages/oslo_config/cfg.py:2824}}
Nov 19 07:43:19 devstack devstack@g-api.service[73031]: DEBUG glance.common.config [None req-bf51c5f6-4b15-436b-82f0-8eb3c629826a None None] database.backend = sqlalchemy {{(pid=73031) log_opt_values /opt/stack/data/venv/lib/python3.10/site-packages/oslo_config/cfg.py:2824}}
Nov 19 07:43:19 devstack devstack@g-api.service[73031]: DEBUG glance.common.config [None req-bf51c5f6-4b15-436b-82f0-8eb3c629826a None None] database.connection = **** {{(pid=73031) log_opt_values /opt/stack/data/venv/lib/python3.10/site-packages/oslo_config/cfg.py:2824}}
Nov 19 07:43:19 devstack devstack@g-api.service[73031]: DEBUG glance.common.config [None req-bf51c5f6-4b15-436b-82f0-8eb3c629826a None None] database.connection_debug = 0 {{(pid=73031) log_opt_values /opt/stack/data/venv/lib/python3.10/site-packages/oslo_config/cfg.py:2824}}
Nov 19 07:43:19 devstack devstack@g-api.service[73031]: DEBUG glance.common.config [None req-bf51c5f6-4b15-436b-82f0-8eb3c629826a None None] database.connection_parameters = {{(pid=73031) log_opt_values /opt/stack/data/venv/lib/python3.10/site-packages/oslo_config/cfg.py:2824}}
Nov 19 07:43:19 devstack devstack@g-api.service[73031]: DEBUG glance.common.config [None req-bf51c5f6-4b15-436b-82f0-8eb3c629826a None None] database.connection_recycle_time = 3600 {{(pid=73031) log_opt_values /opt/stack/data/venv/lib/python3.10/site-packages/oslo_config/cfg.py:2824}}
Nov 19 07:43:19 devstack devstack@g-api.service[73031]: DEBUG glance.common.config [None req-bf51c5f6-4b15-436b-82f0-8eb3c629826a None None] database.connection_trace = False {{(pid=73031) log_opt_values /opt/stack/data/venv/lib/python3.10/site-packages/oslo_config/cfg.py:2824}}
Nov 19 07:43:19 devstack devstack@g-api.service[73031]: DEBUG glance.common.config [None req-bf51c5f6-4b15-436b-82f0-8eb3c629826a None None] database.db_inc_retry_interval = True {{(pid=73031) log_opt_values /opt/stack/data/venv/lib/python3.10/site-packages/oslo_config/cfg.py:2824}}
Nov 19 07:43:19 devstack devstack@g-api.service[73031]: DEBUG glance.common.config [None req-bf51c5f6-4b15-436b-82f0-8eb3c629826a None None] database.db_max_retries = 20 {{(pid=73031) log_opt_values /opt/stack/data/venv/lib/python3.10/site-packages/oslo_config/cfg.py:2824}}
Nov 19 07:43:19 devstack devstack@g-api.service[73031]: DEBUG glance.common.config [None req-bf51c5f6-4b15-436b-82f0-8eb3c629826a None None] database.db_max_retry_interval = 10 {{(pid=73031) log_opt_values /opt/stack/data/venv/lib/python3.10/site-packages/oslo_config/cfg.py:2824}}
Nov 19 07:43:19 devstack devstack@g-api.service[73031]: DEBUG glance.common.config [None req-bf51c5f6-4b15-436b-82f0-8eb3c629826a None None] database.db_retry_interval = 1 {{(pid=73031) log_opt_values /opt/stack/data/venv/lib/python3.10/site-packages/oslo_config/cfg.py:2824}}
Nov 19 07:43:19 devstack devstack@g-api.service[73031]: DEBUG glance.common.config [None req-bf51c5f6-4b15-436b-82f0-8eb3c629826a None None] database.max_overflow = 50 {{(pid=73031) log_opt_values /opt/stack/data/venv/lib/python3.10/site-packages/oslo_config/cfg.py:2824}}
Nov 19 07:43:19 devstack devstack@g-api.service[73031]: DEBUG glance.common.config [None req-bf51c5f6-4b15-436b-82f0-8eb3c629826a None None] database.max_pool_size = 5 {{(pid=73031) log_opt_values /opt/stack/data/venv/lib/python3.10/site-packages/oslo_config/cfg.py:2824}}
Nov 19 07:43:19 devstack devstack@g-api.service[73031]: DEBUG glance.common.config [None req-bf51c5f6-4b15-436b-82f0-8eb3c629826a None None] database.max_retries = 10 {{(pid=73031) log_opt_values /opt/stack/data/venv/lib/python3.10/site-packages/oslo_config/cfg.py:2824}}
Nov 19 07:43:19 devstack devstack@g-api.service[73031]: DEBUG glance.common.config [None req-bf51c5f6-4b15-436b-82f0-8eb3c629826a None None] database.mysql_sql_mode = TRADITIONAL {{(pid=73031) log_opt_values /opt/stack/data/venv/lib/python3.10/site-packages/oslo_config/cfg.py:2824}}
Nov 19 07:43:19 devstack devstack@g-api.service[73031]: DEBUG glance.common.config [None req-bf51c5f6-4b15-436b-82f0-8eb3c629826a None None] database.mysql_wsrep_sync_wait = None {{(pid=73031) log_opt_values /opt/stack/data/venv/lib/python3.10/site-packages/oslo_config/cfg.py:2824}}
Nov 19 07:43:19 devstack devstack@g-api.service[73031]: DEBUG glance.common.config [None req-bf51c5f6-4b15-436b-82f0-8eb3c629826a None None] database.pool_timeout = None {{(pid=73031) log_opt_values /opt/stack/data/venv/lib/python3.10/site-packages/oslo_config/cfg.py:2824}}
Nov 19 07:43:19 devstack devstack@g-api.service[73031]: DEBUG glance.common.config [None req-bf51c5f6-4b15-436b-82f0-8eb3c629826a None None] database.retry_interval = 10 {{(pid=73031) log_opt_values /opt/stack/data/venv/lib/python3.10/site-packages/oslo_config/cfg.py:2824}}
Nov 19 07:43:19 devstack devstack@g-api.service[73031]: DEBUG glance.common.config [None req-bf51c5f6-4b15-436b-82f0-8eb3c629826a None None] database.slave_connection = **** {{(pid=73031) log_opt_values /opt/stack/data/venv/lib/python3.10/site-packages/oslo_config/cfg.py:2824}}
Nov 19 07:43:19 devstack devstack@g-api.service[73031]: DEBUG glance.common.config [None req-bf51c5f6-4b15-436b-82f0-8eb3c629826a None None] database.sqlite_synchronous = True {{(pid=73031) log_opt_values /opt/stack/data/venv/lib/python3.10/site-packages/oslo_config/cfg.py:2824}}
Nov 19 07:43:19 devstack devstack@g-api.service[73031]: DEBUG glance.common.config [None req-bf51c5f6-4b15-436b-82f0-8eb3c629826a None None] database.use_db_reconnect = False {{(pid=73031) log_opt_values /opt/stack/data/venv/lib/python3.10/site-packages/oslo_config/cfg.py:2824}}
Nov 19 07:43:19 devstack devstack@g-api.service[73031]: DEBUG glance.common.config [None req-bf51c5f6-4b15-436b-82f0-8eb3c629826a None None] healthcheck.allowed_source_ranges = [] {{(pid=73031) log_opt_values /opt/stack/data/venv/lib/python3.10/site-packages/oslo_config/cfg.py:2824}}
Nov 19 07:43:19 devstack devstack@g-api.service[73031]: DEBUG glance.common.config [None req-bf51c5f6-4b15-436b-82f0-8eb3c629826a None None] healthcheck.backends = ['disable_by_file'] {{(pid=73031) log_opt_values /opt/stack/data/venv/lib/python3.10/site-packages/oslo_config/cfg.py:2824}}
Nov 19 07:43:19 devstack devstack@g-api.service[73031]: DEBUG glance.common.config [None req-bf51c5f6-4b15-436b-82f0-8eb3c629826a None None] healthcheck.detailed = False {{(pid=73031) log_opt_values /opt/stack/data/venv/lib/python3.10/site-packages/oslo_config/cfg.py:2824}}
Nov 19 07:43:19 devstack devstack@g-api.service[73031]: DEBUG glance.common.config [None req-bf51c5f6-4b15-436b-82f0-8eb3c629826a None None] healthcheck.disable_by_file_path = None {{(pid=73031) log_opt_values /opt/stack/data/venv/lib/python3.10/site-packages/oslo_config/cfg.py:2824}}
Nov 19 07:43:19 devstack devstack@g-api.service[73031]: DEBUG glance.common.config [None req-bf51c5f6-4b15-436b-82f0-8eb3c629826a None None] healthcheck.ignore_proxied_requests = False {{(pid=73031) log_opt_values /opt/stack/data/venv/lib/python3.10/site-packages/oslo_config/cfg.py:2824}}
Nov 19 07:43:19 devstack devstack@g-api.service[73031]: DEBUG glance.common.config [None req-bf51c5f6-4b15-436b-82f0-8eb3c629826a None None] healthcheck.path = /healthcheck {{(pid=73031) log_opt_values /opt/stack/data/venv/lib/python3.10/site-packages/oslo_config/cfg.py:2824}}
Nov 19 07:43:19 devstack devstack@g-api.service[73031]: DEBUG glance.common.config [None req-bf51c5f6-4b15-436b-82f0-8eb3c629826a None None] ******************************************************************************** {{(pid=73031) log_opt_values /opt/stack/data/venv/lib/python3.10/site-packages/oslo_config/cfg.py:2828}}
Nov 19 07:43:19 devstack devstack@g-api.service[73031]: WSGI app 0 (mountpoint='') ready in 3 seconds on interpreter 0x55de30c116a0 pid: 73031 (default app)
Nov 19 07:43:22 devstack devstack@g-api.service[73030]: DEBUG glance.api.middleware.version_negotiation [None req-7df233dd-d0b3-4b86-a425-455a1adba80f None None] Determining version of request: GET / Accept: application/json {{(pid=73030) process_request /opt/stack/glance/glance/api/middleware/version_negotiation.py:44}}
Nov 19 07:43:22 devstack devstack@g-api.service[73030]: DEBUG glance.api.middleware.version_negotiation [None req-7df233dd-d0b3-4b86-a425-455a1adba80f None None] Using url versioning {{(pid=73030) process_request /opt/stack/glance/glance/api/middleware/version_negotiation.py:57}}
Nov 19 07:43:22 devstack devstack@g-api.service[73030]: DEBUG glance.api.middleware.version_negotiation [None req-7df233dd-d0b3-4b86-a425-455a1adba80f None None] Unknown version. Returning version choices. {{(pid=73030) process_request /opt/stack/glance/glance/api/middleware/version_negotiation.py:64}}
Nov 19 07:43:22 devstack devstack@g-api.service[73030]: [pid: 73030|app: 0|req: 2/2] 127.0.0.1 () {34 vars in 519 bytes} [Wed Nov 19 07:43:22 2025] GET / => generated 1459 bytes in 3 msecs (HTTP/1.1 300) 3 headers in 106 bytes (1 switches on core 0)
Nov 19 07:43:22 devstack devstack@g-api.service[73031]: DEBUG glance.api.middleware.version_negotiation [None req-bf51c5f6-4b15-436b-82f0-8eb3c629826a None None] Determining version of request: POST /v2/images Accept: */* {{(pid=73031) process_request /opt/stack/glance/glance/api/middleware/version_negotiation.py:44}}
Nov 19 07:43:22 devstack devstack@g-api.service[73031]: DEBUG glance.api.middleware.version_negotiation [None req-bf51c5f6-4b15-436b-82f0-8eb3c629826a None None] Using url versioning {{(pid=73031) process_request /opt/stack/glance/glance/api/middleware/version_negotiation.py:57}}
Nov 19 07:43:22 devstack devstack@g-api.service[73031]: DEBUG glance.api.middleware.version_negotiation [None req-bf51c5f6-4b15-436b-82f0-8eb3c629826a None None] Matched version: v2 {{(pid=73031) process_request /opt/stack/glance/glance/api/middleware/version_negotiation.py:69}}
Nov 19 07:43:22 devstack devstack@g-api.service[73031]: DEBUG glance.api.middleware.version_negotiation [None req-bf51c5f6-4b15-436b-82f0-8eb3c629826a None None] new path /v2/images {{(pid=73031) process_request /opt/stack/glance/glance/api/middleware/version_negotiation.py:70}}
Nov 19 07:43:23 devstack devstack@g-api.service[73030]: DEBUG glance.api.middleware.version_negotiation [None req-7df233dd-d0b3-4b86-a425-455a1adba80f None None] Determining version of request: PUT /v2/images/883e54f3-26c3-4a56-b7ad-dec71801fd9e/file Accept: {{(pid=73030) process_request /opt/stack/glance/glance/api/middleware/version_negotiation.py:44}}
Nov 19 07:43:23 devstack devstack@g-api.service[73030]: DEBUG glance.api.middleware.version_negotiation [None req-7df233dd-d0b3-4b86-a425-455a1adba80f None None] Using url versioning {{(pid=73030) process_request /opt/stack/glance/glance/api/middleware/version_negotiation.py:57}}
Nov 19 07:43:23 devstack devstack@g-api.service[73030]: DEBUG glance.api.middleware.version_negotiation [None req-7df233dd-d0b3-4b86-a425-455a1adba80f None None] Matched version: v2 {{(pid=73030) process_request /opt/stack/glance/glance/api/middleware/version_negotiation.py:69}}
Nov 19 07:43:23 devstack devstack@g-api.service[73030]: DEBUG glance.api.middleware.version_negotiation [None req-7df233dd-d0b3-4b86-a425-455a1adba80f None None] new path /v2/images/883e54f3-26c3-4a56-b7ad-dec71801fd9e/file {{(pid=73030) process_request /opt/stack/glance/glance/api/middleware/version_negotiation.py:70}}
Nov 19 07:43:23 devstack devstack@g-api.service[73031]: [pid: 73031|app: 0|req: 1/3] 127.0.0.1 () {40 vars in 782 bytes} [Wed Nov 19 07:43:22 2025] POST /v2/images => generated 807 bytes in 791 msecs (HTTP/1.1 201) 6 headers in 314 bytes (1 switches on core 0)
Nov 19 07:43:23 devstack devstack@g-api.service[73030]: INFO glance.api.v2.image_data [None req-50e83f0f-8a30-4267-b857-8262242c84a8 admin admin] Unable to create trust: no such option collect_timing in group [keystone_authtoken] Use the existing user token.
Nov 19 07:43:24 devstack devstack@g-api.service[73030]: DEBUG glance.location [None req-50e83f0f-8a30-4267-b857-8262242c84a8 admin admin] Enabling in-flight format inspection for qcow2 {{(pid=73030) set_data /opt/stack/glance/glance/location.py:616}}
Nov 19 07:43:24 devstack devstack@g-api.service[73030]: DEBUG oslo_utils.imageutils.format_inspector [None req-50e83f0f-8a30-4267-b857-8262242c84a8 admin admin] Format inspector for vmdk does not match, excluding from consideration (Signature KDMV not found: b'QFI\xfb') {{(pid=73030) _process_chunk /opt/stack/data/venv/lib/python3.10/site-packages/oslo_utils/imageutils/format_inspector.py:1365}}
Nov 19 07:43:24 devstack devstack@g-api.service[73030]: DEBUG oslo_utils.imageutils.format_inspector [None req-50e83f0f-8a30-4267-b857-8262242c84a8 admin admin] Format inspector for vhdx does not match, excluding from consideration (Region signature not found at 30000) {{(pid=73030) _process_chunk /opt/stack/data/venv/lib/python3.10/site-packages/oslo_utils/imageutils/format_inspector.py:1365}}
Nov 19 07:43:24 devstack devstack@g-api.service[73030]: DEBUG glance_store._drivers.filesystem [None req-50e83f0f-8a30-4267-b857-8262242c84a8 admin admin] Wrote 21692416 bytes to /opt/stack/data/glance/images/883e54f3-26c3-4a56-b7ad-dec71801fd9e with checksum 87617e24a5e30cb3b87fda8c0764838f and multihash 9a9bce0083a00939ec17c11febbfc767aa211aaa54f51e75c5a8b271a9b5637c77205a518b7a2007cb391d23cceb01e0e4e8d64832317151bc85b734b92a7be0 {{(pid=73030) add /opt/stack/data/venv/lib/python3.10/site-packages/glance_store/_drivers/filesystem.py:794}}
Nov 19 07:43:24 devstack devstack@g-api.service[73030]: INFO glance.location [None req-50e83f0f-8a30-4267-b857-8262242c84a8 admin admin] Image format matched and virtual size computed: 117440512
Nov 19 07:43:24 devstack devstack@g-api.service[73030]: DEBUG glance_store.backend [None req-50e83f0f-8a30-4267-b857-8262242c84a8 admin admin] Skipping store.set_acls... not implemented. {{(pid=73030) set_acls /opt/stack/data/venv/lib/python3.10/site-packages/glance_store/backend.py:507}}
Nov 19 07:43:24 devstack devstack@g-api.service[73030]: [pid: 73030|app: 0|req: 3/4] 127.0.0.1 () {40 vars in 875 bytes} [Wed Nov 19 07:43:23 2025] PUT /v2/images/883e54f3-26c3-4a56-b7ad-dec71801fd9e/file => generated 0 bytes in 1212 msecs (HTTP/1.1 204) 4 headers in 171 bytes (1 switches on core 0)
Nov 19 07:43:24 devstack devstack@g-api.service[73031]: DEBUG glance.api.middleware.version_negotiation [None req-f7864f99-359f-447f-8080-3297a9446bc9 admin admin] Determining version of request: GET /v2/images/883e54f3-26c3-4a56-b7ad-dec71801fd9e Accept: */* {{(pid=73031) process_request /opt/stack/glance/glance/api/middleware/version_negotiation.py:44}}
Nov 19 07:43:24 devstack devstack@g-api.service[73031]: DEBUG glance.api.middleware.version_negotiation [None req-f7864f99-359f-447f-8080-3297a9446bc9 admin admin] Using url versioning {{(pid=73031) process_request /opt/stack/glance/glance/api/middleware/version_negotiation.py:57}}
Nov 19 07:43:24 devstack devstack@g-api.service[73031]: DEBUG glance.api.middleware.version_negotiation [None req-f7864f99-359f-447f-8080-3297a9446bc9 admin admin] Matched version: v2 {{(pid=73031) process_request /opt/stack/glance/glance/api/middleware/version_negotiation.py:69}}
Nov 19 07:43:24 devstack devstack@g-api.service[73031]: DEBUG glance.api.middleware.version_negotiation [None req-f7864f99-359f-447f-8080-3297a9446bc9 admin admin] new path /v2/images/883e54f3-26c3-4a56-b7ad-dec71801fd9e {{(pid=73031) process_request /opt/stack/glance/glance/api/middleware/version_negotiation.py:70}}
Nov 19 07:43:24 devstack devstack@g-api.service[73031]: [pid: 73031|app: 0|req: 2/5] 127.0.0.1 () {36 vars in 802 bytes} [Wed Nov 19 07:43:24 2025] GET /v2/images/883e54f3-26c3-4a56-b7ad-dec71801fd9e => generated 976 bytes in 15 msecs (HTTP/1.1 200) 4 headers in 157 bytes (1 switches on core 0)
Nov 19 07:43:34 devstack devstack@g-api.service[73030]: DEBUG dbcounter [-] [73030] Writing DB stats glance:INSERT=5,glance:SELECT=16,glance:UPDATE=2 {{(pid=73030) stat_writer /opt/stack/data/venv/lib/python3.10/site-packages/dbcounter.py:115}}
Nov 19 07:43:34 devstack devstack@g-api.service[73031]: DEBUG dbcounter [-] [73031] Writing DB stats glance:INSERT=9,glance:SELECT=6 {{(pid=73031) stat_writer /opt/stack/data/venv/lib/python3.10/site-packages/dbcounter.py:115}}
Nov 19 07:44:02 devstack devstack@g-api.service[73030]: DEBUG glance.api.middleware.version_negotiation [None req-50e83f0f-8a30-4267-b857-8262242c84a8 admin admin] Determining version of request: GET / Accept: application/json {{(pid=73030) process_request /opt/stack/glance/glance/api/middleware/version_negotiation.py:44}}
Nov 19 07:44:02 devstack devstack@g-api.service[73030]: DEBUG glance.api.middleware.version_negotiation [None req-50e83f0f-8a30-4267-b857-8262242c84a8 admin admin] Using url versioning {{(pid=73030) process_request /opt/stack/glance/glance/api/middleware/version_negotiation.py:57}}
Nov 19 07:44:02 devstack devstack@g-api.service[73030]: DEBUG glance.api.middleware.version_negotiation [None req-50e83f0f-8a30-4267-b857-8262242c84a8 admin admin] Unknown version. Returning version choices. {{(pid=73030) process_request /opt/stack/glance/glance/api/middleware/version_negotiation.py:64}}
Nov 19 07:44:02 devstack devstack@g-api.service[73030]: [pid: 73030|app: 0|req: 4/6] 127.0.0.1 () {34 vars in 515 bytes} [Wed Nov 19 07:44:02 2025] GET / => generated 1459 bytes in 3 msecs (HTTP/1.1 300) 3 headers in 106 bytes (1 switches on core 0)
Nov 19 07:44:02 devstack devstack@g-api.service[73031]: DEBUG glance.api.middleware.version_negotiation [None req-856b5be2-a36f-4599-9971-b57dc33cf386 admin admin] Determining version of request: GET /v2/images Accept: application/json {{(pid=73031) process_request /opt/stack/glance/glance/api/middleware/version_negotiation.py:44}}
Nov 19 07:44:02 devstack devstack@g-api.service[73031]: DEBUG glance.api.middleware.version_negotiation [None req-856b5be2-a36f-4599-9971-b57dc33cf386 admin admin] Using url versioning {{(pid=73031) process_request /opt/stack/glance/glance/api/middleware/version_negotiation.py:57}}
Nov 19 07:44:02 devstack devstack@g-api.service[73031]: DEBUG glance.api.middleware.version_negotiation [None req-856b5be2-a36f-4599-9971-b57dc33cf386 admin admin] Matched version: v2 {{(pid=73031) process_request /opt/stack/glance/glance/api/middleware/version_negotiation.py:69}}
Nov 19 07:44:02 devstack devstack@g-api.service[73031]: DEBUG glance.api.middleware.version_negotiation [None req-856b5be2-a36f-4599-9971-b57dc33cf386 admin admin] new path /v2/images {{(pid=73031) process_request /opt/stack/glance/glance/api/middleware/version_negotiation.py:70}}
Nov 19 07:44:02 devstack devstack@g-api.service[73031]: [pid: 73031|app: 0|req: 3/7] 127.0.0.1 () {36 vars in 737 bytes} [Wed Nov 19 07:44:02 2025] GET /v2/images => generated 1045 bytes in 62 msecs (HTTP/1.1 200) 4 headers in 158 bytes (1 switches on core 0)
Nov 19 07:44:08 devstack devstack@g-api.service[73030]: DEBUG glance.api.middleware.version_negotiation [None req-50e83f0f-8a30-4267-b857-8262242c84a8 admin admin] Determining version of request: GET / Accept: application/json {{(pid=73030) process_request /opt/stack/glance/glance/api/middleware/version_negotiation.py:44}}
Nov 19 07:44:08 devstack devstack@g-api.service[73030]: DEBUG glance.api.middleware.version_negotiation [None req-50e83f0f-8a30-4267-b857-8262242c84a8 admin admin] Using url versioning {{(pid=73030) process_request /opt/stack/glance/glance/api/middleware/version_negotiation.py:57}}
Nov 19 07:44:08 devstack devstack@g-api.service[73030]: DEBUG glance.api.middleware.version_negotiation [None req-50e83f0f-8a30-4267-b857-8262242c84a8 admin admin] Unknown version. Returning version choices. {{(pid=73030) process_request /opt/stack/glance/glance/api/middleware/version_negotiation.py:64}}
Nov 19 07:44:08 devstack devstack@g-api.service[73030]: [pid: 73030|app: 0|req: 5/8] 127.0.0.1 () {34 vars in 515 bytes} [Wed Nov 19 07:44:08 2025] GET / => generated 1459 bytes in 2 msecs (HTTP/1.1 300) 3 headers in 106 bytes (1 switches on core 0)
Nov 19 07:44:08 devstack devstack@g-api.service[73031]: DEBUG glance.api.middleware.version_negotiation [None req-fcf8ae4e-8064-4c56-b175-d33137787927 admin admin] Determining version of request: GET /v2/images/883e54f3-26c3-4a56-b7ad-dec71801fd9e Accept: */* {{(pid=73031) process_request /opt/stack/glance/glance/api/middleware/version_negotiation.py:44}}
Nov 19 07:44:08 devstack devstack@g-api.service[73031]: DEBUG glance.api.middleware.version_negotiation [None req-fcf8ae4e-8064-4c56-b175-d33137787927 admin admin] Using url versioning {{(pid=73031) process_request /opt/stack/glance/glance/api/middleware/version_negotiation.py:57}}
Nov 19 07:44:08 devstack devstack@g-api.service[73031]: DEBUG glance.api.middleware.version_negotiation [None req-fcf8ae4e-8064-4c56-b175-d33137787927 admin admin] Matched version: v2 {{(pid=73031) process_request /opt/stack/glance/glance/api/middleware/version_negotiation.py:69}}
Nov 19 07:44:08 devstack devstack@g-api.service[73031]: DEBUG glance.api.middleware.version_negotiation [None req-fcf8ae4e-8064-4c56-b175-d33137787927 admin admin] new path /v2/images/883e54f3-26c3-4a56-b7ad-dec71801fd9e {{(pid=73031) process_request /opt/stack/glance/glance/api/middleware/version_negotiation.py:70}}
Nov 19 07:44:08 devstack devstack@g-api.service[73031]: [pid: 73031|app: 0|req: 4/9] 127.0.0.1 () {36 vars in 798 bytes} [Wed Nov 19 07:44:08 2025] GET /v2/images/883e54f3-26c3-4a56-b7ad-dec71801fd9e => generated 976 bytes in 42 msecs (HTTP/1.1 200) 4 headers in 157 bytes (1 switches on core 0)
Nov 19 07:44:11 devstack devstack@g-api.service[73030]: DEBUG glance.api.middleware.version_negotiation [None req-50e83f0f-8a30-4267-b857-8262242c84a8 admin admin] Determining version of request: GET / Accept: application/json {{(pid=73030) process_request /opt/stack/glance/glance/api/middleware/version_negotiation.py:44}}
Nov 19 07:44:11 devstack devstack@g-api.service[73030]: DEBUG glance.api.middleware.version_negotiation [None req-50e83f0f-8a30-4267-b857-8262242c84a8 admin admin] Using url versioning {{(pid=73030) process_request /opt/stack/glance/glance/api/middleware/version_negotiation.py:57}}
Nov 19 07:44:11 devstack devstack@g-api.service[73030]: DEBUG glance.api.middleware.version_negotiation [None req-50e83f0f-8a30-4267-b857-8262242c84a8 admin admin] Unknown version. Returning version choices. {{(pid=73030) process_request /opt/stack/glance/glance/api/middleware/version_negotiation.py:64}}
Nov 19 07:44:11 devstack devstack@g-api.service[73030]: [pid: 73030|app: 0|req: 6/10] 127.0.0.1 () {34 vars in 515 bytes} [Wed Nov 19 07:44:11 2025] GET / => generated 1459 bytes in 2 msecs (HTTP/1.1 300) 3 headers in 106 bytes (1 switches on core 0)
Nov 19 07:44:11 devstack devstack@g-api.service[73031]: DEBUG glance.api.middleware.version_negotiation [None req-a0a7b939-c6d8-43fb-b870-bf4a73b36b6d admin admin] Determining version of request: GET /v2/images/883e54f3-26c3-4a56-b7ad-dec71801fd9e Accept: */* {{(pid=73031) process_request /opt/stack/glance/glance/api/middleware/version_negotiation.py:44}}
Nov 19 07:44:11 devstack devstack@g-api.service[73031]: DEBUG glance.api.middleware.version_negotiation [None req-a0a7b939-c6d8-43fb-b870-bf4a73b36b6d admin admin] Using url versioning {{(pid=73031) process_request /opt/stack/glance/glance/api/middleware/version_negotiation.py:57}}
Nov 19 07:44:11 devstack devstack@g-api.service[73031]: DEBUG glance.api.middleware.version_negotiation [None req-a0a7b939-c6d8-43fb-b870-bf4a73b36b6d admin admin] Matched version: v2 {{(pid=73031) process_request /opt/stack/glance/glance/api/middleware/version_negotiation.py:69}}
Nov 19 07:44:11 devstack devstack@g-api.service[73031]: DEBUG glance.api.middleware.version_negotiation [None req-a0a7b939-c6d8-43fb-b870-bf4a73b36b6d admin admin] new path /v2/images/883e54f3-26c3-4a56-b7ad-dec71801fd9e {{(pid=73031) process_request /opt/stack/glance/glance/api/middleware/version_negotiation.py:70}}
Nov 19 07:44:11 devstack devstack@g-api.service[73031]: [pid: 73031|app: 0|req: 5/11] 127.0.0.1 () {36 vars in 798 bytes} [Wed Nov 19 07:44:11 2025] GET /v2/images/883e54f3-26c3-4a56-b7ad-dec71801fd9e => generated 976 bytes in 42 msecs (HTTP/1.1 200) 4 headers in 157 bytes (1 switches on core 0)
Nov 19 07:44:21 devstack devstack@g-api.service[73031]: DEBUG dbcounter [-] [73031] Writing DB stats glance:SELECT=5 {{(pid=73031) stat_writer /opt/stack/data/venv/lib/python3.10/site-packages/dbcounter.py:115}}
Nov 19 07:45:28 devstack devstack@g-api.service[73030]: DEBUG glance.api.middleware.version_negotiation [None req-50e83f0f-8a30-4267-b857-8262242c84a8 admin admin] Determining version of request: GET / Accept: application/json {{(pid=73030) process_request /opt/stack/glance/glance/api/middleware/version_negotiation.py:44}}
Nov 19 07:45:28 devstack devstack@g-api.service[73030]: DEBUG glance.api.middleware.version_negotiation [None req-50e83f0f-8a30-4267-b857-8262242c84a8 admin admin] Using url versioning {{(pid=73030) process_request /opt/stack/glance/glance/api/middleware/version_negotiation.py:57}}
Nov 19 07:45:28 devstack devstack@g-api.service[73030]: DEBUG glance.api.middleware.version_negotiation [None req-50e83f0f-8a30-4267-b857-8262242c84a8 admin admin] Unknown version. Returning version choices. {{(pid=73030) process_request /opt/stack/glance/glance/api/middleware/version_negotiation.py:64}}
Nov 19 07:45:28 devstack devstack@g-api.service[73030]: [pid: 73030|app: 0|req: 7/12] 127.0.0.1 () {36 vars in 486 bytes} [Wed Nov 19 07:45:28 2025] GET / => generated 1459 bytes in 2 msecs (HTTP/1.1 300) 3 headers in 106 bytes (1 switches on core 0)
Nov 19 07:46:23 devstack devstack@g-api.service[73031]: DEBUG glance.api.middleware.version_negotiation [None req-d48eb463-6d3c-43f3-9ba6-f29db1d8d109 admin admin] Determining version of request: GET /v2/images/883e54f3-26c3-4a56-b7ad-dec71801fd9e Accept: application/json {{(pid=73031) process_request /opt/stack/glance/glance/api/middleware/version_negotiation.py:44}}
Nov 19 07:46:23 devstack devstack@g-api.service[73031]: DEBUG glance.api.middleware.version_negotiation [None req-d48eb463-6d3c-43f3-9ba6-f29db1d8d109 admin admin] Using url versioning {{(pid=73031) process_request /opt/stack/glance/glance/api/middleware/version_negotiation.py:57}}
Nov 19 07:46:23 devstack devstack@g-api.service[73031]: DEBUG glance.api.middleware.version_negotiation [None req-d48eb463-6d3c-43f3-9ba6-f29db1d8d109 admin admin] Matched version: v2 {{(pid=73031) process_request /opt/stack/glance/glance/api/middleware/version_negotiation.py:69}}
Nov 19 07:46:23 devstack devstack@g-api.service[73031]: DEBUG glance.api.middleware.version_negotiation [None req-d48eb463-6d3c-43f3-9ba6-f29db1d8d109 admin admin] new path /v2/images/883e54f3-26c3-4a56-b7ad-dec71801fd9e {{(pid=73031) process_request /opt/stack/glance/glance/api/middleware/version_negotiation.py:70}}
Nov 19 07:46:24 devstack devstack@g-api.service[73031]: [pid: 73031|app: 0|req: 6/13] 127.0.0.1 () {38 vars in 782 bytes} [Wed Nov 19 07:46:23 2025] GET /v2/images/883e54f3-26c3-4a56-b7ad-dec71801fd9e => generated 976 bytes in 131 msecs (HTTP/1.1 200) 4 headers in 157 bytes (1 switches on core 0)
Nov 19 07:46:24 devstack devstack@g-api.service[73030]: DEBUG glance.api.middleware.version_negotiation [None req-50e83f0f-8a30-4267-b857-8262242c84a8 admin admin] Determining version of request: GET /v2/images/883e54f3-26c3-4a56-b7ad-dec71801fd9e/file Accept: application/json {{(pid=73030) process_request /opt/stack/glance/glance/api/middleware/version_negotiation.py:44}}
Nov 19 07:46:24 devstack devstack@g-api.service[73030]: DEBUG glance.api.middleware.version_negotiation [None req-50e83f0f-8a30-4267-b857-8262242c84a8 admin admin] Using url versioning {{(pid=73030) process_request /opt/stack/glance/glance/api/middleware/version_negotiation.py:57}}
Nov 19 07:46:24 devstack devstack@g-api.service[73030]: DEBUG glance.api.middleware.version_negotiation [None req-50e83f0f-8a30-4267-b857-8262242c84a8 admin admin] Matched version: v2 {{(pid=73030) process_request /opt/stack/glance/glance/api/middleware/version_negotiation.py:69}}
Nov 19 07:46:24 devstack devstack@g-api.service[73030]: DEBUG glance.api.middleware.version_negotiation [None req-50e83f0f-8a30-4267-b857-8262242c84a8 admin admin] new path /v2/images/883e54f3-26c3-4a56-b7ad-dec71801fd9e/file {{(pid=73030) process_request /opt/stack/glance/glance/api/middleware/version_negotiation.py:70}}
Nov 19 07:46:24 devstack devstack@g-api.service[73030]: DEBUG glance_store._drivers.filesystem [None req-5472590a-32fb-4bb3-a95b-b414d1cfb694 tempest-AttachSCSIVolumeTestJSON-1134297416 tempest-AttachSCSIVolumeTestJSON-1134297416-project-admin] Found image at /opt/stack/data/glance/images/883e54f3-26c3-4a56-b7ad-dec71801fd9e. Returning in ChunkedFile. {{(pid=73030) get /opt/stack/data/venv/lib/python3.10/site-packages/glance_store/_drivers/filesystem.py:618}}
Nov 19 07:46:24 devstack devstack@g-api.service[73030]: DEBUG glance.image_cache [None req-5472590a-32fb-4bb3-a95b-b414d1cfb694 tempest-AttachSCSIVolumeTestJSON-1134297416 tempest-AttachSCSIVolumeTestJSON-1134297416-project-admin] Tee'ing image '883e54f3-26c3-4a56-b7ad-dec71801fd9e' into cache {{(pid=73030) get_caching_iter /opt/stack/glance/glance/image_cache/__init__.py:350}}
Nov 19 07:46:24 devstack devstack@g-api.service[73031]: DEBUG glance.api.middleware.version_negotiation [None req-c99796dd-259a-49ec-84d7-8d9a10032337 tempest-AttachSCSIVolumeTestJSON-1134297416 tempest-AttachSCSIVolumeTestJSON-1134297416-project-admin] Determining version of request: POST /v2/images Accept: application/json {{(pid=73031) process_request /opt/stack/glance/glance/api/middleware/version_negotiation.py:44}}
Nov 19 07:46:24 devstack devstack@g-api.service[73031]: DEBUG glance.api.middleware.version_negotiation [None req-c99796dd-259a-49ec-84d7-8d9a10032337 tempest-AttachSCSIVolumeTestJSON-1134297416 tempest-AttachSCSIVolumeTestJSON-1134297416-project-admin] Using url versioning {{(pid=73031) process_request /opt/stack/glance/glance/api/middleware/version_negotiation.py:57}}
Nov 19 07:46:24 devstack devstack@g-api.service[73031]: DEBUG glance.api.middleware.version_negotiation [None req-c99796dd-259a-49ec-84d7-8d9a10032337 tempest-AttachSCSIVolumeTestJSON-1134297416 tempest-AttachSCSIVolumeTestJSON-1134297416-project-admin] Matched version: v2 {{(pid=73031) process_request /opt/stack/glance/glance/api/middleware/version_negotiation.py:69}}
Nov 19 07:46:24 devstack devstack@g-api.service[73031]: DEBUG glance.api.middleware.version_negotiation [None req-c99796dd-259a-49ec-84d7-8d9a10032337 tempest-AttachSCSIVolumeTestJSON-1134297416 tempest-AttachSCSIVolumeTestJSON-1134297416-project-admin] new path /v2/images {{(pid=73031) process_request /opt/stack/glance/glance/api/middleware/version_negotiation.py:70}}
Nov 19 07:46:24 devstack devstack@g-api.service[73031]: [pid: 73031|app: 0|req: 7/14] 127.0.0.1 () {40 vars in 730 bytes} [Wed Nov 19 07:46:24 2025] POST /v2/images => generated 690 bytes in 655 msecs (HTTP/1.1 201) 6 headers in 314 bytes (1 switches on core 0)
Nov 19 07:46:24 devstack devstack@g-api.service[73031]: DEBUG glance.api.middleware.version_negotiation [None req-77ed0a20-a527-4451-b480-f31798138816 tempest-AttachSCSIVolumeTestJSON-1134297416 tempest-AttachSCSIVolumeTestJSON-1134297416-project-admin] Determining version of request: PUT /v2/images/df9101c3-3ce0-469e-b2f3-67ec793be849/file Accept: {{(pid=73031) process_request /opt/stack/glance/glance/api/middleware/version_negotiation.py:44}}
Nov 19 07:46:24 devstack devstack@g-api.service[73031]: DEBUG glance.api.middleware.version_negotiation [None req-77ed0a20-a527-4451-b480-f31798138816 tempest-AttachSCSIVolumeTestJSON-1134297416 tempest-AttachSCSIVolumeTestJSON-1134297416-project-admin] Using url versioning {{(pid=73031) process_request /opt/stack/glance/glance/api/middleware/version_negotiation.py:57}}
Nov 19 07:46:24 devstack devstack@g-api.service[73031]: DEBUG glance.api.middleware.version_negotiation [None req-77ed0a20-a527-4451-b480-f31798138816 tempest-AttachSCSIVolumeTestJSON-1134297416 tempest-AttachSCSIVolumeTestJSON-1134297416-project-admin] Matched version: v2 {{(pid=73031) process_request /opt/stack/glance/glance/api/middleware/version_negotiation.py:69}}
Nov 19 07:46:24 devstack devstack@g-api.service[73031]: DEBUG glance.api.middleware.version_negotiation [None req-77ed0a20-a527-4451-b480-f31798138816 tempest-AttachSCSIVolumeTestJSON-1134297416 tempest-AttachSCSIVolumeTestJSON-1134297416-project-admin] new path /v2/images/df9101c3-3ce0-469e-b2f3-67ec793be849/file {{(pid=73031) process_request /opt/stack/glance/glance/api/middleware/version_negotiation.py:70}}
Nov 19 07:46:24 devstack devstack@g-api.service[73030]: DEBUG glance.image_cache.drivers.centralized_db [None req-5472590a-32fb-4bb3-a95b-b414d1cfb694 tempest-AttachSCSIVolumeTestJSON-1134297416 tempest-AttachSCSIVolumeTestJSON-1134297416-project-admin] Fetch finished, moving '/opt/stack/data/glance/cache/incomplete/883e54f3-26c3-4a56-b7ad-dec71801fd9e' to '/opt/stack/data/glance/cache/883e54f3-26c3-4a56-b7ad-dec71801fd9e' {{(pid=73030) commit /opt/stack/glance/glance/image_cache/drivers/centralized_db.py:235}}
Nov 19 07:46:24 devstack devstack@g-api.service[73030]: DEBUG glance.image_cache.drivers.centralized_db [None req-5472590a-32fb-4bb3-a95b-b414d1cfb694 tempest-AttachSCSIVolumeTestJSON-1134297416 tempest-AttachSCSIVolumeTestJSON-1134297416-project-admin] Image cached successfully. {{(pid=73030) commit /opt/stack/glance/glance/image_cache/drivers/centralized_db.py:250}}
Nov 19 07:46:24 devstack devstack@g-api.service[73030]: [pid: 73030|app: 0|req: 8/15] 127.0.0.1 () {38 vars in 792 bytes} [Wed Nov 19 07:46:24 2025] GET /v2/images/883e54f3-26c3-4a56-b7ad-dec71801fd9e/file => generated 21692416 bytes in 830 msecs (HTTP/1.1 200) 4 headers in 191 bytes (336 switches on core 0)
Nov 19 07:46:25 devstack devstack@g-api.service[73031]: INFO glance.api.v2.image_data [None req-7630e669-9138-484b-b9e0-9794d9ed9559 tempest-AttachSCSIVolumeTestJSON-1134297416 tempest-AttachSCSIVolumeTestJSON-1134297416-project-admin] Unable to create trust: no such option collect_timing in group [keystone_authtoken] Use the existing user token.
Nov 19 07:46:25 devstack devstack@g-api.service[73031]: DEBUG glance.location [None req-7630e669-9138-484b-b9e0-9794d9ed9559 tempest-AttachSCSIVolumeTestJSON-1134297416 tempest-AttachSCSIVolumeTestJSON-1134297416-project-admin] Enabling in-flight format inspection for qcow2 {{(pid=73031) set_data /opt/stack/glance/glance/location.py:616}}
Nov 19 07:46:25 devstack devstack@g-api.service[73031]: DEBUG oslo_utils.imageutils.format_inspector [None req-7630e669-9138-484b-b9e0-9794d9ed9559 tempest-AttachSCSIVolumeTestJSON-1134297416 tempest-AttachSCSIVolumeTestJSON-1134297416-project-admin] Format inspector for vmdk does not match, excluding from consideration (Signature KDMV not found: b'QFI\xfb') {{(pid=73031) _process_chunk /opt/stack/data/venv/lib/python3.10/site-packages/oslo_utils/imageutils/format_inspector.py:1365}}
Nov 19 07:46:25 devstack devstack@g-api.service[73031]: DEBUG oslo_utils.imageutils.format_inspector [None req-7630e669-9138-484b-b9e0-9794d9ed9559 tempest-AttachSCSIVolumeTestJSON-1134297416 tempest-AttachSCSIVolumeTestJSON-1134297416-project-admin] Format inspector for vhdx does not match, excluding from consideration (Region signature not found at 30000) {{(pid=73031) _process_chunk /opt/stack/data/venv/lib/python3.10/site-packages/oslo_utils/imageutils/format_inspector.py:1365}}
Nov 19 07:46:25 devstack devstack@g-api.service[73031]: DEBUG glance_store._drivers.filesystem [None req-7630e669-9138-484b-b9e0-9794d9ed9559 tempest-AttachSCSIVolumeTestJSON-1134297416 tempest-AttachSCSIVolumeTestJSON-1134297416-project-admin] Wrote 21692416 bytes to /opt/stack/data/glance/images/df9101c3-3ce0-469e-b2f3-67ec793be849 with checksum 87617e24a5e30cb3b87fda8c0764838f and multihash 9a9bce0083a00939ec17c11febbfc767aa211aaa54f51e75c5a8b271a9b5637c77205a518b7a2007cb391d23cceb01e0e4e8d64832317151bc85b734b92a7be0 {{(pid=73031) add /opt/stack/data/venv/lib/python3.10/site-packages/glance_store/_drivers/filesystem.py:794}}
Nov 19 07:46:25 devstack devstack@g-api.service[73031]: INFO glance.location [None req-7630e669-9138-484b-b9e0-9794d9ed9559 tempest-AttachSCSIVolumeTestJSON-1134297416 tempest-AttachSCSIVolumeTestJSON-1134297416-project-admin] Image format matched and virtual size computed: 117440512
Nov 19 07:46:26 devstack devstack@g-api.service[73031]: DEBUG glance_store.backend [None req-7630e669-9138-484b-b9e0-9794d9ed9559 tempest-AttachSCSIVolumeTestJSON-1134297416 tempest-AttachSCSIVolumeTestJSON-1134297416-project-admin] Skipping store.set_acls... not implemented. {{(pid=73031) set_acls /opt/stack/data/venv/lib/python3.10/site-packages/glance_store/backend.py:507}}
Nov 19 07:46:26 devstack devstack@g-api.service[73031]: [pid: 73031|app: 0|req: 8/16] 127.0.0.1 () {38 vars in 802 bytes} [Wed Nov 19 07:46:24 2025] PUT /v2/images/df9101c3-3ce0-469e-b2f3-67ec793be849/file => generated 0 bytes in 1282 msecs (HTTP/1.1 204) 4 headers in 171 bytes (1 switches on core 0)
Nov 19 07:46:33 devstack devstack@g-api.service[73030]: DEBUG glance.api.middleware.version_negotiation [None req-5472590a-32fb-4bb3-a95b-b414d1cfb694 tempest-AttachSCSIVolumeTestJSON-1134297416 tempest-AttachSCSIVolumeTestJSON-1134297416-project-admin] Determining version of request: GET / Accept: application/json {{(pid=73030) process_request /opt/stack/glance/glance/api/middleware/version_negotiation.py:44}}
Nov 19 07:46:33 devstack devstack@g-api.service[73030]: DEBUG glance.api.middleware.version_negotiation [None req-5472590a-32fb-4bb3-a95b-b414d1cfb694 tempest-AttachSCSIVolumeTestJSON-1134297416 tempest-AttachSCSIVolumeTestJSON-1134297416-project-admin] Using url versioning {{(pid=73030) process_request /opt/stack/glance/glance/api/middleware/version_negotiation.py:57}}
Nov 19 07:46:33 devstack devstack@g-api.service[73030]: DEBUG glance.api.middleware.version_negotiation [None req-5472590a-32fb-4bb3-a95b-b414d1cfb694 tempest-AttachSCSIVolumeTestJSON-1134297416 tempest-AttachSCSIVolumeTestJSON-1134297416-project-admin] Unknown version. Returning version choices. {{(pid=73030) process_request /opt/stack/glance/glance/api/middleware/version_negotiation.py:64}}
Nov 19 07:46:33 devstack devstack@g-api.service[73030]: [pid: 73030|app: 0|req: 9/17] 127.0.0.1 () {34 vars in 502 bytes} [Wed Nov 19 07:46:33 2025] GET / => generated 1459 bytes in 2 msecs (HTTP/1.1 300) 3 headers in 106 bytes (1 switches on core 0)
Nov 19 07:46:33 devstack devstack@g-api.service[73031]: DEBUG glance.api.middleware.version_negotiation [None req-7630e669-9138-484b-b9e0-9794d9ed9559 tempest-AttachSCSIVolumeTestJSON-1134297416 tempest-AttachSCSIVolumeTestJSON-1134297416-project-admin] Determining version of request: GET /v2/images/df9101c3-3ce0-469e-b2f3-67ec793be849 Accept: */* {{(pid=73031) process_request /opt/stack/glance/glance/api/middleware/version_negotiation.py:44}}
Nov 19 07:46:33 devstack devstack@g-api.service[73031]: DEBUG glance.api.middleware.version_negotiation [None req-7630e669-9138-484b-b9e0-9794d9ed9559 tempest-AttachSCSIVolumeTestJSON-1134297416 tempest-AttachSCSIVolumeTestJSON-1134297416-project-admin] Using url versioning {{(pid=73031) process_request /opt/stack/glance/glance/api/middleware/version_negotiation.py:57}}
Nov 19 07:46:33 devstack devstack@g-api.service[73031]: DEBUG glance.api.middleware.version_negotiation [None req-7630e669-9138-484b-b9e0-9794d9ed9559 tempest-AttachSCSIVolumeTestJSON-1134297416 tempest-AttachSCSIVolumeTestJSON-1134297416-project-admin] Matched version: v2 {{(pid=73031) process_request /opt/stack/glance/glance/api/middleware/version_negotiation.py:69}}
Nov 19 07:46:33 devstack devstack@g-api.service[73031]: DEBUG glance.api.middleware.version_negotiation [None req-7630e669-9138-484b-b9e0-9794d9ed9559 tempest-AttachSCSIVolumeTestJSON-1134297416 tempest-AttachSCSIVolumeTestJSON-1134297416-project-admin] new path /v2/images/df9101c3-3ce0-469e-b2f3-67ec793be849 {{(pid=73031) process_request /opt/stack/glance/glance/api/middleware/version_negotiation.py:70}}
Nov 19 07:46:33 devstack devstack@g-api.service[73031]: WARNING keystonemiddleware.auth_token [None req-7630e669-9138-484b-b9e0-9794d9ed9559 tempest-AttachSCSIVolumeTestJSON-1134297416 tempest-AttachSCSIVolumeTestJSON-1134297416-project-admin] A valid token was submitted as a service token, but it was not a valid service token. This is incorrect but backwards compatible behaviour. This will be removed in future releases.
Nov 19 07:46:34 devstack devstack@g-api.service[73031]: [pid: 73031|app: 0|req: 9/18] 127.0.0.1 () {42 vars in 1057 bytes} [Wed Nov 19 07:46:33 2025] GET /v2/images/df9101c3-3ce0-469e-b2f3-67ec793be849 => generated 859 bytes in 23 msecs (HTTP/1.1 200) 4 headers in 157 bytes (1 switches on core 0)
Nov 19 07:46:34 devstack devstack@g-api.service[73030]: DEBUG glance.api.middleware.version_negotiation [None req-5472590a-32fb-4bb3-a95b-b414d1cfb694 tempest-AttachSCSIVolumeTestJSON-1134297416 tempest-AttachSCSIVolumeTestJSON-1134297416-project-admin] Determining version of request: GET /v2/schemas/image Accept: */* {{(pid=73030) process_request /opt/stack/glance/glance/api/middleware/version_negotiation.py:44}}
Nov 19 07:46:34 devstack devstack@g-api.service[73030]: DEBUG glance.api.middleware.version_negotiation [None req-5472590a-32fb-4bb3-a95b-b414d1cfb694 tempest-AttachSCSIVolumeTestJSON-1134297416 tempest-AttachSCSIVolumeTestJSON-1134297416-project-admin] Using url versioning {{(pid=73030) process_request /opt/stack/glance/glance/api/middleware/version_negotiation.py:57}}
Nov 19 07:46:34 devstack devstack@g-api.service[73030]: DEBUG glance.api.middleware.version_negotiation [None req-5472590a-32fb-4bb3-a95b-b414d1cfb694 tempest-AttachSCSIVolumeTestJSON-1134297416 tempest-AttachSCSIVolumeTestJSON-1134297416-project-admin] Matched version: v2 {{(pid=73030) process_request /opt/stack/glance/glance/api/middleware/version_negotiation.py:69}}
Nov 19 07:46:34 devstack devstack@g-api.service[73030]: DEBUG glance.api.middleware.version_negotiation [None req-5472590a-32fb-4bb3-a95b-b414d1cfb694 tempest-AttachSCSIVolumeTestJSON-1134297416 tempest-AttachSCSIVolumeTestJSON-1134297416-project-admin] new path /v2/schemas/image {{(pid=73030) process_request /opt/stack/glance/glance/api/middleware/version_negotiation.py:70}}
Nov 19 07:46:34 devstack devstack@g-api.service[73030]: WARNING keystonemiddleware.auth_token [None req-5472590a-32fb-4bb3-a95b-b414d1cfb694 tempest-AttachSCSIVolumeTestJSON-1134297416 tempest-AttachSCSIVolumeTestJSON-1134297416-project-admin] A valid token was submitted as a service token, but it was not a valid service token. This is incorrect but backwards compatible behaviour. This will be removed in future releases.
Nov 19 07:46:34 devstack devstack@g-api.service[73030]: [pid: 73030|app: 0|req: 10/19] 127.0.0.1 () {42 vars in 997 bytes} [Wed Nov 19 07:46:34 2025] GET /v2/schemas/image => generated 6083 bytes in 6 msecs (HTTP/1.1 200) 4 headers in 158 bytes (1 switches on core 0)
Nov 19 07:46:34 devstack devstack@g-api.service[73030]: DEBUG dbcounter [-] [73030] Writing DB stats glance:SELECT=5,glance:INSERT=1 {{(pid=73030) stat_writer /opt/stack/data/venv/lib/python3.10/site-packages/dbcounter.py:115}}
Nov 19 07:46:42 devstack devstack@g-api.service[73031]: DEBUG glance.api.middleware.version_negotiation [None req-aea80195-189c-4140-b856-8380133daaed tempest-AttachSCSIVolumeTestJSON-1062677906 tempest-AttachSCSIVolumeTestJSON-1062677906-project-member] Determining version of request: GET /v2/images/df9101c3-3ce0-469e-b2f3-67ec793be849 Accept: */* {{(pid=73031) process_request /opt/stack/glance/glance/api/middleware/version_negotiation.py:44}}
Nov 19 07:46:42 devstack devstack@g-api.service[73031]: DEBUG glance.api.middleware.version_negotiation [None req-aea80195-189c-4140-b856-8380133daaed tempest-AttachSCSIVolumeTestJSON-1062677906 tempest-AttachSCSIVolumeTestJSON-1062677906-project-member] Using url versioning {{(pid=73031) process_request /opt/stack/glance/glance/api/middleware/version_negotiation.py:57}}
Nov 19 07:46:42 devstack devstack@g-api.service[73031]: DEBUG glance.api.middleware.version_negotiation [None req-aea80195-189c-4140-b856-8380133daaed tempest-AttachSCSIVolumeTestJSON-1062677906 tempest-AttachSCSIVolumeTestJSON-1062677906-project-member] Matched version: v2 {{(pid=73031) process_request /opt/stack/glance/glance/api/middleware/version_negotiation.py:69}}
Nov 19 07:46:42 devstack devstack@g-api.service[73031]: DEBUG glance.api.middleware.version_negotiation [None req-aea80195-189c-4140-b856-8380133daaed tempest-AttachSCSIVolumeTestJSON-1062677906 tempest-AttachSCSIVolumeTestJSON-1062677906-project-member] new path /v2/images/df9101c3-3ce0-469e-b2f3-67ec793be849 {{(pid=73031) process_request /opt/stack/glance/glance/api/middleware/version_negotiation.py:70}}
Nov 19 07:46:42 devstack devstack@g-api.service[73031]: [pid: 73031|app: 0|req: 10/20] 127.0.0.1 () {42 vars in 1057 bytes} [Wed Nov 19 07:46:42 2025] GET /v2/images/df9101c3-3ce0-469e-b2f3-67ec793be849 => generated 859 bytes in 21 msecs (HTTP/1.1 200) 4 headers in 157 bytes (1 switches on core 0)
Nov 19 07:46:42 devstack devstack@g-api.service[73030]: DEBUG glance.api.middleware.version_negotiation [None req-aea80195-189c-4140-b856-8380133daaed tempest-AttachSCSIVolumeTestJSON-1062677906 tempest-AttachSCSIVolumeTestJSON-1062677906-project-member] Determining version of request: GET /v2/images/df9101c3-3ce0-469e-b2f3-67ec793be849/file Accept: */* {{(pid=73030) process_request /opt/stack/glance/glance/api/middleware/version_negotiation.py:44}}
Nov 19 07:46:42 devstack devstack@g-api.service[73030]: DEBUG glance.api.middleware.version_negotiation [None req-aea80195-189c-4140-b856-8380133daaed tempest-AttachSCSIVolumeTestJSON-1062677906 tempest-AttachSCSIVolumeTestJSON-1062677906-project-member] Using url versioning {{(pid=73030) process_request /opt/stack/glance/glance/api/middleware/version_negotiation.py:57}}
