Nov 19 07:48:38 devstack devstack@c-api.service[80219]: INFO cinder.api.v3.volumes [None req-ea657fe1-54f9-46fe-abb5-67a595ba61c1 tempest-VolumesAssistedSnapshotsTest-375712900 tempest-VolumesAssistedSnapshotsTest-375712900-project-admin] Delete volume with id: 8c98254a-809c-4429-bc15-f12e4639de14
Nov 19 07:48:38 devstack devstack@c-api.service[80219]: /opt/stack/data/venv/lib/python3.10/site-packages/oslo_context/context.py:101: DeprecationWarning: Policy enforcement is depending on the value of is_admin. This key is deprecated. Please update your policy file to use the standard policy values.
Nov 19 07:48:38 devstack devstack@c-api.service[80219]: warnings.warn(
Nov 19 07:48:38 devstack devstack@c-api.service[80219]: INFO cinder.volume.api [None req-ea657fe1-54f9-46fe-abb5-67a595ba61c1 tempest-VolumesAssistedSnapshotsTest-375712900 tempest-VolumesAssistedSnapshotsTest-375712900-project-admin] Volume info retrieved successfully.
Nov 19 07:48:38 devstack devstack@c-api.service[80219]: INFO cinder.volume.api [None req-ea657fe1-54f9-46fe-abb5-67a595ba61c1 tempest-VolumesAssistedSnapshotsTest-375712900 tempest-VolumesAssistedSnapshotsTest-375712900-project-admin] Delete volume request issued successfully.
Nov 19 07:48:38 devstack devstack@c-api.service[80219]: INFO cinder.api.openstack.wsgi [None req-ea657fe1-54f9-46fe-abb5-67a595ba61c1 tempest-VolumesAssistedSnapshotsTest-375712900 tempest-VolumesAssistedSnapshotsTest-375712900-project-admin] http://192.168.122.133/volume/v3/volumes/8c98254a-809c-4429-bc15-f12e4639de14 returned with HTTP 202
Nov 19 07:48:38 devstack devstack@c-api.service[80219]: [pid: 80219|app: 0|req: 198/380] 192.168.122.133 () {62 vars in 1334 bytes} [Wed Nov 19 07:48:38 2025] DELETE /volume/v3/volumes/8c98254a-809c-4429-bc15-f12e4639de14 => generated 0 bytes in 48 msecs (HTTP/1.1 202) 6 headers in 233 bytes (1 switches on core 0)
Nov 19 07:48:38 devstack devstack@c-api.service[80220]: DEBUG cinder.api.middleware.request_id [None req-d5ec1adc-333f-4817-a0d6-d30b5123a4f5 None None] RequestId filter calling following filter/app {{(pid=80220) _context_setter /opt/stack/cinder/cinder/api/middleware/request_id.py:62}}
Nov 19 07:48:38 devstack devstack@c-api.service[80220]: INFO cinder.api.openstack.wsgi [None req-d5ec1adc-333f-4817-a0d6-d30b5123a4f5 tempest-VolumesAssistedSnapshotsTest-375712900 tempest-VolumesAssistedSnapshotsTest-375712900-project-admin] GET http://192.168.122.133/volume/v3/volumes/8c98254a-809c-4429-bc15-f12e4639de14
Nov 19 07:48:38 devstack devstack@c-api.service[80220]: DEBUG cinder.api.openstack.wsgi [None req-d5ec1adc-333f-4817-a0d6-d30b5123a4f5 tempest-VolumesAssistedSnapshotsTest-375712900 tempest-VolumesAssistedSnapshotsTest-375712900-project-admin] Empty body provided in request {{(pid=80220) get_body /opt/stack/cinder/cinder/api/openstack/wsgi.py:723}}
Nov 19 07:48:38 devstack devstack@c-api.service[80220]: DEBUG cinder.api.openstack.wsgi [None req-d5ec1adc-333f-4817-a0d6-d30b5123a4f5 tempest-VolumesAssistedSnapshotsTest-375712900 tempest-VolumesAssistedSnapshotsTest-375712900-project-admin] Calling method 'show' {{(pid=80220) _process_stack /opt/stack/cinder/cinder/api/openstack/wsgi.py:876}}
Nov 19 07:48:38 devstack devstack@c-api.service[80220]: /opt/stack/data/venv/lib/python3.10/site-packages/oslo_context/context.py:101: DeprecationWarning: Policy enforcement is depending on the value of is_admin. This key is deprecated. Please update your policy file to use the standard policy values.
Nov 19 07:48:38 devstack devstack@c-api.service[80220]: warnings.warn(
Nov 19 07:48:38 devstack devstack@c-api.service[80220]: INFO cinder.volume.api [None req-d5ec1adc-333f-4817-a0d6-d30b5123a4f5 tempest-VolumesAssistedSnapshotsTest-375712900 tempest-VolumesAssistedSnapshotsTest-375712900-project-admin] Volume info retrieved successfully.
Nov 19 07:48:38 devstack devstack@c-api.service[80220]: INFO cinder.api.openstack.wsgi [None req-d5ec1adc-333f-4817-a0d6-d30b5123a4f5 tempest-VolumesAssistedSnapshotsTest-375712900 tempest-VolumesAssistedSnapshotsTest-375712900-project-admin] http://192.168.122.133/volume/v3/volumes/8c98254a-809c-4429-bc15-f12e4639de14 returned with HTTP 200
Nov 19 07:48:38 devstack devstack@c-api.service[80220]: [pid: 80220|app: 0|req: 183/381] 192.168.122.133 () {62 vars in 1331 bytes} [Wed Nov 19 07:48:38 2025] GET /volume/v3/volumes/8c98254a-809c-4429-bc15-f12e4639de14 => generated 1022 bytes in 39 msecs (HTTP/1.1 200) 7 headers in 286 bytes (1 switches on core 0)
Nov 19 07:48:39 devstack devstack@c-api.service[80219]: DEBUG cinder.api.middleware.request_id [req-5c928471-8b4b-4b73-85f2-a432622d8546 req-d53272b4-2870-42d5-863c-318567b12551 None None] RequestId filter calling following filter/app {{(pid=80219) _context_setter /opt/stack/cinder/cinder/api/middleware/request_id.py:62}}
Nov 19 07:48:39 devstack devstack@c-api.service[80219]: INFO cinder.api.openstack.wsgi [req-5c928471-8b4b-4b73-85f2-a432622d8546 req-d53272b4-2870-42d5-863c-318567b12551 tempest-TaggedAttachmentsTest-791427801 tempest-TaggedAttachmentsTest-791427801-project-member] GET http://192.168.122.133/volume/v3/volumes/61aa2a94-8b34-488a-a064-d5f391999561
Nov 19 07:48:39 devstack devstack@c-api.service[80219]: DEBUG cinder.api.openstack.wsgi [req-5c928471-8b4b-4b73-85f2-a432622d8546 req-d53272b4-2870-42d5-863c-318567b12551 tempest-TaggedAttachmentsTest-791427801 tempest-TaggedAttachmentsTest-791427801-project-member] Empty body provided in request {{(pid=80219) get_body /opt/stack/cinder/cinder/api/openstack/wsgi.py:723}}
Nov 19 07:48:39 devstack devstack@c-api.service[80219]: DEBUG cinder.api.openstack.wsgi [req-5c928471-8b4b-4b73-85f2-a432622d8546 req-d53272b4-2870-42d5-863c-318567b12551 tempest-TaggedAttachmentsTest-791427801 tempest-TaggedAttachmentsTest-791427801-project-member] Calling method 'show' {{(pid=80219) _process_stack /opt/stack/cinder/cinder/api/openstack/wsgi.py:876}}
Nov 19 07:48:39 devstack devstack@c-api.service[80219]: /opt/stack/data/venv/lib/python3.10/site-packages/oslo_context/context.py:101: DeprecationWarning: Policy enforcement is depending on the value of is_admin. This key is deprecated. Please update your policy file to use the standard policy values.
Nov 19 07:48:39 devstack devstack@c-api.service[80219]: warnings.warn(
Nov 19 07:48:39 devstack devstack@c-api.service[80219]: INFO cinder.volume.api [req-5c928471-8b4b-4b73-85f2-a432622d8546 req-d53272b4-2870-42d5-863c-318567b12551 tempest-TaggedAttachmentsTest-791427801 tempest-TaggedAttachmentsTest-791427801-project-member] Volume info retrieved successfully.
Nov 19 07:48:39 devstack devstack@c-api.service[80219]: INFO cinder.api.openstack.wsgi [req-5c928471-8b4b-4b73-85f2-a432622d8546 req-d53272b4-2870-42d5-863c-318567b12551 tempest-TaggedAttachmentsTest-791427801 tempest-TaggedAttachmentsTest-791427801-project-member] http://192.168.122.133/volume/v3/volumes/61aa2a94-8b34-488a-a064-d5f391999561 returned with HTTP 200
Nov 19 07:48:39 devstack devstack@c-api.service[80219]: [pid: 80219|app: 0|req: 199/382] 192.168.122.133 () {64 vars in 1584 bytes} [Wed Nov 19 07:48:39 2025] GET /volume/v3/volumes/61aa2a94-8b34-488a-a064-d5f391999561 => generated 1146 bytes in 72 msecs (HTTP/1.1 200) 7 headers in 286 bytes (1 switches on core 0)
Nov 19 07:48:39 devstack devstack@c-api.service[80220]: DEBUG cinder.api.middleware.request_id [req-5c928471-8b4b-4b73-85f2-a432622d8546 req-0bba3731-6510-4d8c-9136-8ae325c375be None None] RequestId filter calling following filter/app {{(pid=80220) _context_setter /opt/stack/cinder/cinder/api/middleware/request_id.py:62}}
Nov 19 07:48:39 devstack devstack@c-api.service[80220]: INFO cinder.api.openstack.wsgi [req-5c928471-8b4b-4b73-85f2-a432622d8546 req-0bba3731-6510-4d8c-9136-8ae325c375be tempest-TaggedAttachmentsTest-791427801 tempest-TaggedAttachmentsTest-791427801-project-member] POST http://192.168.122.133/volume/v3/volumes/61aa2a94-8b34-488a-a064-d5f391999561/action
Nov 19 07:48:39 devstack devstack@c-api.service[80220]: DEBUG cinder.api.openstack.wsgi [req-5c928471-8b4b-4b73-85f2-a432622d8546 req-0bba3731-6510-4d8c-9136-8ae325c375be tempest-TaggedAttachmentsTest-791427801 tempest-TaggedAttachmentsTest-791427801-project-member] Action body: b'{"os-begin_detaching": null}' {{(pid=80220) get_method /opt/stack/cinder/cinder/api/openstack/wsgi.py:991}}
Nov 19 07:48:39 devstack devstack@c-api.service[80220]: DEBUG cinder.api.openstack.wsgi [req-5c928471-8b4b-4b73-85f2-a432622d8546 req-0bba3731-6510-4d8c-9136-8ae325c375be tempest-TaggedAttachmentsTest-791427801 tempest-TaggedAttachmentsTest-791427801-project-member] Action: 'action', calling method: _begin_detaching, body: {"os-begin_detaching": null} {{(pid=80220) _process_stack /opt/stack/cinder/cinder/api/openstack/wsgi.py:874}}
Nov 19 07:48:39 devstack devstack@c-api.service[80219]: DEBUG cinder.api.middleware.request_id [None req-571e08fa-bdd3-4f64-9c41-483afb7aa1d0 None None] RequestId filter calling following filter/app {{(pid=80219) _context_setter /opt/stack/cinder/cinder/api/middleware/request_id.py:62}}
Nov 19 07:48:39 devstack devstack@c-api.service[80219]: INFO cinder.api.openstack.wsgi [None req-571e08fa-bdd3-4f64-9c41-483afb7aa1d0 tempest-VolumesTransfersTest-1250948516 tempest-VolumesTransfersTest-1250948516-project-admin] GET http://192.168.122.133/volume/v3/volumes/9a18830c-045a-439b-8751-28513540be45
Nov 19 07:48:39 devstack devstack@c-api.service[80219]: DEBUG cinder.api.openstack.wsgi [None req-571e08fa-bdd3-4f64-9c41-483afb7aa1d0 tempest-VolumesTransfersTest-1250948516 tempest-VolumesTransfersTest-1250948516-project-admin] Empty body provided in request {{(pid=80219) get_body /opt/stack/cinder/cinder/api/openstack/wsgi.py:723}}
Nov 19 07:48:39 devstack devstack@c-api.service[80219]: DEBUG cinder.api.openstack.wsgi [None req-571e08fa-bdd3-4f64-9c41-483afb7aa1d0 tempest-VolumesTransfersTest-1250948516 tempest-VolumesTransfersTest-1250948516-project-admin] Calling method 'show' {{(pid=80219) _process_stack /opt/stack/cinder/cinder/api/openstack/wsgi.py:876}}
Nov 19 07:48:39 devstack devstack@c-api.service[80219]: INFO cinder.api.openstack.wsgi [None req-571e08fa-bdd3-4f64-9c41-483afb7aa1d0 tempest-VolumesTransfersTest-1250948516 tempest-VolumesTransfersTest-1250948516-project-admin] http://192.168.122.133/volume/v3/volumes/9a18830c-045a-439b-8751-28513540be45 returned with HTTP 404
Nov 19 07:48:39 devstack devstack@c-api.service[80219]: [pid: 80219|app: 0|req: 200/383] 192.168.122.133 () {62 vars in 1331 bytes} [Wed Nov 19 07:48:39 2025] GET /volume/v3/volumes/9a18830c-045a-439b-8751-28513540be45 => generated 109 bytes in 25 msecs (HTTP/1.1 404) 7 headers in 292 bytes (1 switches on core 0)
Nov 19 07:48:39 devstack devstack@c-api.service[80219]: DEBUG cinder.api.middleware.request_id [None req-170adb98-41e6-4b49-bb7d-162b133e2882 None None] RequestId filter calling following filter/app {{(pid=80219) _context_setter /opt/stack/cinder/cinder/api/middleware/request_id.py:62}}
Nov 19 07:48:39 devstack devstack@c-api.service[80219]: INFO cinder.api.openstack.wsgi [None req-170adb98-41e6-4b49-bb7d-162b133e2882 tempest-VolumesTransfersTest-513630402 tempest-VolumesTransfersTest-513630402-project-member] GET http://192.168.122.133/volume/v3/volumes/9a18830c-045a-439b-8751-28513540be45
Nov 19 07:48:39 devstack devstack@c-api.service[80219]: DEBUG cinder.api.openstack.wsgi [None req-170adb98-41e6-4b49-bb7d-162b133e2882 tempest-VolumesTransfersTest-513630402 tempest-VolumesTransfersTest-513630402-project-member] Empty body provided in request {{(pid=80219) get_body /opt/stack/cinder/cinder/api/openstack/wsgi.py:723}}
Nov 19 07:48:39 devstack devstack@c-api.service[80220]: /opt/stack/data/venv/lib/python3.10/site-packages/oslo_context/context.py:101: DeprecationWarning: Policy enforcement is depending on the value of is_admin. This key is deprecated. Please update your policy file to use the standard policy values.
Nov 19 07:48:39 devstack devstack@c-api.service[80220]: warnings.warn(
Nov 19 07:48:39 devstack devstack@c-api.service[80220]: INFO cinder.volume.api [req-5c928471-8b4b-4b73-85f2-a432622d8546 req-0bba3731-6510-4d8c-9136-8ae325c375be tempest-TaggedAttachmentsTest-791427801 tempest-TaggedAttachmentsTest-791427801-project-member] Volume info retrieved successfully.
Nov 19 07:48:39 devstack devstack@c-api.service[80219]: DEBUG cinder.api.openstack.wsgi [None req-170adb98-41e6-4b49-bb7d-162b133e2882 tempest-VolumesTransfersTest-513630402 tempest-VolumesTransfersTest-513630402-project-member] Calling method 'show' {{(pid=80219) _process_stack /opt/stack/cinder/cinder/api/openstack/wsgi.py:876}}
Nov 19 07:48:39 devstack devstack@c-api.service[80220]: INFO cinder.volume.api [req-5c928471-8b4b-4b73-85f2-a432622d8546 req-0bba3731-6510-4d8c-9136-8ae325c375be tempest-TaggedAttachmentsTest-791427801 tempest-TaggedAttachmentsTest-791427801-project-member] Begin detaching volume completed successfully.
Nov 19 07:48:39 devstack devstack@c-api.service[80220]: INFO cinder.api.openstack.wsgi [req-5c928471-8b4b-4b73-85f2-a432622d8546 req-0bba3731-6510-4d8c-9136-8ae325c375be tempest-TaggedAttachmentsTest-791427801 tempest-TaggedAttachmentsTest-791427801-project-member] http://192.168.122.133/volume/v3/volumes/61aa2a94-8b34-488a-a064-d5f391999561/action returned with HTTP 202
Nov 19 07:48:39 devstack devstack@c-api.service[80220]: [pid: 80220|app: 0|req: 184/384] 192.168.122.133 () {68 vars in 1658 bytes} [Wed Nov 19 07:48:39 2025] POST /volume/v3/volumes/61aa2a94-8b34-488a-a064-d5f391999561/action => generated 0 bytes in 65 msecs (HTTP/1.1 202) 7 headers in 289 bytes (1 switches on core 0)
Nov 19 07:48:39 devstack devstack@c-api.service[80219]: INFO cinder.api.openstack.wsgi [None req-170adb98-41e6-4b49-bb7d-162b133e2882 tempest-VolumesTransfersTest-513630402 tempest-VolumesTransfersTest-513630402-project-member] http://192.168.122.133/volume/v3/volumes/9a18830c-045a-439b-8751-28513540be45 returned with HTTP 404
Nov 19 07:48:39 devstack devstack@c-api.service[80219]: [pid: 80219|app: 0|req: 201/385] 192.168.122.133 () {62 vars in 1331 bytes} [Wed Nov 19 07:48:39 2025] GET /volume/v3/volumes/9a18830c-045a-439b-8751-28513540be45 => generated 109 bytes in 52 msecs (HTTP/1.1 404) 7 headers in 292 bytes (1 switches on core 0)
Nov 19 07:48:39 devstack devstack@c-api.service[80220]: DEBUG cinder.api.middleware.request_id [None req-8ae02167-86a4-4612-97b7-4dc6a5ef2c5d None None] RequestId filter calling following filter/app {{(pid=80220) _context_setter /opt/stack/cinder/cinder/api/middleware/request_id.py:62}}
Nov 19 07:48:39 devstack devstack@c-api.service[80220]: INFO cinder.api.openstack.wsgi [None req-8ae02167-86a4-4612-97b7-4dc6a5ef2c5d tempest-VolumesTransfersTest-513630402 tempest-VolumesTransfersTest-513630402-project-member] DELETE http://192.168.122.133/volume/v3/volumes/9a18830c-045a-439b-8751-28513540be45
Nov 19 07:48:39 devstack devstack@c-api.service[80220]: DEBUG cinder.api.openstack.wsgi [None req-8ae02167-86a4-4612-97b7-4dc6a5ef2c5d tempest-VolumesTransfersTest-513630402 tempest-VolumesTransfersTest-513630402-project-member] Empty body provided in request {{(pid=80220) get_body /opt/stack/cinder/cinder/api/openstack/wsgi.py:723}}
Nov 19 07:48:39 devstack devstack@c-api.service[80220]: DEBUG cinder.api.openstack.wsgi [None req-8ae02167-86a4-4612-97b7-4dc6a5ef2c5d tempest-VolumesTransfersTest-513630402 tempest-VolumesTransfersTest-513630402-project-member] Calling method 'delete' {{(pid=80220) _process_stack /opt/stack/cinder/cinder/api/openstack/wsgi.py:876}}
Nov 19 07:48:39 devstack devstack@c-api.service[80219]: DEBUG cinder.api.middleware.request_id [None req-1319ba0a-dff8-4a2d-aebc-c272b751578c None None] RequestId filter calling following filter/app {{(pid=80219) _context_setter /opt/stack/cinder/cinder/api/middleware/request_id.py:62}}
Nov 19 07:48:39 devstack devstack@c-api.service[80219]: INFO cinder.api.openstack.wsgi [None req-1319ba0a-dff8-4a2d-aebc-c272b751578c tempest-TaggedAttachmentsTest-791427801 tempest-TaggedAttachmentsTest-791427801-project-member] GET http://192.168.122.133/volume/v3/volumes/61aa2a94-8b34-488a-a064-d5f391999561
Nov 19 07:48:39 devstack devstack@c-api.service[80220]: INFO cinder.api.v3.volumes [None req-8ae02167-86a4-4612-97b7-4dc6a5ef2c5d tempest-VolumesTransfersTest-513630402 tempest-VolumesTransfersTest-513630402-project-member] Delete volume with id: 9a18830c-045a-439b-8751-28513540be45
Nov 19 07:48:39 devstack devstack@c-api.service[80219]: DEBUG cinder.api.openstack.wsgi [None req-1319ba0a-dff8-4a2d-aebc-c272b751578c tempest-TaggedAttachmentsTest-791427801 tempest-TaggedAttachmentsTest-791427801-project-member] Empty body provided in request {{(pid=80219) get_body /opt/stack/cinder/cinder/api/openstack/wsgi.py:723}}
Nov 19 07:48:39 devstack devstack@c-api.service[80219]: DEBUG cinder.api.openstack.wsgi [None req-1319ba0a-dff8-4a2d-aebc-c272b751578c tempest-TaggedAttachmentsTest-791427801 tempest-TaggedAttachmentsTest-791427801-project-member] Calling method 'show' {{(pid=80219) _process_stack /opt/stack/cinder/cinder/api/openstack/wsgi.py:876}}
Nov 19 07:48:39 devstack devstack@c-api.service[80220]: INFO cinder.api.openstack.wsgi [None req-8ae02167-86a4-4612-97b7-4dc6a5ef2c5d tempest-VolumesTransfersTest-513630402 tempest-VolumesTransfersTest-513630402-project-member] http://192.168.122.133/volume/v3/volumes/9a18830c-045a-439b-8751-28513540be45 returned with HTTP 404
Nov 19 07:48:39 devstack devstack@c-api.service[80220]: [pid: 80220|app: 0|req: 185/386] 192.168.122.133 () {62 vars in 1334 bytes} [Wed Nov 19 07:48:39 2025] DELETE /volume/v3/volumes/9a18830c-045a-439b-8751-28513540be45 => generated 109 bytes in 55 msecs (HTTP/1.1 404) 7 headers in 292 bytes (1 switches on core 0)
Nov 19 07:48:39 devstack devstack@c-api.service[80220]: DEBUG cinder.api.middleware.request_id [None req-7d30b78e-284c-421e-9b6f-f1a1e87a128f None None] RequestId filter calling following filter/app {{(pid=80220) _context_setter /opt/stack/cinder/cinder/api/middleware/request_id.py:62}}
Nov 19 07:48:39 devstack devstack@c-api.service[80219]: /opt/stack/data/venv/lib/python3.10/site-packages/oslo_context/context.py:101: DeprecationWarning: Policy enforcement is depending on the value of is_admin. This key is deprecated. Please update your policy file to use the standard policy values.
Nov 19 07:48:39 devstack devstack@c-api.service[80219]: warnings.warn(
Nov 19 07:48:39 devstack devstack@c-api.service[80220]: INFO cinder.api.openstack.wsgi [None req-7d30b78e-284c-421e-9b6f-f1a1e87a128f tempest-VolumesTransfersTest-513630402 tempest-VolumesTransfersTest-513630402-project-member] POST http://192.168.122.133/volume/v3/volumes
Nov 19 07:48:39 devstack devstack@c-api.service[80220]: DEBUG cinder.api.openstack.wsgi [None req-7d30b78e-284c-421e-9b6f-f1a1e87a128f tempest-VolumesTransfersTest-513630402 tempest-VolumesTransfersTest-513630402-project-member] Action: 'create', calling method: create, body: {"volume": {"size": 1, "name": "tempest-VolumesTransfersTest-Volume-475755478"}} {{(pid=80220) _process_stack /opt/stack/cinder/cinder/api/openstack/wsgi.py:874}}
Nov 19 07:48:39 devstack devstack@c-api.service[80219]: INFO cinder.volume.api [None req-1319ba0a-dff8-4a2d-aebc-c272b751578c tempest-TaggedAttachmentsTest-791427801 tempest-TaggedAttachmentsTest-791427801-project-member] Volume info retrieved successfully.
Nov 19 07:48:39 devstack devstack@c-api.service[80220]: DEBUG cinder.api.v3.volumes [None req-7d30b78e-284c-421e-9b6f-f1a1e87a128f tempest-VolumesTransfersTest-513630402 tempest-VolumesTransfersTest-513630402-project-member] Create volume request body: {'volume': {'size': 1, 'name': 'tempest-VolumesTransfersTest-Volume-475755478'}} {{(pid=80220) create /opt/stack/cinder/cinder/api/v3/volumes.py:368}}
Nov 19 07:48:39 devstack devstack@c-api.service[80220]: INFO cinder.api.v3.volumes [None req-7d30b78e-284c-421e-9b6f-f1a1e87a128f tempest-VolumesTransfersTest-513630402 tempest-VolumesTransfersTest-513630402-project-member] Create volume of 1 GB
Nov 19 07:48:39 devstack devstack@c-api.service[80219]: INFO cinder.api.openstack.wsgi [None req-1319ba0a-dff8-4a2d-aebc-c272b751578c tempest-TaggedAttachmentsTest-791427801 tempest-TaggedAttachmentsTest-791427801-project-member] http://192.168.122.133/volume/v3/volumes/61aa2a94-8b34-488a-a064-d5f391999561 returned with HTTP 200
Nov 19 07:48:39 devstack devstack@c-api.service[80219]: [pid: 80219|app: 0|req: 202/387] 192.168.122.133 () {62 vars in 1331 bytes} [Wed Nov 19 07:48:39 2025] GET /volume/v3/volumes/61aa2a94-8b34-488a-a064-d5f391999561 => generated 1149 bytes in 62 msecs (HTTP/1.1 200) 7 headers in 286 bytes (1 switches on core 0)
Nov 19 07:48:39 devstack devstack@c-api.service[80220]: INFO cinder.volume.api [None req-7d30b78e-284c-421e-9b6f-f1a1e87a128f tempest-VolumesTransfersTest-513630402 tempest-VolumesTransfersTest-513630402-project-member] Availability Zones retrieved successfully.
Nov 19 07:48:39 devstack devstack@c-api.service[80220]: DEBUG cinder.volume.api [None req-7d30b78e-284c-421e-9b6f-f1a1e87a128f tempest-VolumesTransfersTest-513630402 tempest-VolumesTransfersTest-513630402-project-member] Flow 'volume_create_api' (c894d3e8-df37-4296-9628-1f0dfe8084b4) transitioned into state 'RUNNING' from state 'PENDING' {{(pid=80220) _flow_receiver /opt/stack/data/venv/lib/python3.10/site-packages/taskflow/listeners/logging.py:145}}
Nov 19 07:48:39 devstack devstack@c-api.service[80220]: DEBUG cinder.volume.api [None req-7d30b78e-284c-421e-9b6f-f1a1e87a128f tempest-VolumesTransfersTest-513630402 tempest-VolumesTransfersTest-513630402-project-member] Task 'cinder.volume.flows.api.create_volume.ExtractVolumeRequestTask;volume:create' (426b8a63-0fa9-4dac-8229-b02ddb7282cd) transitioned into state 'RUNNING' from state 'PENDING' {{(pid=80220) _task_receiver /opt/stack/data/venv/lib/python3.10/site-packages/taskflow/listeners/logging.py:194}}
Nov 19 07:48:39 devstack devstack@c-api.service[80220]: DEBUG cinder.volume.flows.api.create_volume [None req-7d30b78e-284c-421e-9b6f-f1a1e87a128f tempest-VolumesTransfersTest-513630402 tempest-VolumesTransfersTest-513630402-project-member] Validating volume size '1' using validate_int {{(pid=80220) _extract_size /opt/stack/cinder/cinder/volume/flows/api/create_volume.py:226}}
Nov 19 07:48:39 devstack devstack@c-api.service[80220]: DEBUG cinder.volume.api [None req-7d30b78e-284c-421e-9b6f-f1a1e87a128f tempest-VolumesTransfersTest-513630402 tempest-VolumesTransfersTest-513630402-project-member] Task 'cinder.volume.flows.api.create_volume.ExtractVolumeRequestTask;volume:create' (426b8a63-0fa9-4dac-8229-b02ddb7282cd) transitioned into state 'SUCCESS' from state 'RUNNING' with result '{'size': 1, 'snapshot_id': None, 'source_volid': None, 'volume_type': VolumeType(created_at=2025-11-19T06:45:34Z,deleted=False,deleted_at=None,description=None,extra_specs={},id=9e451e2b-2c31-40d7-a5a6-741f864b819b,is_public=True,name='QuobyteHD',projects=[],qos_specs=,qos_specs_id=None,updated_at=None), 'volume_type_id': '9e451e2b-2c31-40d7-a5a6-741f864b819b', 'encryption_key_id': None, 'qos_specs': None, 'consistencygroup_id': None, 'cgsnapshot_id': None, 'group_id': None, 'replication_status': 'disabled', 'refresh_az': False, 'backup_id': None, 'multiattach': False, 'availability_zones': ['nova']}' {{(pid=80220) _task_receiver /opt/stack/data/venv/lib/python3.10/site-packages/taskflow/listeners/logging.py:182}}
Nov 19 07:48:39 devstack devstack@c-api.service[80220]: DEBUG cinder.volume.api [None req-7d30b78e-284c-421e-9b6f-f1a1e87a128f tempest-VolumesTransfersTest-513630402 tempest-VolumesTransfersTest-513630402-project-member] Task 'cinder.volume.flows.api.create_volume.QuotaReserveTask;volume:create' (878a0c54-3599-4889-895e-3a33efe28877) transitioned into state 'RUNNING' from state 'PENDING' {{(pid=80220) _task_receiver /opt/stack/data/venv/lib/python3.10/site-packages/taskflow/listeners/logging.py:194}}
Nov 19 07:48:39 devstack devstack@c-api.service[80220]: DEBUG cinder.quota [None req-7d30b78e-284c-421e-9b6f-f1a1e87a128f tempest-VolumesTransfersTest-513630402 tempest-VolumesTransfersTest-513630402-project-member] Created reservations ['753f9b95-e180-4b87-b3c4-7770b3f3849d', '88ee2eda-1647-4ad5-befe-d95e47f3fec4', 'c9ce6469-586c-495f-83d4-1f1ce6886226', '2ea4b765-7406-4424-98ca-ae293cb2e5e5'] {{(pid=80220) reserve /opt/stack/cinder/cinder/quota.py:752}}
Nov 19 07:48:39 devstack devstack@c-api.service[80220]: DEBUG cinder.volume.api [None req-7d30b78e-284c-421e-9b6f-f1a1e87a128f tempest-VolumesTransfersTest-513630402 tempest-VolumesTransfersTest-513630402-project-member] Task 'cinder.volume.flows.api.create_volume.QuotaReserveTask;volume:create' (878a0c54-3599-4889-895e-3a33efe28877) transitioned into state 'SUCCESS' from state 'RUNNING' with result '{'reservations': ['753f9b95-e180-4b87-b3c4-7770b3f3849d', '88ee2eda-1647-4ad5-befe-d95e47f3fec4', 'c9ce6469-586c-495f-83d4-1f1ce6886226', '2ea4b765-7406-4424-98ca-ae293cb2e5e5']}' {{(pid=80220) _task_receiver /opt/stack/data/venv/lib/python3.10/site-packages/taskflow/listeners/logging.py:182}}
Nov 19 07:48:39 devstack devstack@c-api.service[80220]: DEBUG cinder.volume.api [None req-7d30b78e-284c-421e-9b6f-f1a1e87a128f tempest-VolumesTransfersTest-513630402 tempest-VolumesTransfersTest-513630402-project-member] Task 'cinder.volume.flows.api.create_volume.EntryCreateTask;volume:create' (ecbf2269-8cf7-46a0-80ae-c452e8d4f274) transitioned into state 'RUNNING' from state 'PENDING' {{(pid=80220) _task_receiver /opt/stack/data/venv/lib/python3.10/site-packages/taskflow/listeners/logging.py:194}}
Nov 19 07:48:39 devstack devstack@c-api.service[80220]: DEBUG cinder.volume.api [None req-7d30b78e-284c-421e-9b6f-f1a1e87a128f tempest-VolumesTransfersTest-513630402 tempest-VolumesTransfersTest-513630402-project-member] Task 'cinder.volume.flows.api.create_volume.EntryCreateTask;volume:create' (ecbf2269-8cf7-46a0-80ae-c452e8d4f274) transitioned into state 'SUCCESS' from state 'RUNNING' with result '{'volume_id': 'dbf15508-1b1a-4b29-b697-71ae85acb408', 'volume_properties': VolumeProperties(attach_status='detached',availability_zone='nova',cgsnapshot_id=None,consistencygroup_id=None,display_description=None,display_name='tempest-VolumesTransfersTest-Volume-475755478',encryption_key_id=None,group_id=None,group_type_id=,metadata={},multiattach=False,project_id='ecaf6c08a93b486e826d18adbf546268',qos_specs=None,replication_status=,reservations=['753f9b95-e180-4b87-b3c4-7770b3f3849d','88ee2eda-1647-4ad5-befe-d95e47f3fec4','c9ce6469-586c-495f-83d4-1f1ce6886226','2ea4b765-7406-4424-98ca-ae293cb2e5e5'],size=1,snapshot_id=None,source_replicaid=,source_volid=None,status='creating',user_id='2ed65b1494d44a8b8448070304c7b44c',volume_type_id=9e451e2b-2c31-40d7-a5a6-741f864b819b), 'volume': Volume(_name_id=None,admin_metadata=,attach_status='detached',availability_zone='nova',bootable=False,cluster=,cluster_name=None,consistencygroup=,consistencygroup_id=None,created_at=2025-11-19T06:48:39Z,deleted=False,deleted_at=None,display_description=None,display_name='tempest-VolumesTransfersTest-Volume-475755478',ec2_id=None,encryption_key_id=None,glance_metadata=,group=,group_id=None,host=None,id=dbf15508-1b1a-4b29-b697-71ae85acb408,launched_at=None,metadata={},migration_status=None,multiattach=False,previous_status=None,project_id='ecaf6c08a93b486e826d18adbf546268',provider_auth=None,provider_geometry=None,provider_id=None,provider_location=None,replication_driver_data=None,replication_extended_status=None,replication_status=None,scheduled_at=None,service_uuid=None,shared_targets=True,size=1,snapshot_id=None,snapshots=,source_volid=None,status='creating',terminated_at=None,updated_at=None,use_quota=True,user_id='2ed65b1494d44a8b8448070304c7b44c',volume_attachment=VolumeAttachmentList,volume_type=VolumeType(9e451e2b-2c31-40d7-a5a6-741f864b819b),volume_type_id=9e451e2b-2c31-40d7-a5a6-741f864b819b)}' {{(pid=80220) _task_receiver /opt/stack/data/venv/lib/python3.10/site-packages/taskflow/listeners/logging.py:182}}
Nov 19 07:48:39 devstack devstack@c-api.service[80220]: DEBUG cinder.volume.api [None req-7d30b78e-284c-421e-9b6f-f1a1e87a128f tempest-VolumesTransfersTest-513630402 tempest-VolumesTransfersTest-513630402-project-member] Task 'cinder.volume.flows.api.create_volume.QuotaCommitTask;volume:create' (3ff32dd8-31ca-43d7-a36e-2b922bb34aed) transitioned into state 'RUNNING' from state 'PENDING' {{(pid=80220) _task_receiver /opt/stack/data/venv/lib/python3.10/site-packages/taskflow/listeners/logging.py:194}}
Nov 19 07:48:39 devstack devstack@c-api.service[80220]: DEBUG cinder.volume.api [None req-7d30b78e-284c-421e-9b6f-f1a1e87a128f tempest-VolumesTransfersTest-513630402 tempest-VolumesTransfersTest-513630402-project-member] Task 'cinder.volume.flows.api.create_volume.QuotaCommitTask;volume:create' (3ff32dd8-31ca-43d7-a36e-2b922bb34aed) transitioned into state 'SUCCESS' from state 'RUNNING' with result '{'volume_properties': VolumeProperties(attach_status='detached',availability_zone='nova',cgsnapshot_id=None,consistencygroup_id=None,display_description=None,display_name='tempest-VolumesTransfersTest-Volume-475755478',encryption_key_id=None,group_id=None,group_type_id=,metadata={},multiattach=False,project_id='ecaf6c08a93b486e826d18adbf546268',qos_specs=None,replication_status=,reservations=['753f9b95-e180-4b87-b3c4-7770b3f3849d','88ee2eda-1647-4ad5-befe-d95e47f3fec4','c9ce6469-586c-495f-83d4-1f1ce6886226','2ea4b765-7406-4424-98ca-ae293cb2e5e5'],size=1,snapshot_id=None,source_replicaid=,source_volid=None,status='creating',user_id='2ed65b1494d44a8b8448070304c7b44c',volume_type_id=9e451e2b-2c31-40d7-a5a6-741f864b819b)}' {{(pid=80220) _task_receiver /opt/stack/data/venv/lib/python3.10/site-packages/taskflow/listeners/logging.py:182}}
Nov 19 07:48:39 devstack devstack@c-api.service[80220]: DEBUG cinder.volume.api [None req-7d30b78e-284c-421e-9b6f-f1a1e87a128f tempest-VolumesTransfersTest-513630402 tempest-VolumesTransfersTest-513630402-project-member] Task 'cinder.volume.flows.api.create_volume.VolumeCastTask;volume:create' (943bfa02-5ffa-4eaf-a737-c9b48e25bd44) transitioned into state 'RUNNING' from state 'PENDING' {{(pid=80220) _task_receiver /opt/stack/data/venv/lib/python3.10/site-packages/taskflow/listeners/logging.py:194}}
Nov 19 07:48:39 devstack devstack@c-api.service[80220]: DEBUG cinder.volume.api [None req-7d30b78e-284c-421e-9b6f-f1a1e87a128f tempest-VolumesTransfersTest-513630402 tempest-VolumesTransfersTest-513630402-project-member] Task 'cinder.volume.flows.api.create_volume.VolumeCastTask;volume:create' (943bfa02-5ffa-4eaf-a737-c9b48e25bd44) transitioned into state 'SUCCESS' from state 'RUNNING' with result 'None' {{(pid=80220) _task_receiver /opt/stack/data/venv/lib/python3.10/site-packages/taskflow/listeners/logging.py:182}}
Nov 19 07:48:39 devstack devstack@c-api.service[80220]: DEBUG cinder.volume.api [None req-7d30b78e-284c-421e-9b6f-f1a1e87a128f tempest-VolumesTransfersTest-513630402 tempest-VolumesTransfersTest-513630402-project-member] Flow 'volume_create_api' (c894d3e8-df37-4296-9628-1f0dfe8084b4) transitioned into state 'SUCCESS' from state 'RUNNING' {{(pid=80220) _flow_receiver /opt/stack/data/venv/lib/python3.10/site-packages/taskflow/listeners/logging.py:145}}
Nov 19 07:48:39 devstack devstack@c-api.service[80220]: INFO cinder.volume.api [None req-7d30b78e-284c-421e-9b6f-f1a1e87a128f tempest-VolumesTransfersTest-513630402 tempest-VolumesTransfersTest-513630402-project-member] Create volume request issued successfully.
Nov 19 07:48:39 devstack devstack@c-api.service[80220]: INFO cinder.api.openstack.wsgi [None req-7d30b78e-284c-421e-9b6f-f1a1e87a128f tempest-VolumesTransfersTest-513630402 tempest-VolumesTransfersTest-513630402-project-member] http://192.168.122.133/volume/v3/volumes returned with HTTP 202
Nov 19 07:48:39 devstack devstack@c-api.service[80220]: [pid: 80220|app: 0|req: 186/388] 192.168.122.133 () {64 vars in 1241 bytes} [Wed Nov 19 07:48:39 2025] POST /volume/v3/volumes => generated 759 bytes in 212 msecs (HTTP/1.1 202) 7 headers in 291 bytes (1 switches on core 0)
Nov 19 07:48:39 devstack devstack@c-api.service[80219]: DEBUG cinder.api.middleware.request_id [None req-eba0a27f-f490-4b75-8556-bddf399ff170 None None] RequestId filter calling following filter/app {{(pid=80219) _context_setter /opt/stack/cinder/cinder/api/middleware/request_id.py:62}}
Nov 19 07:48:39 devstack devstack@c-api.service[80219]: INFO cinder.api.openstack.wsgi [None req-eba0a27f-f490-4b75-8556-bddf399ff170 tempest-VolumesTransfersTest-513630402 tempest-VolumesTransfersTest-513630402-project-member] GET http://192.168.122.133/volume/v3/volumes/dbf15508-1b1a-4b29-b697-71ae85acb408
Nov 19 07:48:39 devstack devstack@c-api.service[80219]: DEBUG cinder.api.openstack.wsgi [None req-eba0a27f-f490-4b75-8556-bddf399ff170 tempest-VolumesTransfersTest-513630402 tempest-VolumesTransfersTest-513630402-project-member] Empty body provided in request {{(pid=80219) get_body /opt/stack/cinder/cinder/api/openstack/wsgi.py:723}}
Nov 19 07:48:39 devstack devstack@c-api.service[80219]: DEBUG cinder.api.openstack.wsgi [None req-eba0a27f-f490-4b75-8556-bddf399ff170 tempest-VolumesTransfersTest-513630402 tempest-VolumesTransfersTest-513630402-project-member] Calling method 'show' {{(pid=80219) _process_stack /opt/stack/cinder/cinder/api/openstack/wsgi.py:876}}
Nov 19 07:48:39 devstack devstack@c-api.service[80219]: /opt/stack/data/venv/lib/python3.10/site-packages/oslo_context/context.py:101: DeprecationWarning: Policy enforcement is depending on the value of is_admin. This key is deprecated. Please update your policy file to use the standard policy values.
Nov 19 07:48:39 devstack devstack@c-api.service[80219]: warnings.warn(
Nov 19 07:48:39 devstack devstack@c-api.service[80219]: INFO cinder.volume.api [None req-eba0a27f-f490-4b75-8556-bddf399ff170 tempest-VolumesTransfersTest-513630402 tempest-VolumesTransfersTest-513630402-project-member] Volume info retrieved successfully.
Nov 19 07:48:39 devstack devstack@c-api.service[80219]: INFO cinder.api.openstack.wsgi [None req-eba0a27f-f490-4b75-8556-bddf399ff170 tempest-VolumesTransfersTest-513630402 tempest-VolumesTransfersTest-513630402-project-member] http://192.168.122.133/volume/v3/volumes/dbf15508-1b1a-4b29-b697-71ae85acb408 returned with HTTP 200
Nov 19 07:48:39 devstack devstack@c-api.service[80219]: [pid: 80219|app: 0|req: 203/389] 192.168.122.133 () {62 vars in 1331 bytes} [Wed Nov 19 07:48:39 2025] GET /volume/v3/volumes/dbf15508-1b1a-4b29-b697-71ae85acb408 => generated 827 bytes in 40 msecs (HTTP/1.1 200) 7 headers in 285 bytes (1 switches on core 0)
Nov 19 07:48:39 devstack devstack@c-api.service[80220]: DEBUG cinder.api.middleware.request_id [None req-c0f04cbe-018c-4700-ac1b-3f74db1f9aea None None] RequestId filter calling following filter/app {{(pid=80220) _context_setter /opt/stack/cinder/cinder/api/middleware/request_id.py:62}}
Nov 19 07:48:39 devstack devstack@c-api.service[80220]: INFO cinder.api.openstack.wsgi [None req-c0f04cbe-018c-4700-ac1b-3f74db1f9aea tempest-VolumesAssistedSnapshotsTest-375712900 tempest-VolumesAssistedSnapshotsTest-375712900-project-admin] GET http://192.168.122.133/volume/v3/volumes/8c98254a-809c-4429-bc15-f12e4639de14
Nov 19 07:48:39 devstack devstack@c-api.service[80220]: DEBUG cinder.api.openstack.wsgi [None req-c0f04cbe-018c-4700-ac1b-3f74db1f9aea tempest-VolumesAssistedSnapshotsTest-375712900 tempest-VolumesAssistedSnapshotsTest-375712900-project-admin] Empty body provided in request {{(pid=80220) get_body /opt/stack/cinder/cinder/api/openstack/wsgi.py:723}}
Nov 19 07:48:39 devstack devstack@c-api.service[80220]: DEBUG cinder.api.openstack.wsgi [None req-c0f04cbe-018c-4700-ac1b-3f74db1f9aea tempest-VolumesAssistedSnapshotsTest-375712900 tempest-VolumesAssistedSnapshotsTest-375712900-project-admin] Calling method 'show' {{(pid=80220) _process_stack /opt/stack/cinder/cinder/api/openstack/wsgi.py:876}}
Nov 19 07:48:39 devstack devstack@c-api.service[80220]: /opt/stack/data/venv/lib/python3.10/site-packages/oslo_context/context.py:101: DeprecationWarning: Policy enforcement is depending on the value of is_admin. This key is deprecated. Please update your policy file to use the standard policy values.
Nov 19 07:48:39 devstack devstack@c-api.service[80220]: warnings.warn(
Nov 19 07:48:39 devstack devstack@c-api.service[80220]: INFO cinder.volume.api [None req-c0f04cbe-018c-4700-ac1b-3f74db1f9aea tempest-VolumesAssistedSnapshotsTest-375712900 tempest-VolumesAssistedSnapshotsTest-375712900-project-admin] Volume info retrieved successfully.
Nov 19 07:48:39 devstack devstack@c-api.service[80220]: INFO cinder.api.openstack.wsgi [None req-c0f04cbe-018c-4700-ac1b-3f74db1f9aea tempest-VolumesAssistedSnapshotsTest-375712900 tempest-VolumesAssistedSnapshotsTest-375712900-project-admin] http://192.168.122.133/volume/v3/volumes/8c98254a-809c-4429-bc15-f12e4639de14 returned with HTTP 200
Nov 19 07:48:39 devstack devstack@c-api.service[80220]: [pid: 80220|app: 0|req: 187/390] 192.168.122.133 () {62 vars in 1331 bytes} [Wed Nov 19 07:48:39 2025] GET /volume/v3/volumes/8c98254a-809c-4429-bc15-f12e4639de14 => generated 1022 bytes in 44 msecs (HTTP/1.1 200) 7 headers in 286 bytes (1 switches on core 0)
Nov 19 07:48:40 devstack devstack@c-api.service[80219]: DEBUG cinder.api.middleware.request_id [None req-d9014400-952c-4eae-9333-488557a47b5b None None] RequestId filter calling following filter/app {{(pid=80219) _context_setter /opt/stack/cinder/cinder/api/middleware/request_id.py:62}}
Nov 19 07:48:40 devstack devstack@c-api.service[80219]: INFO cinder.api.openstack.wsgi [None req-d9014400-952c-4eae-9333-488557a47b5b None None] GET http://192.168.122.133/volume//
Nov 19 07:48:40 devstack devstack@c-api.service[80219]: DEBUG cinder.api.openstack.wsgi [None req-d9014400-952c-4eae-9333-488557a47b5b None None] Empty body provided in request {{(pid=80219) get_body /opt/stack/cinder/cinder/api/openstack/wsgi.py:723}}
Nov 19 07:48:40 devstack devstack@c-api.service[80219]: DEBUG cinder.api.openstack.wsgi [None req-d9014400-952c-4eae-9333-488557a47b5b None None] Calling method 'all' {{(pid=80219) _process_stack /opt/stack/cinder/cinder/api/openstack/wsgi.py:876}}
Nov 19 07:48:40 devstack devstack@c-api.service[80219]: INFO cinder.api.openstack.wsgi [None req-d9014400-952c-4eae-9333-488557a47b5b None None] http://192.168.122.133/volume// returned with HTTP 300
Nov 19 07:48:40 devstack devstack@c-api.service[80219]: [pid: 80219|app: 0|req: 204/391] 192.168.122.133 () {62 vars in 1413 bytes} [Wed Nov 19 07:48:40 2025] GET /volume/ => generated 390 bytes in 4 msecs (HTTP/1.1 300) 7 headers in 299 bytes (1 switches on core 0)
Nov 19 07:48:40 devstack devstack@c-api.service[80220]: DEBUG cinder.api.middleware.request_id [req-5c928471-8b4b-4b73-85f2-a432622d8546 req-786d1f84-844d-42ad-b433-239498736b1f None None] RequestId filter calling following filter/app {{(pid=80220) _context_setter /opt/stack/cinder/cinder/api/middleware/request_id.py:62}}
Nov 19 07:48:40 devstack devstack@c-api.service[80220]: INFO cinder.api.openstack.wsgi [req-5c928471-8b4b-4b73-85f2-a432622d8546 req-786d1f84-844d-42ad-b433-239498736b1f tempest-TaggedAttachmentsTest-791427801 tempest-TaggedAttachmentsTest-791427801-project-member] GET http://192.168.122.133/volume/v3/volumes/61aa2a94-8b34-488a-a064-d5f391999561
Nov 19 07:48:40 devstack devstack@c-api.service[80220]: DEBUG cinder.api.openstack.wsgi [req-5c928471-8b4b-4b73-85f2-a432622d8546 req-786d1f84-844d-42ad-b433-239498736b1f tempest-TaggedAttachmentsTest-791427801 tempest-TaggedAttachmentsTest-791427801-project-member] Empty body provided in request {{(pid=80220) get_body /opt/stack/cinder/cinder/api/openstack/wsgi.py:723}}
Nov 19 07:48:40 devstack devstack@c-api.service[80220]: DEBUG cinder.api.openstack.wsgi [req-5c928471-8b4b-4b73-85f2-a432622d8546 req-786d1f84-844d-42ad-b433-239498736b1f tempest-TaggedAttachmentsTest-791427801 tempest-TaggedAttachmentsTest-791427801-project-member] Calling method 'show' {{(pid=80220) _process_stack /opt/stack/cinder/cinder/api/openstack/wsgi.py:876}}
Nov 19 07:48:40 devstack devstack@c-api.service[80220]: /opt/stack/data/venv/lib/python3.10/site-packages/oslo_context/context.py:101: DeprecationWarning: Policy enforcement is depending on the value of is_admin. This key is deprecated. Please update your policy file to use the standard policy values.
Nov 19 07:48:40 devstack devstack@c-api.service[80220]: warnings.warn(
Nov 19 07:48:40 devstack devstack@c-api.service[80220]: INFO cinder.volume.api [req-5c928471-8b4b-4b73-85f2-a432622d8546 req-786d1f84-844d-42ad-b433-239498736b1f tempest-TaggedAttachmentsTest-791427801 tempest-TaggedAttachmentsTest-791427801-project-member] Volume info retrieved successfully.
Nov 19 07:48:40 devstack devstack@c-api.service[80220]: INFO cinder.api.openstack.wsgi [req-5c928471-8b4b-4b73-85f2-a432622d8546 req-786d1f84-844d-42ad-b433-239498736b1f tempest-TaggedAttachmentsTest-791427801 tempest-TaggedAttachmentsTest-791427801-project-member] http://192.168.122.133/volume/v3/volumes/61aa2a94-8b34-488a-a064-d5f391999561 returned with HTTP 200
Nov 19 07:48:40 devstack devstack@c-api.service[80220]: [pid: 80220|app: 0|req: 188/392] 192.168.122.133 () {66 vars in 1625 bytes} [Wed Nov 19 07:48:40 2025] GET /volume/v3/volumes/61aa2a94-8b34-488a-a064-d5f391999561 => generated 1330 bytes in 47 msecs (HTTP/1.1 200) 7 headers in 287 bytes (1 switches on core 0)
Nov 19 07:48:40 devstack devstack@c-api.service[80219]: DEBUG cinder.api.middleware.request_id [None req-b4bc6f49-e23b-4e40-b728-2d2582d7ee54 None None] RequestId filter calling following filter/app {{(pid=80219) _context_setter /opt/stack/cinder/cinder/api/middleware/request_id.py:62}}
Nov 19 07:48:40 devstack devstack@c-api.service[80219]: INFO cinder.api.openstack.wsgi [None req-b4bc6f49-e23b-4e40-b728-2d2582d7ee54 tempest-TaggedAttachmentsTest-791427801 tempest-TaggedAttachmentsTest-791427801-project-member] GET http://192.168.122.133/volume/v3/volumes/61aa2a94-8b34-488a-a064-d5f391999561
Nov 19 07:48:40 devstack devstack@c-api.service[80219]: DEBUG cinder.api.openstack.wsgi [None req-b4bc6f49-e23b-4e40-b728-2d2582d7ee54 tempest-TaggedAttachmentsTest-791427801 tempest-TaggedAttachmentsTest-791427801-project-member] Empty body provided in request {{(pid=80219) get_body /opt/stack/cinder/cinder/api/openstack/wsgi.py:723}}
Nov 19 07:48:40 devstack devstack@c-api.service[80219]: DEBUG cinder.api.openstack.wsgi [None req-b4bc6f49-e23b-4e40-b728-2d2582d7ee54 tempest-TaggedAttachmentsTest-791427801 tempest-TaggedAttachmentsTest-791427801-project-member] Calling method 'show' {{(pid=80219) _process_stack /opt/stack/cinder/cinder/api/openstack/wsgi.py:876}}
Nov 19 07:48:40 devstack devstack@c-api.service[80219]: /opt/stack/data/venv/lib/python3.10/site-packages/oslo_context/context.py:101: DeprecationWarning: Policy enforcement is depending on the value of is_admin. This key is deprecated. Please update your policy file to use the standard policy values.
Nov 19 07:48:40 devstack devstack@c-api.service[80219]: warnings.warn(
Nov 19 07:48:40 devstack devstack@c-api.service[80219]: INFO cinder.volume.api [None req-b4bc6f49-e23b-4e40-b728-2d2582d7ee54 tempest-TaggedAttachmentsTest-791427801 tempest-TaggedAttachmentsTest-791427801-project-member] Volume info retrieved successfully.
Nov 19 07:48:40 devstack devstack@c-api.service[80219]: INFO cinder.api.openstack.wsgi [None req-b4bc6f49-e23b-4e40-b728-2d2582d7ee54 tempest-TaggedAttachmentsTest-791427801 tempest-TaggedAttachmentsTest-791427801-project-member] http://192.168.122.133/volume/v3/volumes/61aa2a94-8b34-488a-a064-d5f391999561 returned with HTTP 200
Nov 19 07:48:40 devstack devstack@c-api.service[80219]: [pid: 80219|app: 0|req: 205/393] 192.168.122.133 () {62 vars in 1331 bytes} [Wed Nov 19 07:48:40 2025] GET /volume/v3/volumes/61aa2a94-8b34-488a-a064-d5f391999561 => generated 1149 bytes in 47 msecs (HTTP/1.1 200) 7 headers in 286 bytes (1 switches on core 0)
Nov 19 07:48:40 devstack devstack@c-api.service[80220]: DEBUG cinder.api.middleware.request_id [None req-c06c2012-25cf-4d8c-aa41-c409450c971d None None] RequestId filter calling following filter/app {{(pid=80220) _context_setter /opt/stack/cinder/cinder/api/middleware/request_id.py:62}}
Nov 19 07:48:40 devstack devstack@c-api.service[80220]: INFO cinder.api.openstack.wsgi [None req-c06c2012-25cf-4d8c-aa41-c409450c971d tempest-VolumesTransfersTest-513630402 tempest-VolumesTransfersTest-513630402-project-member] GET http://192.168.122.133/volume/v3/volumes/dbf15508-1b1a-4b29-b697-71ae85acb408
Nov 19 07:48:40 devstack devstack@c-api.service[80220]: DEBUG cinder.api.openstack.wsgi [None req-c06c2012-25cf-4d8c-aa41-c409450c971d tempest-VolumesTransfersTest-513630402 tempest-VolumesTransfersTest-513630402-project-member] Empty body provided in request {{(pid=80220) get_body /opt/stack/cinder/cinder/api/openstack/wsgi.py:723}}
Nov 19 07:48:40 devstack devstack@c-api.service[80220]: DEBUG cinder.api.openstack.wsgi [None req-c06c2012-25cf-4d8c-aa41-c409450c971d tempest-VolumesTransfersTest-513630402 tempest-VolumesTransfersTest-513630402-project-member] Calling method 'show' {{(pid=80220) _process_stack /opt/stack/cinder/cinder/api/openstack/wsgi.py:876}}
Nov 19 07:48:40 devstack devstack@c-api.service[80220]: /opt/stack/data/venv/lib/python3.10/site-packages/oslo_context/context.py:101: DeprecationWarning: Policy enforcement is depending on the value of is_admin. This key is deprecated. Please update your policy file to use the standard policy values.
Nov 19 07:48:40 devstack devstack@c-api.service[80220]: warnings.warn(
Nov 19 07:48:40 devstack devstack@c-api.service[80220]: INFO cinder.volume.api [None req-c06c2012-25cf-4d8c-aa41-c409450c971d tempest-VolumesTransfersTest-513630402 tempest-VolumesTransfersTest-513630402-project-member] Volume info retrieved successfully.
Nov 19 07:48:40 devstack devstack@c-api.service[80220]: INFO cinder.api.openstack.wsgi [None req-c06c2012-25cf-4d8c-aa41-c409450c971d tempest-VolumesTransfersTest-513630402 tempest-VolumesTransfersTest-513630402-project-member] http://192.168.122.133/volume/v3/volumes/dbf15508-1b1a-4b29-b697-71ae85acb408 returned with HTTP 200
Nov 19 07:48:40 devstack devstack@c-api.service[80220]: [pid: 80220|app: 0|req: 189/394] 192.168.122.133 () {62 vars in 1331 bytes} [Wed Nov 19 07:48:40 2025] GET /volume/v3/volumes/dbf15508-1b1a-4b29-b697-71ae85acb408 => generated 851 bytes in 86 msecs (HTTP/1.1 200) 7 headers in 285 bytes (1 switches on core 0)
Nov 19 07:48:40 devstack devstack@c-api.service[80219]: DEBUG cinder.api.middleware.request_id [None req-4fd24517-e419-4541-ab91-b855a98fa02a None None] RequestId filter calling following filter/app {{(pid=80219) _context_setter /opt/stack/cinder/cinder/api/middleware/request_id.py:62}}
Nov 19 07:48:40 devstack devstack@c-api.service[80219]: INFO cinder.api.openstack.wsgi [None req-4fd24517-e419-4541-ab91-b855a98fa02a tempest-VolumesAssistedSnapshotsTest-375712900 tempest-VolumesAssistedSnapshotsTest-375712900-project-admin] GET http://192.168.122.133/volume/v3/volumes/8c98254a-809c-4429-bc15-f12e4639de14
Nov 19 07:48:40 devstack devstack@c-api.service[80219]: DEBUG cinder.api.openstack.wsgi [None req-4fd24517-e419-4541-ab91-b855a98fa02a tempest-VolumesAssistedSnapshotsTest-375712900 tempest-VolumesAssistedSnapshotsTest-375712900-project-admin] Empty body provided in request {{(pid=80219) get_body /opt/stack/cinder/cinder/api/openstack/wsgi.py:723}}
Nov 19 07:48:40 devstack devstack@c-api.service[80219]: DEBUG cinder.api.openstack.wsgi [None req-4fd24517-e419-4541-ab91-b855a98fa02a tempest-VolumesAssistedSnapshotsTest-375712900 tempest-VolumesAssistedSnapshotsTest-375712900-project-admin] Calling method 'show' {{(pid=80219) _process_stack /opt/stack/cinder/cinder/api/openstack/wsgi.py:876}}
Nov 19 07:48:40 devstack devstack@c-api.service[80219]: INFO cinder.api.openstack.wsgi [None req-4fd24517-e419-4541-ab91-b855a98fa02a tempest-VolumesAssistedSnapshotsTest-375712900 tempest-VolumesAssistedSnapshotsTest-375712900-project-admin] http://192.168.122.133/volume/v3/volumes/8c98254a-809c-4429-bc15-f12e4639de14 returned with HTTP 404
Nov 19 07:48:40 devstack devstack@c-api.service[80219]: [pid: 80219|app: 0|req: 206/395] 192.168.122.133 () {62 vars in 1331 bytes} [Wed Nov 19 07:48:40 2025] GET /volume/v3/volumes/8c98254a-809c-4429-bc15-f12e4639de14 => generated 109 bytes in 20 msecs (HTTP/1.1 404) 7 headers in 292 bytes (1 switches on core 0)
Nov 19 07:48:41 devstack devstack@c-api.service[80220]: DEBUG cinder.api.middleware.request_id [req-5c928471-8b4b-4b73-85f2-a432622d8546 req-39f5ad19-69c0-4927-8f76-9585622c99cb None None] RequestId filter calling following filter/app {{(pid=80220) _context_setter /opt/stack/cinder/cinder/api/middleware/request_id.py:62}}
Nov 19 07:48:41 devstack devstack@c-api.service[80220]: INFO cinder.api.openstack.wsgi [req-5c928471-8b4b-4b73-85f2-a432622d8546 req-39f5ad19-69c0-4927-8f76-9585622c99cb tempest-TaggedAttachmentsTest-791427801 tempest-TaggedAttachmentsTest-791427801-project-member] DELETE http://192.168.122.133/volume/v3/attachments/1863dcb0-9ca8-47c7-9692-37dfbe8c32d3
Nov 19 07:48:41 devstack devstack@c-api.service[80220]: DEBUG cinder.api.openstack.wsgi [req-5c928471-8b4b-4b73-85f2-a432622d8546 req-39f5ad19-69c0-4927-8f76-9585622c99cb tempest-TaggedAttachmentsTest-791427801 tempest-TaggedAttachmentsTest-791427801-project-member] Empty body provided in request {{(pid=80220) get_body /opt/stack/cinder/cinder/api/openstack/wsgi.py:723}}
Nov 19 07:48:41 devstack devstack@c-api.service[80220]: DEBUG cinder.api.openstack.wsgi [req-5c928471-8b4b-4b73-85f2-a432622d8546 req-39f5ad19-69c0-4927-8f76-9585622c99cb tempest-TaggedAttachmentsTest-791427801 tempest-TaggedAttachmentsTest-791427801-project-member] Calling method 'version_select' {{(pid=80220) _process_stack /opt/stack/cinder/cinder/api/openstack/wsgi.py:876}}
