Jan 02 11:04:05 devstack devstack@keystone.service[40619]: ERROR keystone.server.flask.application with excutils.save_and_reraise_exception():
Jan 02 11:04:05 devstack devstack@keystone.service[40619]: ERROR keystone.server.flask.application
File "/opt/stack/data/venv/lib/python3.10/site-packages/oslo_utils/excutils.py", line 256, in __exit__
Jan 02 11:04:05 devstack devstack@keystone.service[40619]: ERROR keystone.server.flask.application self.force_reraise()
Jan 02 11:04:05 devstack devstack@keystone.service[40619]: ERROR keystone.server.flask.application
File "/opt/stack/data/venv/lib/python3.10/site-packages/oslo_utils/excutils.py", line 222, in force_reraise
Jan 02 11:04:05 devstack devstack@keystone.service[40619]: ERROR keystone.server.flask.application raise self.value
Jan 02 11:04:05 devstack devstack@keystone.service[40619]: ERROR keystone.server.flask.application
File "/opt/stack/data/venv/lib/python3.10/site-packages/oslo_db/sqlalchemy/enginefacade.py", line 848, in _session
Jan 02 11:04:05 devstack devstack@keystone.service[40619]: ERROR keystone.server.flask.application self._end_session_transaction(self.session)
Jan 02 11:04:05 devstack devstack@keystone.service[40619]: ERROR keystone.server.flask.application
File "/opt/stack/data/venv/lib/python3.10/site-packages/oslo_db/sqlalchemy/enginefacade.py", line 761, in _end_session_transaction
Jan 02 11:04:05 devstack devstack@keystone.service[40619]: ERROR keystone.server.flask.application session.commit()
Jan 02 11:04:05 devstack devstack@keystone.service[40619]: ERROR keystone.server.flask.application
File "/opt/stack/data/venv/lib/python3.10/site-packages/sqlalchemy/orm/session.py", line 2030, in commit
Jan 02 11:04:05 devstack devstack@keystone.service[40619]: ERROR keystone.server.flask.application trans.commit(_to_root=True)
Jan 02 11:04:05 devstack devstack@keystone.service[40619]: ERROR keystone.server.flask.application File "", line 2, in commit
Jan 02 11:04:05 devstack devstack@keystone.service[40619]: ERROR keystone.server.flask.application
File "/opt/stack/data/venv/lib/python3.10/site-packages/sqlalchemy/orm/state_changes.py", line 137, in _go
Jan 02 11:04:05 devstack devstack@keystone.service[40619]: ERROR keystone.server.flask.application ret_value = fn(self, *arg, **kw)
Jan 02 11:04:05 devstack devstack@keystone.service[40619]: ERROR keystone.server.flask.application
File "/opt/stack/data/venv/lib/python3.10/site-packages/sqlalchemy/orm/session.py", line 1311, in commit
Jan 02 11:04:05 devstack devstack@keystone.service[40619]: ERROR keystone.server.flask.application self._prepare_impl()
Jan 02 11:04:05 devstack devstack@keystone.service[40619]: ERROR keystone.server.flask.application File "", line 2, in _prepare_impl
Jan 02 11:04:05 devstack devstack@keystone.service[40619]: ERROR keystone.server.flask.application
File "/opt/stack/data/venv/lib/python3.10/site-packages/sqlalchemy/orm/state_changes.py", line 137, in _go
Jan 02 11:04:05 devstack devstack@keystone.service[40619]: ERROR keystone.server.flask.application ret_value = fn(self, *arg, **kw)
Jan 02 11:04:05 devstack devstack@keystone.service[40619]: ERROR keystone.server.flask.application
File "/opt/stack/data/venv/lib/python3.10/site-packages/sqlalchemy/orm/session.py", line 1286, in _prepare_impl
Jan 02 11:04:05 devstack devstack@keystone.service[40619]: ERROR keystone.server.flask.application self.session.flush()
Jan 02 11:04:05 devstack devstack@keystone.service[40619]: ERROR keystone.server.flask.application
File "/opt/stack/data/venv/lib/python3.10/site-packages/sqlalchemy/orm/session.py", line 4331, in flush
Jan 02 11:04:05 devstack devstack@keystone.service[40619]: ERROR keystone.server.flask.application self._flush(objects)
Jan 02 11:04:05 devstack devstack@keystone.service[40619]: ERROR keystone.server.flask.application
File "/opt/stack/data/venv/lib/python3.10/site-packages/sqlalchemy/orm/session.py", line 4466, in _flush
Jan 02 11:04:05 devstack devstack@keystone.service[40619]: ERROR keystone.server.flask.application with util.safe_reraise():
Jan 02 11:04:05 devstack devstack@keystone.service[40619]: ERROR keystone.server.flask.application
File "/opt/stack/data/venv/lib/python3.10/site-packages/sqlalchemy/util/langhelpers.py", line 224, in __exit__
Jan 02 11:04:05 devstack devstack@keystone.service[40619]: ERROR keystone.server.flask.application raise exc_value.with_traceback(exc_tb)
Jan 02 11:04:05 devstack devstack@keystone.service[40619]: ERROR keystone.server.flask.application
File "/opt/stack/data/venv/lib/python3.10/site-packages/sqlalchemy/orm/session.py", line 4427, in _flush
Jan 02 11:04:05 devstack devstack@keystone.service[40619]: ERROR keystone.server.flask.application flush_context.execute()
Jan 02 11:04:05 devstack devstack@keystone.service[40619]: ERROR keystone.server.flask.application
File "/opt/stack/data/venv/lib/python3.10/site-packages/sqlalchemy/orm/unitofwork.py", line 466, in execute
Jan 02 11:04:05 devstack devstack@keystone.service[40619]: ERROR keystone.server.flask.application rec.execute(self)
Jan 02 11:04:05 devstack devstack@keystone.service[40619]: ERROR keystone.server.flask.application
File "/opt/stack/data/venv/lib/python3.10/site-packages/sqlalchemy/orm/unitofwork.py", line 642, in execute
Jan 02 11:04:05 devstack devstack@keystone.service[40619]: ERROR keystone.server.flask.application util.preloaded.orm_persistence.save_obj(
Jan 02 11:04:05 devstack devstack@keystone.service[40619]: ERROR keystone.server.flask.application
File "/opt/stack/data/venv/lib/python3.10/site-packages/sqlalchemy/orm/persistence.py", line 93, in save_obj
Jan 02 11:04:05 devstack devstack@keystone.service[40619]: ERROR keystone.server.flask.application _emit_insert_statements(
Jan 02 11:04:05 devstack devstack@keystone.service[40619]: ERROR keystone.server.flask.application
File "/opt/stack/data/venv/lib/python3.10/site-packages/sqlalchemy/orm/persistence.py", line 1048, in _emit_insert_statements
Jan 02 11:04:05 devstack devstack@keystone.service[40619]: ERROR keystone.server.flask.application result = connection.execute(
Jan 02 11:04:05 devstack devstack@keystone.service[40619]: ERROR keystone.server.flask.application
File "/opt/stack/data/venv/lib/python3.10/site-packages/sqlalchemy/engine/base.py", line 1419, in execute
Jan 02 11:04:05 devstack devstack@keystone.service[40619]: ERROR keystone.server.flask.application return meth(
Jan 02 11:04:05 devstack devstack@keystone.service[40619]: ERROR keystone.server.flask.application
File "/opt/stack/data/venv/lib/python3.10/site-packages/sqlalchemy/sql/elements.py", line 526, in _execute_on_connection
Jan 02 11:04:05 devstack devstack@keystone.service[40619]: ERROR keystone.server.flask.application return connection._execute_clauseelement(
Jan 02 11:04:05 devstack devstack@keystone.service[40619]: ERROR keystone.server.flask.application
File "/opt/stack/data/venv/lib/python3.10/site-packages/sqlalchemy/engine/base.py", line 1641, in _execute_clauseelement
Jan 02 11:04:05 devstack devstack@keystone.service[40619]: ERROR keystone.server.flask.application ret = self._execute_context(
Jan 02 11:04:05 devstack devstack@keystone.service[40619]: ERROR keystone.server.flask.application
File "/opt/stack/data/venv/lib/python3.10/site-packages/sqlalchemy/engine/base.py", line 1846, in _execute_context
Jan 02 11:04:05 devstack devstack@keystone.service[40619]: ERROR keystone.server.flask.application return self._exec_single_context(
Jan 02 11:04:05 devstack devstack@keystone.service[40619]: ERROR keystone.server.flask.application
File "/opt/stack/data/venv/lib/python3.10/site-packages/sqlalchemy/engine/base.py", line 1986, in _exec_single_context
Jan 02 11:04:05 devstack devstack@keystone.service[40619]: ERROR keystone.server.flask.application self._handle_dbapi_exception(
Jan 02 11:04:05 devstack devstack@keystone.service[40619]: ERROR keystone.server.flask.application
File "/opt/stack/data/venv/lib/python3.10/site-packages/sqlalchemy/engine/base.py", line 2352, in _handle_dbapi_exception
Jan 02 11:04:05 devstack devstack@keystone.service[40619]: ERROR keystone.server.flask.application raise newraise.with_traceback(exc_info[2]) from e
Jan 02 11:04:05 devstack devstack@keystone.service[40619]: ERROR keystone.server.flask.application
File "/opt/stack/data/venv/lib/python3.10/site-packages/sqlalchemy/engine/base.py", line 1967, in _exec_single_context
Jan 02 11:04:05 devstack devstack@keystone.service[40619]: ERROR keystone.server.flask.application self.dialect.do_execute(
Jan 02 11:04:05 devstack devstack@keystone.service[40619]: ERROR keystone.server.flask.application
File "/opt/stack/data/venv/lib/python3.10/site-packages/sqlalchemy/engine/default.py", line 951, in do_execute
Jan 02 11:04:05 devstack devstack@keystone.service[40619]: ERROR keystone.server.flask.application cursor.execute(statement, parameters)
Jan 02 11:04:05 devstack devstack@keystone.service[40619]: ERROR keystone.server.flask.application
File "/opt/stack/data/venv/lib/python3.10/site-packages/pymysql/cursors.py", line 153, in execute
Jan 02 11:04:05 devstack devstack@keystone.service[40619]: ERROR keystone.server.flask.application result = self._query(query)
Jan 02 11:04:05 devstack devstack@keystone.service[40619]: ERROR keystone.server.flask.application
File "/opt/stack/data/venv/lib/python3.10/site-packages/pymysql/cursors.py", line 322, in _query
Jan 02 11:04:05 devstack devstack@keystone.service[40619]: ERROR keystone.server.flask.application conn.query(q)
Jan 02 11:04:05 devstack devstack@keystone.service[40619]: ERROR keystone.server.flask.application
File "/opt/stack/data/venv/lib/python3.10/site-packages/pymysql/connections.py", line 575, in query
Jan 02 11:04:05 devstack devstack@keystone.service[40619]: ERROR keystone.server.flask.application self._affected_rows = self._read_query_result(unbuffered=unbuffered)
Jan 02 11:04:05 devstack devstack@keystone.service[40619]: ERROR keystone.server.flask.application
File "/opt/stack/data/venv/lib/python3.10/site-packages/pymysql/connections.py", line 826, in _read_query_result
Jan 02 11:04:05 devstack devstack@keystone.service[40619]: ERROR keystone.server.flask.application result.read()
Jan 02 11:04:05 devstack devstack@keystone.service[40619]: ERROR keystone.server.flask.application
File "/opt/stack/data/venv/lib/python3.10/site-packages/pymysql/connections.py", line 1203, in read
Jan 02 11:04:05 devstack devstack@keystone.service[40619]: ERROR keystone.server.flask.application first_packet = self.connection._read_packet()
Jan 02 11:04:05 devstack devstack@keystone.service[40619]: ERROR keystone.server.flask.application
File "/opt/stack/data/venv/lib/python3.10/site-packages/pymysql/connections.py", line 782, in _read_packet
Jan 02 11:04:05 devstack devstack@keystone.service[40619]: ERROR keystone.server.flask.application packet.raise_for_error()
Jan 02 11:04:05 devstack devstack@keystone.service[40619]: ERROR keystone.server.flask.application
File "/opt/stack/data/venv/lib/python3.10/site-packages/pymysql/protocol.py", line 219, in raise_for_error
Jan 02 11:04:05 devstack devstack@keystone.service[40619]: ERROR keystone.server.flask.application err.raise_mysql_exception(self._data)
Jan 02 11:04:05 devstack devstack@keystone.service[40619]: ERROR keystone.server.flask.application
File "/opt/stack/data/venv/lib/python3.10/site-packages/pymysql/err.py", line 150, in raise_mysql_exception
Jan 02 11:04:05 devstack devstack@keystone.service[40619]: ERROR keystone.server.flask.application raise errorclass(errno, errval)
Jan 02 11:04:05 devstack devstack@keystone.service[40619]: ERROR keystone.server.flask.application oslo_db.exception.DBDuplicateEntry: (pymysql.err.IntegrityError) (1062, "Duplicate entry '<>-Default' for key 'project.ixu_project_name_domain_id'")
Jan 02 11:04:05 devstack devstack@keystone.service[40619]: ERROR keystone.server.flask.application [SQL: INSERT INTO project (id, name, domain_id, description, enabled, extra, parent_id, is_domain) VALUES (%(id)s, %(name)s, %(domain_id)s, %(description)s, %(enabled)s, %(extra)s, %(parent_id)s, %(is_domain)s)]
Jan 02 11:04:05 devstack devstack@keystone.service[40619]: ERROR keystone.server.flask.application [parameters: {'id': 'bdbb4ce2d5894a908f80bb1012a62372', 'name': 'Default', 'domain_id': '<>', 'description': '', 'enabled': 1, 'extra': '{}', 'parent_id': None, 'is_domain': 1}]
Jan 02 11:04:05 devstack devstack@keystone.service[40619]: ERROR keystone.server.flask.application (Background on this error at: https://sqlalche.me/e/20/gkpj)
Jan 02 11:04:05 devstack devstack@keystone.service[40619]: ERROR keystone.server.flask.application
Jan 02 11:04:05 devstack devstack@keystone.service[40619]: ERROR keystone.server.flask.application During handling of the above exception, another exception occurred:
Jan 02 11:04:05 devstack devstack@keystone.service[40619]: ERROR keystone.server.flask.application
Jan 02 11:04:05 devstack devstack@keystone.service[40619]: ERROR keystone.server.flask.application
Traceback (most recent call last):
Jan 02 11:04:05 devstack devstack@keystone.service[40619]: ERROR keystone.server.flask.application
File "/opt/stack/keystone/keystone/resource/core.py", line 250, in create_project
Jan 02 11:04:05 devstack devstack@keystone.service[40619]: ERROR keystone.server.flask.application ret = self.driver.create_project(project_id, project)
Jan 02 11:04:05 devstack devstack@keystone.service[40619]: ERROR keystone.server.flask.application
File "/opt/stack/keystone/keystone/common/sql/core.py", line 614, in wrapper
Jan 02 11:04:05 devstack devstack@keystone.service[40619]: ERROR keystone.server.flask.application raise exception.Conflict(type=conflict_type, details=msg)
Jan 02 11:04:05 devstack devstack@keystone.service[40619]: ERROR keystone.server.flask.application keystone.exception.Conflict: Conflict occurred attempting to store project - Duplicate entry found with name Default.
Jan 02 11:04:05 devstack devstack@keystone.service[40619]: ERROR keystone.server.flask.application
Jan 02 11:04:05 devstack devstack@keystone.service[40619]: ERROR keystone.server.flask.application During handling of the above exception, another exception occurred:
Jan 02 11:04:05 devstack devstack@keystone.service[40619]: ERROR keystone.server.flask.application
Jan 02 11:04:05 devstack devstack@keystone.service[40619]: ERROR keystone.server.flask.application
Traceback (most recent call last):
Jan 02 11:04:05 devstack devstack@keystone.service[40619]: ERROR keystone.server.flask.application
File "/opt/stack/data/venv/lib/python3.10/site-packages/flask/app.py", line 917, in full_dispatch_request
Jan 02 11:04:05 devstack devstack@keystone.service[40619]: ERROR keystone.server.flask.application rv = self.dispatch_request()
Jan 02 11:04:05 devstack devstack@keystone.service[40619]: ERROR keystone.server.flask.application
File "/opt/stack/data/venv/lib/python3.10/site-packages/flask/app.py", line 902, in dispatch_request
Jan 02 11:04:05 devstack devstack@keystone.service[40619]: ERROR keystone.server.flask.application return self.ensure_sync(self.view_functions[rule.endpoint])(**view_args) # type: ignore[no-any-return]
Jan 02 11:04:05 devstack devstack@keystone.service[40619]: ERROR keystone.server.flask.application
File "/opt/stack/data/venv/lib/python3.10/site-packages/flask_restful/__init__.py", line 489, in wrapper
Jan 02 11:04:05 devstack devstack@keystone.service[40619]: ERROR keystone.server.flask.application resp = resource(*args, **kwargs)
Jan 02 11:04:05 devstack devstack@keystone.service[40619]: ERROR keystone.server.flask.application
File "/opt/stack/data/venv/lib/python3.10/site-packages/flask/views.py", line 110, in view
Jan 02 11:04:05 devstack devstack@keystone.service[40619]: ERROR keystone.server.flask.application return current_app.ensure_sync(self.dispatch_request)(**kwargs) # type: ignore[no-any-return]
Jan 02 11:04:05 devstack devstack@keystone.service[40619]: ERROR keystone.server.flask.application
File "/opt/stack/data/venv/lib/python3.10/site-packages/flask_restful/__init__.py", line 604, in dispatch_request
Jan 02 11:04:05 devstack devstack@keystone.service[40619]: ERROR keystone.server.flask.application resp = meth(*args, **kwargs)
Jan 02 11:04:05 devstack devstack@keystone.service[40619]: ERROR keystone.server.flask.application
File "/opt/stack/keystone/keystone/api/validation/__init__.py", line 86, in wrapper
Jan 02 11:04:05 devstack devstack@keystone.service[40619]: ERROR keystone.server.flask.application return func(*args, **kwargs)
Jan 02 11:04:05 devstack devstack@keystone.service[40619]: ERROR keystone.server.flask.application
File "/opt/stack/keystone/keystone/api/validation/__init__.py", line 145, in wrapper
Jan 02 11:04:05 devstack devstack@keystone.service[40619]: ERROR keystone.server.flask.application response = func(*args, **kwargs)
Jan 02 11:04:05 devstack devstack@keystone.service[40619]: ERROR keystone.server.flask.application
File "/opt/stack/keystone/keystone/api/domains.py", line 181, in post
Jan 02 11:04:05 devstack devstack@keystone.service[40619]: ERROR keystone.server.flask.application ref = PROVIDERS.resource_api.create_domain(
Jan 02 11:04:05 devstack devstack@keystone.service[40619]: ERROR keystone.server.flask.application
File "/opt/stack/keystone/keystone/common/manager.py", line 114, in wrapped
Jan 02 11:04:05 devstack devstack@keystone.service[40619]: ERROR keystone.server.flask.application __ret_val = __f(*args, **kwargs)
Jan 02 11:04:05 devstack devstack@keystone.service[40619]: ERROR keystone.server.flask.application
File "/opt/stack/keystone/keystone/resource/core.py", line 864, in create_domain
Jan 02 11:04:05 devstack devstack@keystone.service[40619]: ERROR keystone.server.flask.application is_domain_project = self.create_project(
Jan 02 11:04:05 devstack devstack@keystone.service[40619]: ERROR keystone.server.flask.application
File "/opt/stack/keystone/keystone/common/manager.py", line 114, in wrapped
Jan 02 11:04:05 devstack devstack@keystone.service[40619]: ERROR keystone.server.flask.application __ret_val = __f(*args, **kwargs)
Jan 02 11:04:05 devstack devstack@keystone.service[40619]: ERROR keystone.server.flask.application
File "/opt/stack/keystone/keystone/resource/core.py", line 252, in create_project
Jan 02 11:04:05 devstack devstack@keystone.service[40619]: ERROR keystone.server.flask.application raise exception.Conflict(
Jan 02 11:04:05 devstack devstack@keystone.service[40619]: ERROR keystone.server.flask.application keystone.exception.Conflict: Conflict occurred attempting to store project - it is not permitted to have two projects acting as domains with the same name: Default.
Jan 02 11:04:05 devstack devstack@keystone.service[40619]: ERROR keystone.server.flask.application
Jan 02 11:04:05 devstack devstack@keystone.service[40619]: [pid: 40619|app: 0|req: 8/15] 192.168.122.190 () {60 vars in 1193 bytes} [Fri Jan 2 11:04:05 2026] POST /identity/v3/domains => generated 190 bytes in 127 msecs (HTTP/1.1 409) 5 headers in 183 bytes (1 switches on core 0)
Jan 02 11:04:05 devstack devstack@keystone.service[40619]: DEBUG keystone.server.flask.request_processing.middleware.auth_context [None req-618e7325-0ab7-41b2-b98e-fab7fc0d5855 None admin] Authenticating user token {{(pid=40619) process_request /opt/stack/data/venv/lib/python3.10/site-packages/keystonemiddleware/auth_token/__init__.py:407}}
Jan 02 11:04:05 devstack devstack@keystone.service[40618]: [pid: 40618|app: 0|req: 8/16] 192.168.122.190 () {56 vars in 1168 bytes} [Fri Jan 2 11:04:05 2026] GET /identity/v3/roles?name=admin => generated 347 bytes in 126 msecs (HTTP/1.1 200) 5 headers in 177 bytes (2 switches on core 0)
Jan 02 11:04:05 devstack devstack@keystone.service[40618]: DEBUG keystone.server.flask.request_processing.middleware.auth_context [None req-061659d1-c478-4105-9804-26df116a1d89 None admin] Authenticating user token {{(pid=40618) process_request /opt/stack/data/venv/lib/python3.10/site-packages/keystonemiddleware/auth_token/__init__.py:407}}
Jan 02 11:04:05 devstack devstack@keystone.service[40619]: DEBUG keystone.server.flask.request_processing.middleware.auth_context [None req-618e7325-0ab7-41b2-b98e-fab7fc0d5855 None admin] Validating token access rules against request {{(pid=40619) validate_allowed_request /opt/stack/data/venv/lib/python3.10/site-packages/keystonemiddleware/auth_token/__init__.py:545}}
Jan 02 11:04:05 devstack devstack@keystone.service[40618]: DEBUG keystone.server.flask.request_processing.middleware.auth_context [None req-061659d1-c478-4105-9804-26df116a1d89 None admin] Validating token access rules against request {{(pid=40618) validate_allowed_request /opt/stack/data/venv/lib/python3.10/site-packages/keystonemiddleware/auth_token/__init__.py:545}}
Jan 02 11:04:05 devstack devstack@keystone.service[40619]: DEBUG keystone.server.flask.request_processing.middleware.auth_context [None req-27628877-4e1c-4705-95ab-48331f4f8db6 None admin] RBAC: auth_context: {'token': , 'domain_id': None, 'trust_id': None, 'trustor_id': None, 'trustee_id': None, 'domain_name': None, 'group_ids': [], 'user_id': '82075c0b9d024e9cab09fa1d1c2ced06', 'user_domain_id': 'default', 'system_scope': 'all', 'project_id': None, 'project_domain_id': None, 'roles': ['admin', 'manager', 'member', 'reader'], 'is_admin_project': True, 'service_user_id': None, 'service_user_domain_id': None, 'service_project_id': None, 'service_project_domain_id': None, 'service_roles': []} {{(pid=40619) fill_context /opt/stack/keystone/keystone/server/flask/request_processing/middleware/auth_context.py:509}}
Jan 02 11:04:05 devstack devstack@keystone.service[40619]: DEBUG keystone.server.flask.request_processing.req_logging [None req-27628877-4e1c-4705-95ab-48331f4f8db6 None admin] REQUEST_METHOD: `GET` {{(pid=40619) log_request_info /opt/stack/keystone/keystone/server/flask/request_processing/req_logging.py:26}}
Jan 02 11:04:05 devstack devstack@keystone.service[40619]: DEBUG keystone.server.flask.request_processing.req_logging [None req-27628877-4e1c-4705-95ab-48331f4f8db6 None admin] SCRIPT_NAME: `/identity` {{(pid=40619) log_request_info /opt/stack/keystone/keystone/server/flask/request_processing/req_logging.py:27}}
Jan 02 11:04:05 devstack devstack@keystone.service[40619]: DEBUG keystone.server.flask.request_processing.req_logging [None req-27628877-4e1c-4705-95ab-48331f4f8db6 None admin] PATH_INFO: `/v3/domains/Default` {{(pid=40619) log_request_info /opt/stack/keystone/keystone/server/flask/request_processing/req_logging.py:28}}
Jan 02 11:04:05 devstack devstack@keystone.service[40618]: DEBUG keystone.server.flask.request_processing.middleware.auth_context [None req-f757d5ad-4f1e-4195-8f2a-e115837d5944 None admin] RBAC: auth_context: {'token': , 'domain_id': None, 'trust_id': None, 'trustor_id': None, 'trustee_id': None, 'domain_name': None, 'group_ids': [], 'user_id': '82075c0b9d024e9cab09fa1d1c2ced06', 'user_domain_id': 'default', 'system_scope': 'all', 'project_id': None, 'project_domain_id': None, 'roles': ['admin', 'manager', 'member', 'reader'], 'is_admin_project': True, 'service_user_id': None, 'service_user_domain_id': None, 'service_project_id': None, 'service_project_domain_id': None, 'service_roles': []} {{(pid=40618) fill_context /opt/stack/keystone/keystone/server/flask/request_processing/middleware/auth_context.py:509}}
Jan 02 11:04:05 devstack devstack@keystone.service[40618]: DEBUG keystone.server.flask.request_processing.req_logging [None req-f757d5ad-4f1e-4195-8f2a-e115837d5944 None admin] REQUEST_METHOD: `GET` {{(pid=40618) log_request_info /opt/stack/keystone/keystone/server/flask/request_processing/req_logging.py:26}}
Jan 02 11:04:05 devstack devstack@keystone.service[40618]: DEBUG keystone.server.flask.request_processing.req_logging [None req-f757d5ad-4f1e-4195-8f2a-e115837d5944 None admin] SCRIPT_NAME: `/identity` {{(pid=40618) log_request_info /opt/stack/keystone/keystone/server/flask/request_processing/req_logging.py:27}}
Jan 02 11:04:05 devstack devstack@keystone.service[40618]: DEBUG keystone.server.flask.request_processing.req_logging [None req-f757d5ad-4f1e-4195-8f2a-e115837d5944 None admin] PATH_INFO: `/v3/users/82075c0b9d024e9cab09fa1d1c2ced06` {{(pid=40618) log_request_info /opt/stack/keystone/keystone/server/flask/request_processing/req_logging.py:28}}
Jan 02 11:04:05 devstack devstack@keystone.service[40618]: DEBUG keystone.common.rbac_enforcer.enforcer [None req-f757d5ad-4f1e-4195-8f2a-e115837d5944 None admin] RBAC: Authorizing `identity:get_user(user_id=82075c0b9d024e9cab09fa1d1c2ced06)` {{(pid=40618) enforce_call /opt/stack/keystone/keystone/common/rbac_enforcer/enforcer.py:494}}
Jan 02 11:04:05 devstack devstack@keystone.service[40618]: DEBUG keystone.common.rbac_enforcer.enforcer [None req-f757d5ad-4f1e-4195-8f2a-e115837d5944 None admin] RBAC: Authorization granted {{(pid=40618) enforce_call /opt/stack/keystone/keystone/common/rbac_enforcer/enforcer.py:505}}
Jan 02 11:04:05 devstack devstack@keystone.service[40618]: [pid: 40618|app: 0|req: 9/17] 192.168.122.190 () {56 vars in 1233 bytes} [Fri Jan 2 11:04:05 2026] GET /identity/v3/users/82075c0b9d024e9cab09fa1d1c2ced06 => generated 251 bytes in 103 msecs (HTTP/1.1 200) 5 headers in 177 bytes (1 switches on core 0)
Jan 02 11:04:05 devstack devstack@keystone.service[40619]: DEBUG keystone.common.rbac_enforcer.enforcer [None req-27628877-4e1c-4705-95ab-48331f4f8db6 None admin] RBAC: Authorizing `identity:get_domain(domain_id=Default)` {{(pid=40619) enforce_call /opt/stack/keystone/keystone/common/rbac_enforcer/enforcer.py:494}}
Jan 02 11:04:05 devstack devstack@keystone.service[40619]: DEBUG keystone.common.rbac_enforcer.enforcer [None req-27628877-4e1c-4705-95ab-48331f4f8db6 None admin] RBAC: Authorization granted {{(pid=40619) enforce_call /opt/stack/keystone/keystone/common/rbac_enforcer/enforcer.py:505}}
Jan 02 11:04:05 devstack devstack@keystone.service[40618]: DEBUG keystone.server.flask.request_processing.middleware.auth_context [None req-f757d5ad-4f1e-4195-8f2a-e115837d5944 None admin] Authenticating user token {{(pid=40618) process_request /opt/stack/data/venv/lib/python3.10/site-packages/keystonemiddleware/auth_token/__init__.py:407}}
Jan 02 11:04:05 devstack devstack@keystone.service[40619]: DEBUG keystone.server.flask.application [None req-27628877-4e1c-4705-95ab-48331f4f8db6 None admin] Could not find domain: Default. {{(pid=40619) _handle_keystone_exception /opt/stack/keystone/keystone/server/flask/application.py:146}}
Jan 02 11:04:05 devstack devstack@keystone.service[40619]: [pid: 40619|app: 0|req: 9/18] 192.168.122.190 () {56 vars in 1164 bytes} [Fri Jan 2 11:04:05 2026] GET /identity/v3/domains/Default => generated 87 bytes in 129 msecs (HTTP/1.1 404) 5 headers in 183 bytes (1 switches on core 0)
Jan 02 11:04:05 devstack devstack@keystone.service[40619]: DEBUG keystone.server.flask.request_processing.middleware.auth_context [None req-27628877-4e1c-4705-95ab-48331f4f8db6 None admin] Authenticating user token {{(pid=40619) process_request /opt/stack/data/venv/lib/python3.10/site-packages/keystonemiddleware/auth_token/__init__.py:407}}
Jan 02 11:04:05 devstack devstack@keystone.service[40618]: DEBUG keystone.server.flask.request_processing.middleware.auth_context [None req-f757d5ad-4f1e-4195-8f2a-e115837d5944 None admin] Validating token access rules against request {{(pid=40618) validate_allowed_request /opt/stack/data/venv/lib/python3.10/site-packages/keystonemiddleware/auth_token/__init__.py:545}}
Jan 02 11:04:05 devstack devstack@keystone.service[40619]: DEBUG keystone.server.flask.request_processing.middleware.auth_context [None req-27628877-4e1c-4705-95ab-48331f4f8db6 None admin] Validating token access rules against request {{(pid=40619) validate_allowed_request /opt/stack/data/venv/lib/python3.10/site-packages/keystonemiddleware/auth_token/__init__.py:545}}
Jan 02 11:04:05 devstack devstack@keystone.service[40618]: DEBUG keystone.server.flask.request_processing.middleware.auth_context [None req-b146d4ec-8414-48e9-a16b-8449b9651691 None admin] RBAC: auth_context: {'token': , 'domain_id': None, 'trust_id': None, 'trustor_id': None, 'trustee_id': None, 'domain_name': None, 'group_ids': [], 'user_id': '82075c0b9d024e9cab09fa1d1c2ced06', 'user_domain_id': 'default', 'system_scope': 'all', 'project_id': None, 'project_domain_id': None, 'roles': ['admin', 'manager', 'member', 'reader'], 'is_admin_project': True, 'service_user_id': None, 'service_user_domain_id': None, 'service_project_id': None, 'service_project_domain_id': None, 'service_roles': []} {{(pid=40618) fill_context /opt/stack/keystone/keystone/server/flask/request_processing/middleware/auth_context.py:509}}
Jan 02 11:04:05 devstack devstack@keystone.service[40618]: DEBUG keystone.server.flask.request_processing.req_logging [None req-b146d4ec-8414-48e9-a16b-8449b9651691 None admin] REQUEST_METHOD: `GET` {{(pid=40618) log_request_info /opt/stack/keystone/keystone/server/flask/request_processing/req_logging.py:26}}
Jan 02 11:04:05 devstack devstack@keystone.service[40618]: DEBUG keystone.server.flask.request_processing.req_logging [None req-b146d4ec-8414-48e9-a16b-8449b9651691 None admin] SCRIPT_NAME: `/identity` {{(pid=40618) log_request_info /opt/stack/keystone/keystone/server/flask/request_processing/req_logging.py:27}}
Jan 02 11:04:05 devstack devstack@keystone.service[40618]: DEBUG keystone.server.flask.request_processing.req_logging [None req-b146d4ec-8414-48e9-a16b-8449b9651691 None admin] PATH_INFO: `/v3/domains/default` {{(pid=40618) log_request_info /opt/stack/keystone/keystone/server/flask/request_processing/req_logging.py:28}}
Jan 02 11:04:05 devstack devstack@keystone.service[40618]: DEBUG keystone.common.rbac_enforcer.enforcer [None req-b146d4ec-8414-48e9-a16b-8449b9651691 None admin] RBAC: Authorizing `identity:get_domain(domain_id=default)` {{(pid=40618) enforce_call /opt/stack/keystone/keystone/common/rbac_enforcer/enforcer.py:494}}
Jan 02 11:04:05 devstack devstack@keystone.service[40618]: DEBUG keystone.common.rbac_enforcer.enforcer [None req-b146d4ec-8414-48e9-a16b-8449b9651691 None admin] RBAC: Authorization granted {{(pid=40618) enforce_call /opt/stack/keystone/keystone/common/rbac_enforcer/enforcer.py:505}}
Jan 02 11:04:05 devstack devstack@keystone.service[40618]: [pid: 40618|app: 0|req: 10/19] 192.168.122.190 () {56 vars in 1164 bytes} [Fri Jan 2 11:04:05 2026] GET /identity/v3/domains/default => generated 203 bytes in 102 msecs (HTTP/1.1 200) 5 headers in 177 bytes (1 switches on core 0)
Jan 02 11:04:05 devstack devstack@keystone.service[40619]: DEBUG keystone.server.flask.request_processing.middleware.auth_context [None req-735bff59-f19c-4fc8-8b9f-dda6739b0153 None admin] RBAC: auth_context: {'token': , 'domain_id': None, 'trust_id': None, 'trustor_id': None, 'trustee_id': None, 'domain_name': None, 'group_ids': [], 'user_id': '82075c0b9d024e9cab09fa1d1c2ced06', 'user_domain_id': 'default', 'system_scope': 'all', 'project_id': None, 'project_domain_id': None, 'roles': ['admin', 'manager', 'member', 'reader'], 'is_admin_project': True, 'service_user_id': None, 'service_user_domain_id': None, 'service_project_id': None, 'service_project_domain_id': None, 'service_roles': []} {{(pid=40619) fill_context /opt/stack/keystone/keystone/server/flask/request_processing/middleware/auth_context.py:509}}
Jan 02 11:04:05 devstack devstack@keystone.service[40619]: DEBUG keystone.server.flask.request_processing.req_logging [None req-735bff59-f19c-4fc8-8b9f-dda6739b0153 None admin] REQUEST_METHOD: `GET` {{(pid=40619) log_request_info /opt/stack/keystone/keystone/server/flask/request_processing/req_logging.py:26}}
Jan 02 11:04:05 devstack devstack@keystone.service[40619]: DEBUG keystone.server.flask.request_processing.req_logging [None req-735bff59-f19c-4fc8-8b9f-dda6739b0153 None admin] SCRIPT_NAME: `/identity` {{(pid=40619) log_request_info /opt/stack/keystone/keystone/server/flask/request_processing/req_logging.py:27}}
Jan 02 11:04:05 devstack devstack@keystone.service[40619]: DEBUG keystone.server.flask.request_processing.req_logging [None req-735bff59-f19c-4fc8-8b9f-dda6739b0153 None admin] PATH_INFO: `/v3/domains` {{(pid=40619) log_request_info /opt/stack/keystone/keystone/server/flask/request_processing/req_logging.py:28}}
Jan 02 11:04:05 devstack devstack@keystone.service[40618]: DEBUG keystone.server.flask.request_processing.middleware.auth_context [None req-b146d4ec-8414-48e9-a16b-8449b9651691 None admin] Authenticating user token {{(pid=40618) process_request /opt/stack/data/venv/lib/python3.10/site-packages/keystonemiddleware/auth_token/__init__.py:407}}
Jan 02 11:04:05 devstack devstack@keystone.service[40619]: DEBUG keystone.common.rbac_enforcer.enforcer [None req-735bff59-f19c-4fc8-8b9f-dda6739b0153 None admin] RBAC: Adding query filter params (name=Default) {{(pid=40619) _extract_filter_values /opt/stack/keystone/keystone/common/rbac_enforcer/enforcer.py:176}}
Jan 02 11:04:05 devstack devstack@keystone.service[40619]: DEBUG keystone.common.rbac_enforcer.enforcer [None req-735bff59-f19c-4fc8-8b9f-dda6739b0153 None admin] RBAC: Authorizing `identity:list_domains()` {{(pid=40619) enforce_call /opt/stack/keystone/keystone/common/rbac_enforcer/enforcer.py:494}}
Jan 02 11:04:05 devstack devstack@keystone.service[40619]: DEBUG keystone.common.rbac_enforcer.enforcer [None req-735bff59-f19c-4fc8-8b9f-dda6739b0153 None admin] RBAC: Authorization granted {{(pid=40619) enforce_call /opt/stack/keystone/keystone/common/rbac_enforcer/enforcer.py:505}}
Jan 02 11:04:05 devstack devstack@keystone.service[40619]: [pid: 40619|app: 0|req: 10/20] 192.168.122.190 () {56 vars in 1178 bytes} [Fri Jan 2 11:04:05 2026] GET /identity/v3/domains?name=Default => generated 316 bytes in 117 msecs (HTTP/1.1 200) 5 headers in 177 bytes (1 switches on core 0)
Jan 02 11:04:05 devstack devstack@keystone.service[40618]: DEBUG keystone.server.flask.request_processing.middleware.auth_context [None req-b146d4ec-8414-48e9-a16b-8449b9651691 None admin] Validating token access rules against request {{(pid=40618) validate_allowed_request /opt/stack/data/venv/lib/python3.10/site-packages/keystonemiddleware/auth_token/__init__.py:545}}
Jan 02 11:04:05 devstack devstack@keystone.service[40618]: DEBUG keystone.server.flask.request_processing.middleware.auth_context [None req-b0fa1b74-411a-4b9e-920b-e86dc351d93b None admin] RBAC: auth_context: {'token': , 'domain_id': None, 'trust_id': None, 'trustor_id': None, 'trustee_id': None, 'domain_name': None, 'group_ids': [], 'user_id': '82075c0b9d024e9cab09fa1d1c2ced06', 'user_domain_id': 'default', 'system_scope': 'all', 'project_id': None, 'project_domain_id': None, 'roles': ['admin', 'manager', 'member', 'reader'], 'is_admin_project': True, 'service_user_id': None, 'service_user_domain_id': None, 'service_project_id': None, 'service_project_domain_id': None, 'service_roles': []} {{(pid=40618) fill_context /opt/stack/keystone/keystone/server/flask/request_processing/middleware/auth_context.py:509}}
Jan 02 11:04:05 devstack devstack@keystone.service[40618]: DEBUG keystone.server.flask.request_processing.req_logging [None req-b0fa1b74-411a-4b9e-920b-e86dc351d93b None admin] REQUEST_METHOD: `PUT` {{(pid=40618) log_request_info /opt/stack/keystone/keystone/server/flask/request_processing/req_logging.py:26}}
Jan 02 11:04:05 devstack devstack@keystone.service[40618]: DEBUG keystone.server.flask.request_processing.req_logging [None req-b0fa1b74-411a-4b9e-920b-e86dc351d93b None admin] SCRIPT_NAME: `/identity` {{(pid=40618) log_request_info /opt/stack/keystone/keystone/server/flask/request_processing/req_logging.py:27}}
Jan 02 11:04:05 devstack devstack@keystone.service[40618]: DEBUG keystone.server.flask.request_processing.req_logging [None req-b0fa1b74-411a-4b9e-920b-e86dc351d93b None admin] PATH_INFO: `/v3/domains/default/users/82075c0b9d024e9cab09fa1d1c2ced06/roles/b741f1ac39de462cbb72283ca5f68ef4` {{(pid=40618) log_request_info /opt/stack/keystone/keystone/server/flask/request_processing/req_logging.py:28}}
Jan 02 11:04:05 devstack devstack@keystone.service[40618]: DEBUG keystone.common.rbac_enforcer.enforcer [None req-b0fa1b74-411a-4b9e-920b-e86dc351d93b None admin] RBAC: Authorizing `identity:create_grant(domain_id=default, user_id=82075c0b9d024e9cab09fa1d1c2ced06, role_id=b741f1ac39de462cbb72283ca5f68ef4)` {{(pid=40618) enforce_call /opt/stack/keystone/keystone/common/rbac_enforcer/enforcer.py:494}}
Jan 02 11:04:05 devstack devstack@keystone.service[40618]: DEBUG keystone.common.rbac_enforcer.enforcer [None req-b0fa1b74-411a-4b9e-920b-e86dc351d93b None admin] RBAC: Authorization granted {{(pid=40618) enforce_call /opt/stack/keystone/keystone/common/rbac_enforcer/enforcer.py:505}}
Jan 02 11:04:06 devstack devstack@keystone.service[40618]: [pid: 40618|app: 0|req: 11/21] 192.168.122.190 () {58 vars in 1417 bytes} [Fri Jan 2 11:04:05 2026] PUT /identity/v3/domains/default/users/82075c0b9d024e9cab09fa1d1c2ced06/roles/b741f1ac39de462cbb72283ca5f68ef4 => generated 0 bytes in 320 msecs (HTTP/1.1 204) 3 headers in 132 bytes (0 switches on core 0)
Jan 02 11:04:07 devstack devstack@keystone.service[40619]: DEBUG keystone.server.flask.request_processing.req_logging [None req-4961ddcd-c333-4855-91a6-3307686d6210 None None] REQUEST_METHOD: `GET` {{(pid=40619) log_request_info /opt/stack/keystone/keystone/server/flask/request_processing/req_logging.py:26}}
Jan 02 11:04:07 devstack devstack@keystone.service[40619]: DEBUG keystone.server.flask.request_processing.req_logging [None req-4961ddcd-c333-4855-91a6-3307686d6210 None None] SCRIPT_NAME: `/identity` {{(pid=40619) log_request_info /opt/stack/keystone/keystone/server/flask/request_processing/req_logging.py:27}}
Jan 02 11:04:07 devstack devstack@keystone.service[40619]: DEBUG keystone.server.flask.request_processing.req_logging [None req-4961ddcd-c333-4855-91a6-3307686d6210 None None] PATH_INFO: `/` {{(pid=40619) log_request_info /opt/stack/keystone/keystone/server/flask/request_processing/req_logging.py:28}}
Jan 02 11:04:07 devstack devstack@keystone.service[40619]: [pid: 40619|app: 0|req: 11/22] 192.168.122.190 () {54 vars in 939 bytes} [Fri Jan 2 11:04:07 2026] GET /identity => generated 274 bytes in 2 msecs (HTTP/1.1 300) 6 headers in 238 bytes (1 switches on core 0)
Jan 02 11:04:07 devstack devstack@keystone.service[40618]: DEBUG keystone.server.flask.request_processing.req_logging [None req-ce59bd81-07e5-4c36-a45d-225538c069a8 None None] REQUEST_METHOD: `GET` {{(pid=40618) log_request_info /opt/stack/keystone/keystone/server/flask/request_processing/req_logging.py:26}}
Jan 02 11:04:07 devstack devstack@keystone.service[40618]: DEBUG keystone.server.flask.request_processing.req_logging [None req-ce59bd81-07e5-4c36-a45d-225538c069a8 None None] SCRIPT_NAME: `/identity` {{(pid=40618) log_request_info /opt/stack/keystone/keystone/server/flask/request_processing/req_logging.py:27}}
Jan 02 11:04:07 devstack devstack@keystone.service[40619]: DEBUG keystone.server.flask.request_processing.req_logging [None req-29bae738-596a-4471-b237-91e7b62ed2a4 None None] REQUEST_METHOD: `POST` {{(pid=40619) log_request_info /opt/stack/keystone/keystone/server/flask/request_processing/req_logging.py:26}}
Jan 02 11:04:07 devstack devstack@keystone.service[40618]: DEBUG keystone.server.flask.request_processing.req_logging [None req-ce59bd81-07e5-4c36-a45d-225538c069a8 None None] PATH_INFO: `/` {{(pid=40618) log_request_info /opt/stack/keystone/keystone/server/flask/request_processing/req_logging.py:28}}
Jan 02 11:04:07 devstack devstack@keystone.service[40619]: DEBUG keystone.server.flask.request_processing.req_logging [None req-29bae738-596a-4471-b237-91e7b62ed2a4 None None] SCRIPT_NAME: `/identity` {{(pid=40619) log_request_info /opt/stack/keystone/keystone/server/flask/request_processing/req_logging.py:27}}
Jan 02 11:04:07 devstack devstack@keystone.service[40619]: DEBUG keystone.server.flask.request_processing.req_logging [None req-29bae738-596a-4471-b237-91e7b62ed2a4 None None] PATH_INFO: `/v3/auth/tokens` {{(pid=40619) log_request_info /opt/stack/keystone/keystone/server/flask/request_processing/req_logging.py:28}}
Jan 02 11:04:07 devstack devstack@keystone.service[40618]: [pid: 40618|app: 0|req: 12/23] 192.168.122.190 () {54 vars in 939 bytes} [Fri Jan 2 11:04:07 2026] GET /identity => generated 274 bytes in 3 msecs (HTTP/1.1 300) 6 headers in 238 bytes (1 switches on core 0)
Jan 02 11:04:07 devstack devstack@keystone.service[40618]: DEBUG keystone.server.flask.request_processing.req_logging [None req-08755e35-4708-42b0-a854-f73e6d841898 None None] REQUEST_METHOD: `POST` {{(pid=40618) log_request_info /opt/stack/keystone/keystone/server/flask/request_processing/req_logging.py:26}}
Jan 02 11:04:07 devstack devstack@keystone.service[40618]: DEBUG keystone.server.flask.request_processing.req_logging [None req-08755e35-4708-42b0-a854-f73e6d841898 None None] SCRIPT_NAME: `/identity` {{(pid=40618) log_request_info /opt/stack/keystone/keystone/server/flask/request_processing/req_logging.py:27}}
Jan 02 11:04:07 devstack devstack@keystone.service[40618]: DEBUG keystone.server.flask.request_processing.req_logging [None req-08755e35-4708-42b0-a854-f73e6d841898 None None] PATH_INFO: `/v3/auth/tokens` {{(pid=40618) log_request_info /opt/stack/keystone/keystone/server/flask/request_processing/req_logging.py:28}}
Jan 02 11:04:07 devstack devstack@keystone.service[40619]: WARNING keystone.common.password_hashing [None req-29bae738-596a-4471-b237-91e7b62ed2a4 None None] Truncating password to algorithm specific maximum length 72 characters.
Jan 02 11:04:07 devstack devstack@keystone.service[40619]: DEBUG keystone.auth.core [None req-29bae738-596a-4471-b237-91e7b62ed2a4 None None] MFA Rules not processed for user `82075c0b9d024e9cab09fa1d1c2ced06`. Rule list: `[]` (Enabled: `True`). {{(pid=40619) check_auth_methods_against_rules /opt/stack/keystone/keystone/auth/core.py:476}}
Jan 02 11:04:07 devstack devstack@keystone.service[40619]: DEBUG keystone.common.fernet_utils [None req-29bae738-596a-4471-b237-91e7b62ed2a4 None None] Loaded 2 Fernet keys from /etc/keystone/fernet-keys/, but `[fernet_tokens] max_active_keys = 3`; perhaps there have not been enough key rotations to reach `max_active_keys` yet? {{(pid=40619) load_keys /opt/stack/keystone/keystone/common/fernet_utils.py:297}}
Jan 02 11:04:07 devstack devstack@keystone.service[40618]: WARNING keystone.common.password_hashing [None req-08755e35-4708-42b0-a854-f73e6d841898 None None] Truncating password to algorithm specific maximum length 72 characters.
Jan 02 11:04:07 devstack devstack@keystone.service[40618]: DEBUG keystone.auth.core [None req-08755e35-4708-42b0-a854-f73e6d841898 None None] MFA Rules not processed for user `82075c0b9d024e9cab09fa1d1c2ced06`. Rule list: `[]` (Enabled: `True`). {{(pid=40618) check_auth_methods_against_rules /opt/stack/keystone/keystone/auth/core.py:476}}
Jan 02 11:04:07 devstack devstack@keystone.service[40618]: DEBUG keystone.common.fernet_utils [None req-08755e35-4708-42b0-a854-f73e6d841898 None None] Loaded 2 Fernet keys from /etc/keystone/fernet-keys/, but `[fernet_tokens] max_active_keys = 3`; perhaps there have not been enough key rotations to reach `max_active_keys` yet? {{(pid=40618) load_keys /opt/stack/keystone/keystone/common/fernet_utils.py:297}}
Jan 02 11:04:07 devstack devstack@keystone.service[40618]: [pid: 40618|app: 0|req: 13/24] 192.168.122.190 () {58 vars in 1036 bytes} [Fri Jan 2 11:04:07 2026] POST /identity/v3/auth/tokens => generated 866 bytes in 126 msecs (HTTP/1.1 201) 6 headers in 363 bytes (2 switches on core 0)
Jan 02 11:04:07 devstack devstack@keystone.service[40619]: [pid: 40619|app: 0|req: 12/25] 192.168.122.190 () {58 vars in 1036 bytes} [Fri Jan 2 11:04:07 2026] POST /identity/v3/auth/tokens => generated 866 bytes in 140 msecs (HTTP/1.1 201) 6 headers in 363 bytes (1 switches on core 0)
Jan 02 11:04:07 devstack devstack@keystone.service[40618]: DEBUG keystone.server.flask.request_processing.req_logging [None req-365c1858-13e2-4475-84ac-22415c24c71f None None] REQUEST_METHOD: `GET` {{(pid=40618) log_request_info /opt/stack/keystone/keystone/server/flask/request_processing/req_logging.py:26}}
Jan 02 11:04:07 devstack devstack@keystone.service[40618]: DEBUG keystone.server.flask.request_processing.req_logging [None req-365c1858-13e2-4475-84ac-22415c24c71f None None] SCRIPT_NAME: `/identity` {{(pid=40618) log_request_info /opt/stack/keystone/keystone/server/flask/request_processing/req_logging.py:27}}
Jan 02 11:04:07 devstack devstack@keystone.service[40618]: DEBUG keystone.server.flask.request_processing.req_logging [None req-365c1858-13e2-4475-84ac-22415c24c71f None None] PATH_INFO: `/` {{(pid=40618) log_request_info /opt/stack/keystone/keystone/server/flask/request_processing/req_logging.py:28}}
Jan 02 11:04:07 devstack devstack@keystone.service[40618]: [pid: 40618|app: 0|req: 14/26] 192.168.122.190 () {54 vars in 939 bytes} [Fri Jan 2 11:04:07 2026] GET /identity => generated 274 bytes in 3 msecs (HTTP/1.1 300) 6 headers in 238 bytes (1 switches on core 0)
Jan 02 11:04:07 devstack devstack@keystone.service[40619]: DEBUG keystone.server.flask.request_processing.req_logging [None req-9d0d4b7d-03fa-4ca6-888b-8740fe3af240 None None] REQUEST_METHOD: `POST` {{(pid=40619) log_request_info /opt/stack/keystone/keystone/server/flask/request_processing/req_logging.py:26}}
Jan 02 11:04:07 devstack devstack@keystone.service[40619]: DEBUG keystone.server.flask.request_processing.req_logging [None req-9d0d4b7d-03fa-4ca6-888b-8740fe3af240 None None] SCRIPT_NAME: `/identity` {{(pid=40619) log_request_info /opt/stack/keystone/keystone/server/flask/request_processing/req_logging.py:27}}
Jan 02 11:04:07 devstack devstack@keystone.service[40619]: DEBUG keystone.server.flask.request_processing.req_logging [None req-9d0d4b7d-03fa-4ca6-888b-8740fe3af240 None None] PATH_INFO: `/v3/auth/tokens` {{(pid=40619) log_request_info /opt/stack/keystone/keystone/server/flask/request_processing/req_logging.py:28}}
Jan 02 11:04:07 devstack devstack@keystone.service[40619]: WARNING keystone.common.password_hashing [None req-9d0d4b7d-03fa-4ca6-888b-8740fe3af240 None None] Truncating password to algorithm specific maximum length 72 characters.
Jan 02 11:04:07 devstack devstack@keystone.service[40619]: DEBUG keystone.auth.core [None req-9d0d4b7d-03fa-4ca6-888b-8740fe3af240 None None] MFA Rules not processed for user `82075c0b9d024e9cab09fa1d1c2ced06`. Rule list: `[]` (Enabled: `True`). {{(pid=40619) check_auth_methods_against_rules /opt/stack/keystone/keystone/auth/core.py:476}}
Jan 02 11:04:07 devstack devstack@keystone.service[40619]: DEBUG keystone.common.fernet_utils [None req-9d0d4b7d-03fa-4ca6-888b-8740fe3af240 None None] Loaded 2 Fernet keys from /etc/keystone/fernet-keys/, but `[fernet_tokens] max_active_keys = 3`; perhaps there have not been enough key rotations to reach `max_active_keys` yet? {{(pid=40619) load_keys /opt/stack/keystone/keystone/common/fernet_utils.py:297}}
Jan 02 11:04:08 devstack devstack@keystone.service[40619]: [pid: 40619|app: 0|req: 13/27] 192.168.122.190 () {58 vars in 1036 bytes} [Fri Jan 2 11:04:07 2026] POST /identity/v3/auth/tokens => generated 866 bytes in 76 msecs (HTTP/1.1 201) 6 headers in 363 bytes (1 switches on core 0)
Jan 02 11:04:08 devstack devstack@keystone.service[40618]: DEBUG keystone.server.flask.request_processing.middleware.auth_context [None req-365c1858-13e2-4475-84ac-22415c24c71f None None] Authenticating user token {{(pid=40618) process_request /opt/stack/data/venv/lib/python3.10/site-packages/keystonemiddleware/auth_token/__init__.py:407}}
Jan 02 11:04:08 devstack devstack@keystone.service[40619]: DEBUG keystone.server.flask.request_processing.middleware.auth_context [None req-9d0d4b7d-03fa-4ca6-888b-8740fe3af240 None None] Authenticating user token {{(pid=40619) process_request /opt/stack/data/venv/lib/python3.10/site-packages/keystonemiddleware/auth_token/__init__.py:407}}
Jan 02 11:04:08 devstack devstack@keystone.service[40618]: DEBUG keystone.server.flask.request_processing.middleware.auth_context [None req-365c1858-13e2-4475-84ac-22415c24c71f None None] Validating token access rules against request {{(pid=40618) validate_allowed_request /opt/stack/data/venv/lib/python3.10/site-packages/keystonemiddleware/auth_token/__init__.py:545}}
Jan 02 11:04:08 devstack devstack@keystone.service[40619]: DEBUG keystone.server.flask.request_processing.middleware.auth_context [None req-9d0d4b7d-03fa-4ca6-888b-8740fe3af240 None None] Validating token access rules against request {{(pid=40619) validate_allowed_request /opt/stack/data/venv/lib/python3.10/site-packages/keystonemiddleware/auth_token/__init__.py:545}}
Jan 02 11:04:08 devstack devstack@keystone.service[40618]: DEBUG keystone.server.flask.request_processing.middleware.auth_context [None req-3d3bf1db-c896-4045-bdbb-298d8bc50b6c None admin] RBAC: auth_context: {'token': , 'domain_id': None, 'trust_id': None, 'trustor_id': None, 'trustee_id': None, 'domain_name': None, 'group_ids': [], 'user_id': '82075c0b9d024e9cab09fa1d1c2ced06', 'user_domain_id': 'default', 'system_scope': 'all', 'project_id': None, 'project_domain_id': None, 'roles': ['admin', 'manager', 'member', 'reader'], 'is_admin_project': True, 'service_user_id': None, 'service_user_domain_id': None, 'service_project_id': None, 'service_project_domain_id': None, 'service_roles': []} {{(pid=40618) fill_context /opt/stack/keystone/keystone/server/flask/request_processing/middleware/auth_context.py:509}}
Jan 02 11:04:08 devstack devstack@keystone.service[40618]: DEBUG keystone.server.flask.request_processing.req_logging [None req-3d3bf1db-c896-4045-bdbb-298d8bc50b6c None admin] REQUEST_METHOD: `GET` {{(pid=40618) log_request_info /opt/stack/keystone/keystone/server/flask/request_processing/req_logging.py:26}}
