Aug 05 13:45:13 devstack cinder-volume[88982]: DEBUG oslo_concurrency.processutils [None req-33fb6ce3-5627-4423-91f0-989ac06721ca tempest-GroupsV314Test-1365452253 None] CMD "sudo cinder-rootwrap /etc/cinder/rootwrap.conf chmod ugo+rw /opt/stack/data/cinder/mnt/acc7e9f62b341440c56e34f5efa5edd4/volume-64e33006-03b0-4451-8baf-a1bad9d1d6f4" returned: 0 in 0.393s {{(pid=88982) execute /opt/stack/data/venv/lib/python3.12/site-packages/oslo_concurrency/processutils.py:468}}
Aug 05 13:45:13 devstack cinder-volume[88982]: DEBUG cinder.volume.drivers.quobyte [None req-33fb6ce3-5627-4423-91f0-989ac06721ca tempest-GroupsV314Test-1365452253 None] <== create_volume: return (890ms) {'provider_location': 'osci02.corp.quobyte.com/cinder-vol-e9863358-f5f6-48a3-9d69-11fd953199a9'} {{(pid=88982) trace_logging_wrapper /opt/stack/cinder/cinder/volume/volume_utils.py:1522}}
Aug 05 13:45:13 devstack cinder-volume[88982]: DEBUG oslo_concurrency.lockutils [None req-33fb6ce3-5627-4423-91f0-989ac06721ca tempest-GroupsV314Test-1365452253 None] Lock "quobyte" "released" by "cinder.volume.drivers.quobyte.QuobyteDriver.create_volume" :: held 0.893s {{(pid=88982) inner /opt/stack/data/venv/lib/python3.12/site-packages/oslo_concurrency/lockutils.py:544}}
Aug 05 13:45:13 devstack cinder-volume[88982]: DEBUG cinder.volume.manager [None req-33fb6ce3-5627-4423-91f0-989ac06721ca tempest-GroupsV314Test-1365452253 None] Task 'cinder.volume.flows.manager.create_volume.CreateVolumeFromSpecTask;volume:create' (71892284-8acf-4727-b8dc-ef921e7e80a9) transitioned into state 'SUCCESS' from state 'RUNNING' with result '{'status': 'creating', 'volume_name': 'volume-64e33006-03b0-4451-8baf-a1bad9d1d6f4', 'volume_size': 1}' {{(pid=88982) _task_receiver /opt/stack/data/venv/lib/python3.12/site-packages/taskflow/listeners/logging.py:218}}
Aug 05 13:45:13 devstack cinder-volume[88982]: DEBUG cinder.volume.manager [None req-33fb6ce3-5627-4423-91f0-989ac06721ca tempest-GroupsV314Test-1365452253 None] Task 'cinder.volume.flows.manager.create_volume.CreateVolumeOnFinishTask;volume:create, create.end' (83720d1d-9bbe-4c90-8445-b0a0295f6e69) transitioned into state 'RUNNING' from state 'PENDING' {{(pid=88982) _task_receiver /opt/stack/data/venv/lib/python3.12/site-packages/taskflow/listeners/logging.py:242}}
Aug 05 13:45:13 devstack cinder-volume[88982]: INFO cinder.volume.flows.manager.create_volume [None req-33fb6ce3-5627-4423-91f0-989ac06721ca tempest-GroupsV314Test-1365452253 None] Volume volume-64e33006-03b0-4451-8baf-a1bad9d1d6f4 (64e33006-03b0-4451-8baf-a1bad9d1d6f4): created successfully
Aug 05 13:45:13 devstack cinder-volume[88982]: DEBUG cinder.volume.manager [None req-33fb6ce3-5627-4423-91f0-989ac06721ca tempest-GroupsV314Test-1365452253 None] Task 'cinder.volume.flows.manager.create_volume.CreateVolumeOnFinishTask;volume:create, create.end' (83720d1d-9bbe-4c90-8445-b0a0295f6e69) transitioned into state 'SUCCESS' from state 'RUNNING' with result 'None' {{(pid=88982) _task_receiver /opt/stack/data/venv/lib/python3.12/site-packages/taskflow/listeners/logging.py:218}}
Aug 05 13:45:13 devstack cinder-volume[88982]: DEBUG cinder.volume.manager [None req-33fb6ce3-5627-4423-91f0-989ac06721ca tempest-GroupsV314Test-1365452253 None] Flow 'volume_create_manager' (106f07ba-8da6-4327-a839-e92bf9ea2dd5) transitioned into state 'SUCCESS' from state 'RUNNING' {{(pid=88982) _flow_receiver /opt/stack/data/venv/lib/python3.12/site-packages/taskflow/listeners/logging.py:160}}
Aug 05 13:45:13 devstack cinder-volume[88982]: INFO cinder.volume.manager [None req-33fb6ce3-5627-4423-91f0-989ac06721ca tempest-GroupsV314Test-1365452253 None] Created volume successfully.
Aug 05 13:45:14 devstack cinder-volume[88982]: DEBUG oslo_concurrency.lockutils [None req-1a4aa45c-e17f-4453-8688-e44f9b927467 tempest-GroupsV314Test-1365452253 None] Acquiring lock "quobyte" by "cinder.volume.drivers.quobyte.QuobyteDriver.create_cloned_volume" {{(pid=88982) inner /opt/stack/data/venv/lib/python3.12/site-packages/oslo_concurrency/lockutils.py:512}}
Aug 05 13:45:14 devstack cinder-volume[88982]: DEBUG oslo_concurrency.lockutils [None req-1a4aa45c-e17f-4453-8688-e44f9b927467 tempest-GroupsV314Test-1365452253 None] Lock "quobyte" acquired by "cinder.volume.drivers.quobyte.QuobyteDriver.create_cloned_volume" :: waited 0.001s {{(pid=88982) inner /opt/stack/data/venv/lib/python3.12/site-packages/oslo_concurrency/lockutils.py:525}}
Aug 05 13:45:14 devstack cinder-volume[88982]: INFO cinder.volume.drivers.remotefs [None req-1a4aa45c-e17f-4453-8688-e44f9b927467 tempest-GroupsV314Test-1365452253 None] Cloning volume 64e33006-03b0-4451-8baf-a1bad9d1d6f4 to volume 709d53b8-b23a-46ef-bf24-b4c48a5dfbe4
Aug 05 13:45:14 devstack cinder-volume[88982]: DEBUG cinder.volume.drivers.remotefs [None req-1a4aa45c-e17f-4453-8688-e44f9b927467 tempest-GroupsV314Test-1365452253 None] Creating offline snapshot a73725a8-1df3-4a90-b40f-341c5c5abc39 of volume 64e33006-03b0-4451-8baf-a1bad9d1d6f4 {{(pid=88982) _create_snapshot /opt/stack/cinder/cinder/volume/drivers/remotefs.py:1816}}
Aug 05 13:45:14 devstack cinder-volume[88982]: DEBUG oslo.privsep.daemon [-] privsep: reply[6078b918-d4d0-495d-a881-2510072e9d00]: (4, 'qcow2') {{(pid=90393) _call_back /opt/stack/data/venv/lib/python3.12/site-packages/oslo_privsep/daemon.py:580}}
Aug 05 13:45:14 devstack cinder-volume[88982]: DEBUG oslo_concurrency.processutils [None req-1a4aa45c-e17f-4453-8688-e44f9b927467 tempest-GroupsV314Test-1365452253 None] Running cmd (subprocess): /opt/stack/data/venv/bin/python3.12 -m oslo_concurrency.prlimit --as=1073741824 --cpu=60 -- sudo cinder-rootwrap /etc/cinder/rootwrap.conf env LC_ALL=C qemu-img info -f qcow2 --output=json --force-share /opt/stack/data/cinder/mnt/acc7e9f62b341440c56e34f5efa5edd4/volume-64e33006-03b0-4451-8baf-a1bad9d1d6f4 {{(pid=88982) execute /opt/stack/data/venv/lib/python3.12/site-packages/oslo_concurrency/processutils.py:440}}
Aug 05 13:45:14 devstack sudo[94373]: quobyte : PWD=/ ; USER=root ; COMMAND=/opt/stack/data/venv/bin/cinder-rootwrap /etc/cinder/rootwrap.conf env LC_ALL=C qemu-img info -f qcow2 --output=json --force-share /opt/stack/data/cinder/mnt/acc7e9f62b341440c56e34f5efa5edd4/volume-64e33006-03b0-4451-8baf-a1bad9d1d6f4
Aug 05 13:45:14 devstack sudo[94373]: pam_unix(sudo:session): session opened for user root(uid=0) by (uid=1000)
Aug 05 13:45:14 devstack cinder-volume[88982]: INFO cinder.volume.manager [req-19502f29-2132-486b-b91e-ebd2bc5bae4f req-cdddb2ab-f6d6-4ca0-8f89-5ed358195d0e tempest-AttachVolumeTestJSON-2137354969 None] Terminate volume connection completed successfully.
Aug 05 13:45:14 devstack cinder-volume[88982]: DEBUG cinder.volume.manager [req-19502f29-2132-486b-b91e-ebd2bc5bae4f req-cdddb2ab-f6d6-4ca0-8f89-5ed358195d0e tempest-AttachVolumeTestJSON-2137354969 None] Deleting attachment ef997d08-d893-48f2-aeea-73b360114a6d. {{(pid=88982) attachment_delete /opt/stack/cinder/cinder/volume/manager.py:5055}}
Aug 05 13:45:14 devstack cinder-volume[88982]: INFO cinder.volume.manager [req-de9ba747-d3e0-4184-b448-3089877d5b58 req-7bb0e059-555b-467e-9d33-ef8fa5a3b814 tempest-ServerActionsTestOtherA-1721421835 None] Terminate volume connection completed successfully.
Aug 05 13:45:14 devstack cinder-volume[88982]: DEBUG cinder.volume.manager [req-de9ba747-d3e0-4184-b448-3089877d5b58 req-7bb0e059-555b-467e-9d33-ef8fa5a3b814 tempest-ServerActionsTestOtherA-1721421835 None] Deleting attachment 6d4180b7-a22f-491a-afdf-c42a9cf11ed2. {{(pid=88982) attachment_delete /opt/stack/cinder/cinder/volume/manager.py:5055}}
Aug 05 13:45:14 devstack sudo[94373]: pam_unix(sudo:session): session closed for user root
Aug 05 13:45:14 devstack cinder-volume[88982]: DEBUG oslo_concurrency.processutils [None req-1a4aa45c-e17f-4453-8688-e44f9b927467 tempest-GroupsV314Test-1365452253 None] CMD "/opt/stack/data/venv/bin/python3.12 -m oslo_concurrency.prlimit --as=1073741824 --cpu=60 -- sudo cinder-rootwrap /etc/cinder/rootwrap.conf env LC_ALL=C qemu-img info -f qcow2 --output=json --force-share /opt/stack/data/cinder/mnt/acc7e9f62b341440c56e34f5efa5edd4/volume-64e33006-03b0-4451-8baf-a1bad9d1d6f4" returned: 0 in 0.492s {{(pid=88982) execute /opt/stack/data/venv/lib/python3.12/site-packages/oslo_concurrency/processutils.py:468}}
Aug 05 13:45:14 devstack cinder-volume[88982]: DEBUG oslo_concurrency.processutils [None req-1a4aa45c-e17f-4453-8688-e44f9b927467 tempest-GroupsV314Test-1365452253 None] Running cmd (subprocess): sudo cinder-rootwrap /etc/cinder/rootwrap.conf qemu-img create -f qcow2 -o backing_file=/opt/stack/data/cinder/mnt/acc7e9f62b341440c56e34f5efa5edd4/volume-64e33006-03b0-4451-8baf-a1bad9d1d6f4,backing_fmt=qcow2 /opt/stack/data/cinder/mnt/acc7e9f62b341440c56e34f5efa5edd4/volume-64e33006-03b0-4451-8baf-a1bad9d1d6f4.a73725a8-1df3-4a90-b40f-341c5c5abc39 1G {{(pid=88982) execute /opt/stack/data/venv/lib/python3.12/site-packages/oslo_concurrency/processutils.py:440}}
Aug 05 13:45:14 devstack sudo[94383]: quobyte : PWD=/ ; USER=root ; COMMAND=/opt/stack/data/venv/bin/cinder-rootwrap /etc/cinder/rootwrap.conf qemu-img create -f qcow2 -o backing_file=/opt/stack/data/cinder/mnt/acc7e9f62b341440c56e34f5efa5edd4/volume-64e33006-03b0-4451-8baf-a1bad9d1d6f4,backing_fmt=qcow2 /opt/stack/data/cinder/mnt/acc7e9f62b341440c56e34f5efa5edd4/volume-64e33006-03b0-4451-8baf-a1bad9d1d6f4.a73725a8-1df3-4a90-b40f-341c5c5abc39 1G
Aug 05 13:45:14 devstack sudo[94383]: pam_unix(sudo:session): session opened for user root(uid=0) by (uid=1000)
Aug 05 13:45:15 devstack sudo[94383]: pam_unix(sudo:session): session closed for user root
Aug 05 13:45:15 devstack cinder-volume[88982]: DEBUG oslo_concurrency.processutils [None req-1a4aa45c-e17f-4453-8688-e44f9b927467 tempest-GroupsV314Test-1365452253 None] CMD "sudo cinder-rootwrap /etc/cinder/rootwrap.conf qemu-img create -f qcow2 -o backing_file=/opt/stack/data/cinder/mnt/acc7e9f62b341440c56e34f5efa5edd4/volume-64e33006-03b0-4451-8baf-a1bad9d1d6f4,backing_fmt=qcow2 /opt/stack/data/cinder/mnt/acc7e9f62b341440c56e34f5efa5edd4/volume-64e33006-03b0-4451-8baf-a1bad9d1d6f4.a73725a8-1df3-4a90-b40f-341c5c5abc39 1G" returned: 0 in 0.489s {{(pid=88982) execute /opt/stack/data/venv/lib/python3.12/site-packages/oslo_concurrency/processutils.py:468}}
Aug 05 13:45:15 devstack cinder-volume[88982]: DEBUG oslo_concurrency.processutils [None req-1a4aa45c-e17f-4453-8688-e44f9b927467 tempest-GroupsV314Test-1365452253 None] Running cmd (subprocess): sudo cinder-rootwrap /etc/cinder/rootwrap.conf qemu-img rebase -u -b volume-64e33006-03b0-4451-8baf-a1bad9d1d6f4 -F qcow2 /opt/stack/data/cinder/mnt/acc7e9f62b341440c56e34f5efa5edd4/volume-64e33006-03b0-4451-8baf-a1bad9d1d6f4.a73725a8-1df3-4a90-b40f-341c5c5abc39 {{(pid=88982) execute /opt/stack/data/venv/lib/python3.12/site-packages/oslo_concurrency/processutils.py:440}}
Aug 05 13:45:15 devstack sudo[94390]: quobyte : PWD=/ ; USER=root ; COMMAND=/opt/stack/data/venv/bin/cinder-rootwrap /etc/cinder/rootwrap.conf qemu-img rebase -u -b volume-64e33006-03b0-4451-8baf-a1bad9d1d6f4 -F qcow2 /opt/stack/data/cinder/mnt/acc7e9f62b341440c56e34f5efa5edd4/volume-64e33006-03b0-4451-8baf-a1bad9d1d6f4.a73725a8-1df3-4a90-b40f-341c5c5abc39
Aug 05 13:45:15 devstack sudo[94390]: pam_unix(sudo:session): session opened for user root(uid=0) by (uid=1000)
Aug 05 13:45:15 devstack sudo[94390]: pam_unix(sudo:session): session closed for user root
Aug 05 13:45:15 devstack cinder-volume[88982]: DEBUG oslo_concurrency.processutils [None req-1a4aa45c-e17f-4453-8688-e44f9b927467 tempest-GroupsV314Test-1365452253 None] CMD "sudo cinder-rootwrap /etc/cinder/rootwrap.conf qemu-img rebase -u -b volume-64e33006-03b0-4451-8baf-a1bad9d1d6f4 -F qcow2 /opt/stack/data/cinder/mnt/acc7e9f62b341440c56e34f5efa5edd4/volume-64e33006-03b0-4451-8baf-a1bad9d1d6f4.a73725a8-1df3-4a90-b40f-341c5c5abc39" returned: 0 in 0.421s {{(pid=88982) execute /opt/stack/data/venv/lib/python3.12/site-packages/oslo_concurrency/processutils.py:468}}
Aug 05 13:45:15 devstack cinder-volume[88982]: WARNING cinder.volume.drivers.remotefs [None req-1a4aa45c-e17f-4453-8688-e44f9b927467 tempest-GroupsV314Test-1365452253 None] /opt/stack/data/cinder/mnt/acc7e9f62b341440c56e34f5efa5edd4/volume-64e33006-03b0-4451-8baf-a1bad9d1d6f4.a73725a8-1df3-4a90-b40f-341c5c5abc39 is being set with open permissions: ugo+rw: NotImplementedError
Aug 05 13:45:15 devstack cinder-volume[88982]: DEBUG oslo_concurrency.processutils [None req-1a4aa45c-e17f-4453-8688-e44f9b927467 tempest-GroupsV314Test-1365452253 None] Running cmd (subprocess): sudo cinder-rootwrap /etc/cinder/rootwrap.conf chmod ugo+rw /opt/stack/data/cinder/mnt/acc7e9f62b341440c56e34f5efa5edd4/volume-64e33006-03b0-4451-8baf-a1bad9d1d6f4.a73725a8-1df3-4a90-b40f-341c5c5abc39 {{(pid=88982) execute /opt/stack/data/venv/lib/python3.12/site-packages/oslo_concurrency/processutils.py:440}}
Aug 05 13:45:15 devstack sudo[94413]: quobyte : PWD=/ ; USER=root ; COMMAND=/opt/stack/data/venv/bin/cinder-rootwrap /etc/cinder/rootwrap.conf chmod ugo+rw /opt/stack/data/cinder/mnt/acc7e9f62b341440c56e34f5efa5edd4/volume-64e33006-03b0-4451-8baf-a1bad9d1d6f4.a73725a8-1df3-4a90-b40f-341c5c5abc39
Aug 05 13:45:15 devstack sudo[94413]: pam_unix(sudo:session): session opened for user root(uid=0) by (uid=1000)
Aug 05 13:45:16 devstack sudo[94413]: pam_unix(sudo:session): session closed for user root
Aug 05 13:45:16 devstack cinder-volume[88982]: DEBUG oslo_concurrency.processutils [None req-1a4aa45c-e17f-4453-8688-e44f9b927467 tempest-GroupsV314Test-1365452253 None] CMD "sudo cinder-rootwrap /etc/cinder/rootwrap.conf chmod ugo+rw /opt/stack/data/cinder/mnt/acc7e9f62b341440c56e34f5efa5edd4/volume-64e33006-03b0-4451-8baf-a1bad9d1d6f4.a73725a8-1df3-4a90-b40f-341c5c5abc39" returned: 0 in 0.443s {{(pid=88982) execute /opt/stack/data/venv/lib/python3.12/site-packages/oslo_concurrency/processutils.py:468}}
Aug 05 13:45:16 devstack cinder-volume[88982]: DEBUG oslo_concurrency.processutils [None req-1a4aa45c-e17f-4453-8688-e44f9b927467 tempest-GroupsV314Test-1365452253 None] Running cmd (subprocess): sudo cinder-rootwrap /etc/cinder/rootwrap.conf truncate -s0 /opt/stack/data/cinder/mnt/acc7e9f62b341440c56e34f5efa5edd4/volume-64e33006-03b0-4451-8baf-a1bad9d1d6f4.info {{(pid=88982) execute /opt/stack/data/venv/lib/python3.12/site-packages/oslo_concurrency/processutils.py:440}}
Aug 05 13:45:16 devstack sudo[94440]: quobyte : PWD=/ ; USER=root ; COMMAND=/opt/stack/data/venv/bin/cinder-rootwrap /etc/cinder/rootwrap.conf truncate -s0 /opt/stack/data/cinder/mnt/acc7e9f62b341440c56e34f5efa5edd4/volume-64e33006-03b0-4451-8baf-a1bad9d1d6f4.info
Aug 05 13:45:16 devstack sudo[94440]: pam_unix(sudo:session): session opened for user root(uid=0) by (uid=1000)
Aug 05 13:45:16 devstack cinder-volume[88982]: INFO cinder.volume.manager [req-1db10ed8-51f0-4592-8f9a-5220ecf4104f req-0578314e-eaa8-46aa-a815-bc2f2f97a76b tempest-AttachVolumeTestJSON-2137354969 None] Terminate volume connection completed successfully.
Aug 05 13:45:16 devstack cinder-volume[88982]: DEBUG cinder.volume.manager [req-1db10ed8-51f0-4592-8f9a-5220ecf4104f req-0578314e-eaa8-46aa-a815-bc2f2f97a76b tempest-AttachVolumeTestJSON-2137354969 None] Deleting attachment bcf313fb-8801-493e-af40-e04ce5c9314f. {{(pid=88982) attachment_delete /opt/stack/cinder/cinder/volume/manager.py:5055}}
Aug 05 13:45:16 devstack sudo[94440]: pam_unix(sudo:session): session closed for user root
Aug 05 13:45:16 devstack cinder-volume[88982]: DEBUG oslo_concurrency.processutils [None req-1a4aa45c-e17f-4453-8688-e44f9b927467 tempest-GroupsV314Test-1365452253 None] CMD "sudo cinder-rootwrap /etc/cinder/rootwrap.conf truncate -s0 /opt/stack/data/cinder/mnt/acc7e9f62b341440c56e34f5efa5edd4/volume-64e33006-03b0-4451-8baf-a1bad9d1d6f4.info" returned: 0 in 0.405s {{(pid=88982) execute /opt/stack/data/venv/lib/python3.12/site-packages/oslo_concurrency/processutils.py:468}}
Aug 05 13:45:16 devstack cinder-volume[88982]: WARNING cinder.volume.drivers.remotefs [None req-1a4aa45c-e17f-4453-8688-e44f9b927467 tempest-GroupsV314Test-1365452253 None] /opt/stack/data/cinder/mnt/acc7e9f62b341440c56e34f5efa5edd4/volume-64e33006-03b0-4451-8baf-a1bad9d1d6f4.info is being set with open permissions: ugo+rw: NotImplementedError
Aug 05 13:45:16 devstack cinder-volume[88982]: DEBUG oslo_concurrency.processutils [None req-1a4aa45c-e17f-4453-8688-e44f9b927467 tempest-GroupsV314Test-1365452253 None] Running cmd (subprocess): sudo cinder-rootwrap /etc/cinder/rootwrap.conf chmod ugo+rw /opt/stack/data/cinder/mnt/acc7e9f62b341440c56e34f5efa5edd4/volume-64e33006-03b0-4451-8baf-a1bad9d1d6f4.info {{(pid=88982) execute /opt/stack/data/venv/lib/python3.12/site-packages/oslo_concurrency/processutils.py:440}}
Aug 05 13:45:16 devstack sudo[94449]: quobyte : PWD=/ ; USER=root ; COMMAND=/opt/stack/data/venv/bin/cinder-rootwrap /etc/cinder/rootwrap.conf chmod ugo+rw /opt/stack/data/cinder/mnt/acc7e9f62b341440c56e34f5efa5edd4/volume-64e33006-03b0-4451-8baf-a1bad9d1d6f4.info
Aug 05 13:45:16 devstack sudo[94449]: pam_unix(sudo:session): session opened for user root(uid=0) by (uid=1000)
Aug 05 13:45:17 devstack sudo[94449]: pam_unix(sudo:session): session closed for user root
Aug 05 13:45:17 devstack cinder-volume[88982]: DEBUG oslo_concurrency.processutils [None req-1a4aa45c-e17f-4453-8688-e44f9b927467 tempest-GroupsV314Test-1365452253 None] CMD "sudo cinder-rootwrap /etc/cinder/rootwrap.conf chmod ugo+rw /opt/stack/data/cinder/mnt/acc7e9f62b341440c56e34f5efa5edd4/volume-64e33006-03b0-4451-8baf-a1bad9d1d6f4.info" returned: 0 in 0.459s {{(pid=88982) execute /opt/stack/data/venv/lib/python3.12/site-packages/oslo_concurrency/processutils.py:468}}
Aug 05 13:45:17 devstack cinder-volume[88982]: DEBUG cinder.coordination [None req-1a4aa45c-e17f-4453-8688-e44f9b927467 tempest-GroupsV314Test-1365452253 None] Acquiring lock "cinder-quobyte-709d53b8-b23a-46ef-bf24-b4c48a5dfbe4" by "_copy_volume_from_snapshot" {{(pid=88982) __acquire /opt/stack/cinder/cinder/coordination.py:138}}
Aug 05 13:45:17 devstack cinder-volume[88982]: DEBUG cinder.coordination [None req-1a4aa45c-e17f-4453-8688-e44f9b927467 tempest-GroupsV314Test-1365452253 None] Lock "cinder-quobyte-709d53b8-b23a-46ef-bf24-b4c48a5dfbe4" acquired by "_copy_volume_from_snapshot" :: waited 0.026s {{(pid=88982) __acquire /opt/stack/cinder/cinder/coordination.py:141}}
Aug 05 13:45:17 devstack cinder-volume[88982]: DEBUG cinder.volume.drivers.quobyte [None req-1a4aa45c-e17f-4453-8688-e44f9b927467 tempest-GroupsV314Test-1365452253 None] snapshot: a73725a8-1df3-4a90-b40f-341c5c5abc39, volume: 709d53b8-b23a-46ef-bf24-b4c48a5dfbe4, {{(pid=88982) _copy_volume_from_snapshot /opt/stack/cinder/cinder/volume/drivers/quobyte.py:405}}
Aug 05 13:45:17 devstack cinder-volume[88982]: DEBUG oslo_concurrency.lockutils [None req-1a4aa45c-e17f-4453-8688-e44f9b927467 tempest-GroupsV314Test-1365452253 None] Acquiring lock "quobyte_ensure" by "cinder.volume.drivers.quobyte.QuobyteDriver._ensure_shares_mounted" {{(pid=88982) inner /opt/stack/data/venv/lib/python3.12/site-packages/oslo_concurrency/lockutils.py:512}}
Aug 05 13:45:17 devstack cinder-volume[88982]: DEBUG oslo_concurrency.lockutils [None req-1a4aa45c-e17f-4453-8688-e44f9b927467 tempest-GroupsV314Test-1365452253 None] Lock "quobyte_ensure" acquired by "cinder.volume.drivers.quobyte.QuobyteDriver._ensure_shares_mounted" :: waited 0.001s {{(pid=88982) inner /opt/stack/data/venv/lib/python3.12/site-packages/oslo_concurrency/lockutils.py:525}}
Aug 05 13:45:17 devstack cinder-volume[88982]: DEBUG cinder.volume.drivers.quobyte [None req-1a4aa45c-e17f-4453-8688-e44f9b927467 tempest-GroupsV314Test-1365452253 None] Quobyte Volume URL set to: {'osci02.corp.quobyte.com/cinder-vol-e9863358-f5f6-48a3-9d69-11fd953199a9': None} {{(pid=88982) _load_shares_config /opt/stack/cinder/cinder/volume/drivers/quobyte.py:665}}
Aug 05 13:45:17 devstack cinder-volume[88982]: DEBUG cinder.volume.drivers.quobyte [None req-1a4aa45c-e17f-4453-8688-e44f9b927467 tempest-GroupsV314Test-1365452253 None] Available shares ['osci02.corp.quobyte.com/cinder-vol-e9863358-f5f6-48a3-9d69-11fd953199a9'] {{(pid=88982) _ensure_shares_mounted /opt/stack/cinder/cinder/volume/drivers/quobyte.py:695}}
Aug 05 13:45:17 devstack cinder-volume[88982]: DEBUG oslo_concurrency.lockutils [None req-1a4aa45c-e17f-4453-8688-e44f9b927467 tempest-GroupsV314Test-1365452253 None] Lock "quobyte_ensure" "released" by "cinder.volume.drivers.quobyte.QuobyteDriver._ensure_shares_mounted" :: held 0.009s {{(pid=88982) inner /opt/stack/data/venv/lib/python3.12/site-packages/oslo_concurrency/lockutils.py:544}}
Aug 05 13:45:17 devstack cinder-volume[88982]: DEBUG oslo.privsep.daemon [-] privsep: reply[c708aec3-860f-48e8-9a76-437ef9a24120]: (4, 'qcow2') {{(pid=90393) _call_back /opt/stack/data/venv/lib/python3.12/site-packages/oslo_privsep/daemon.py:580}}
Aug 05 13:45:17 devstack cinder-volume[88982]: DEBUG oslo_concurrency.processutils [None req-1a4aa45c-e17f-4453-8688-e44f9b927467 tempest-GroupsV314Test-1365452253 None] Running cmd (subprocess): /opt/stack/data/venv/bin/python3.12 -m oslo_concurrency.prlimit --as=1073741824 --cpu=60 -- sudo cinder-rootwrap /etc/cinder/rootwrap.conf env LC_ALL=C qemu-img info -f qcow2 --output=json --force-share /opt/stack/data/cinder/mnt/acc7e9f62b341440c56e34f5efa5edd4/volume-64e33006-03b0-4451-8baf-a1bad9d1d6f4.a73725a8-1df3-4a90-b40f-341c5c5abc39 {{(pid=88982) execute /opt/stack/data/venv/lib/python3.12/site-packages/oslo_concurrency/processutils.py:440}}
Aug 05 13:45:17 devstack sudo[94460]: quobyte : PWD=/ ; USER=root ; COMMAND=/opt/stack/data/venv/bin/cinder-rootwrap /etc/cinder/rootwrap.conf env LC_ALL=C qemu-img info -f qcow2 --output=json --force-share /opt/stack/data/cinder/mnt/acc7e9f62b341440c56e34f5efa5edd4/volume-64e33006-03b0-4451-8baf-a1bad9d1d6f4.a73725a8-1df3-4a90-b40f-341c5c5abc39
Aug 05 13:45:17 devstack sudo[94460]: pam_unix(sudo:session): session opened for user root(uid=0) by (uid=1000)
Aug 05 13:45:17 devstack sudo[94460]: pam_unix(sudo:session): session closed for user root
Aug 05 13:45:17 devstack cinder-volume[88982]: DEBUG oslo_concurrency.processutils [None req-1a4aa45c-e17f-4453-8688-e44f9b927467 tempest-GroupsV314Test-1365452253 None] CMD "/opt/stack/data/venv/bin/python3.12 -m oslo_concurrency.prlimit --as=1073741824 --cpu=60 -- sudo cinder-rootwrap /etc/cinder/rootwrap.conf env LC_ALL=C qemu-img info -f qcow2 --output=json --force-share /opt/stack/data/cinder/mnt/acc7e9f62b341440c56e34f5efa5edd4/volume-64e33006-03b0-4451-8baf-a1bad9d1d6f4.a73725a8-1df3-4a90-b40f-341c5c5abc39" returned: 0 in 0.567s {{(pid=88982) execute /opt/stack/data/venv/lib/python3.12/site-packages/oslo_concurrency/processutils.py:468}}
Aug 05 13:45:17 devstack cinder-volume[88982]: DEBUG cinder.volume.drivers.remotefs [None req-1a4aa45c-e17f-4453-8688-e44f9b927467 tempest-GroupsV314Test-1365452253 None] Fetching qemu-img info with special backing_file_template: (/opt/stack/data/cinder/mnt/[0-9a-f]+/)?(volume-64e33006-03b0-4451-8baf-a1bad9d1d6f4(.(tmp-snap-)?[0-9a-f-]+)?|volume_from_snapshot_cache/(tmp-snap-)?[0-9a-f-]+(.(child-|parent-)[0-9a-f-]+)?)$ {{(pid=88982) _qemu_img_info_base /opt/stack/cinder/cinder/volume/drivers/remotefs.py:896}}
Aug 05 13:45:17 devstack cinder-volume[88982]: DEBUG oslo.privsep.daemon [-] privsep: reply[432a778d-3fdc-444a-8f1f-24efc7d851f5]: (4, 'qcow2') {{(pid=90393) _call_back /opt/stack/data/venv/lib/python3.12/site-packages/oslo_privsep/daemon.py:580}}
Aug 05 13:45:17 devstack cinder-volume[88982]: DEBUG oslo_concurrency.processutils [None req-1a4aa45c-e17f-4453-8688-e44f9b927467 tempest-GroupsV314Test-1365452253 None] Running cmd (subprocess): /opt/stack/data/venv/bin/python3.12 -m oslo_concurrency.prlimit --as=1073741824 --cpu=60 -- sudo cinder-rootwrap /etc/cinder/rootwrap.conf env LC_ALL=C qemu-img info -f qcow2 --output=json --force-share /opt/stack/data/cinder/mnt/acc7e9f62b341440c56e34f5efa5edd4/volume-64e33006-03b0-4451-8baf-a1bad9d1d6f4 {{(pid=88982) execute /opt/stack/data/venv/lib/python3.12/site-packages/oslo_concurrency/processutils.py:440}}
Aug 05 13:45:18 devstack sudo[94468]: quobyte : PWD=/ ; USER=root ; COMMAND=/opt/stack/data/venv/bin/cinder-rootwrap /etc/cinder/rootwrap.conf env LC_ALL=C qemu-img info -f qcow2 --output=json --force-share /opt/stack/data/cinder/mnt/acc7e9f62b341440c56e34f5efa5edd4/volume-64e33006-03b0-4451-8baf-a1bad9d1d6f4
Aug 05 13:45:18 devstack sudo[94468]: pam_unix(sudo:session): session opened for user root(uid=0) by (uid=1000)
Aug 05 13:45:18 devstack sudo[94468]: pam_unix(sudo:session): session closed for user root
Aug 05 13:45:18 devstack cinder-volume[88982]: DEBUG oslo_concurrency.processutils [None req-1a4aa45c-e17f-4453-8688-e44f9b927467 tempest-GroupsV314Test-1365452253 None] CMD "/opt/stack/data/venv/bin/python3.12 -m oslo_concurrency.prlimit --as=1073741824 --cpu=60 -- sudo cinder-rootwrap /etc/cinder/rootwrap.conf env LC_ALL=C qemu-img info -f qcow2 --output=json --force-share /opt/stack/data/cinder/mnt/acc7e9f62b341440c56e34f5efa5edd4/volume-64e33006-03b0-4451-8baf-a1bad9d1d6f4" returned: 0 in 0.688s {{(pid=88982) execute /opt/stack/data/venv/lib/python3.12/site-packages/oslo_concurrency/processutils.py:468}}
Aug 05 13:45:18 devstack cinder-volume[88982]: DEBUG cinder.volume.drivers.quobyte [None req-1a4aa45c-e17f-4453-8688-e44f9b927467 tempest-GroupsV314Test-1365452253 None] will copy from snapshot at /opt/stack/data/cinder/mnt/acc7e9f62b341440c56e34f5efa5edd4/volume-64e33006-03b0-4451-8baf-a1bad9d1d6f4 {{(pid=88982) _copy_volume_from_snapshot /opt/stack/cinder/cinder/volume/drivers/quobyte.py:426}}
Aug 05 13:45:18 devstack cinder-volume[88982]: DEBUG cinder.volume.drivers.quobyte [None req-1a4aa45c-e17f-4453-8688-e44f9b927467 tempest-GroupsV314Test-1365452253 None] Creating direct copy from snapshot {{(pid=88982) _copy_volume_from_snapshot /opt/stack/cinder/cinder/volume/drivers/quobyte.py:434}}
Aug 05 13:45:18 devstack cinder-volume[88982]: DEBUG cinder.utils [None req-1a4aa45c-e17f-4453-8688-e44f9b927467 tempest-GroupsV314Test-1365452253 None] Path /opt/stack/data/cinder/mnt/acc7e9f62b341440c56e34f5efa5edd4/volume-709d53b8-b23a-46ef-bf24-b4c48a5dfbe4 not found in is_blk_device check {{(pid=88982) is_blk_device /opt/stack/cinder/cinder/utils.py:615}}
Aug 05 13:45:18 devstack cinder-volume[88982]: DEBUG oslo_concurrency.processutils [None req-1a4aa45c-e17f-4453-8688-e44f9b927467 tempest-GroupsV314Test-1365452253 None] Running cmd (subprocess): sudo cinder-rootwrap /etc/cinder/rootwrap.conf qemu-img convert -O qcow2 /opt/stack/data/cinder/mnt/acc7e9f62b341440c56e34f5efa5edd4/volume-64e33006-03b0-4451-8baf-a1bad9d1d6f4 /opt/stack/data/cinder/mnt/acc7e9f62b341440c56e34f5efa5edd4/volume-709d53b8-b23a-46ef-bf24-b4c48a5dfbe4 {{(pid=88982) execute /opt/stack/data/venv/lib/python3.12/site-packages/oslo_concurrency/processutils.py:440}}
Aug 05 13:45:18 devstack sudo[94479]: quobyte : PWD=/ ; USER=root ; COMMAND=/opt/stack/data/venv/bin/cinder-rootwrap /etc/cinder/rootwrap.conf qemu-img convert -O qcow2 /opt/stack/data/cinder/mnt/acc7e9f62b341440c56e34f5efa5edd4/volume-64e33006-03b0-4451-8baf-a1bad9d1d6f4 /opt/stack/data/cinder/mnt/acc7e9f62b341440c56e34f5efa5edd4/volume-709d53b8-b23a-46ef-bf24-b4c48a5dfbe4
Aug 05 13:45:18 devstack sudo[94479]: pam_unix(sudo:session): session opened for user root(uid=0) by (uid=1000)
Aug 05 13:45:24 devstack sudo[94479]: pam_unix(sudo:session): session closed for user root
Aug 05 13:45:24 devstack cinder-volume[88982]: DEBUG oslo_concurrency.processutils [None req-1a4aa45c-e17f-4453-8688-e44f9b927467 tempest-GroupsV314Test-1365452253 None] CMD "sudo cinder-rootwrap /etc/cinder/rootwrap.conf qemu-img convert -O qcow2 /opt/stack/data/cinder/mnt/acc7e9f62b341440c56e34f5efa5edd4/volume-64e33006-03b0-4451-8baf-a1bad9d1d6f4 /opt/stack/data/cinder/mnt/acc7e9f62b341440c56e34f5efa5edd4/volume-709d53b8-b23a-46ef-bf24-b4c48a5dfbe4" returned: 0 in 5.809s {{(pid=88982) execute /opt/stack/data/venv/lib/python3.12/site-packages/oslo_concurrency/processutils.py:468}}
Aug 05 13:45:24 devstack cinder-volume[88982]: DEBUG cinder.image.image_utils [None req-1a4aa45c-e17f-4453-8688-e44f9b927467 tempest-GroupsV314Test-1365452253 None] Image conversion details: src /opt/stack/data/cinder/mnt/acc7e9f62b341440c56e34f5efa5edd4/volume-64e33006-03b0-4451-8baf-a1bad9d1d6f4, size 1024.00 MB, duration 5.81 sec, destination /opt/stack/data/cinder/mnt/acc7e9f62b341440c56e34f5efa5edd4/volume-709d53b8-b23a-46ef-bf24-b4c48a5dfbe4 {{(pid=88982) _convert_image /opt/stack/cinder/cinder/image/image_utils.py:536}}
Aug 05 13:45:24 devstack cinder-volume[88982]: INFO cinder.image.image_utils [None req-1a4aa45c-e17f-4453-8688-e44f9b927467 tempest-GroupsV314Test-1365452253 None] Converted 1024.00 MB image at 176.23 MB/s
Aug 05 13:45:24 devstack cinder-volume[88982]: WARNING cinder.volume.drivers.remotefs [None req-1a4aa45c-e17f-4453-8688-e44f9b927467 tempest-GroupsV314Test-1365452253 None] /opt/stack/data/cinder/mnt/acc7e9f62b341440c56e34f5efa5edd4/volume-709d53b8-b23a-46ef-bf24-b4c48a5dfbe4 is being set with open permissions: ugo+rw: NotImplementedError
Aug 05 13:45:24 devstack cinder-volume[88982]: DEBUG oslo_concurrency.processutils [None req-1a4aa45c-e17f-4453-8688-e44f9b927467 tempest-GroupsV314Test-1365452253 None] Running cmd (subprocess): sudo cinder-rootwrap /etc/cinder/rootwrap.conf chmod ugo+rw /opt/stack/data/cinder/mnt/acc7e9f62b341440c56e34f5efa5edd4/volume-709d53b8-b23a-46ef-bf24-b4c48a5dfbe4 {{(pid=88982) execute /opt/stack/data/venv/lib/python3.12/site-packages/oslo_concurrency/processutils.py:440}}
Aug 05 13:45:24 devstack sudo[94560]: quobyte : PWD=/ ; USER=root ; COMMAND=/opt/stack/data/venv/bin/cinder-rootwrap /etc/cinder/rootwrap.conf chmod ugo+rw /opt/stack/data/cinder/mnt/acc7e9f62b341440c56e34f5efa5edd4/volume-709d53b8-b23a-46ef-bf24-b4c48a5dfbe4
Aug 05 13:45:24 devstack sudo[94560]: pam_unix(sudo:session): session opened for user root(uid=0) by (uid=1000)
Aug 05 13:45:24 devstack sudo[94560]: pam_unix(sudo:session): session closed for user root
Aug 05 13:45:24 devstack cinder-volume[88982]: DEBUG oslo_concurrency.processutils [None req-1a4aa45c-e17f-4453-8688-e44f9b927467 tempest-GroupsV314Test-1365452253 None] CMD "sudo cinder-rootwrap /etc/cinder/rootwrap.conf chmod ugo+rw /opt/stack/data/cinder/mnt/acc7e9f62b341440c56e34f5efa5edd4/volume-709d53b8-b23a-46ef-bf24-b4c48a5dfbe4" returned: 0 in 0.312s {{(pid=88982) execute /opt/stack/data/venv/lib/python3.12/site-packages/oslo_concurrency/processutils.py:468}}
Aug 05 13:45:24 devstack cinder-volume[88982]: DEBUG cinder.coordination [None req-1a4aa45c-e17f-4453-8688-e44f9b927467 tempest-GroupsV314Test-1365452253 None] Lock "cinder-quobyte-709d53b8-b23a-46ef-bf24-b4c48a5dfbe4" released by "_copy_volume_from_snapshot" :: held 7.484s {{(pid=88982) __release /opt/stack/cinder/cinder/coordination.py:152}}
Aug 05 13:45:24 devstack cinder-volume[88982]: DEBUG cinder.coordination [None req-1a4aa45c-e17f-4453-8688-e44f9b927467 tempest-GroupsV314Test-1365452253 None] Acquiring lock "cinder-quobyte-a73725a8-1df3-4a90-b40f-341c5c5abc39" by "_delete_snapshot" {{(pid=88982) __acquire /opt/stack/cinder/cinder/coordination.py:138}}
Aug 05 13:45:24 devstack cinder-volume[88982]: DEBUG cinder.coordination [None req-1a4aa45c-e17f-4453-8688-e44f9b927467 tempest-GroupsV314Test-1365452253 None] Lock "cinder-quobyte-a73725a8-1df3-4a90-b40f-341c5c5abc39" acquired by "_delete_snapshot" :: waited 0.033s {{(pid=88982) __acquire /opt/stack/cinder/cinder/coordination.py:141}}
Aug 05 13:45:24 devstack cinder-volume[88982]: DEBUG cinder.volume.drivers.remotefs [None req-1a4aa45c-e17f-4453-8688-e44f9b927467 tempest-GroupsV314Test-1365452253 None] Deleting offline snapshot a73725a8-1df3-4a90-b40f-341c5c5abc39 of volume 64e33006-03b0-4451-8baf-a1bad9d1d6f4 {{(pid=88982) _delete_snapshot /opt/stack/cinder/cinder/volume/drivers/remotefs.py:1288}}
Aug 05 13:45:24 devstack cinder-volume[88982]: DEBUG cinder.volume.drivers.remotefs [None req-1a4aa45c-e17f-4453-8688-e44f9b927467 tempest-GroupsV314Test-1365452253 None] snapshot_file for this snap is: volume-64e33006-03b0-4451-8baf-a1bad9d1d6f4.a73725a8-1df3-4a90-b40f-341c5c5abc39 {{(pid=88982) _delete_snapshot /opt/stack/cinder/cinder/volume/drivers/remotefs.py:1317}}
Aug 05 13:45:24 devstack cinder-volume[88982]: DEBUG oslo.privsep.daemon [-] privsep: reply[8b26b156-bfe0-4aa4-832c-bb7d7bb72c7b]: (4, 'qcow2') {{(pid=90393) _call_back /opt/stack/data/venv/lib/python3.12/site-packages/oslo_privsep/daemon.py:580}}
Aug 05 13:45:24 devstack cinder-volume[88982]: DEBUG oslo_concurrency.processutils [None req-1a4aa45c-e17f-4453-8688-e44f9b927467 tempest-GroupsV314Test-1365452253 None] Running cmd (subprocess): /opt/stack/data/venv/bin/python3.12 -m oslo_concurrency.prlimit --as=1073741824 --cpu=60 -- sudo cinder-rootwrap /etc/cinder/rootwrap.conf env LC_ALL=C qemu-img info -f qcow2 --output=json --force-share /opt/stack/data/cinder/mnt/acc7e9f62b341440c56e34f5efa5edd4/volume-64e33006-03b0-4451-8baf-a1bad9d1d6f4.a73725a8-1df3-4a90-b40f-341c5c5abc39 {{(pid=88982) execute /opt/stack/data/venv/lib/python3.12/site-packages/oslo_concurrency/processutils.py:440}}
Aug 05 13:45:24 devstack sudo[94583]: quobyte : PWD=/ ; USER=root ; COMMAND=/opt/stack/data/venv/bin/cinder-rootwrap /etc/cinder/rootwrap.conf env LC_ALL=C qemu-img info -f qcow2 --output=json --force-share /opt/stack/data/cinder/mnt/acc7e9f62b341440c56e34f5efa5edd4/volume-64e33006-03b0-4451-8baf-a1bad9d1d6f4.a73725a8-1df3-4a90-b40f-341c5c5abc39
Aug 05 13:45:24 devstack sudo[94583]: pam_unix(sudo:session): session opened for user root(uid=0) by (uid=1000)
Aug 05 13:45:25 devstack sudo[94583]: pam_unix(sudo:session): session closed for user root
Aug 05 13:45:25 devstack cinder-volume[88982]: DEBUG oslo_concurrency.processutils [None req-1a4aa45c-e17f-4453-8688-e44f9b927467 tempest-GroupsV314Test-1365452253 None] CMD "/opt/stack/data/venv/bin/python3.12 -m oslo_concurrency.prlimit --as=1073741824 --cpu=60 -- sudo cinder-rootwrap /etc/cinder/rootwrap.conf env LC_ALL=C qemu-img info -f qcow2 --output=json --force-share /opt/stack/data/cinder/mnt/acc7e9f62b341440c56e34f5efa5edd4/volume-64e33006-03b0-4451-8baf-a1bad9d1d6f4.a73725a8-1df3-4a90-b40f-341c5c5abc39" returned: 0 in 0.453s {{(pid=88982) execute /opt/stack/data/venv/lib/python3.12/site-packages/oslo_concurrency/processutils.py:468}}
Aug 05 13:45:25 devstack cinder-volume[88982]: DEBUG cinder.volume.drivers.remotefs [None req-1a4aa45c-e17f-4453-8688-e44f9b927467 tempest-GroupsV314Test-1365452253 None] Fetching qemu-img info with special backing_file_template: (/opt/stack/data/cinder/mnt/[0-9a-f]+/)?(volume-64e33006-03b0-4451-8baf-a1bad9d1d6f4(.(tmp-snap-)?[0-9a-f-]+)?|volume_from_snapshot_cache/(tmp-snap-)?[0-9a-f-]+(.(child-|parent-)[0-9a-f-]+)?)$ {{(pid=88982) _qemu_img_info_base /opt/stack/cinder/cinder/volume/drivers/remotefs.py:896}}
Aug 05 13:45:25 devstack cinder-volume[88982]: DEBUG oslo.privsep.daemon [-] privsep: reply[bb8d9c81-e377-473b-b792-5dbf755035a8]: (4, 'qcow2') {{(pid=90393) _call_back /opt/stack/data/venv/lib/python3.12/site-packages/oslo_privsep/daemon.py:580}}
Aug 05 13:45:25 devstack cinder-volume[88982]: DEBUG oslo_concurrency.processutils [None req-1a4aa45c-e17f-4453-8688-e44f9b927467 tempest-GroupsV314Test-1365452253 None] Running cmd (subprocess): /opt/stack/data/venv/bin/python3.12 -m oslo_concurrency.prlimit --as=1073741824 --cpu=60 -- sudo cinder-rootwrap /etc/cinder/rootwrap.conf env LC_ALL=C qemu-img info -f qcow2 --output=json --force-share /opt/stack/data/cinder/mnt/acc7e9f62b341440c56e34f5efa5edd4/volume-64e33006-03b0-4451-8baf-a1bad9d1d6f4 {{(pid=88982) execute /opt/stack/data/venv/lib/python3.12/site-packages/oslo_concurrency/processutils.py:440}}
Aug 05 13:45:25 devstack sudo[94591]: quobyte : PWD=/ ; USER=root ; COMMAND=/opt/stack/data/venv/bin/cinder-rootwrap /etc/cinder/rootwrap.conf env LC_ALL=C qemu-img info -f qcow2 --output=json --force-share /opt/stack/data/cinder/mnt/acc7e9f62b341440c56e34f5efa5edd4/volume-64e33006-03b0-4451-8baf-a1bad9d1d6f4
Aug 05 13:45:25 devstack sudo[94591]: pam_unix(sudo:session): session opened for user root(uid=0) by (uid=1000)
Aug 05 13:45:25 devstack sudo[94591]: pam_unix(sudo:session): session closed for user root
Aug 05 13:45:25 devstack cinder-volume[88982]: DEBUG oslo_concurrency.processutils [None req-1a4aa45c-e17f-4453-8688-e44f9b927467 tempest-GroupsV314Test-1365452253 None] CMD "/opt/stack/data/venv/bin/python3.12 -m oslo_concurrency.prlimit --as=1073741824 --cpu=60 -- sudo cinder-rootwrap /etc/cinder/rootwrap.conf env LC_ALL=C qemu-img info -f qcow2 --output=json --force-share /opt/stack/data/cinder/mnt/acc7e9f62b341440c56e34f5efa5edd4/volume-64e33006-03b0-4451-8baf-a1bad9d1d6f4" returned: 0 in 0.606s {{(pid=88982) execute /opt/stack/data/venv/lib/python3.12/site-packages/oslo_concurrency/processutils.py:468}}
Aug 05 13:45:25 devstack cinder-volume[88982]: DEBUG oslo_concurrency.processutils [None req-1a4aa45c-e17f-4453-8688-e44f9b927467 tempest-GroupsV314Test-1365452253 None] Running cmd (subprocess): sudo cinder-rootwrap /etc/cinder/rootwrap.conf qemu-img commit -d /opt/stack/data/cinder/mnt/acc7e9f62b341440c56e34f5efa5edd4/volume-64e33006-03b0-4451-8baf-a1bad9d1d6f4.a73725a8-1df3-4a90-b40f-341c5c5abc39 {{(pid=88982) execute /opt/stack/data/venv/lib/python3.12/site-packages/oslo_concurrency/processutils.py:440}}
Aug 05 13:45:25 devstack cinder-volume[88982]: DEBUG cinder.coordination [None req-fad7af1d-a7d6-4b20-9ab6-335fe40a433e tempest-AttachVolumeTestJSON-2137354969 None] Acquiring lock "cinder-a3d66097-d053-465b-a6a0-980daf60619b-delete_volume" by "delete_volume" {{(pid=88982) __acquire /opt/stack/cinder/cinder/coordination.py:138}}
Aug 05 13:45:25 devstack sudo[94596]: quobyte : PWD=/ ; USER=root ; COMMAND=/opt/stack/data/venv/bin/cinder-rootwrap /etc/cinder/rootwrap.conf qemu-img commit -d /opt/stack/data/cinder/mnt/acc7e9f62b341440c56e34f5efa5edd4/volume-64e33006-03b0-4451-8baf-a1bad9d1d6f4.a73725a8-1df3-4a90-b40f-341c5c5abc39
Aug 05 13:45:25 devstack sudo[94596]: pam_unix(sudo:session): session opened for user root(uid=0) by (uid=1000)
Aug 05 13:45:25 devstack cinder-volume[88982]: DEBUG cinder.coordination [None req-fad7af1d-a7d6-4b20-9ab6-335fe40a433e tempest-AttachVolumeTestJSON-2137354969 None] Lock "cinder-a3d66097-d053-465b-a6a0-980daf60619b-delete_volume" acquired by "delete_volume" :: waited 0.038s {{(pid=88982) __acquire /opt/stack/cinder/cinder/coordination.py:141}}
Aug 05 13:45:26 devstack cinder-volume[88982]: DEBUG cinder.coordination [None req-fad7af1d-a7d6-4b20-9ab6-335fe40a433e tempest-AttachVolumeTestJSON-2137354969 None] Acquiring lock "cinder-quobyte-a3d66097-d053-465b-a6a0-980daf60619b" by "delete_volume" {{(pid=88982) __acquire /opt/stack/cinder/cinder/coordination.py:138}}
Aug 05 13:45:26 devstack cinder-volume[88982]: DEBUG cinder.coordination [None req-fad7af1d-a7d6-4b20-9ab6-335fe40a433e tempest-AttachVolumeTestJSON-2137354969 None] Lock "cinder-quobyte-a3d66097-d053-465b-a6a0-980daf60619b" acquired by "delete_volume" :: waited 0.028s {{(pid=88982) __acquire /opt/stack/cinder/cinder/coordination.py:141}}
Aug 05 13:45:26 devstack cinder-volume[88982]: DEBUG oslo.privsep.daemon [-] privsep: reply[1082d22c-5d82-47c5-899b-ba69324f9356]: (4, 'qcow2') {{(pid=90393) _call_back /opt/stack/data/venv/lib/python3.12/site-packages/oslo_privsep/daemon.py:580}}
Aug 05 13:45:26 devstack cinder-volume[88982]: DEBUG oslo_concurrency.processutils [None req-fad7af1d-a7d6-4b20-9ab6-335fe40a433e tempest-AttachVolumeTestJSON-2137354969 None] Running cmd (subprocess): /opt/stack/data/venv/bin/python3.12 -m oslo_concurrency.prlimit --as=1073741824 --cpu=60 -- sudo cinder-rootwrap /etc/cinder/rootwrap.conf env LC_ALL=C qemu-img info -f qcow2 --output=json --force-share /opt/stack/data/cinder/mnt/acc7e9f62b341440c56e34f5efa5edd4/volume-a3d66097-d053-465b-a6a0-980daf60619b {{(pid=88982) execute /opt/stack/data/venv/lib/python3.12/site-packages/oslo_concurrency/processutils.py:440}}
Aug 05 13:45:26 devstack sudo[94598]: quobyte : PWD=/ ; USER=root ; COMMAND=/opt/stack/data/venv/bin/cinder-rootwrap /etc/cinder/rootwrap.conf env LC_ALL=C qemu-img info -f qcow2 --output=json --force-share /opt/stack/data/cinder/mnt/acc7e9f62b341440c56e34f5efa5edd4/volume-a3d66097-d053-465b-a6a0-980daf60619b
Aug 05 13:45:26 devstack sudo[94598]: pam_unix(sudo:session): session opened for user root(uid=0) by (uid=1000)
Aug 05 13:45:26 devstack sudo[94596]: pam_unix(sudo:session): session closed for user root
Aug 05 13:45:26 devstack cinder-volume[88982]: DEBUG oslo_concurrency.processutils [None req-1a4aa45c-e17f-4453-8688-e44f9b927467 tempest-GroupsV314Test-1365452253 None] CMD "sudo cinder-rootwrap /etc/cinder/rootwrap.conf qemu-img commit -d /opt/stack/data/cinder/mnt/acc7e9f62b341440c56e34f5efa5edd4/volume-64e33006-03b0-4451-8baf-a1bad9d1d6f4.a73725a8-1df3-4a90-b40f-341c5c5abc39" returned: 0 in 0.518s {{(pid=88982) execute /opt/stack/data/venv/lib/python3.12/site-packages/oslo_concurrency/processutils.py:468}}
Aug 05 13:45:26 devstack cinder-volume[88982]: DEBUG oslo_concurrency.processutils [None req-1a4aa45c-e17f-4453-8688-e44f9b927467 tempest-GroupsV314Test-1365452253 None] Running cmd (subprocess): sudo cinder-rootwrap /etc/cinder/rootwrap.conf rm -f /opt/stack/data/cinder/mnt/acc7e9f62b341440c56e34f5efa5edd4/volume-64e33006-03b0-4451-8baf-a1bad9d1d6f4.a73725a8-1df3-4a90-b40f-341c5c5abc39 {{(pid=88982) execute /opt/stack/data/venv/lib/python3.12/site-packages/oslo_concurrency/processutils.py:440}}
Aug 05 13:45:26 devstack sudo[94604]: quobyte : PWD=/ ; USER=root ; COMMAND=/opt/stack/data/venv/bin/cinder-rootwrap /etc/cinder/rootwrap.conf rm -f /opt/stack/data/cinder/mnt/acc7e9f62b341440c56e34f5efa5edd4/volume-64e33006-03b0-4451-8baf-a1bad9d1d6f4.a73725a8-1df3-4a90-b40f-341c5c5abc39
Aug 05 13:45:26 devstack sudo[94604]: pam_unix(sudo:session): session opened for user root(uid=0) by (uid=1000)
Aug 05 13:45:26 devstack sudo[94598]: pam_unix(sudo:session): session closed for user root
Aug 05 13:45:26 devstack cinder-volume[88982]: DEBUG oslo_concurrency.processutils [None req-fad7af1d-a7d6-4b20-9ab6-335fe40a433e tempest-AttachVolumeTestJSON-2137354969 None] CMD "/opt/stack/data/venv/bin/python3.12 -m oslo_concurrency.prlimit --as=1073741824 --cpu=60 -- sudo cinder-rootwrap /etc/cinder/rootwrap.conf env LC_ALL=C qemu-img info -f qcow2 --output=json --force-share /opt/stack/data/cinder/mnt/acc7e9f62b341440c56e34f5efa5edd4/volume-a3d66097-d053-465b-a6a0-980daf60619b" returned: 0 in 0.506s {{(pid=88982) execute /opt/stack/data/venv/lib/python3.12/site-packages/oslo_concurrency/processutils.py:468}}
Aug 05 13:45:26 devstack cinder-volume[88982]: DEBUG oslo_concurrency.processutils [None req-fad7af1d-a7d6-4b20-9ab6-335fe40a433e tempest-AttachVolumeTestJSON-2137354969 None] Running cmd (subprocess): sudo cinder-rootwrap /etc/cinder/rootwrap.conf rm -f /opt/stack/data/cinder/mnt/acc7e9f62b341440c56e34f5efa5edd4/volume-a3d66097-d053-465b-a6a0-980daf60619b {{(pid=88982) execute /opt/stack/data/venv/lib/python3.12/site-packages/oslo_concurrency/processutils.py:440}}
Aug 05 13:45:26 devstack sudo[94609]: quobyte : PWD=/ ; USER=root ; COMMAND=/opt/stack/data/venv/bin/cinder-rootwrap /etc/cinder/rootwrap.conf rm -f /opt/stack/data/cinder/mnt/acc7e9f62b341440c56e34f5efa5edd4/volume-a3d66097-d053-465b-a6a0-980daf60619b
Aug 05 13:45:26 devstack sudo[94609]: pam_unix(sudo:session): session opened for user root(uid=0) by (uid=1000)
Aug 05 13:45:26 devstack cinder-volume[88982]: DEBUG cinder.volume.flows.manager.create_volume [None req-de1149a0-b543-4e74-bac0-a25d64032613 tempest-ServerActionsTestOtherA-1721421835 None] Volume reschedule parameters: True retry: {'num_attempts': 1, 'backends': ['devstack@QuobyteHD#QuobyteHD'], 'hosts': ['devstack@QuobyteHD#QuobyteHD']} {{(pid=88982) get_flow /opt/stack/cinder/cinder/volume/flows/manager/create_volume.py:1397}}
Aug 05 13:45:26 devstack cinder-volume[88982]: DEBUG cinder.volume.manager [None req-de1149a0-b543-4e74-bac0-a25d64032613 tempest-ServerActionsTestOtherA-1721421835 None] Flow 'volume_create_manager' (3fec360c-04c3-4ea2-b755-04bee6642330) transitioned into state 'RUNNING' from state 'PENDING' {{(pid=88982) _flow_receiver /opt/stack/data/venv/lib/python3.12/site-packages/taskflow/listeners/logging.py:160}}
Aug 05 13:45:26 devstack cinder-volume[88982]: DEBUG cinder.volume.manager [None req-de1149a0-b543-4e74-bac0-a25d64032613 tempest-ServerActionsTestOtherA-1721421835 None] Task 'cinder.volume.flows.manager.create_volume.ExtractVolumeRefTask;volume:create' (f2f30b25-eeeb-452e-a892-0bc7656eac10) transitioned into state 'RUNNING' from state 'PENDING' {{(pid=88982) _task_receiver /opt/stack/data/venv/lib/python3.12/site-packages/taskflow/listeners/logging.py:242}}
Aug 05 13:45:26 devstack sudo[94604]: pam_unix(sudo:session): session closed for user root
Aug 05 13:45:26 devstack cinder-volume[88982]: DEBUG oslo_concurrency.processutils [None req-1a4aa45c-e17f-4453-8688-e44f9b927467 tempest-GroupsV314Test-1365452253 None] CMD "sudo cinder-rootwrap /etc/cinder/rootwrap.conf rm -f /opt/stack/data/cinder/mnt/acc7e9f62b341440c56e34f5efa5edd4/volume-64e33006-03b0-4451-8baf-a1bad9d1d6f4.a73725a8-1df3-4a90-b40f-341c5c5abc39" returned: 0 in 0.356s {{(pid=88982) execute /opt/stack/data/venv/lib/python3.12/site-packages/oslo_concurrency/processutils.py:468}}
Aug 05 13:45:26 devstack cinder-volume[88982]: DEBUG cinder.volume.manager [None req-de1149a0-b543-4e74-bac0-a25d64032613 tempest-ServerActionsTestOtherA-1721421835 None] Task 'cinder.volume.flows.manager.create_volume.ExtractVolumeRefTask;volume:create' (f2f30b25-eeeb-452e-a892-0bc7656eac10) transitioned into state 'SUCCESS' from state 'RUNNING' with result 'Volume(_name_id=None,admin_metadata=,attach_status='detached',availability_zone='nova',bootable=False,cluster=,cluster_name=None,consistencygroup=,consistencygroup_id=None,created_at=2026-08-05T11:45:26Z,deleted=False,deleted_at=None,display_description=None,display_name='tempest-tempest.common.compute-volume-1161434084',ec2_id=None,encryption_key_id=None,glance_metadata=,group=,group_id=None,host='devstack@QuobyteHD#QuobyteHD',id=65d7c9f5-69c0-4a87-b7c1-c404b72082e8,launched_at=None,metadata={},migration_status=None,multiattach=False,previous_status=None,project_id='a473b56c860c4bbdbd9828729247ec17',provider_auth=None,provider_geometry=None,provider_id=None,provider_location=None,replication_driver_data=None,replication_extended_status=None,replication_status=None,scheduled_at=2026-08-05T11:45:27Z,service_uuid=None,shared_targets=True,size=1,snapshot_id=None,snapshots=,source_volid=None,status='creating',terminated_at=None,updated_at=2026-08-05T11:45:27Z,use_quota=True,user_id='b871edaa21c44902adb340721ac94291',volume_attachment=VolumeAttachmentList,volume_type=VolumeType(aae6b59e-995b-4f9e-b4cb-c5e4d7522235),volume_type_id=aae6b59e-995b-4f9e-b4cb-c5e4d7522235)' {{(pid=88982) _task_receiver /opt/stack/data/venv/lib/python3.12/site-packages/taskflow/listeners/logging.py:218}}
Aug 05 13:45:26 devstack cinder-volume[88982]: DEBUG cinder.volume.manager [None req-de1149a0-b543-4e74-bac0-a25d64032613 tempest-ServerActionsTestOtherA-1721421835 None] Task 'cinder.volume.flows.manager.create_volume.OnFailureRescheduleTask;volume:create' (923f99c4-ced5-4bc9-a188-9ba4a0285af5) transitioned into state 'RUNNING' from state 'PENDING' {{(pid=88982) _task_receiver /opt/stack/data/venv/lib/python3.12/site-packages/taskflow/listeners/logging.py:242}}
Aug 05 13:45:26 devstack cinder-volume[88982]: DEBUG cinder.volume.manager [None req-de1149a0-b543-4e74-bac0-a25d64032613 tempest-ServerActionsTestOtherA-1721421835 None] Task 'cinder.volume.flows.manager.create_volume.OnFailureRescheduleTask;volume:create' (923f99c4-ced5-4bc9-a188-9ba4a0285af5) transitioned into state 'SUCCESS' from state 'RUNNING' with result 'None' {{(pid=88982) _task_receiver /opt/stack/data/venv/lib/python3.12/site-packages/taskflow/listeners/logging.py:218}}
Aug 05 13:45:26 devstack cinder-volume[88982]: DEBUG cinder.volume.manager [None req-de1149a0-b543-4e74-bac0-a25d64032613 tempest-ServerActionsTestOtherA-1721421835 None] Task 'cinder.volume.flows.manager.create_volume.ExtractVolumeSpecTask;volume:create' (cc7189dc-250e-46d5-87d4-96039e0b4e38) transitioned into state 'RUNNING' from state 'PENDING' {{(pid=88982) _task_receiver /opt/stack/data/venv/lib/python3.12/site-packages/taskflow/listeners/logging.py:242}}
Aug 05 13:45:26 devstack cinder-volume[88982]: DEBUG cinder.image.glance [None req-de1149a0-b543-4e74-bac0-a25d64032613 tempest-ServerActionsTestOtherA-1721421835 None] Creating Keystone auth plugin from conf {{(pid=88982) _create_glance_client /opt/stack/cinder/cinder/image/glance.py:135}}
Aug 05 13:45:26 devstack cinder-volume[88982]: DEBUG cinder.coordination [None req-1a4aa45c-e17f-4453-8688-e44f9b927467 tempest-GroupsV314Test-1365452253 None] Lock "cinder-quobyte-a73725a8-1df3-4a90-b40f-341c5c5abc39" released by "_delete_snapshot" :: held 2.161s {{(pid=88982) __release /opt/stack/cinder/cinder/coordination.py:152}}
Aug 05 13:45:26 devstack sudo[94609]: pam_unix(sudo:session): session closed for user root
Aug 05 13:45:26 devstack cinder-volume[88982]: DEBUG oslo_concurrency.processutils [None req-fad7af1d-a7d6-4b20-9ab6-335fe40a433e tempest-AttachVolumeTestJSON-2137354969 None] CMD "sudo cinder-rootwrap /etc/cinder/rootwrap.conf rm -f /opt/stack/data/cinder/mnt/acc7e9f62b341440c56e34f5efa5edd4/volume-a3d66097-d053-465b-a6a0-980daf60619b" returned: 0 in 0.284s {{(pid=88982) execute /opt/stack/data/venv/lib/python3.12/site-packages/oslo_concurrency/processutils.py:468}}
