Aug 05 13:46:47 devstack cinder-volume[88982]: DEBUG cinder.volume.drivers.quobyte [None req-c6379f38-1370-427c-9c3e-3b3623305220 None None] Available shares ['osci02.corp.quobyte.com/cinder-vol-e9863358-f5f6-48a3-9d69-11fd953199a9'] {{(pid=88982) _ensure_shares_mounted /opt/stack/cinder/cinder/volume/drivers/quobyte.py:695}}
Aug 05 13:46:47 devstack cinder-volume[88982]: DEBUG oslo_concurrency.lockutils [None req-c6379f38-1370-427c-9c3e-3b3623305220 None None] Lock "quobyte_ensure" "released" by "cinder.volume.drivers.quobyte.QuobyteDriver._ensure_shares_mounted" :: held 0.013s {{(pid=88982) inner /opt/stack/data/venv/lib/python3.12/site-packages/oslo_concurrency/lockutils.py:544}}
Aug 05 13:46:47 devstack cinder-volume[88982]: DEBUG oslo_concurrency.processutils [None req-c6379f38-1370-427c-9c3e-3b3623305220 None None] Running cmd (subprocess): sudo cinder-rootwrap /etc/cinder/rootwrap.conf df --portability --block-size 1 /opt/stack/data/cinder/mnt/acc7e9f62b341440c56e34f5efa5edd4 {{(pid=88982) execute /opt/stack/data/venv/lib/python3.12/site-packages/oslo_concurrency/processutils.py:440}}
Aug 05 13:46:47 devstack sudo[96325]: quobyte : PWD=/ ; USER=root ; COMMAND=/opt/stack/data/venv/bin/cinder-rootwrap /etc/cinder/rootwrap.conf df --portability --block-size 1 /opt/stack/data/cinder/mnt/acc7e9f62b341440c56e34f5efa5edd4
Aug 05 13:46:47 devstack sudo[96325]: pam_unix(sudo:session): session opened for user root(uid=0) by (uid=1000)
Aug 05 13:46:48 devstack cinder-volume[88982]: INFO cinder.volume.manager [None req-0328a58b-9f8c-484d-bb2a-9c9bb45132c0 tempest-GroupSnapshotsTest-524372192 None] Update group completed successfully.
Aug 05 13:46:48 devstack sudo[96325]: pam_unix(sudo:session): session closed for user root
Aug 05 13:46:48 devstack cinder-volume[88982]: DEBUG oslo_concurrency.processutils [None req-c6379f38-1370-427c-9c3e-3b3623305220 None None] CMD "sudo cinder-rootwrap /etc/cinder/rootwrap.conf df --portability --block-size 1 /opt/stack/data/cinder/mnt/acc7e9f62b341440c56e34f5efa5edd4" returned: 0 in 0.466s {{(pid=88982) execute /opt/stack/data/venv/lib/python3.12/site-packages/oslo_concurrency/processutils.py:468}}
Aug 05 13:46:48 devstack cinder-volume[88982]: DEBUG cinder.manager [None req-c6379f38-1370-427c-9c3e-3b3623305220 None None] Notifying Schedulers of capabilities ... {{(pid=88982) _publish_service_capabilities /opt/stack/cinder/cinder/manager.py:219}}
Aug 05 13:46:48 devstack cinder-volume[88982]: DEBUG oslo_service.periodic_task [None req-c6379f38-1370-427c-9c3e-3b3623305220 None None] Running periodic task VolumeManager._thread_info {{(pid=88982) run_periodic_tasks /opt/stack/data/venv/lib/python3.12/site-packages/oslo_service/periodic_task.py:254}}
Aug 05 13:46:48 devstack cinder-volume[88982]: DEBUG cinder.volume.manager [None req-c6379f38-1370-427c-9c3e-3b3623305220 None None] thread count: 28 {{(pid=88982) _thread_info /opt/stack/cinder/cinder/volume/manager.py:5472}}
Aug 05 13:46:48 devstack cinder-volume[88982]: DEBUG cinder.volume.manager [None req-c6379f38-1370-427c-9c3e-3b3623305220 None None] thread info: [<_MainThread(MainThread, started 131038394396800)>, , , , , , , , , , , , , , , , , , , , , , , , , , , ] {{(pid=88982) _thread_info /opt/stack/cinder/cinder/volume/manager.py:5473}}
Aug 05 13:46:49 devstack cinder-volume[88982]: INFO cinder.volume.manager [None req-d9b8771b-a68c-4018-97b7-b5dce9938ff0 tempest-GroupSnapshotsTest-524372192 None] GroupSnapshot 101205ee-1836-4fb7-ba31-63c162243a04: creating.
Aug 05 13:46:49 devstack cinder-volume[88982]: DEBUG cinder.volume.manager [None req-d9b8771b-a68c-4018-97b7-b5dce9938ff0 tempest-GroupSnapshotsTest-524372192 None] Group snapshot 101205ee-1836-4fb7-ba31-63c162243a04: creating. {{(pid=88982) create_group_snapshot /opt/stack/cinder/cinder/volume/manager.py:4175}}
Aug 05 13:46:49 devstack cinder-volume[88982]: DEBUG oslo_concurrency.lockutils [None req-d9b8771b-a68c-4018-97b7-b5dce9938ff0 tempest-GroupSnapshotsTest-524372192 None] Acquiring lock "quobyte" by "cinder.volume.drivers.quobyte.QuobyteDriver.create_snapshot" {{(pid=88982) inner /opt/stack/data/venv/lib/python3.12/site-packages/oslo_concurrency/lockutils.py:512}}
Aug 05 13:46:49 devstack cinder-volume[88982]: DEBUG oslo_concurrency.lockutils [None req-d9b8771b-a68c-4018-97b7-b5dce9938ff0 tempest-GroupSnapshotsTest-524372192 None] Lock "quobyte" acquired by "cinder.volume.drivers.quobyte.QuobyteDriver.create_snapshot" :: waited 0.001s {{(pid=88982) inner /opt/stack/data/venv/lib/python3.12/site-packages/oslo_concurrency/lockutils.py:525}}
Aug 05 13:46:49 devstack cinder-volume[88982]: DEBUG cinder.volume.drivers.remotefs [None req-d9b8771b-a68c-4018-97b7-b5dce9938ff0 tempest-GroupSnapshotsTest-524372192 None] Creating offline snapshot 33951a4a-44e0-49a0-bdc5-4963b791c68b of volume f92808d6-8268-4841-a668-04869c7c2a95 {{(pid=88982) _create_snapshot /opt/stack/cinder/cinder/volume/drivers/remotefs.py:1816}}
Aug 05 13:46:49 devstack cinder-volume[88982]: DEBUG oslo.privsep.daemon [-] privsep: reply[9e47d856-4a6a-4b72-9b0f-1f58c28354b2]: (4, 'qcow2') {{(pid=90393) _call_back /opt/stack/data/venv/lib/python3.12/site-packages/oslo_privsep/daemon.py:580}}
Aug 05 13:46:49 devstack cinder-volume[88982]: DEBUG oslo_concurrency.processutils [None req-d9b8771b-a68c-4018-97b7-b5dce9938ff0 tempest-GroupSnapshotsTest-524372192 None] Running cmd (subprocess): /opt/stack/data/venv/bin/python3.12 -m oslo_concurrency.prlimit --as=1073741824 --cpu=60 -- sudo cinder-rootwrap /etc/cinder/rootwrap.conf env LC_ALL=C qemu-img info -f qcow2 --output=json --force-share /opt/stack/data/cinder/mnt/acc7e9f62b341440c56e34f5efa5edd4/volume-f92808d6-8268-4841-a668-04869c7c2a95 {{(pid=88982) execute /opt/stack/data/venv/lib/python3.12/site-packages/oslo_concurrency/processutils.py:440}}
Aug 05 13:46:49 devstack sudo[96328]: quobyte : PWD=/ ; USER=root ; COMMAND=/opt/stack/data/venv/bin/cinder-rootwrap /etc/cinder/rootwrap.conf env LC_ALL=C qemu-img info -f qcow2 --output=json --force-share /opt/stack/data/cinder/mnt/acc7e9f62b341440c56e34f5efa5edd4/volume-f92808d6-8268-4841-a668-04869c7c2a95
Aug 05 13:46:49 devstack sudo[96328]: pam_unix(sudo:session): session opened for user root(uid=0) by (uid=1000)
Aug 05 13:46:50 devstack sudo[96328]: pam_unix(sudo:session): session closed for user root
Aug 05 13:46:50 devstack cinder-volume[88982]: DEBUG oslo_concurrency.processutils [None req-d9b8771b-a68c-4018-97b7-b5dce9938ff0 tempest-GroupSnapshotsTest-524372192 None] CMD "/opt/stack/data/venv/bin/python3.12 -m oslo_concurrency.prlimit --as=1073741824 --cpu=60 -- sudo cinder-rootwrap /etc/cinder/rootwrap.conf env LC_ALL=C qemu-img info -f qcow2 --output=json --force-share /opt/stack/data/cinder/mnt/acc7e9f62b341440c56e34f5efa5edd4/volume-f92808d6-8268-4841-a668-04869c7c2a95" returned: 0 in 0.393s {{(pid=88982) execute /opt/stack/data/venv/lib/python3.12/site-packages/oslo_concurrency/processutils.py:468}}
Aug 05 13:46:50 devstack cinder-volume[88982]: DEBUG oslo_concurrency.processutils [None req-d9b8771b-a68c-4018-97b7-b5dce9938ff0 tempest-GroupSnapshotsTest-524372192 None] Running cmd (subprocess): sudo cinder-rootwrap /etc/cinder/rootwrap.conf qemu-img create -f qcow2 -o backing_file=/opt/stack/data/cinder/mnt/acc7e9f62b341440c56e34f5efa5edd4/volume-f92808d6-8268-4841-a668-04869c7c2a95,backing_fmt=qcow2 /opt/stack/data/cinder/mnt/acc7e9f62b341440c56e34f5efa5edd4/volume-f92808d6-8268-4841-a668-04869c7c2a95.33951a4a-44e0-49a0-bdc5-4963b791c68b 1G {{(pid=88982) execute /opt/stack/data/venv/lib/python3.12/site-packages/oslo_concurrency/processutils.py:440}}
Aug 05 13:46:50 devstack sudo[96334]: quobyte : PWD=/ ; USER=root ; COMMAND=/opt/stack/data/venv/bin/cinder-rootwrap /etc/cinder/rootwrap.conf qemu-img create -f qcow2 -o backing_file=/opt/stack/data/cinder/mnt/acc7e9f62b341440c56e34f5efa5edd4/volume-f92808d6-8268-4841-a668-04869c7c2a95,backing_fmt=qcow2 /opt/stack/data/cinder/mnt/acc7e9f62b341440c56e34f5efa5edd4/volume-f92808d6-8268-4841-a668-04869c7c2a95.33951a4a-44e0-49a0-bdc5-4963b791c68b 1G
Aug 05 13:46:50 devstack sudo[96334]: pam_unix(sudo:session): session opened for user root(uid=0) by (uid=1000)
Aug 05 13:46:50 devstack sudo[96334]: pam_unix(sudo:session): session closed for user root
Aug 05 13:46:50 devstack cinder-volume[88982]: DEBUG oslo_concurrency.processutils [None req-d9b8771b-a68c-4018-97b7-b5dce9938ff0 tempest-GroupSnapshotsTest-524372192 None] CMD "sudo cinder-rootwrap /etc/cinder/rootwrap.conf qemu-img create -f qcow2 -o backing_file=/opt/stack/data/cinder/mnt/acc7e9f62b341440c56e34f5efa5edd4/volume-f92808d6-8268-4841-a668-04869c7c2a95,backing_fmt=qcow2 /opt/stack/data/cinder/mnt/acc7e9f62b341440c56e34f5efa5edd4/volume-f92808d6-8268-4841-a668-04869c7c2a95.33951a4a-44e0-49a0-bdc5-4963b791c68b 1G" returned: 0 in 0.453s {{(pid=88982) execute /opt/stack/data/venv/lib/python3.12/site-packages/oslo_concurrency/processutils.py:468}}
Aug 05 13:46:50 devstack cinder-volume[88982]: DEBUG oslo_concurrency.processutils [None req-d9b8771b-a68c-4018-97b7-b5dce9938ff0 tempest-GroupSnapshotsTest-524372192 None] Running cmd (subprocess): sudo cinder-rootwrap /etc/cinder/rootwrap.conf qemu-img rebase -u -b volume-f92808d6-8268-4841-a668-04869c7c2a95 -F qcow2 /opt/stack/data/cinder/mnt/acc7e9f62b341440c56e34f5efa5edd4/volume-f92808d6-8268-4841-a668-04869c7c2a95.33951a4a-44e0-49a0-bdc5-4963b791c68b {{(pid=88982) execute /opt/stack/data/venv/lib/python3.12/site-packages/oslo_concurrency/processutils.py:440}}
Aug 05 13:46:50 devstack sudo[96340]: quobyte : PWD=/ ; USER=root ; COMMAND=/opt/stack/data/venv/bin/cinder-rootwrap /etc/cinder/rootwrap.conf qemu-img rebase -u -b volume-f92808d6-8268-4841-a668-04869c7c2a95 -F qcow2 /opt/stack/data/cinder/mnt/acc7e9f62b341440c56e34f5efa5edd4/volume-f92808d6-8268-4841-a668-04869c7c2a95.33951a4a-44e0-49a0-bdc5-4963b791c68b
Aug 05 13:46:50 devstack sudo[96340]: pam_unix(sudo:session): session opened for user root(uid=0) by (uid=1000)
Aug 05 13:46:50 devstack sudo[96340]: pam_unix(sudo:session): session closed for user root
Aug 05 13:46:50 devstack cinder-volume[88982]: DEBUG oslo_concurrency.processutils [None req-d9b8771b-a68c-4018-97b7-b5dce9938ff0 tempest-GroupSnapshotsTest-524372192 None] CMD "sudo cinder-rootwrap /etc/cinder/rootwrap.conf qemu-img rebase -u -b volume-f92808d6-8268-4841-a668-04869c7c2a95 -F qcow2 /opt/stack/data/cinder/mnt/acc7e9f62b341440c56e34f5efa5edd4/volume-f92808d6-8268-4841-a668-04869c7c2a95.33951a4a-44e0-49a0-bdc5-4963b791c68b" returned: 0 in 0.324s {{(pid=88982) execute /opt/stack/data/venv/lib/python3.12/site-packages/oslo_concurrency/processutils.py:468}}
Aug 05 13:46:50 devstack cinder-volume[88982]: WARNING cinder.volume.drivers.remotefs [None req-d9b8771b-a68c-4018-97b7-b5dce9938ff0 tempest-GroupSnapshotsTest-524372192 None] /opt/stack/data/cinder/mnt/acc7e9f62b341440c56e34f5efa5edd4/volume-f92808d6-8268-4841-a668-04869c7c2a95.33951a4a-44e0-49a0-bdc5-4963b791c68b is being set with open permissions: ugo+rw: NotImplementedError
Aug 05 13:46:50 devstack cinder-volume[88982]: DEBUG oslo_concurrency.processutils [None req-d9b8771b-a68c-4018-97b7-b5dce9938ff0 tempest-GroupSnapshotsTest-524372192 None] Running cmd (subprocess): sudo cinder-rootwrap /etc/cinder/rootwrap.conf chmod ugo+rw /opt/stack/data/cinder/mnt/acc7e9f62b341440c56e34f5efa5edd4/volume-f92808d6-8268-4841-a668-04869c7c2a95.33951a4a-44e0-49a0-bdc5-4963b791c68b {{(pid=88982) execute /opt/stack/data/venv/lib/python3.12/site-packages/oslo_concurrency/processutils.py:440}}
Aug 05 13:46:51 devstack sudo[96346]: quobyte : PWD=/ ; USER=root ; COMMAND=/opt/stack/data/venv/bin/cinder-rootwrap /etc/cinder/rootwrap.conf chmod ugo+rw /opt/stack/data/cinder/mnt/acc7e9f62b341440c56e34f5efa5edd4/volume-f92808d6-8268-4841-a668-04869c7c2a95.33951a4a-44e0-49a0-bdc5-4963b791c68b
Aug 05 13:46:51 devstack sudo[96346]: pam_unix(sudo:session): session opened for user root(uid=0) by (uid=1000)
Aug 05 13:46:51 devstack sudo[96346]: pam_unix(sudo:session): session closed for user root
Aug 05 13:46:51 devstack cinder-volume[88982]: DEBUG oslo_concurrency.processutils [None req-d9b8771b-a68c-4018-97b7-b5dce9938ff0 tempest-GroupSnapshotsTest-524372192 None] CMD "sudo cinder-rootwrap /etc/cinder/rootwrap.conf chmod ugo+rw /opt/stack/data/cinder/mnt/acc7e9f62b341440c56e34f5efa5edd4/volume-f92808d6-8268-4841-a668-04869c7c2a95.33951a4a-44e0-49a0-bdc5-4963b791c68b" returned: 0 in 0.257s {{(pid=88982) execute /opt/stack/data/venv/lib/python3.12/site-packages/oslo_concurrency/processutils.py:468}}
Aug 05 13:46:51 devstack cinder-volume[88982]: DEBUG oslo_concurrency.processutils [None req-d9b8771b-a68c-4018-97b7-b5dce9938ff0 tempest-GroupSnapshotsTest-524372192 None] Running cmd (subprocess): sudo cinder-rootwrap /etc/cinder/rootwrap.conf truncate -s0 /opt/stack/data/cinder/mnt/acc7e9f62b341440c56e34f5efa5edd4/volume-f92808d6-8268-4841-a668-04869c7c2a95.info {{(pid=88982) execute /opt/stack/data/venv/lib/python3.12/site-packages/oslo_concurrency/processutils.py:440}}
Aug 05 13:46:51 devstack sudo[96349]: quobyte : PWD=/ ; USER=root ; COMMAND=/opt/stack/data/venv/bin/cinder-rootwrap /etc/cinder/rootwrap.conf truncate -s0 /opt/stack/data/cinder/mnt/acc7e9f62b341440c56e34f5efa5edd4/volume-f92808d6-8268-4841-a668-04869c7c2a95.info
Aug 05 13:46:51 devstack sudo[96349]: pam_unix(sudo:session): session opened for user root(uid=0) by (uid=1000)
Aug 05 13:46:51 devstack sudo[96349]: pam_unix(sudo:session): session closed for user root
Aug 05 13:46:51 devstack cinder-volume[88982]: DEBUG oslo_concurrency.processutils [None req-d9b8771b-a68c-4018-97b7-b5dce9938ff0 tempest-GroupSnapshotsTest-524372192 None] CMD "sudo cinder-rootwrap /etc/cinder/rootwrap.conf truncate -s0 /opt/stack/data/cinder/mnt/acc7e9f62b341440c56e34f5efa5edd4/volume-f92808d6-8268-4841-a668-04869c7c2a95.info" returned: 0 in 0.254s {{(pid=88982) execute /opt/stack/data/venv/lib/python3.12/site-packages/oslo_concurrency/processutils.py:468}}
Aug 05 13:46:51 devstack cinder-volume[88982]: WARNING cinder.volume.drivers.remotefs [None req-d9b8771b-a68c-4018-97b7-b5dce9938ff0 tempest-GroupSnapshotsTest-524372192 None] /opt/stack/data/cinder/mnt/acc7e9f62b341440c56e34f5efa5edd4/volume-f92808d6-8268-4841-a668-04869c7c2a95.info is being set with open permissions: ugo+rw: NotImplementedError
Aug 05 13:46:51 devstack cinder-volume[88982]: DEBUG oslo_concurrency.processutils [None req-d9b8771b-a68c-4018-97b7-b5dce9938ff0 tempest-GroupSnapshotsTest-524372192 None] Running cmd (subprocess): sudo cinder-rootwrap /etc/cinder/rootwrap.conf chmod ugo+rw /opt/stack/data/cinder/mnt/acc7e9f62b341440c56e34f5efa5edd4/volume-f92808d6-8268-4841-a668-04869c7c2a95.info {{(pid=88982) execute /opt/stack/data/venv/lib/python3.12/site-packages/oslo_concurrency/processutils.py:440}}
Aug 05 13:46:51 devstack sudo[96352]: quobyte : PWD=/ ; USER=root ; COMMAND=/opt/stack/data/venv/bin/cinder-rootwrap /etc/cinder/rootwrap.conf chmod ugo+rw /opt/stack/data/cinder/mnt/acc7e9f62b341440c56e34f5efa5edd4/volume-f92808d6-8268-4841-a668-04869c7c2a95.info
Aug 05 13:46:51 devstack sudo[96352]: pam_unix(sudo:session): session opened for user root(uid=0) by (uid=1000)
Aug 05 13:46:51 devstack sudo[96352]: pam_unix(sudo:session): session closed for user root
Aug 05 13:46:51 devstack cinder-volume[88982]: DEBUG oslo_concurrency.processutils [None req-d9b8771b-a68c-4018-97b7-b5dce9938ff0 tempest-GroupSnapshotsTest-524372192 None] CMD "sudo cinder-rootwrap /etc/cinder/rootwrap.conf chmod ugo+rw /opt/stack/data/cinder/mnt/acc7e9f62b341440c56e34f5efa5edd4/volume-f92808d6-8268-4841-a668-04869c7c2a95.info" returned: 0 in 0.374s {{(pid=88982) execute /opt/stack/data/venv/lib/python3.12/site-packages/oslo_concurrency/processutils.py:468}}
Aug 05 13:46:51 devstack cinder-volume[88982]: DEBUG oslo_concurrency.lockutils [None req-d9b8771b-a68c-4018-97b7-b5dce9938ff0 tempest-GroupSnapshotsTest-524372192 None] Lock "quobyte" "released" by "cinder.volume.drivers.quobyte.QuobyteDriver.create_snapshot" :: held 2.163s {{(pid=88982) inner /opt/stack/data/venv/lib/python3.12/site-packages/oslo_concurrency/lockutils.py:544}}
Aug 05 13:46:51 devstack cinder-volume[88982]: DEBUG oslo_concurrency.lockutils [None req-d9b8771b-a68c-4018-97b7-b5dce9938ff0 tempest-GroupSnapshotsTest-524372192 None] Acquiring lock "quobyte" by "cinder.volume.drivers.quobyte.QuobyteDriver.create_snapshot" {{(pid=88982) inner /opt/stack/data/venv/lib/python3.12/site-packages/oslo_concurrency/lockutils.py:512}}
Aug 05 13:46:51 devstack cinder-volume[88982]: DEBUG oslo_concurrency.lockutils [None req-d9b8771b-a68c-4018-97b7-b5dce9938ff0 tempest-GroupSnapshotsTest-524372192 None] Lock "quobyte" acquired by "cinder.volume.drivers.quobyte.QuobyteDriver.create_snapshot" :: waited 0.001s {{(pid=88982) inner /opt/stack/data/venv/lib/python3.12/site-packages/oslo_concurrency/lockutils.py:525}}
Aug 05 13:46:51 devstack cinder-volume[88982]: DEBUG cinder.volume.drivers.remotefs [None req-d9b8771b-a68c-4018-97b7-b5dce9938ff0 tempest-GroupSnapshotsTest-524372192 None] Creating offline snapshot f0dfdd6f-ab74-460b-9c65-7ce59fb724eb of volume ebb7cdf1-6af6-4bea-9686-0104702b1099 {{(pid=88982) _create_snapshot /opt/stack/cinder/cinder/volume/drivers/remotefs.py:1816}}
Aug 05 13:46:51 devstack cinder-volume[88982]: DEBUG oslo.privsep.daemon [-] privsep: reply[5d576fb8-9f8d-4ad6-97d1-fb05a81fbc86]: (4, 'qcow2') {{(pid=90393) _call_back /opt/stack/data/venv/lib/python3.12/site-packages/oslo_privsep/daemon.py:580}}
Aug 05 13:46:51 devstack cinder-volume[88982]: DEBUG oslo_concurrency.processutils [None req-d9b8771b-a68c-4018-97b7-b5dce9938ff0 tempest-GroupSnapshotsTest-524372192 None] Running cmd (subprocess): /opt/stack/data/venv/bin/python3.12 -m oslo_concurrency.prlimit --as=1073741824 --cpu=60 -- sudo cinder-rootwrap /etc/cinder/rootwrap.conf env LC_ALL=C qemu-img info -f qcow2 --output=json --force-share /opt/stack/data/cinder/mnt/acc7e9f62b341440c56e34f5efa5edd4/volume-ebb7cdf1-6af6-4bea-9686-0104702b1099 {{(pid=88982) execute /opt/stack/data/venv/lib/python3.12/site-packages/oslo_concurrency/processutils.py:440}}
Aug 05 13:46:52 devstack sudo[96355]: quobyte : PWD=/ ; USER=root ; COMMAND=/opt/stack/data/venv/bin/cinder-rootwrap /etc/cinder/rootwrap.conf env LC_ALL=C qemu-img info -f qcow2 --output=json --force-share /opt/stack/data/cinder/mnt/acc7e9f62b341440c56e34f5efa5edd4/volume-ebb7cdf1-6af6-4bea-9686-0104702b1099
Aug 05 13:46:52 devstack sudo[96355]: pam_unix(sudo:session): session opened for user root(uid=0) by (uid=1000)
Aug 05 13:46:52 devstack sudo[96355]: pam_unix(sudo:session): session closed for user root
Aug 05 13:46:52 devstack cinder-volume[88982]: DEBUG oslo_concurrency.processutils [None req-d9b8771b-a68c-4018-97b7-b5dce9938ff0 tempest-GroupSnapshotsTest-524372192 None] CMD "/opt/stack/data/venv/bin/python3.12 -m oslo_concurrency.prlimit --as=1073741824 --cpu=60 -- sudo cinder-rootwrap /etc/cinder/rootwrap.conf env LC_ALL=C qemu-img info -f qcow2 --output=json --force-share /opt/stack/data/cinder/mnt/acc7e9f62b341440c56e34f5efa5edd4/volume-ebb7cdf1-6af6-4bea-9686-0104702b1099" returned: 0 in 0.412s {{(pid=88982) execute /opt/stack/data/venv/lib/python3.12/site-packages/oslo_concurrency/processutils.py:468}}
Aug 05 13:46:52 devstack cinder-volume[88982]: DEBUG oslo_concurrency.processutils [None req-d9b8771b-a68c-4018-97b7-b5dce9938ff0 tempest-GroupSnapshotsTest-524372192 None] Running cmd (subprocess): sudo cinder-rootwrap /etc/cinder/rootwrap.conf qemu-img create -f qcow2 -o backing_file=/opt/stack/data/cinder/mnt/acc7e9f62b341440c56e34f5efa5edd4/volume-ebb7cdf1-6af6-4bea-9686-0104702b1099,backing_fmt=qcow2 /opt/stack/data/cinder/mnt/acc7e9f62b341440c56e34f5efa5edd4/volume-ebb7cdf1-6af6-4bea-9686-0104702b1099.f0dfdd6f-ab74-460b-9c65-7ce59fb724eb 1G {{(pid=88982) execute /opt/stack/data/venv/lib/python3.12/site-packages/oslo_concurrency/processutils.py:440}}
Aug 05 13:46:52 devstack sudo[96360]: quobyte : PWD=/ ; USER=root ; COMMAND=/opt/stack/data/venv/bin/cinder-rootwrap /etc/cinder/rootwrap.conf qemu-img create -f qcow2 -o backing_file=/opt/stack/data/cinder/mnt/acc7e9f62b341440c56e34f5efa5edd4/volume-ebb7cdf1-6af6-4bea-9686-0104702b1099,backing_fmt=qcow2 /opt/stack/data/cinder/mnt/acc7e9f62b341440c56e34f5efa5edd4/volume-ebb7cdf1-6af6-4bea-9686-0104702b1099.f0dfdd6f-ab74-460b-9c65-7ce59fb724eb 1G
Aug 05 13:46:52 devstack sudo[96360]: pam_unix(sudo:session): session opened for user root(uid=0) by (uid=1000)
Aug 05 13:46:52 devstack sudo[96360]: pam_unix(sudo:session): session closed for user root
Aug 05 13:46:52 devstack cinder-volume[88982]: DEBUG oslo_concurrency.processutils [None req-d9b8771b-a68c-4018-97b7-b5dce9938ff0 tempest-GroupSnapshotsTest-524372192 None] CMD "sudo cinder-rootwrap /etc/cinder/rootwrap.conf qemu-img create -f qcow2 -o backing_file=/opt/stack/data/cinder/mnt/acc7e9f62b341440c56e34f5efa5edd4/volume-ebb7cdf1-6af6-4bea-9686-0104702b1099,backing_fmt=qcow2 /opt/stack/data/cinder/mnt/acc7e9f62b341440c56e34f5efa5edd4/volume-ebb7cdf1-6af6-4bea-9686-0104702b1099.f0dfdd6f-ab74-460b-9c65-7ce59fb724eb 1G" returned: 0 in 0.432s {{(pid=88982) execute /opt/stack/data/venv/lib/python3.12/site-packages/oslo_concurrency/processutils.py:468}}
Aug 05 13:46:52 devstack cinder-volume[88982]: DEBUG oslo_concurrency.processutils [None req-d9b8771b-a68c-4018-97b7-b5dce9938ff0 tempest-GroupSnapshotsTest-524372192 None] Running cmd (subprocess): sudo cinder-rootwrap /etc/cinder/rootwrap.conf qemu-img rebase -u -b volume-ebb7cdf1-6af6-4bea-9686-0104702b1099 -F qcow2 /opt/stack/data/cinder/mnt/acc7e9f62b341440c56e34f5efa5edd4/volume-ebb7cdf1-6af6-4bea-9686-0104702b1099.f0dfdd6f-ab74-460b-9c65-7ce59fb724eb {{(pid=88982) execute /opt/stack/data/venv/lib/python3.12/site-packages/oslo_concurrency/processutils.py:440}}
Aug 05 13:46:52 devstack sudo[96366]: quobyte : PWD=/ ; USER=root ; COMMAND=/opt/stack/data/venv/bin/cinder-rootwrap /etc/cinder/rootwrap.conf qemu-img rebase -u -b volume-ebb7cdf1-6af6-4bea-9686-0104702b1099 -F qcow2 /opt/stack/data/cinder/mnt/acc7e9f62b341440c56e34f5efa5edd4/volume-ebb7cdf1-6af6-4bea-9686-0104702b1099.f0dfdd6f-ab74-460b-9c65-7ce59fb724eb
Aug 05 13:46:52 devstack sudo[96366]: pam_unix(sudo:session): session opened for user root(uid=0) by (uid=1000)
Aug 05 13:46:53 devstack sudo[96366]: pam_unix(sudo:session): session closed for user root
Aug 05 13:46:53 devstack cinder-volume[88982]: DEBUG oslo_concurrency.processutils [None req-d9b8771b-a68c-4018-97b7-b5dce9938ff0 tempest-GroupSnapshotsTest-524372192 None] CMD "sudo cinder-rootwrap /etc/cinder/rootwrap.conf qemu-img rebase -u -b volume-ebb7cdf1-6af6-4bea-9686-0104702b1099 -F qcow2 /opt/stack/data/cinder/mnt/acc7e9f62b341440c56e34f5efa5edd4/volume-ebb7cdf1-6af6-4bea-9686-0104702b1099.f0dfdd6f-ab74-460b-9c65-7ce59fb724eb" returned: 0 in 0.496s {{(pid=88982) execute /opt/stack/data/venv/lib/python3.12/site-packages/oslo_concurrency/processutils.py:468}}
Aug 05 13:46:53 devstack cinder-volume[88982]: WARNING cinder.volume.drivers.remotefs [None req-d9b8771b-a68c-4018-97b7-b5dce9938ff0 tempest-GroupSnapshotsTest-524372192 None] /opt/stack/data/cinder/mnt/acc7e9f62b341440c56e34f5efa5edd4/volume-ebb7cdf1-6af6-4bea-9686-0104702b1099.f0dfdd6f-ab74-460b-9c65-7ce59fb724eb is being set with open permissions: ugo+rw: NotImplementedError
Aug 05 13:46:53 devstack cinder-volume[88982]: DEBUG oslo_concurrency.processutils [None req-d9b8771b-a68c-4018-97b7-b5dce9938ff0 tempest-GroupSnapshotsTest-524372192 None] Running cmd (subprocess): sudo cinder-rootwrap /etc/cinder/rootwrap.conf chmod ugo+rw /opt/stack/data/cinder/mnt/acc7e9f62b341440c56e34f5efa5edd4/volume-ebb7cdf1-6af6-4bea-9686-0104702b1099.f0dfdd6f-ab74-460b-9c65-7ce59fb724eb {{(pid=88982) execute /opt/stack/data/venv/lib/python3.12/site-packages/oslo_concurrency/processutils.py:440}}
Aug 05 13:46:53 devstack sudo[96374]: quobyte : PWD=/ ; USER=root ; COMMAND=/opt/stack/data/venv/bin/cinder-rootwrap /etc/cinder/rootwrap.conf chmod ugo+rw /opt/stack/data/cinder/mnt/acc7e9f62b341440c56e34f5efa5edd4/volume-ebb7cdf1-6af6-4bea-9686-0104702b1099.f0dfdd6f-ab74-460b-9c65-7ce59fb724eb
Aug 05 13:46:53 devstack sudo[96374]: pam_unix(sudo:session): session opened for user root(uid=0) by (uid=1000)
Aug 05 13:46:53 devstack sudo[96374]: pam_unix(sudo:session): session closed for user root
Aug 05 13:46:53 devstack cinder-volume[88982]: DEBUG oslo_concurrency.processutils [None req-d9b8771b-a68c-4018-97b7-b5dce9938ff0 tempest-GroupSnapshotsTest-524372192 None] CMD "sudo cinder-rootwrap /etc/cinder/rootwrap.conf chmod ugo+rw /opt/stack/data/cinder/mnt/acc7e9f62b341440c56e34f5efa5edd4/volume-ebb7cdf1-6af6-4bea-9686-0104702b1099.f0dfdd6f-ab74-460b-9c65-7ce59fb724eb" returned: 0 in 0.318s {{(pid=88982) execute /opt/stack/data/venv/lib/python3.12/site-packages/oslo_concurrency/processutils.py:468}}
Aug 05 13:46:53 devstack cinder-volume[88982]: DEBUG oslo_concurrency.processutils [None req-d9b8771b-a68c-4018-97b7-b5dce9938ff0 tempest-GroupSnapshotsTest-524372192 None] Running cmd (subprocess): sudo cinder-rootwrap /etc/cinder/rootwrap.conf truncate -s0 /opt/stack/data/cinder/mnt/acc7e9f62b341440c56e34f5efa5edd4/volume-ebb7cdf1-6af6-4bea-9686-0104702b1099.info {{(pid=88982) execute /opt/stack/data/venv/lib/python3.12/site-packages/oslo_concurrency/processutils.py:440}}
Aug 05 13:46:53 devstack sudo[96377]: quobyte : PWD=/ ; USER=root ; COMMAND=/opt/stack/data/venv/bin/cinder-rootwrap /etc/cinder/rootwrap.conf truncate -s0 /opt/stack/data/cinder/mnt/acc7e9f62b341440c56e34f5efa5edd4/volume-ebb7cdf1-6af6-4bea-9686-0104702b1099.info
Aug 05 13:46:53 devstack sudo[96377]: pam_unix(sudo:session): session opened for user root(uid=0) by (uid=1000)
Aug 05 13:46:54 devstack sudo[96377]: pam_unix(sudo:session): session closed for user root
Aug 05 13:46:54 devstack cinder-volume[88982]: DEBUG oslo_concurrency.processutils [None req-d9b8771b-a68c-4018-97b7-b5dce9938ff0 tempest-GroupSnapshotsTest-524372192 None] CMD "sudo cinder-rootwrap /etc/cinder/rootwrap.conf truncate -s0 /opt/stack/data/cinder/mnt/acc7e9f62b341440c56e34f5efa5edd4/volume-ebb7cdf1-6af6-4bea-9686-0104702b1099.info" returned: 0 in 0.346s {{(pid=88982) execute /opt/stack/data/venv/lib/python3.12/site-packages/oslo_concurrency/processutils.py:468}}
Aug 05 13:46:54 devstack cinder-volume[88982]: WARNING cinder.volume.drivers.remotefs [None req-d9b8771b-a68c-4018-97b7-b5dce9938ff0 tempest-GroupSnapshotsTest-524372192 None] /opt/stack/data/cinder/mnt/acc7e9f62b341440c56e34f5efa5edd4/volume-ebb7cdf1-6af6-4bea-9686-0104702b1099.info is being set with open permissions: ugo+rw: NotImplementedError
Aug 05 13:46:54 devstack cinder-volume[88982]: DEBUG oslo_concurrency.processutils [None req-d9b8771b-a68c-4018-97b7-b5dce9938ff0 tempest-GroupSnapshotsTest-524372192 None] Running cmd (subprocess): sudo cinder-rootwrap /etc/cinder/rootwrap.conf chmod ugo+rw /opt/stack/data/cinder/mnt/acc7e9f62b341440c56e34f5efa5edd4/volume-ebb7cdf1-6af6-4bea-9686-0104702b1099.info {{(pid=88982) execute /opt/stack/data/venv/lib/python3.12/site-packages/oslo_concurrency/processutils.py:440}}
Aug 05 13:46:54 devstack sudo[96380]: quobyte : PWD=/ ; USER=root ; COMMAND=/opt/stack/data/venv/bin/cinder-rootwrap /etc/cinder/rootwrap.conf chmod ugo+rw /opt/stack/data/cinder/mnt/acc7e9f62b341440c56e34f5efa5edd4/volume-ebb7cdf1-6af6-4bea-9686-0104702b1099.info
Aug 05 13:46:54 devstack sudo[96380]: pam_unix(sudo:session): session opened for user root(uid=0) by (uid=1000)
Aug 05 13:46:54 devstack sudo[96380]: pam_unix(sudo:session): session closed for user root
Aug 05 13:46:54 devstack cinder-volume[88982]: DEBUG oslo_concurrency.processutils [None req-d9b8771b-a68c-4018-97b7-b5dce9938ff0 tempest-GroupSnapshotsTest-524372192 None] CMD "sudo cinder-rootwrap /etc/cinder/rootwrap.conf chmod ugo+rw /opt/stack/data/cinder/mnt/acc7e9f62b341440c56e34f5efa5edd4/volume-ebb7cdf1-6af6-4bea-9686-0104702b1099.info" returned: 0 in 0.333s {{(pid=88982) execute /opt/stack/data/venv/lib/python3.12/site-packages/oslo_concurrency/processutils.py:468}}
Aug 05 13:46:54 devstack cinder-volume[88982]: DEBUG oslo_concurrency.lockutils [None req-d9b8771b-a68c-4018-97b7-b5dce9938ff0 tempest-GroupSnapshotsTest-524372192 None] Lock "quobyte" "released" by "cinder.volume.drivers.quobyte.QuobyteDriver.create_snapshot" :: held 2.449s {{(pid=88982) inner /opt/stack/data/venv/lib/python3.12/site-packages/oslo_concurrency/lockutils.py:544}}
Aug 05 13:46:54 devstack cinder-volume[88982]: INFO cinder.volume.manager [None req-d9b8771b-a68c-4018-97b7-b5dce9938ff0 tempest-GroupSnapshotsTest-524372192 None] group_snapshot 101205ee-1836-4fb7-ba31-63c162243a04: created successfully
Aug 05 13:46:55 devstack cinder-volume[88982]: INFO cinder.volume.manager [None req-beb000bd-7c77-4fa3-af85-be637e5d9569 tempest-GroupSnapshotsTest-524372192 None] group_snapshot 101205ee-1836-4fb7-ba31-63c162243a04: deleting
Aug 05 13:46:55 devstack cinder-volume[88982]: DEBUG cinder.volume.manager [None req-beb000bd-7c77-4fa3-af85-be637e5d9569 tempest-GroupSnapshotsTest-524372192 None] group_snapshot 101205ee-1836-4fb7-ba31-63c162243a04: deleting {{(pid=88982) delete_group_snapshot /opt/stack/cinder/cinder/volume/manager.py:4350}}
Aug 05 13:46:55 devstack cinder-volume[88982]: DEBUG cinder.coordination [None req-beb000bd-7c77-4fa3-af85-be637e5d9569 tempest-GroupSnapshotsTest-524372192 None] Acquiring lock "cinder-quobyte-f92808d6-8268-4841-a668-04869c7c2a95" by "delete_snapshot" {{(pid=88982) __acquire /opt/stack/cinder/cinder/coordination.py:138}}
Aug 05 13:46:55 devstack cinder-volume[88982]: DEBUG cinder.coordination [None req-beb000bd-7c77-4fa3-af85-be637e5d9569 tempest-GroupSnapshotsTest-524372192 None] Lock "cinder-quobyte-f92808d6-8268-4841-a668-04869c7c2a95" acquired by "delete_snapshot" :: waited 0.022s {{(pid=88982) __acquire /opt/stack/cinder/cinder/coordination.py:141}}
Aug 05 13:46:55 devstack cinder-volume[88982]: DEBUG cinder.coordination [None req-beb000bd-7c77-4fa3-af85-be637e5d9569 tempest-GroupSnapshotsTest-524372192 None] Acquiring lock "cinder-quobyte-33951a4a-44e0-49a0-bdc5-4963b791c68b" by "_delete_snapshot" {{(pid=88982) __acquire /opt/stack/cinder/cinder/coordination.py:138}}
Aug 05 13:46:55 devstack cinder-volume[88982]: DEBUG cinder.coordination [None req-beb000bd-7c77-4fa3-af85-be637e5d9569 tempest-GroupSnapshotsTest-524372192 None] Lock "cinder-quobyte-33951a4a-44e0-49a0-bdc5-4963b791c68b" acquired by "_delete_snapshot" :: waited 0.019s {{(pid=88982) __acquire /opt/stack/cinder/cinder/coordination.py:141}}
Aug 05 13:46:55 devstack cinder-volume[88982]: DEBUG cinder.volume.drivers.remotefs [None req-beb000bd-7c77-4fa3-af85-be637e5d9569 tempest-GroupSnapshotsTest-524372192 None] Deleting offline snapshot 33951a4a-44e0-49a0-bdc5-4963b791c68b of volume f92808d6-8268-4841-a668-04869c7c2a95 {{(pid=88982) _delete_snapshot /opt/stack/cinder/cinder/volume/drivers/remotefs.py:1288}}
Aug 05 13:46:55 devstack cinder-volume[88982]: DEBUG cinder.volume.drivers.remotefs [None req-beb000bd-7c77-4fa3-af85-be637e5d9569 tempest-GroupSnapshotsTest-524372192 None] snapshot_file for this snap is: volume-f92808d6-8268-4841-a668-04869c7c2a95.33951a4a-44e0-49a0-bdc5-4963b791c68b {{(pid=88982) _delete_snapshot /opt/stack/cinder/cinder/volume/drivers/remotefs.py:1317}}
Aug 05 13:46:55 devstack cinder-volume[88982]: DEBUG oslo.privsep.daemon [-] privsep: reply[9ad7b927-ee83-4199-a5c9-c2acb389023a]: (4, 'qcow2') {{(pid=90393) _call_back /opt/stack/data/venv/lib/python3.12/site-packages/oslo_privsep/daemon.py:580}}
Aug 05 13:46:55 devstack cinder-volume[88982]: DEBUG oslo_concurrency.processutils [None req-beb000bd-7c77-4fa3-af85-be637e5d9569 tempest-GroupSnapshotsTest-524372192 None] Running cmd (subprocess): /opt/stack/data/venv/bin/python3.12 -m oslo_concurrency.prlimit --as=1073741824 --cpu=60 -- sudo cinder-rootwrap /etc/cinder/rootwrap.conf env LC_ALL=C qemu-img info -f qcow2 --output=json --force-share /opt/stack/data/cinder/mnt/acc7e9f62b341440c56e34f5efa5edd4/volume-f92808d6-8268-4841-a668-04869c7c2a95.33951a4a-44e0-49a0-bdc5-4963b791c68b {{(pid=88982) execute /opt/stack/data/venv/lib/python3.12/site-packages/oslo_concurrency/processutils.py:440}}
Aug 05 13:46:55 devstack sudo[96383]: quobyte : PWD=/ ; USER=root ; COMMAND=/opt/stack/data/venv/bin/cinder-rootwrap /etc/cinder/rootwrap.conf env LC_ALL=C qemu-img info -f qcow2 --output=json --force-share /opt/stack/data/cinder/mnt/acc7e9f62b341440c56e34f5efa5edd4/volume-f92808d6-8268-4841-a668-04869c7c2a95.33951a4a-44e0-49a0-bdc5-4963b791c68b
Aug 05 13:46:55 devstack sudo[96383]: pam_unix(sudo:session): session opened for user root(uid=0) by (uid=1000)
Aug 05 13:46:56 devstack sudo[96383]: pam_unix(sudo:session): session closed for user root
Aug 05 13:46:56 devstack cinder-volume[88982]: DEBUG oslo_concurrency.processutils [None req-beb000bd-7c77-4fa3-af85-be637e5d9569 tempest-GroupSnapshotsTest-524372192 None] CMD "/opt/stack/data/venv/bin/python3.12 -m oslo_concurrency.prlimit --as=1073741824 --cpu=60 -- sudo cinder-rootwrap /etc/cinder/rootwrap.conf env LC_ALL=C qemu-img info -f qcow2 --output=json --force-share /opt/stack/data/cinder/mnt/acc7e9f62b341440c56e34f5efa5edd4/volume-f92808d6-8268-4841-a668-04869c7c2a95.33951a4a-44e0-49a0-bdc5-4963b791c68b" returned: 0 in 0.677s {{(pid=88982) execute /opt/stack/data/venv/lib/python3.12/site-packages/oslo_concurrency/processutils.py:468}}
Aug 05 13:46:56 devstack cinder-volume[88982]: DEBUG cinder.volume.drivers.remotefs [None req-beb000bd-7c77-4fa3-af85-be637e5d9569 tempest-GroupSnapshotsTest-524372192 None] Fetching qemu-img info with special backing_file_template: (/opt/stack/data/cinder/mnt/[0-9a-f]+/)?(volume-f92808d6-8268-4841-a668-04869c7c2a95(.(tmp-snap-)?[0-9a-f-]+)?|volume_from_snapshot_cache/(tmp-snap-)?[0-9a-f-]+(.(child-|parent-)[0-9a-f-]+)?)$ {{(pid=88982) _qemu_img_info_base /opt/stack/cinder/cinder/volume/drivers/remotefs.py:896}}
Aug 05 13:46:56 devstack cinder-volume[88982]: DEBUG oslo.privsep.daemon [-] privsep: reply[9117f423-48fe-4016-9f9f-d3ab6d5720de]: (4, 'qcow2') {{(pid=90393) _call_back /opt/stack/data/venv/lib/python3.12/site-packages/oslo_privsep/daemon.py:580}}
Aug 05 13:46:56 devstack cinder-volume[88982]: DEBUG oslo_concurrency.processutils [None req-beb000bd-7c77-4fa3-af85-be637e5d9569 tempest-GroupSnapshotsTest-524372192 None] Running cmd (subprocess): /opt/stack/data/venv/bin/python3.12 -m oslo_concurrency.prlimit --as=1073741824 --cpu=60 -- sudo cinder-rootwrap /etc/cinder/rootwrap.conf env LC_ALL=C qemu-img info -f qcow2 --output=json --force-share /opt/stack/data/cinder/mnt/acc7e9f62b341440c56e34f5efa5edd4/volume-f92808d6-8268-4841-a668-04869c7c2a95 {{(pid=88982) execute /opt/stack/data/venv/lib/python3.12/site-packages/oslo_concurrency/processutils.py:440}}
Aug 05 13:46:56 devstack sudo[96406]: quobyte : PWD=/ ; USER=root ; COMMAND=/opt/stack/data/venv/bin/cinder-rootwrap /etc/cinder/rootwrap.conf env LC_ALL=C qemu-img info -f qcow2 --output=json --force-share /opt/stack/data/cinder/mnt/acc7e9f62b341440c56e34f5efa5edd4/volume-f92808d6-8268-4841-a668-04869c7c2a95
Aug 05 13:46:56 devstack sudo[96406]: pam_unix(sudo:session): session opened for user root(uid=0) by (uid=1000)
Aug 05 13:46:56 devstack sudo[96406]: pam_unix(sudo:session): session closed for user root
Aug 05 13:46:56 devstack cinder-volume[88982]: DEBUG oslo_concurrency.processutils [None req-beb000bd-7c77-4fa3-af85-be637e5d9569 tempest-GroupSnapshotsTest-524372192 None] CMD "/opt/stack/data/venv/bin/python3.12 -m oslo_concurrency.prlimit --as=1073741824 --cpu=60 -- sudo cinder-rootwrap /etc/cinder/rootwrap.conf env LC_ALL=C qemu-img info -f qcow2 --output=json --force-share /opt/stack/data/cinder/mnt/acc7e9f62b341440c56e34f5efa5edd4/volume-f92808d6-8268-4841-a668-04869c7c2a95" returned: 0 in 0.560s {{(pid=88982) execute /opt/stack/data/venv/lib/python3.12/site-packages/oslo_concurrency/processutils.py:468}}
Aug 05 13:46:56 devstack cinder-volume[88982]: DEBUG oslo_concurrency.processutils [None req-beb000bd-7c77-4fa3-af85-be637e5d9569 tempest-GroupSnapshotsTest-524372192 None] Running cmd (subprocess): sudo cinder-rootwrap /etc/cinder/rootwrap.conf qemu-img commit -d /opt/stack/data/cinder/mnt/acc7e9f62b341440c56e34f5efa5edd4/volume-f92808d6-8268-4841-a668-04869c7c2a95.33951a4a-44e0-49a0-bdc5-4963b791c68b {{(pid=88982) execute /opt/stack/data/venv/lib/python3.12/site-packages/oslo_concurrency/processutils.py:440}}
Aug 05 13:46:56 devstack sudo[96423]: quobyte : PWD=/ ; USER=root ; COMMAND=/opt/stack/data/venv/bin/cinder-rootwrap /etc/cinder/rootwrap.conf qemu-img commit -d /opt/stack/data/cinder/mnt/acc7e9f62b341440c56e34f5efa5edd4/volume-f92808d6-8268-4841-a668-04869c7c2a95.33951a4a-44e0-49a0-bdc5-4963b791c68b
Aug 05 13:46:56 devstack sudo[96423]: pam_unix(sudo:session): session opened for user root(uid=0) by (uid=1000)
Aug 05 13:46:57 devstack sudo[96423]: pam_unix(sudo:session): session closed for user root
Aug 05 13:46:57 devstack cinder-volume[88982]: DEBUG oslo_concurrency.processutils [None req-beb000bd-7c77-4fa3-af85-be637e5d9569 tempest-GroupSnapshotsTest-524372192 None] CMD "sudo cinder-rootwrap /etc/cinder/rootwrap.conf qemu-img commit -d /opt/stack/data/cinder/mnt/acc7e9f62b341440c56e34f5efa5edd4/volume-f92808d6-8268-4841-a668-04869c7c2a95.33951a4a-44e0-49a0-bdc5-4963b791c68b" returned: 0 in 0.741s {{(pid=88982) execute /opt/stack/data/venv/lib/python3.12/site-packages/oslo_concurrency/processutils.py:468}}
Aug 05 13:46:57 devstack cinder-volume[88982]: DEBUG oslo_concurrency.processutils [None req-beb000bd-7c77-4fa3-af85-be637e5d9569 tempest-GroupSnapshotsTest-524372192 None] Running cmd (subprocess): sudo cinder-rootwrap /etc/cinder/rootwrap.conf rm -f /opt/stack/data/cinder/mnt/acc7e9f62b341440c56e34f5efa5edd4/volume-f92808d6-8268-4841-a668-04869c7c2a95.33951a4a-44e0-49a0-bdc5-4963b791c68b {{(pid=88982) execute /opt/stack/data/venv/lib/python3.12/site-packages/oslo_concurrency/processutils.py:440}}
Aug 05 13:46:57 devstack sudo[96461]: quobyte : PWD=/ ; USER=root ; COMMAND=/opt/stack/data/venv/bin/cinder-rootwrap /etc/cinder/rootwrap.conf rm -f /opt/stack/data/cinder/mnt/acc7e9f62b341440c56e34f5efa5edd4/volume-f92808d6-8268-4841-a668-04869c7c2a95.33951a4a-44e0-49a0-bdc5-4963b791c68b
Aug 05 13:46:57 devstack sudo[96461]: pam_unix(sudo:session): session opened for user root(uid=0) by (uid=1000)
Aug 05 13:46:57 devstack sudo[96461]: pam_unix(sudo:session): session closed for user root
Aug 05 13:46:57 devstack cinder-volume[88982]: DEBUG oslo_concurrency.processutils [None req-beb000bd-7c77-4fa3-af85-be637e5d9569 tempest-GroupSnapshotsTest-524372192 None] CMD "sudo cinder-rootwrap /etc/cinder/rootwrap.conf rm -f /opt/stack/data/cinder/mnt/acc7e9f62b341440c56e34f5efa5edd4/volume-f92808d6-8268-4841-a668-04869c7c2a95.33951a4a-44e0-49a0-bdc5-4963b791c68b" returned: 0 in 0.364s {{(pid=88982) execute /opt/stack/data/venv/lib/python3.12/site-packages/oslo_concurrency/processutils.py:468}}
Aug 05 13:46:57 devstack cinder-volume[88982]: DEBUG cinder.coordination [None req-beb000bd-7c77-4fa3-af85-be637e5d9569 tempest-GroupSnapshotsTest-524372192 None] Lock "cinder-quobyte-33951a4a-44e0-49a0-bdc5-4963b791c68b" released by "_delete_snapshot" :: held 2.489s {{(pid=88982) __release /opt/stack/cinder/cinder/coordination.py:152}}
Aug 05 13:46:57 devstack cinder-volume[88982]: DEBUG cinder.coordination [None req-beb000bd-7c77-4fa3-af85-be637e5d9569 tempest-GroupSnapshotsTest-524372192 None] Lock "cinder-quobyte-f92808d6-8268-4841-a668-04869c7c2a95" released by "delete_snapshot" :: held 2.521s {{(pid=88982) __release /opt/stack/cinder/cinder/coordination.py:152}}
Aug 05 13:46:57 devstack cinder-volume[88982]: DEBUG cinder.coordination [None req-beb000bd-7c77-4fa3-af85-be637e5d9569 tempest-GroupSnapshotsTest-524372192 None] Acquiring lock "cinder-quobyte-ebb7cdf1-6af6-4bea-9686-0104702b1099" by "delete_snapshot" {{(pid=88982) __acquire /opt/stack/cinder/cinder/coordination.py:138}}
Aug 05 13:46:57 devstack cinder-volume[88982]: DEBUG cinder.coordination [None req-beb000bd-7c77-4fa3-af85-be637e5d9569 tempest-GroupSnapshotsTest-524372192 None] Lock "cinder-quobyte-ebb7cdf1-6af6-4bea-9686-0104702b1099" acquired by "delete_snapshot" :: waited 0.030s {{(pid=88982) __acquire /opt/stack/cinder/cinder/coordination.py:141}}
Aug 05 13:46:57 devstack cinder-volume[88982]: DEBUG cinder.coordination [None req-beb000bd-7c77-4fa3-af85-be637e5d9569 tempest-GroupSnapshotsTest-524372192 None] Acquiring lock "cinder-quobyte-f0dfdd6f-ab74-460b-9c65-7ce59fb724eb" by "_delete_snapshot" {{(pid=88982) __acquire /opt/stack/cinder/cinder/coordination.py:138}}
Aug 05 13:46:58 devstack cinder-volume[88982]: DEBUG cinder.coordination [None req-beb000bd-7c77-4fa3-af85-be637e5d9569 tempest-GroupSnapshotsTest-524372192 None] Lock "cinder-quobyte-f0dfdd6f-ab74-460b-9c65-7ce59fb724eb" acquired by "_delete_snapshot" :: waited 0.033s {{(pid=88982) __acquire /opt/stack/cinder/cinder/coordination.py:141}}
Aug 05 13:46:58 devstack cinder-volume[88982]: DEBUG cinder.volume.drivers.remotefs [None req-beb000bd-7c77-4fa3-af85-be637e5d9569 tempest-GroupSnapshotsTest-524372192 None] Deleting offline snapshot f0dfdd6f-ab74-460b-9c65-7ce59fb724eb of volume ebb7cdf1-6af6-4bea-9686-0104702b1099 {{(pid=88982) _delete_snapshot /opt/stack/cinder/cinder/volume/drivers/remotefs.py:1288}}
Aug 05 13:46:58 devstack cinder-volume[88982]: DEBUG cinder.volume.drivers.remotefs [None req-beb000bd-7c77-4fa3-af85-be637e5d9569 tempest-GroupSnapshotsTest-524372192 None] snapshot_file for this snap is: volume-ebb7cdf1-6af6-4bea-9686-0104702b1099.f0dfdd6f-ab74-460b-9c65-7ce59fb724eb {{(pid=88982) _delete_snapshot /opt/stack/cinder/cinder/volume/drivers/remotefs.py:1317}}
Aug 05 13:46:58 devstack cinder-volume[88982]: DEBUG oslo.privsep.daemon [-] privsep: reply[f555b6b2-c068-484d-a344-b0a81acbc06f]: (4, 'qcow2') {{(pid=90393) _call_back /opt/stack/data/venv/lib/python3.12/site-packages/oslo_privsep/daemon.py:580}}
Aug 05 13:46:58 devstack cinder-volume[88982]: DEBUG oslo_concurrency.processutils [None req-beb000bd-7c77-4fa3-af85-be637e5d9569 tempest-GroupSnapshotsTest-524372192 None] Running cmd (subprocess): /opt/stack/data/venv/bin/python3.12 -m oslo_concurrency.prlimit --as=1073741824 --cpu=60 -- sudo cinder-rootwrap /etc/cinder/rootwrap.conf env LC_ALL=C qemu-img info -f qcow2 --output=json --force-share /opt/stack/data/cinder/mnt/acc7e9f62b341440c56e34f5efa5edd4/volume-ebb7cdf1-6af6-4bea-9686-0104702b1099.f0dfdd6f-ab74-460b-9c65-7ce59fb724eb {{(pid=88982) execute /opt/stack/data/venv/lib/python3.12/site-packages/oslo_concurrency/processutils.py:440}}
Aug 05 13:46:58 devstack sudo[96475]: quobyte : PWD=/ ; USER=root ; COMMAND=/opt/stack/data/venv/bin/cinder-rootwrap /etc/cinder/rootwrap.conf env LC_ALL=C qemu-img info -f qcow2 --output=json --force-share /opt/stack/data/cinder/mnt/acc7e9f62b341440c56e34f5efa5edd4/volume-ebb7cdf1-6af6-4bea-9686-0104702b1099.f0dfdd6f-ab74-460b-9c65-7ce59fb724eb
Aug 05 13:46:58 devstack sudo[96475]: pam_unix(sudo:session): session opened for user root(uid=0) by (uid=1000)
Aug 05 13:46:58 devstack sudo[96475]: pam_unix(sudo:session): session closed for user root
Aug 05 13:46:58 devstack cinder-volume[88982]: DEBUG oslo_concurrency.processutils [None req-beb000bd-7c77-4fa3-af85-be637e5d9569 tempest-GroupSnapshotsTest-524372192 None] CMD "/opt/stack/data/venv/bin/python3.12 -m oslo_concurrency.prlimit --as=1073741824 --cpu=60 -- sudo cinder-rootwrap /etc/cinder/rootwrap.conf env LC_ALL=C qemu-img info -f qcow2 --output=json --force-share /opt/stack/data/cinder/mnt/acc7e9f62b341440c56e34f5efa5edd4/volume-ebb7cdf1-6af6-4bea-9686-0104702b1099.f0dfdd6f-ab74-460b-9c65-7ce59fb724eb" returned: 0 in 0.536s {{(pid=88982) execute /opt/stack/data/venv/lib/python3.12/site-packages/oslo_concurrency/processutils.py:468}}
Aug 05 13:46:58 devstack cinder-volume[88982]: DEBUG cinder.volume.drivers.remotefs [None req-beb000bd-7c77-4fa3-af85-be637e5d9569 tempest-GroupSnapshotsTest-524372192 None] Fetching qemu-img info with special backing_file_template: (/opt/stack/data/cinder/mnt/[0-9a-f]+/)?(volume-ebb7cdf1-6af6-4bea-9686-0104702b1099(.(tmp-snap-)?[0-9a-f-]+)?|volume_from_snapshot_cache/(tmp-snap-)?[0-9a-f-]+(.(child-|parent-)[0-9a-f-]+)?)$ {{(pid=88982) _qemu_img_info_base /opt/stack/cinder/cinder/volume/drivers/remotefs.py:896}}
Aug 05 13:46:58 devstack cinder-volume[88982]: DEBUG oslo.privsep.daemon [-] privsep: reply[af28ff8b-b134-490f-a58e-2b6525453c45]: (4, 'qcow2') {{(pid=90393) _call_back /opt/stack/data/venv/lib/python3.12/site-packages/oslo_privsep/daemon.py:580}}
Aug 05 13:46:58 devstack cinder-volume[88982]: DEBUG oslo_concurrency.processutils [None req-beb000bd-7c77-4fa3-af85-be637e5d9569 tempest-GroupSnapshotsTest-524372192 None] Running cmd (subprocess): /opt/stack/data/venv/bin/python3.12 -m oslo_concurrency.prlimit --as=1073741824 --cpu=60 -- sudo cinder-rootwrap /etc/cinder/rootwrap.conf env LC_ALL=C qemu-img info -f qcow2 --output=json --force-share /opt/stack/data/cinder/mnt/acc7e9f62b341440c56e34f5efa5edd4/volume-ebb7cdf1-6af6-4bea-9686-0104702b1099 {{(pid=88982) execute /opt/stack/data/venv/lib/python3.12/site-packages/oslo_concurrency/processutils.py:440}}
Aug 05 13:46:58 devstack sudo[96481]: quobyte : PWD=/ ; USER=root ; COMMAND=/opt/stack/data/venv/bin/cinder-rootwrap /etc/cinder/rootwrap.conf env LC_ALL=C qemu-img info -f qcow2 --output=json --force-share /opt/stack/data/cinder/mnt/acc7e9f62b341440c56e34f5efa5edd4/volume-ebb7cdf1-6af6-4bea-9686-0104702b1099
Aug 05 13:46:58 devstack sudo[96481]: pam_unix(sudo:session): session opened for user root(uid=0) by (uid=1000)
Aug 05 13:46:59 devstack sudo[96481]: pam_unix(sudo:session): session closed for user root
Aug 05 13:46:59 devstack cinder-volume[88982]: DEBUG oslo_concurrency.processutils [None req-beb000bd-7c77-4fa3-af85-be637e5d9569 tempest-GroupSnapshotsTest-524372192 None] CMD "/opt/stack/data/venv/bin/python3.12 -m oslo_concurrency.prlimit --as=1073741824 --cpu=60 -- sudo cinder-rootwrap /etc/cinder/rootwrap.conf env LC_ALL=C qemu-img info -f qcow2 --output=json --force-share /opt/stack/data/cinder/mnt/acc7e9f62b341440c56e34f5efa5edd4/volume-ebb7cdf1-6af6-4bea-9686-0104702b1099" returned: 0 in 0.585s {{(pid=88982) execute /opt/stack/data/venv/lib/python3.12/site-packages/oslo_concurrency/processutils.py:468}}
Aug 05 13:46:59 devstack cinder-volume[88982]: DEBUG oslo_concurrency.processutils [None req-beb000bd-7c77-4fa3-af85-be637e5d9569 tempest-GroupSnapshotsTest-524372192 None] Running cmd (subprocess): sudo cinder-rootwrap /etc/cinder/rootwrap.conf qemu-img commit -d /opt/stack/data/cinder/mnt/acc7e9f62b341440c56e34f5efa5edd4/volume-ebb7cdf1-6af6-4bea-9686-0104702b1099.f0dfdd6f-ab74-460b-9c65-7ce59fb724eb {{(pid=88982) execute /opt/stack/data/venv/lib/python3.12/site-packages/oslo_concurrency/processutils.py:440}}
Aug 05 13:46:59 devstack sudo[96488]: quobyte : PWD=/ ; USER=root ; COMMAND=/opt/stack/data/venv/bin/cinder-rootwrap /etc/cinder/rootwrap.conf qemu-img commit -d /opt/stack/data/cinder/mnt/acc7e9f62b341440c56e34f5efa5edd4/volume-ebb7cdf1-6af6-4bea-9686-0104702b1099.f0dfdd6f-ab74-460b-9c65-7ce59fb724eb
Aug 05 13:46:59 devstack sudo[96488]: pam_unix(sudo:session): session opened for user root(uid=0) by (uid=1000)
Aug 05 13:46:59 devstack cinder-volume[88982]: INFO cinder.volume.manager [req-9f1c802d-489d-4bcc-a63c-e331f457a93a req-1df4ef12-a116-4865-ae2d-1250e96d61d1 tempest-ServerActionsTestOtherA-1721421835 None] Terminate volume connection completed successfully.
Aug 05 13:46:59 devstack cinder-volume[88982]: DEBUG cinder.volume.manager [req-9f1c802d-489d-4bcc-a63c-e331f457a93a req-1df4ef12-a116-4865-ae2d-1250e96d61d1 tempest-ServerActionsTestOtherA-1721421835 None] Deleting attachment 3be3d81a-c970-4ac7-8c63-3845d4974712. {{(pid=88982) attachment_delete /opt/stack/cinder/cinder/volume/manager.py:5055}}
Aug 05 13:46:59 devstack cinder-volume[88982]: DEBUG cinder.coordination [req-9f1c802d-489d-4bcc-a63c-e331f457a93a req-fcb8784f-c8a9-4559-aab6-db32b7116e37 tempest-ServerActionsTestOtherA-1721421835 None] Acquiring lock "cinder-65d7c9f5-69c0-4a87-b7c1-c404b72082e8-delete_volume" by "delete_volume" {{(pid=88982) __acquire /opt/stack/cinder/cinder/coordination.py:138}}
Aug 05 13:46:59 devstack cinder-volume[88982]: DEBUG cinder.coordination [req-9f1c802d-489d-4bcc-a63c-e331f457a93a req-fcb8784f-c8a9-4559-aab6-db32b7116e37 tempest-ServerActionsTestOtherA-1721421835 None] Lock "cinder-65d7c9f5-69c0-4a87-b7c1-c404b72082e8-delete_volume" acquired by "delete_volume" :: waited 0.032s {{(pid=88982) __acquire /opt/stack/cinder/cinder/coordination.py:141}}
Aug 05 13:46:59 devstack sudo[96488]: pam_unix(sudo:session): session closed for user root
Aug 05 13:46:59 devstack cinder-volume[88982]: DEBUG oslo_concurrency.processutils [None req-beb000bd-7c77-4fa3-af85-be637e5d9569 tempest-GroupSnapshotsTest-524372192 None] CMD "sudo cinder-rootwrap /etc/cinder/rootwrap.conf qemu-img commit -d /opt/stack/data/cinder/mnt/acc7e9f62b341440c56e34f5efa5edd4/volume-ebb7cdf1-6af6-4bea-9686-0104702b1099.f0dfdd6f-ab74-460b-9c65-7ce59fb724eb" returned: 0 in 0.463s {{(pid=88982) execute /opt/stack/data/venv/lib/python3.12/site-packages/oslo_concurrency/processutils.py:468}}
Aug 05 13:46:59 devstack cinder-volume[88982]: DEBUG oslo_concurrency.processutils [None req-beb000bd-7c77-4fa3-af85-be637e5d9569 tempest-GroupSnapshotsTest-524372192 None] Running cmd (subprocess): sudo cinder-rootwrap /etc/cinder/rootwrap.conf rm -f /opt/stack/data/cinder/mnt/acc7e9f62b341440c56e34f5efa5edd4/volume-ebb7cdf1-6af6-4bea-9686-0104702b1099.f0dfdd6f-ab74-460b-9c65-7ce59fb724eb {{(pid=88982) execute /opt/stack/data/venv/lib/python3.12/site-packages/oslo_concurrency/processutils.py:440}}
