Aug 05 13:48:16 devstack cinder-volume[88982]: DEBUG oslo_concurrency.processutils [None req-bbfe7154-0e80-485b-9979-a8d6845ee5a2 tempest-SnapshotsActionsTest-1216444508 None] CMD "sudo cinder-rootwrap /etc/cinder/rootwrap.conf qemu-img create -f qcow2 -o backing_file=/opt/stack/data/cinder/mnt/acc7e9f62b341440c56e34f5efa5edd4/volume-e7a8a7e1-2154-4260-9e6c-231637699523.9eec3ed0-9f46-4548-841a-41194b380094,backing_fmt=qcow2 /opt/stack/data/cinder/mnt/acc7e9f62b341440c56e34f5efa5edd4/volume-e7a8a7e1-2154-4260-9e6c-231637699523.c44059d4-1743-4e08-bf59-5c0d7ad9dd98 1G" returned: 0 in 0.617s {{(pid=88982) execute /opt/stack/data/venv/lib/python3.12/site-packages/oslo_concurrency/processutils.py:468}}
Aug 05 13:48:16 devstack cinder-volume[88982]: DEBUG oslo_concurrency.processutils [None req-bbfe7154-0e80-485b-9979-a8d6845ee5a2 tempest-SnapshotsActionsTest-1216444508 None] Running cmd (subprocess): sudo cinder-rootwrap /etc/cinder/rootwrap.conf qemu-img rebase -u -b volume-e7a8a7e1-2154-4260-9e6c-231637699523.9eec3ed0-9f46-4548-841a-41194b380094 -F qcow2 /opt/stack/data/cinder/mnt/acc7e9f62b341440c56e34f5efa5edd4/volume-e7a8a7e1-2154-4260-9e6c-231637699523.c44059d4-1743-4e08-bf59-5c0d7ad9dd98 {{(pid=88982) execute /opt/stack/data/venv/lib/python3.12/site-packages/oslo_concurrency/processutils.py:440}}
Aug 05 13:48:16 devstack sudo[97591]: pam_unix(sudo:session): session closed for user root
Aug 05 13:48:16 devstack cinder-volume[88982]: DEBUG oslo_concurrency.processutils [None req-8340fa66-a754-418c-ac3e-132c004a5b96 tempest-ServersNegativeTestJSON-1716846088 None] CMD "/opt/stack/data/venv/bin/python3.12 -m oslo_concurrency.prlimit --as=1073741824 --cpu=60 -- sudo cinder-rootwrap /etc/cinder/rootwrap.conf env LC_ALL=C qemu-img info -f qcow2 --output=json --force-share /opt/stack/data/cinder/mnt/acc7e9f62b341440c56e34f5efa5edd4/volume-a0c7d6f2-9b58-49db-a4fc-1d89f1f15122" returned: 0 in 0.504s {{(pid=88982) execute /opt/stack/data/venv/lib/python3.12/site-packages/oslo_concurrency/processutils.py:468}}
Aug 05 13:48:16 devstack cinder-volume[88982]: DEBUG oslo_concurrency.processutils [None req-8340fa66-a754-418c-ac3e-132c004a5b96 tempest-ServersNegativeTestJSON-1716846088 None] Running cmd (subprocess): sudo cinder-rootwrap /etc/cinder/rootwrap.conf rm -f /opt/stack/data/cinder/mnt/acc7e9f62b341440c56e34f5efa5edd4/volume-a0c7d6f2-9b58-49db-a4fc-1d89f1f15122 {{(pid=88982) execute /opt/stack/data/venv/lib/python3.12/site-packages/oslo_concurrency/processutils.py:440}}
Aug 05 13:48:16 devstack sudo[97609]: quobyte : PWD=/ ; USER=root ; COMMAND=/opt/stack/data/venv/bin/cinder-rootwrap /etc/cinder/rootwrap.conf qemu-img rebase -u -b volume-e7a8a7e1-2154-4260-9e6c-231637699523.9eec3ed0-9f46-4548-841a-41194b380094 -F qcow2 /opt/stack/data/cinder/mnt/acc7e9f62b341440c56e34f5efa5edd4/volume-e7a8a7e1-2154-4260-9e6c-231637699523.c44059d4-1743-4e08-bf59-5c0d7ad9dd98
Aug 05 13:48:16 devstack sudo[97609]: pam_unix(sudo:session): session opened for user root(uid=0) by (uid=1000)
Aug 05 13:48:16 devstack sudo[97610]: quobyte : PWD=/ ; USER=root ; COMMAND=/opt/stack/data/venv/bin/cinder-rootwrap /etc/cinder/rootwrap.conf rm -f /opt/stack/data/cinder/mnt/acc7e9f62b341440c56e34f5efa5edd4/volume-a0c7d6f2-9b58-49db-a4fc-1d89f1f15122
Aug 05 13:48:16 devstack sudo[97610]: pam_unix(sudo:session): session opened for user root(uid=0) by (uid=1000)
Aug 05 13:48:16 devstack cinder-volume[88982]: DEBUG oslo_concurrency.lockutils [req-0c3c9300-c6d1-4e3b-9913-31889d602ff5 req-3be1e858-7fba-4ddb-951b-c3a3bab6639a tempest-AttachVolumeNegativeTest-391857248 None] Acquiring lock "quobyte" by "cinder.volume.drivers.quobyte.QuobyteDriver.initialize_connection" {{(pid=88982) inner /opt/stack/data/venv/lib/python3.12/site-packages/oslo_concurrency/lockutils.py:512}}
Aug 05 13:48:16 devstack sudo[97609]: pam_unix(sudo:session): session closed for user root
Aug 05 13:48:16 devstack cinder-volume[88982]: DEBUG oslo_concurrency.processutils [None req-bbfe7154-0e80-485b-9979-a8d6845ee5a2 tempest-SnapshotsActionsTest-1216444508 None] CMD "sudo cinder-rootwrap /etc/cinder/rootwrap.conf qemu-img rebase -u -b volume-e7a8a7e1-2154-4260-9e6c-231637699523.9eec3ed0-9f46-4548-841a-41194b380094 -F qcow2 /opt/stack/data/cinder/mnt/acc7e9f62b341440c56e34f5efa5edd4/volume-e7a8a7e1-2154-4260-9e6c-231637699523.c44059d4-1743-4e08-bf59-5c0d7ad9dd98" returned: 0 in 0.284s {{(pid=88982) execute /opt/stack/data/venv/lib/python3.12/site-packages/oslo_concurrency/processutils.py:468}}
Aug 05 13:48:16 devstack sudo[97610]: pam_unix(sudo:session): session closed for user root
Aug 05 13:48:16 devstack cinder-volume[88982]: WARNING cinder.volume.drivers.remotefs [None req-bbfe7154-0e80-485b-9979-a8d6845ee5a2 tempest-SnapshotsActionsTest-1216444508 None] /opt/stack/data/cinder/mnt/acc7e9f62b341440c56e34f5efa5edd4/volume-e7a8a7e1-2154-4260-9e6c-231637699523.c44059d4-1743-4e08-bf59-5c0d7ad9dd98 is being set with open permissions: ugo+rw
Aug 05 13:48:16 devstack cinder-volume[88982]: DEBUG oslo_concurrency.processutils [None req-bbfe7154-0e80-485b-9979-a8d6845ee5a2 tempest-SnapshotsActionsTest-1216444508 None] Running cmd (subprocess): sudo cinder-rootwrap /etc/cinder/rootwrap.conf chmod ugo+rw /opt/stack/data/cinder/mnt/acc7e9f62b341440c56e34f5efa5edd4/volume-e7a8a7e1-2154-4260-9e6c-231637699523.c44059d4-1743-4e08-bf59-5c0d7ad9dd98 {{(pid=88982) execute /opt/stack/data/venv/lib/python3.12/site-packages/oslo_concurrency/processutils.py:440}}
Aug 05 13:48:16 devstack cinder-volume[88982]: DEBUG oslo_concurrency.processutils [None req-8340fa66-a754-418c-ac3e-132c004a5b96 tempest-ServersNegativeTestJSON-1716846088 None] CMD "sudo cinder-rootwrap /etc/cinder/rootwrap.conf rm -f /opt/stack/data/cinder/mnt/acc7e9f62b341440c56e34f5efa5edd4/volume-a0c7d6f2-9b58-49db-a4fc-1d89f1f15122" returned: 0 in 0.282s {{(pid=88982) execute /opt/stack/data/venv/lib/python3.12/site-packages/oslo_concurrency/processutils.py:468}}
Aug 05 13:48:16 devstack sudo[97618]: quobyte : PWD=/ ; USER=root ; COMMAND=/opt/stack/data/venv/bin/cinder-rootwrap /etc/cinder/rootwrap.conf chmod ugo+rw /opt/stack/data/cinder/mnt/acc7e9f62b341440c56e34f5efa5edd4/volume-e7a8a7e1-2154-4260-9e6c-231637699523.c44059d4-1743-4e08-bf59-5c0d7ad9dd98
Aug 05 13:48:16 devstack cinder-volume[88982]: DEBUG cinder.coordination [None req-8340fa66-a754-418c-ac3e-132c004a5b96 tempest-ServersNegativeTestJSON-1716846088 None] Lock "cinder-quobyte-a0c7d6f2-9b58-49db-a4fc-1d89f1f15122" released by "delete_volume" :: held 0.858s {{(pid=88982) __release /opt/stack/cinder/cinder/coordination.py:152}}
Aug 05 13:48:16 devstack sudo[97618]: pam_unix(sudo:session): session opened for user root(uid=0) by (uid=1000)
Aug 05 13:48:16 devstack cinder-volume[88982]: DEBUG cinder.quota [None req-8340fa66-a754-418c-ac3e-132c004a5b96 tempest-ServersNegativeTestJSON-1716846088 None] Created reservations ['b70f6435-26b9-44a9-8d0a-fd872eb497f7', 'ff2f6ccb-4046-4c93-b7a6-d118d61f4c7e', '3b8e97a9-6e98-4ed6-9e0f-60c296bec527', '52b413fb-3b24-443c-bc31-3376ab844cfb'] {{(pid=88982) reserve /opt/stack/cinder/cinder/quota.py:752}}
Aug 05 13:48:16 devstack cinder-volume[88982]: DEBUG oslo_concurrency.lockutils [None req-8340fa66-a754-418c-ac3e-132c004a5b96 tempest-ServersNegativeTestJSON-1716846088 None] Acquiring lock "quobyte_ensure" by "cinder.volume.drivers.quobyte.QuobyteDriver._ensure_shares_mounted" {{(pid=88982) inner /opt/stack/data/venv/lib/python3.12/site-packages/oslo_concurrency/lockutils.py:512}}
Aug 05 13:48:16 devstack cinder-volume[88982]: DEBUG oslo_concurrency.lockutils [None req-8340fa66-a754-418c-ac3e-132c004a5b96 tempest-ServersNegativeTestJSON-1716846088 None] Lock "quobyte_ensure" acquired by "cinder.volume.drivers.quobyte.QuobyteDriver._ensure_shares_mounted" :: waited 0.001s {{(pid=88982) inner /opt/stack/data/venv/lib/python3.12/site-packages/oslo_concurrency/lockutils.py:525}}
Aug 05 13:48:16 devstack cinder-volume[88982]: DEBUG cinder.volume.drivers.quobyte [None req-8340fa66-a754-418c-ac3e-132c004a5b96 tempest-ServersNegativeTestJSON-1716846088 None] Quobyte Volume URL set to: {'osci02.corp.quobyte.com/cinder-vol-e9863358-f5f6-48a3-9d69-11fd953199a9': None} {{(pid=88982) _load_shares_config /opt/stack/cinder/cinder/volume/drivers/quobyte.py:665}}
Aug 05 13:48:16 devstack cinder-volume[88982]: DEBUG cinder.volume.drivers.quobyte [None req-8340fa66-a754-418c-ac3e-132c004a5b96 tempest-ServersNegativeTestJSON-1716846088 None] Available shares ['osci02.corp.quobyte.com/cinder-vol-e9863358-f5f6-48a3-9d69-11fd953199a9'] {{(pid=88982) _ensure_shares_mounted /opt/stack/cinder/cinder/volume/drivers/quobyte.py:695}}
Aug 05 13:48:16 devstack cinder-volume[88982]: DEBUG oslo_concurrency.lockutils [None req-8340fa66-a754-418c-ac3e-132c004a5b96 tempest-ServersNegativeTestJSON-1716846088 None] Lock "quobyte_ensure" "released" by "cinder.volume.drivers.quobyte.QuobyteDriver._ensure_shares_mounted" :: held 0.009s {{(pid=88982) inner /opt/stack/data/venv/lib/python3.12/site-packages/oslo_concurrency/lockutils.py:544}}
Aug 05 13:48:16 devstack cinder-volume[88982]: DEBUG oslo_concurrency.processutils [None req-8340fa66-a754-418c-ac3e-132c004a5b96 tempest-ServersNegativeTestJSON-1716846088 None] Running cmd (subprocess): sudo cinder-rootwrap /etc/cinder/rootwrap.conf df --portability --block-size 1 /opt/stack/data/cinder/mnt/acc7e9f62b341440c56e34f5efa5edd4 {{(pid=88982) execute /opt/stack/data/venv/lib/python3.12/site-packages/oslo_concurrency/processutils.py:440}}
Aug 05 13:48:16 devstack sudo[97620]: quobyte : PWD=/ ; USER=root ; COMMAND=/opt/stack/data/venv/bin/cinder-rootwrap /etc/cinder/rootwrap.conf df --portability --block-size 1 /opt/stack/data/cinder/mnt/acc7e9f62b341440c56e34f5efa5edd4
Aug 05 13:48:16 devstack sudo[97620]: pam_unix(sudo:session): session opened for user root(uid=0) by (uid=1000)
Aug 05 13:48:17 devstack sudo[97618]: pam_unix(sudo:session): session closed for user root
Aug 05 13:48:17 devstack cinder-volume[88982]: DEBUG oslo_concurrency.processutils [None req-bbfe7154-0e80-485b-9979-a8d6845ee5a2 tempest-SnapshotsActionsTest-1216444508 None] CMD "sudo cinder-rootwrap /etc/cinder/rootwrap.conf chmod ugo+rw /opt/stack/data/cinder/mnt/acc7e9f62b341440c56e34f5efa5edd4/volume-e7a8a7e1-2154-4260-9e6c-231637699523.c44059d4-1743-4e08-bf59-5c0d7ad9dd98" returned: 0 in 0.396s {{(pid=88982) execute /opt/stack/data/venv/lib/python3.12/site-packages/oslo_concurrency/processutils.py:468}}
Aug 05 13:48:17 devstack cinder-volume[88982]: DEBUG oslo_concurrency.lockutils [None req-bbfe7154-0e80-485b-9979-a8d6845ee5a2 tempest-SnapshotsActionsTest-1216444508 None] Lock "quobyte" "released" by "cinder.volume.drivers.quobyte.QuobyteDriver.create_snapshot" :: held 1.902s {{(pid=88982) inner /opt/stack/data/venv/lib/python3.12/site-packages/oslo_concurrency/lockutils.py:544}}
Aug 05 13:48:17 devstack cinder-volume[88982]: DEBUG oslo_concurrency.lockutils [req-0c3c9300-c6d1-4e3b-9913-31889d602ff5 req-3be1e858-7fba-4ddb-951b-c3a3bab6639a tempest-AttachVolumeNegativeTest-391857248 None] Lock "quobyte" acquired by "cinder.volume.drivers.quobyte.QuobyteDriver.initialize_connection" :: waited 0.648s {{(pid=88982) inner /opt/stack/data/venv/lib/python3.12/site-packages/oslo_concurrency/lockutils.py:525}}
Aug 05 13:48:17 devstack sudo[97620]: pam_unix(sudo:session): session closed for user root
Aug 05 13:48:17 devstack cinder-volume[88982]: DEBUG oslo_concurrency.processutils [None req-8340fa66-a754-418c-ac3e-132c004a5b96 tempest-ServersNegativeTestJSON-1716846088 None] CMD "sudo cinder-rootwrap /etc/cinder/rootwrap.conf df --portability --block-size 1 /opt/stack/data/cinder/mnt/acc7e9f62b341440c56e34f5efa5edd4" returned: 0 in 0.340s {{(pid=88982) execute /opt/stack/data/venv/lib/python3.12/site-packages/oslo_concurrency/processutils.py:468}}
Aug 05 13:48:17 devstack cinder-volume[88982]: DEBUG cinder.manager [None req-8340fa66-a754-418c-ac3e-132c004a5b96 tempest-ServersNegativeTestJSON-1716846088 None] Notifying Schedulers of capabilities ... {{(pid=88982) _publish_service_capabilities /opt/stack/cinder/cinder/manager.py:219}}
Aug 05 13:48:17 devstack cinder-volume[88982]: DEBUG oslo_concurrency.lockutils [req-0c3c9300-c6d1-4e3b-9913-31889d602ff5 req-3be1e858-7fba-4ddb-951b-c3a3bab6639a tempest-AttachVolumeNegativeTest-391857248 None] Lock "quobyte" "released" by "cinder.volume.drivers.quobyte.QuobyteDriver.initialize_connection" :: held 0.039s {{(pid=88982) inner /opt/stack/data/venv/lib/python3.12/site-packages/oslo_concurrency/lockutils.py:544}}
Aug 05 13:48:17 devstack cinder-volume[88982]: INFO cinder.volume.manager [None req-8340fa66-a754-418c-ac3e-132c004a5b96 tempest-ServersNegativeTestJSON-1716846088 None] Deleted volume successfully.
Aug 05 13:48:17 devstack cinder-volume[88982]: INFO cinder.volume.manager [None req-bbfe7154-0e80-485b-9979-a8d6845ee5a2 tempest-SnapshotsActionsTest-1216444508 None] Create snapshot completed successfully
Aug 05 13:48:17 devstack cinder-volume[88982]: DEBUG cinder.coordination [None req-8340fa66-a754-418c-ac3e-132c004a5b96 tempest-ServersNegativeTestJSON-1716846088 None] Lock "cinder-a0c7d6f2-9b58-49db-a4fc-1d89f1f15122-delete_volume" released by "delete_volume" :: held 1.466s {{(pid=88982) __release /opt/stack/cinder/cinder/coordination.py:152}}
Aug 05 13:48:17 devstack cinder-volume[88982]: DEBUG cinder.volume.manager [req-0c3c9300-c6d1-4e3b-9913-31889d602ff5 req-3be1e858-7fba-4ddb-951b-c3a3bab6639a tempest-AttachVolumeNegativeTest-391857248 None] Connection info returned from driver {'export': 'osci02.corp.quobyte.com/cinder-vol-e9863358-f5f6-48a3-9d69-11fd953199a9', 'name': 'volume-d53bfcae-c674-4fcb-986a-30f3e9d74887', 'options': None, 'format': 'qcow2', 'qos_specs': None, 'access_mode': 'rw', 'encrypted': False, 'cacheable': False, 'driver_volume_type': 'quobyte', 'mount_point_base': '/opt/stack/data/cinder/mnt', 'attachment_id': 'ccc99b23-4290-4fd8-a0d8-053246ecb682', 'enforce_multipath': True} {{(pid=88982) _connection_create /opt/stack/cinder/cinder/volume/manager.py:4924}}
Aug 05 13:48:17 devstack cinder-volume[88982]: INFO cinder.volume.manager [req-0c3c9300-c6d1-4e3b-9913-31889d602ff5 req-3be1e858-7fba-4ddb-951b-c3a3bab6639a tempest-AttachVolumeNegativeTest-391857248 None] attachment_update completed successfully.
Aug 05 13:48:17 devstack cinder-volume[88982]: DEBUG cinder.coordination [None req-fc5c248d-429a-45f3-946e-8612c6576801 tempest-SnapshotsActionsTest-231164309 None] Acquiring lock "cinder-c44059d4-1743-4e08-bf59-5c0d7ad9dd98-delete_snapshot" by "delete_snapshot" {{(pid=88982) __acquire /opt/stack/cinder/cinder/coordination.py:138}}
Aug 05 13:48:17 devstack cinder-volume[88982]: DEBUG cinder.coordination [None req-fc5c248d-429a-45f3-946e-8612c6576801 tempest-SnapshotsActionsTest-231164309 None] Lock "cinder-c44059d4-1743-4e08-bf59-5c0d7ad9dd98-delete_snapshot" acquired by "delete_snapshot" :: waited 0.034s {{(pid=88982) __acquire /opt/stack/cinder/cinder/coordination.py:141}}
Aug 05 13:48:17 devstack cinder-volume[88982]: DEBUG cinder.coordination [None req-fc5c248d-429a-45f3-946e-8612c6576801 tempest-SnapshotsActionsTest-231164309 None] Acquiring lock "cinder-quobyte-e7a8a7e1-2154-4260-9e6c-231637699523" by "delete_snapshot" {{(pid=88982) __acquire /opt/stack/cinder/cinder/coordination.py:138}}
Aug 05 13:48:17 devstack cinder-volume[88982]: DEBUG cinder.coordination [None req-fc5c248d-429a-45f3-946e-8612c6576801 tempest-SnapshotsActionsTest-231164309 None] Lock "cinder-quobyte-e7a8a7e1-2154-4260-9e6c-231637699523" acquired by "delete_snapshot" :: waited 0.090s {{(pid=88982) __acquire /opt/stack/cinder/cinder/coordination.py:141}}
Aug 05 13:48:17 devstack cinder-volume[88982]: DEBUG cinder.coordination [None req-fc5c248d-429a-45f3-946e-8612c6576801 tempest-SnapshotsActionsTest-231164309 None] Acquiring lock "cinder-quobyte-c44059d4-1743-4e08-bf59-5c0d7ad9dd98" by "_delete_snapshot" {{(pid=88982) __acquire /opt/stack/cinder/cinder/coordination.py:138}}
Aug 05 13:48:17 devstack cinder-volume[88982]: DEBUG cinder.coordination [None req-fc5c248d-429a-45f3-946e-8612c6576801 tempest-SnapshotsActionsTest-231164309 None] Lock "cinder-quobyte-c44059d4-1743-4e08-bf59-5c0d7ad9dd98" acquired by "_delete_snapshot" :: waited 0.030s {{(pid=88982) __acquire /opt/stack/cinder/cinder/coordination.py:141}}
Aug 05 13:48:17 devstack cinder-volume[88982]: DEBUG cinder.volume.drivers.remotefs [None req-fc5c248d-429a-45f3-946e-8612c6576801 tempest-SnapshotsActionsTest-231164309 None] Deleting offline snapshot c44059d4-1743-4e08-bf59-5c0d7ad9dd98 of volume e7a8a7e1-2154-4260-9e6c-231637699523 {{(pid=88982) _delete_snapshot /opt/stack/cinder/cinder/volume/drivers/remotefs.py:1288}}
Aug 05 13:48:17 devstack cinder-volume[88982]: DEBUG cinder.volume.drivers.remotefs [None req-fc5c248d-429a-45f3-946e-8612c6576801 tempest-SnapshotsActionsTest-231164309 None] snapshot_file for this snap is: volume-e7a8a7e1-2154-4260-9e6c-231637699523.c44059d4-1743-4e08-bf59-5c0d7ad9dd98 {{(pid=88982) _delete_snapshot /opt/stack/cinder/cinder/volume/drivers/remotefs.py:1317}}
Aug 05 13:48:17 devstack cinder-volume[88982]: DEBUG oslo.privsep.daemon [-] privsep: reply[9ae30e76-84a8-415b-82b5-a2346d9a74ae]: (4, 'qcow2') {{(pid=90393) _call_back /opt/stack/data/venv/lib/python3.12/site-packages/oslo_privsep/daemon.py:580}}
Aug 05 13:48:17 devstack cinder-volume[88982]: DEBUG oslo_concurrency.processutils [None req-fc5c248d-429a-45f3-946e-8612c6576801 tempest-SnapshotsActionsTest-231164309 None] Running cmd (subprocess): /opt/stack/data/venv/bin/python3.12 -m oslo_concurrency.prlimit --as=1073741824 --cpu=60 -- sudo cinder-rootwrap /etc/cinder/rootwrap.conf env LC_ALL=C qemu-img info -f qcow2 --output=json --force-share /opt/stack/data/cinder/mnt/acc7e9f62b341440c56e34f5efa5edd4/volume-e7a8a7e1-2154-4260-9e6c-231637699523.c44059d4-1743-4e08-bf59-5c0d7ad9dd98 {{(pid=88982) execute /opt/stack/data/venv/lib/python3.12/site-packages/oslo_concurrency/processutils.py:440}}
Aug 05 13:48:18 devstack sudo[97732]: quobyte : PWD=/ ; USER=root ; COMMAND=/opt/stack/data/venv/bin/cinder-rootwrap /etc/cinder/rootwrap.conf env LC_ALL=C qemu-img info -f qcow2 --output=json --force-share /opt/stack/data/cinder/mnt/acc7e9f62b341440c56e34f5efa5edd4/volume-e7a8a7e1-2154-4260-9e6c-231637699523.c44059d4-1743-4e08-bf59-5c0d7ad9dd98
Aug 05 13:48:18 devstack sudo[97732]: pam_unix(sudo:session): session opened for user root(uid=0) by (uid=1000)
Aug 05 13:48:18 devstack sudo[97732]: pam_unix(sudo:session): session closed for user root
Aug 05 13:48:18 devstack cinder-volume[88982]: DEBUG oslo_concurrency.processutils [None req-fc5c248d-429a-45f3-946e-8612c6576801 tempest-SnapshotsActionsTest-231164309 None] CMD "/opt/stack/data/venv/bin/python3.12 -m oslo_concurrency.prlimit --as=1073741824 --cpu=60 -- sudo cinder-rootwrap /etc/cinder/rootwrap.conf env LC_ALL=C qemu-img info -f qcow2 --output=json --force-share /opt/stack/data/cinder/mnt/acc7e9f62b341440c56e34f5efa5edd4/volume-e7a8a7e1-2154-4260-9e6c-231637699523.c44059d4-1743-4e08-bf59-5c0d7ad9dd98" returned: 0 in 0.556s {{(pid=88982) execute /opt/stack/data/venv/lib/python3.12/site-packages/oslo_concurrency/processutils.py:468}}
Aug 05 13:48:18 devstack cinder-volume[88982]: DEBUG cinder.volume.drivers.remotefs [None req-fc5c248d-429a-45f3-946e-8612c6576801 tempest-SnapshotsActionsTest-231164309 None] Fetching qemu-img info with special backing_file_template: (/opt/stack/data/cinder/mnt/[0-9a-f]+/)?(volume-e7a8a7e1-2154-4260-9e6c-231637699523(.(tmp-snap-)?[0-9a-f-]+)?|volume_from_snapshot_cache/(tmp-snap-)?[0-9a-f-]+(.(child-|parent-)[0-9a-f-]+)?)$ {{(pid=88982) _qemu_img_info_base /opt/stack/cinder/cinder/volume/drivers/remotefs.py:896}}
Aug 05 13:48:18 devstack cinder-volume[88982]: DEBUG oslo.privsep.daemon [-] privsep: reply[c9da64b5-4dab-4309-86c1-0855414def75]: (4, 'qcow2') {{(pid=90393) _call_back /opt/stack/data/venv/lib/python3.12/site-packages/oslo_privsep/daemon.py:580}}
Aug 05 13:48:18 devstack cinder-volume[88982]: DEBUG oslo_concurrency.processutils [None req-fc5c248d-429a-45f3-946e-8612c6576801 tempest-SnapshotsActionsTest-231164309 None] Running cmd (subprocess): /opt/stack/data/venv/bin/python3.12 -m oslo_concurrency.prlimit --as=1073741824 --cpu=60 -- sudo cinder-rootwrap /etc/cinder/rootwrap.conf env LC_ALL=C qemu-img info -f qcow2 --output=json --force-share /opt/stack/data/cinder/mnt/acc7e9f62b341440c56e34f5efa5edd4/volume-e7a8a7e1-2154-4260-9e6c-231637699523.9eec3ed0-9f46-4548-841a-41194b380094 {{(pid=88982) execute /opt/stack/data/venv/lib/python3.12/site-packages/oslo_concurrency/processutils.py:440}}
Aug 05 13:48:18 devstack sudo[98079]: quobyte : PWD=/ ; USER=root ; COMMAND=/opt/stack/data/venv/bin/cinder-rootwrap /etc/cinder/rootwrap.conf env LC_ALL=C qemu-img info -f qcow2 --output=json --force-share /opt/stack/data/cinder/mnt/acc7e9f62b341440c56e34f5efa5edd4/volume-e7a8a7e1-2154-4260-9e6c-231637699523.9eec3ed0-9f46-4548-841a-41194b380094
Aug 05 13:48:18 devstack sudo[98079]: pam_unix(sudo:session): session opened for user root(uid=0) by (uid=1000)
Aug 05 13:48:19 devstack sudo[98079]: pam_unix(sudo:session): session closed for user root
Aug 05 13:48:19 devstack cinder-volume[88982]: DEBUG oslo_concurrency.processutils [None req-fc5c248d-429a-45f3-946e-8612c6576801 tempest-SnapshotsActionsTest-231164309 None] CMD "/opt/stack/data/venv/bin/python3.12 -m oslo_concurrency.prlimit --as=1073741824 --cpu=60 -- sudo cinder-rootwrap /etc/cinder/rootwrap.conf env LC_ALL=C qemu-img info -f qcow2 --output=json --force-share /opt/stack/data/cinder/mnt/acc7e9f62b341440c56e34f5efa5edd4/volume-e7a8a7e1-2154-4260-9e6c-231637699523.9eec3ed0-9f46-4548-841a-41194b380094" returned: 0 in 0.790s {{(pid=88982) execute /opt/stack/data/venv/lib/python3.12/site-packages/oslo_concurrency/processutils.py:468}}
Aug 05 13:48:19 devstack cinder-volume[88982]: DEBUG cinder.volume.drivers.remotefs [None req-fc5c248d-429a-45f3-946e-8612c6576801 tempest-SnapshotsActionsTest-231164309 None] Fetching qemu-img info with special backing_file_template: (/opt/stack/data/cinder/mnt/[0-9a-f]+/)?(volume-e7a8a7e1-2154-4260-9e6c-231637699523(.(tmp-snap-)?[0-9a-f-]+)?|volume_from_snapshot_cache/(tmp-snap-)?[0-9a-f-]+(.(child-|parent-)[0-9a-f-]+)?)$ {{(pid=88982) _qemu_img_info_base /opt/stack/cinder/cinder/volume/drivers/remotefs.py:896}}
Aug 05 13:48:19 devstack cinder-volume[88982]: DEBUG oslo_concurrency.processutils [None req-fc5c248d-429a-45f3-946e-8612c6576801 tempest-SnapshotsActionsTest-231164309 None] Running cmd (subprocess): sudo cinder-rootwrap /etc/cinder/rootwrap.conf qemu-img commit -d /opt/stack/data/cinder/mnt/acc7e9f62b341440c56e34f5efa5edd4/volume-e7a8a7e1-2154-4260-9e6c-231637699523.c44059d4-1743-4e08-bf59-5c0d7ad9dd98 {{(pid=88982) execute /opt/stack/data/venv/lib/python3.12/site-packages/oslo_concurrency/processutils.py:440}}
Aug 05 13:48:19 devstack sudo[98104]: quobyte : PWD=/ ; USER=root ; COMMAND=/opt/stack/data/venv/bin/cinder-rootwrap /etc/cinder/rootwrap.conf qemu-img commit -d /opt/stack/data/cinder/mnt/acc7e9f62b341440c56e34f5efa5edd4/volume-e7a8a7e1-2154-4260-9e6c-231637699523.c44059d4-1743-4e08-bf59-5c0d7ad9dd98
Aug 05 13:48:19 devstack sudo[98104]: pam_unix(sudo:session): session opened for user root(uid=0) by (uid=1000)
Aug 05 13:48:19 devstack sudo[98104]: pam_unix(sudo:session): session closed for user root
Aug 05 13:48:19 devstack cinder-volume[88982]: DEBUG oslo_concurrency.processutils [None req-fc5c248d-429a-45f3-946e-8612c6576801 tempest-SnapshotsActionsTest-231164309 None] CMD "sudo cinder-rootwrap /etc/cinder/rootwrap.conf qemu-img commit -d /opt/stack/data/cinder/mnt/acc7e9f62b341440c56e34f5efa5edd4/volume-e7a8a7e1-2154-4260-9e6c-231637699523.c44059d4-1743-4e08-bf59-5c0d7ad9dd98" returned: 0 in 0.551s {{(pid=88982) execute /opt/stack/data/venv/lib/python3.12/site-packages/oslo_concurrency/processutils.py:468}}
Aug 05 13:48:19 devstack cinder-volume[88982]: DEBUG oslo_concurrency.processutils [None req-fc5c248d-429a-45f3-946e-8612c6576801 tempest-SnapshotsActionsTest-231164309 None] Running cmd (subprocess): sudo cinder-rootwrap /etc/cinder/rootwrap.conf rm -f /opt/stack/data/cinder/mnt/acc7e9f62b341440c56e34f5efa5edd4/volume-e7a8a7e1-2154-4260-9e6c-231637699523.c44059d4-1743-4e08-bf59-5c0d7ad9dd98 {{(pid=88982) execute /opt/stack/data/venv/lib/python3.12/site-packages/oslo_concurrency/processutils.py:440}}
Aug 05 13:48:19 devstack sudo[98110]: quobyte : PWD=/ ; USER=root ; COMMAND=/opt/stack/data/venv/bin/cinder-rootwrap /etc/cinder/rootwrap.conf rm -f /opt/stack/data/cinder/mnt/acc7e9f62b341440c56e34f5efa5edd4/volume-e7a8a7e1-2154-4260-9e6c-231637699523.c44059d4-1743-4e08-bf59-5c0d7ad9dd98
Aug 05 13:48:19 devstack sudo[98110]: pam_unix(sudo:session): session opened for user root(uid=0) by (uid=1000)
Aug 05 13:48:20 devstack sudo[98110]: pam_unix(sudo:session): session closed for user root
Aug 05 13:48:20 devstack cinder-volume[88982]: DEBUG oslo_concurrency.processutils [None req-fc5c248d-429a-45f3-946e-8612c6576801 tempest-SnapshotsActionsTest-231164309 None] CMD "sudo cinder-rootwrap /etc/cinder/rootwrap.conf rm -f /opt/stack/data/cinder/mnt/acc7e9f62b341440c56e34f5efa5edd4/volume-e7a8a7e1-2154-4260-9e6c-231637699523.c44059d4-1743-4e08-bf59-5c0d7ad9dd98" returned: 0 in 0.284s {{(pid=88982) execute /opt/stack/data/venv/lib/python3.12/site-packages/oslo_concurrency/processutils.py:468}}
Aug 05 13:48:20 devstack cinder-volume[88982]: DEBUG cinder.coordination [None req-fc5c248d-429a-45f3-946e-8612c6576801 tempest-SnapshotsActionsTest-231164309 None] Lock "cinder-quobyte-c44059d4-1743-4e08-bf59-5c0d7ad9dd98" released by "_delete_snapshot" :: held 2.409s {{(pid=88982) __release /opt/stack/cinder/cinder/coordination.py:152}}
Aug 05 13:48:20 devstack cinder-volume[88982]: DEBUG cinder.coordination [None req-fc5c248d-429a-45f3-946e-8612c6576801 tempest-SnapshotsActionsTest-231164309 None] Lock "cinder-quobyte-e7a8a7e1-2154-4260-9e6c-231637699523" released by "delete_snapshot" :: held 2.450s {{(pid=88982) __release /opt/stack/cinder/cinder/coordination.py:152}}
Aug 05 13:48:20 devstack cinder-volume[88982]: DEBUG cinder.quota [None req-fc5c248d-429a-45f3-946e-8612c6576801 tempest-SnapshotsActionsTest-231164309 None] Created reservations ['b95a8855-9479-4c10-877e-17692eeebaff', '860a713a-5657-462d-b89a-2c3ad0eb3dd7', 'c7f396ef-b7ae-495b-8bac-f8dfe5841595', '21a5904e-5085-4bb0-b466-c9dd9803e141'] {{(pid=88982) reserve /opt/stack/cinder/cinder/quota.py:752}}
Aug 05 13:48:20 devstack cinder-volume[88982]: INFO cinder.volume.manager [None req-fc5c248d-429a-45f3-946e-8612c6576801 tempest-SnapshotsActionsTest-231164309 None] Delete snapshot completed successfully.
Aug 05 13:48:20 devstack cinder-volume[88982]: DEBUG cinder.coordination [None req-fc5c248d-429a-45f3-946e-8612c6576801 tempest-SnapshotsActionsTest-231164309 None] Lock "cinder-c44059d4-1743-4e08-bf59-5c0d7ad9dd98-delete_snapshot" released by "delete_snapshot" :: held 2.756s {{(pid=88982) __release /opt/stack/cinder/cinder/coordination.py:152}}
Aug 05 13:48:20 devstack cinder-volume[88982]: INFO cinder.volume.manager [req-a3b95d71-ccd3-4e2d-b262-7ea03619b5ad req-418e06be-bad1-4fad-881a-e96967d36377 tempest-AttachVolumeNegativeTest-391857248 None] Terminate volume connection completed successfully.
Aug 05 13:48:20 devstack cinder-volume[88982]: DEBUG cinder.volume.manager [req-a3b95d71-ccd3-4e2d-b262-7ea03619b5ad req-418e06be-bad1-4fad-881a-e96967d36377 tempest-AttachVolumeNegativeTest-391857248 None] Deleting attachment ccc99b23-4290-4fd8-a0d8-053246ecb682. {{(pid=88982) attachment_delete /opt/stack/cinder/cinder/volume/manager.py:5055}}
Aug 05 13:48:21 devstack cinder-volume[88982]: DEBUG oslo_concurrency.lockutils [None req-443a9662-6002-42a5-835e-fc188f4e559d tempest-SnapshotsActionsTest-1216444508 None] Acquiring lock "quobyte" by "cinder.volume.drivers.quobyte.QuobyteDriver.create_snapshot" {{(pid=88982) inner /opt/stack/data/venv/lib/python3.12/site-packages/oslo_concurrency/lockutils.py:512}}
Aug 05 13:48:21 devstack cinder-volume[88982]: DEBUG oslo_concurrency.lockutils [None req-443a9662-6002-42a5-835e-fc188f4e559d tempest-SnapshotsActionsTest-1216444508 None] Lock "quobyte" acquired by "cinder.volume.drivers.quobyte.QuobyteDriver.create_snapshot" :: waited 0.002s {{(pid=88982) inner /opt/stack/data/venv/lib/python3.12/site-packages/oslo_concurrency/lockutils.py:525}}
Aug 05 13:48:21 devstack cinder-volume[88982]: DEBUG cinder.volume.drivers.remotefs [None req-443a9662-6002-42a5-835e-fc188f4e559d tempest-SnapshotsActionsTest-1216444508 None] Creating offline snapshot f941a184-363e-456d-b49c-85acd889c15b of volume e7a8a7e1-2154-4260-9e6c-231637699523 {{(pid=88982) _create_snapshot /opt/stack/cinder/cinder/volume/drivers/remotefs.py:1816}}
Aug 05 13:48:21 devstack cinder-volume[88982]: DEBUG oslo.privsep.daemon [-] privsep: reply[ddff5e4e-1794-4f7f-9681-883e588f3e62]: (4, 'qcow2') {{(pid=90393) _call_back /opt/stack/data/venv/lib/python3.12/site-packages/oslo_privsep/daemon.py:580}}
Aug 05 13:48:21 devstack cinder-volume[88982]: DEBUG oslo_concurrency.processutils [None req-443a9662-6002-42a5-835e-fc188f4e559d tempest-SnapshotsActionsTest-1216444508 None] Running cmd (subprocess): /opt/stack/data/venv/bin/python3.12 -m oslo_concurrency.prlimit --as=1073741824 --cpu=60 -- sudo cinder-rootwrap /etc/cinder/rootwrap.conf env LC_ALL=C qemu-img info -f qcow2 --output=json --force-share /opt/stack/data/cinder/mnt/acc7e9f62b341440c56e34f5efa5edd4/volume-e7a8a7e1-2154-4260-9e6c-231637699523.9eec3ed0-9f46-4548-841a-41194b380094 {{(pid=88982) execute /opt/stack/data/venv/lib/python3.12/site-packages/oslo_concurrency/processutils.py:440}}
Aug 05 13:48:21 devstack sudo[98144]: quobyte : PWD=/ ; USER=root ; COMMAND=/opt/stack/data/venv/bin/cinder-rootwrap /etc/cinder/rootwrap.conf env LC_ALL=C qemu-img info -f qcow2 --output=json --force-share /opt/stack/data/cinder/mnt/acc7e9f62b341440c56e34f5efa5edd4/volume-e7a8a7e1-2154-4260-9e6c-231637699523.9eec3ed0-9f46-4548-841a-41194b380094
Aug 05 13:48:21 devstack sudo[98144]: pam_unix(sudo:session): session opened for user root(uid=0) by (uid=1000)
Aug 05 13:48:22 devstack sudo[98144]: pam_unix(sudo:session): session closed for user root
Aug 05 13:48:22 devstack cinder-volume[88982]: DEBUG oslo_concurrency.processutils [None req-443a9662-6002-42a5-835e-fc188f4e559d tempest-SnapshotsActionsTest-1216444508 None] CMD "/opt/stack/data/venv/bin/python3.12 -m oslo_concurrency.prlimit --as=1073741824 --cpu=60 -- sudo cinder-rootwrap /etc/cinder/rootwrap.conf env LC_ALL=C qemu-img info -f qcow2 --output=json --force-share /opt/stack/data/cinder/mnt/acc7e9f62b341440c56e34f5efa5edd4/volume-e7a8a7e1-2154-4260-9e6c-231637699523.9eec3ed0-9f46-4548-841a-41194b380094" returned: 0 in 0.582s {{(pid=88982) execute /opt/stack/data/venv/lib/python3.12/site-packages/oslo_concurrency/processutils.py:468}}
Aug 05 13:48:22 devstack cinder-volume[88982]: DEBUG cinder.volume.drivers.remotefs [None req-443a9662-6002-42a5-835e-fc188f4e559d tempest-SnapshotsActionsTest-1216444508 None] Fetching qemu-img info with special backing_file_template: (/opt/stack/data/cinder/mnt/[0-9a-f]+/)?(volume-e7a8a7e1-2154-4260-9e6c-231637699523(.(tmp-snap-)?[0-9a-f-]+)?|volume_from_snapshot_cache/(tmp-snap-)?[0-9a-f-]+(.(child-|parent-)[0-9a-f-]+)?)$ {{(pid=88982) _qemu_img_info_base /opt/stack/cinder/cinder/volume/drivers/remotefs.py:896}}
Aug 05 13:48:22 devstack cinder-volume[88982]: DEBUG oslo_concurrency.processutils [None req-443a9662-6002-42a5-835e-fc188f4e559d tempest-SnapshotsActionsTest-1216444508 None] Running cmd (subprocess): sudo cinder-rootwrap /etc/cinder/rootwrap.conf qemu-img create -f qcow2 -o backing_file=/opt/stack/data/cinder/mnt/acc7e9f62b341440c56e34f5efa5edd4/volume-e7a8a7e1-2154-4260-9e6c-231637699523.9eec3ed0-9f46-4548-841a-41194b380094,backing_fmt=qcow2 /opt/stack/data/cinder/mnt/acc7e9f62b341440c56e34f5efa5edd4/volume-e7a8a7e1-2154-4260-9e6c-231637699523.f941a184-363e-456d-b49c-85acd889c15b 1G {{(pid=88982) execute /opt/stack/data/venv/lib/python3.12/site-packages/oslo_concurrency/processutils.py:440}}
Aug 05 13:48:22 devstack sudo[98174]: quobyte : PWD=/ ; USER=root ; COMMAND=/opt/stack/data/venv/bin/cinder-rootwrap /etc/cinder/rootwrap.conf qemu-img create -f qcow2 -o backing_file=/opt/stack/data/cinder/mnt/acc7e9f62b341440c56e34f5efa5edd4/volume-e7a8a7e1-2154-4260-9e6c-231637699523.9eec3ed0-9f46-4548-841a-41194b380094,backing_fmt=qcow2 /opt/stack/data/cinder/mnt/acc7e9f62b341440c56e34f5efa5edd4/volume-e7a8a7e1-2154-4260-9e6c-231637699523.f941a184-363e-456d-b49c-85acd889c15b 1G
Aug 05 13:48:22 devstack sudo[98174]: pam_unix(sudo:session): session opened for user root(uid=0) by (uid=1000)
Aug 05 13:48:22 devstack sudo[98174]: pam_unix(sudo:session): session closed for user root
Aug 05 13:48:22 devstack cinder-volume[88982]: DEBUG oslo_concurrency.processutils [None req-443a9662-6002-42a5-835e-fc188f4e559d tempest-SnapshotsActionsTest-1216444508 None] CMD "sudo cinder-rootwrap /etc/cinder/rootwrap.conf qemu-img create -f qcow2 -o backing_file=/opt/stack/data/cinder/mnt/acc7e9f62b341440c56e34f5efa5edd4/volume-e7a8a7e1-2154-4260-9e6c-231637699523.9eec3ed0-9f46-4548-841a-41194b380094,backing_fmt=qcow2 /opt/stack/data/cinder/mnt/acc7e9f62b341440c56e34f5efa5edd4/volume-e7a8a7e1-2154-4260-9e6c-231637699523.f941a184-363e-456d-b49c-85acd889c15b 1G" returned: 0 in 0.611s {{(pid=88982) execute /opt/stack/data/venv/lib/python3.12/site-packages/oslo_concurrency/processutils.py:468}}
Aug 05 13:48:22 devstack cinder-volume[88982]: DEBUG oslo_concurrency.processutils [None req-443a9662-6002-42a5-835e-fc188f4e559d tempest-SnapshotsActionsTest-1216444508 None] Running cmd (subprocess): sudo cinder-rootwrap /etc/cinder/rootwrap.conf qemu-img rebase -u -b volume-e7a8a7e1-2154-4260-9e6c-231637699523.9eec3ed0-9f46-4548-841a-41194b380094 -F qcow2 /opt/stack/data/cinder/mnt/acc7e9f62b341440c56e34f5efa5edd4/volume-e7a8a7e1-2154-4260-9e6c-231637699523.f941a184-363e-456d-b49c-85acd889c15b {{(pid=88982) execute /opt/stack/data/venv/lib/python3.12/site-packages/oslo_concurrency/processutils.py:440}}
Aug 05 13:48:22 devstack sudo[98191]: quobyte : PWD=/ ; USER=root ; COMMAND=/opt/stack/data/venv/bin/cinder-rootwrap /etc/cinder/rootwrap.conf qemu-img rebase -u -b volume-e7a8a7e1-2154-4260-9e6c-231637699523.9eec3ed0-9f46-4548-841a-41194b380094 -F qcow2 /opt/stack/data/cinder/mnt/acc7e9f62b341440c56e34f5efa5edd4/volume-e7a8a7e1-2154-4260-9e6c-231637699523.f941a184-363e-456d-b49c-85acd889c15b
Aug 05 13:48:22 devstack sudo[98191]: pam_unix(sudo:session): session opened for user root(uid=0) by (uid=1000)
Aug 05 13:48:23 devstack sudo[98191]: pam_unix(sudo:session): session closed for user root
Aug 05 13:48:23 devstack cinder-volume[88982]: DEBUG oslo_concurrency.processutils [None req-443a9662-6002-42a5-835e-fc188f4e559d tempest-SnapshotsActionsTest-1216444508 None] CMD "sudo cinder-rootwrap /etc/cinder/rootwrap.conf qemu-img rebase -u -b volume-e7a8a7e1-2154-4260-9e6c-231637699523.9eec3ed0-9f46-4548-841a-41194b380094 -F qcow2 /opt/stack/data/cinder/mnt/acc7e9f62b341440c56e34f5efa5edd4/volume-e7a8a7e1-2154-4260-9e6c-231637699523.f941a184-363e-456d-b49c-85acd889c15b" returned: 0 in 0.352s {{(pid=88982) execute /opt/stack/data/venv/lib/python3.12/site-packages/oslo_concurrency/processutils.py:468}}
Aug 05 13:48:23 devstack cinder-volume[88982]: WARNING cinder.volume.drivers.remotefs [None req-443a9662-6002-42a5-835e-fc188f4e559d tempest-SnapshotsActionsTest-1216444508 None] /opt/stack/data/cinder/mnt/acc7e9f62b341440c56e34f5efa5edd4/volume-e7a8a7e1-2154-4260-9e6c-231637699523.f941a184-363e-456d-b49c-85acd889c15b is being set with open permissions: ugo+rw
Aug 05 13:48:23 devstack cinder-volume[88982]: DEBUG oslo_concurrency.processutils [None req-443a9662-6002-42a5-835e-fc188f4e559d tempest-SnapshotsActionsTest-1216444508 None] Running cmd (subprocess): sudo cinder-rootwrap /etc/cinder/rootwrap.conf chmod ugo+rw /opt/stack/data/cinder/mnt/acc7e9f62b341440c56e34f5efa5edd4/volume-e7a8a7e1-2154-4260-9e6c-231637699523.f941a184-363e-456d-b49c-85acd889c15b {{(pid=88982) execute /opt/stack/data/venv/lib/python3.12/site-packages/oslo_concurrency/processutils.py:440}}
Aug 05 13:48:23 devstack sudo[98197]: quobyte : PWD=/ ; USER=root ; COMMAND=/opt/stack/data/venv/bin/cinder-rootwrap /etc/cinder/rootwrap.conf chmod ugo+rw /opt/stack/data/cinder/mnt/acc7e9f62b341440c56e34f5efa5edd4/volume-e7a8a7e1-2154-4260-9e6c-231637699523.f941a184-363e-456d-b49c-85acd889c15b
Aug 05 13:48:23 devstack sudo[98197]: pam_unix(sudo:session): session opened for user root(uid=0) by (uid=1000)
Aug 05 13:48:23 devstack sudo[98197]: pam_unix(sudo:session): session closed for user root
Aug 05 13:48:23 devstack cinder-volume[88982]: DEBUG oslo_concurrency.processutils [None req-443a9662-6002-42a5-835e-fc188f4e559d tempest-SnapshotsActionsTest-1216444508 None] CMD "sudo cinder-rootwrap /etc/cinder/rootwrap.conf chmod ugo+rw /opt/stack/data/cinder/mnt/acc7e9f62b341440c56e34f5efa5edd4/volume-e7a8a7e1-2154-4260-9e6c-231637699523.f941a184-363e-456d-b49c-85acd889c15b" returned: 0 in 0.249s {{(pid=88982) execute /opt/stack/data/venv/lib/python3.12/site-packages/oslo_concurrency/processutils.py:468}}
Aug 05 13:48:23 devstack cinder-volume[88982]: DEBUG oslo_concurrency.lockutils [None req-443a9662-6002-42a5-835e-fc188f4e559d tempest-SnapshotsActionsTest-1216444508 None] Lock "quobyte" "released" by "cinder.volume.drivers.quobyte.QuobyteDriver.create_snapshot" :: held 1.915s {{(pid=88982) inner /opt/stack/data/venv/lib/python3.12/site-packages/oslo_concurrency/lockutils.py:544}}
Aug 05 13:48:23 devstack cinder-volume[88982]: INFO cinder.volume.manager [None req-443a9662-6002-42a5-835e-fc188f4e559d tempest-SnapshotsActionsTest-1216444508 None] Create snapshot completed successfully
Aug 05 13:48:23 devstack cinder-volume[88982]: DEBUG cinder.coordination [None req-f2638bd7-59c4-4dd7-9e38-49b04e1eec70 tempest-SnapshotsActionsTest-231164309 None] Acquiring lock "cinder-f941a184-363e-456d-b49c-85acd889c15b-delete_snapshot" by "delete_snapshot" {{(pid=88982) __acquire /opt/stack/cinder/cinder/coordination.py:138}}
Aug 05 13:48:23 devstack cinder-volume[88982]: DEBUG cinder.coordination [None req-f2638bd7-59c4-4dd7-9e38-49b04e1eec70 tempest-SnapshotsActionsTest-231164309 None] Lock "cinder-f941a184-363e-456d-b49c-85acd889c15b-delete_snapshot" acquired by "delete_snapshot" :: waited 0.021s {{(pid=88982) __acquire /opt/stack/cinder/cinder/coordination.py:141}}
Aug 05 13:48:23 devstack cinder-volume[88982]: DEBUG cinder.coordination [None req-f2638bd7-59c4-4dd7-9e38-49b04e1eec70 tempest-SnapshotsActionsTest-231164309 None] Acquiring lock "cinder-quobyte-e7a8a7e1-2154-4260-9e6c-231637699523" by "delete_snapshot" {{(pid=88982) __acquire /opt/stack/cinder/cinder/coordination.py:138}}
Aug 05 13:48:23 devstack cinder-volume[88982]: DEBUG cinder.coordination [None req-f2638bd7-59c4-4dd7-9e38-49b04e1eec70 tempest-SnapshotsActionsTest-231164309 None] Lock "cinder-quobyte-e7a8a7e1-2154-4260-9e6c-231637699523" acquired by "delete_snapshot" :: waited 0.023s {{(pid=88982) __acquire /opt/stack/cinder/cinder/coordination.py:141}}
Aug 05 13:48:23 devstack cinder-volume[88982]: DEBUG cinder.coordination [None req-f2638bd7-59c4-4dd7-9e38-49b04e1eec70 tempest-SnapshotsActionsTest-231164309 None] Acquiring lock "cinder-quobyte-f941a184-363e-456d-b49c-85acd889c15b" by "_delete_snapshot" {{(pid=88982) __acquire /opt/stack/cinder/cinder/coordination.py:138}}
Aug 05 13:48:23 devstack cinder-volume[88982]: DEBUG cinder.coordination [None req-f2638bd7-59c4-4dd7-9e38-49b04e1eec70 tempest-SnapshotsActionsTest-231164309 None] Lock "cinder-quobyte-f941a184-363e-456d-b49c-85acd889c15b" acquired by "_delete_snapshot" :: waited 0.023s {{(pid=88982) __acquire /opt/stack/cinder/cinder/coordination.py:141}}
Aug 05 13:48:23 devstack cinder-volume[88982]: DEBUG cinder.volume.drivers.remotefs [None req-f2638bd7-59c4-4dd7-9e38-49b04e1eec70 tempest-SnapshotsActionsTest-231164309 None] Deleting offline snapshot f941a184-363e-456d-b49c-85acd889c15b of volume e7a8a7e1-2154-4260-9e6c-231637699523 {{(pid=88982) _delete_snapshot /opt/stack/cinder/cinder/volume/drivers/remotefs.py:1288}}
Aug 05 13:48:23 devstack cinder-volume[88982]: DEBUG cinder.volume.drivers.remotefs [None req-f2638bd7-59c4-4dd7-9e38-49b04e1eec70 tempest-SnapshotsActionsTest-231164309 None] snapshot_file for this snap is: volume-e7a8a7e1-2154-4260-9e6c-231637699523.f941a184-363e-456d-b49c-85acd889c15b {{(pid=88982) _delete_snapshot /opt/stack/cinder/cinder/volume/drivers/remotefs.py:1317}}
Aug 05 13:48:23 devstack cinder-volume[88982]: DEBUG oslo.privsep.daemon [-] privsep: reply[e66f4ef7-2463-4038-ac22-798a941e08ed]: (4, 'qcow2') {{(pid=90393) _call_back /opt/stack/data/venv/lib/python3.12/site-packages/oslo_privsep/daemon.py:580}}
Aug 05 13:48:23 devstack cinder-volume[88982]: DEBUG oslo_concurrency.processutils [None req-f2638bd7-59c4-4dd7-9e38-49b04e1eec70 tempest-SnapshotsActionsTest-231164309 None] Running cmd (subprocess): /opt/stack/data/venv/bin/python3.12 -m oslo_concurrency.prlimit --as=1073741824 --cpu=60 -- sudo cinder-rootwrap /etc/cinder/rootwrap.conf env LC_ALL=C qemu-img info -f qcow2 --output=json --force-share /opt/stack/data/cinder/mnt/acc7e9f62b341440c56e34f5efa5edd4/volume-e7a8a7e1-2154-4260-9e6c-231637699523.f941a184-363e-456d-b49c-85acd889c15b {{(pid=88982) execute /opt/stack/data/venv/lib/python3.12/site-packages/oslo_concurrency/processutils.py:440}}
Aug 05 13:48:23 devstack sudo[98201]: quobyte : PWD=/ ; USER=root ; COMMAND=/opt/stack/data/venv/bin/cinder-rootwrap /etc/cinder/rootwrap.conf env LC_ALL=C qemu-img info -f qcow2 --output=json --force-share /opt/stack/data/cinder/mnt/acc7e9f62b341440c56e34f5efa5edd4/volume-e7a8a7e1-2154-4260-9e6c-231637699523.f941a184-363e-456d-b49c-85acd889c15b
Aug 05 13:48:23 devstack sudo[98201]: pam_unix(sudo:session): session opened for user root(uid=0) by (uid=1000)
Aug 05 13:48:24 devstack sudo[98201]: pam_unix(sudo:session): session closed for user root
Aug 05 13:48:24 devstack cinder-volume[88982]: DEBUG oslo_concurrency.processutils [None req-f2638bd7-59c4-4dd7-9e38-49b04e1eec70 tempest-SnapshotsActionsTest-231164309 None] CMD "/opt/stack/data/venv/bin/python3.12 -m oslo_concurrency.prlimit --as=1073741824 --cpu=60 -- sudo cinder-rootwrap /etc/cinder/rootwrap.conf env LC_ALL=C qemu-img info -f qcow2 --output=json --force-share /opt/stack/data/cinder/mnt/acc7e9f62b341440c56e34f5efa5edd4/volume-e7a8a7e1-2154-4260-9e6c-231637699523.f941a184-363e-456d-b49c-85acd889c15b" returned: 0 in 0.454s {{(pid=88982) execute /opt/stack/data/venv/lib/python3.12/site-packages/oslo_concurrency/processutils.py:468}}
Aug 05 13:48:24 devstack cinder-volume[88982]: DEBUG cinder.volume.drivers.remotefs [None req-f2638bd7-59c4-4dd7-9e38-49b04e1eec70 tempest-SnapshotsActionsTest-231164309 None] Fetching qemu-img info with special backing_file_template: (/opt/stack/data/cinder/mnt/[0-9a-f]+/)?(volume-e7a8a7e1-2154-4260-9e6c-231637699523(.(tmp-snap-)?[0-9a-f-]+)?|volume_from_snapshot_cache/(tmp-snap-)?[0-9a-f-]+(.(child-|parent-)[0-9a-f-]+)?)$ {{(pid=88982) _qemu_img_info_base /opt/stack/cinder/cinder/volume/drivers/remotefs.py:896}}
Aug 05 13:48:24 devstack cinder-volume[88982]: DEBUG oslo.privsep.daemon [-] privsep: reply[610b15f4-8a01-4369-acf4-7b7a9878bc25]: (4, 'qcow2') {{(pid=90393) _call_back /opt/stack/data/venv/lib/python3.12/site-packages/oslo_privsep/daemon.py:580}}
Aug 05 13:48:24 devstack cinder-volume[88982]: DEBUG oslo_concurrency.processutils [None req-f2638bd7-59c4-4dd7-9e38-49b04e1eec70 tempest-SnapshotsActionsTest-231164309 None] Running cmd (subprocess): /opt/stack/data/venv/bin/python3.12 -m oslo_concurrency.prlimit --as=1073741824 --cpu=60 -- sudo cinder-rootwrap /etc/cinder/rootwrap.conf env LC_ALL=C qemu-img info -f qcow2 --output=json --force-share /opt/stack/data/cinder/mnt/acc7e9f62b341440c56e34f5efa5edd4/volume-e7a8a7e1-2154-4260-9e6c-231637699523.9eec3ed0-9f46-4548-841a-41194b380094 {{(pid=88982) execute /opt/stack/data/venv/lib/python3.12/site-packages/oslo_concurrency/processutils.py:440}}
Aug 05 13:48:24 devstack sudo[98207]: quobyte : PWD=/ ; USER=root ; COMMAND=/opt/stack/data/venv/bin/cinder-rootwrap /etc/cinder/rootwrap.conf env LC_ALL=C qemu-img info -f qcow2 --output=json --force-share /opt/stack/data/cinder/mnt/acc7e9f62b341440c56e34f5efa5edd4/volume-e7a8a7e1-2154-4260-9e6c-231637699523.9eec3ed0-9f46-4548-841a-41194b380094
Aug 05 13:48:24 devstack sudo[98207]: pam_unix(sudo:session): session opened for user root(uid=0) by (uid=1000)
Aug 05 13:48:24 devstack sudo[98207]: pam_unix(sudo:session): session closed for user root
Aug 05 13:48:24 devstack cinder-volume[88982]: DEBUG oslo_concurrency.processutils [None req-f2638bd7-59c4-4dd7-9e38-49b04e1eec70 tempest-SnapshotsActionsTest-231164309 None] CMD "/opt/stack/data/venv/bin/python3.12 -m oslo_concurrency.prlimit --as=1073741824 --cpu=60 -- sudo cinder-rootwrap /etc/cinder/rootwrap.conf env LC_ALL=C qemu-img info -f qcow2 --output=json --force-share /opt/stack/data/cinder/mnt/acc7e9f62b341440c56e34f5efa5edd4/volume-e7a8a7e1-2154-4260-9e6c-231637699523.9eec3ed0-9f46-4548-841a-41194b380094" returned: 0 in 0.384s {{(pid=88982) execute /opt/stack/data/venv/lib/python3.12/site-packages/oslo_concurrency/processutils.py:468}}
Aug 05 13:48:24 devstack cinder-volume[88982]: DEBUG cinder.volume.drivers.remotefs [None req-f2638bd7-59c4-4dd7-9e38-49b04e1eec70 tempest-SnapshotsActionsTest-231164309 None] Fetching qemu-img info with special backing_file_template: (/opt/stack/data/cinder/mnt/[0-9a-f]+/)?(volume-e7a8a7e1-2154-4260-9e6c-231637699523(.(tmp-snap-)?[0-9a-f-]+)?|volume_from_snapshot_cache/(tmp-snap-)?[0-9a-f-]+(.(child-|parent-)[0-9a-f-]+)?)$ {{(pid=88982) _qemu_img_info_base /opt/stack/cinder/cinder/volume/drivers/remotefs.py:896}}
Aug 05 13:48:24 devstack cinder-volume[88982]: DEBUG oslo_concurrency.processutils [None req-f2638bd7-59c4-4dd7-9e38-49b04e1eec70 tempest-SnapshotsActionsTest-231164309 None] Running cmd (subprocess): sudo cinder-rootwrap /etc/cinder/rootwrap.conf qemu-img commit -d /opt/stack/data/cinder/mnt/acc7e9f62b341440c56e34f5efa5edd4/volume-e7a8a7e1-2154-4260-9e6c-231637699523.f941a184-363e-456d-b49c-85acd889c15b {{(pid=88982) execute /opt/stack/data/venv/lib/python3.12/site-packages/oslo_concurrency/processutils.py:440}}
Aug 05 13:48:24 devstack sudo[98214]: quobyte : PWD=/ ; USER=root ; COMMAND=/opt/stack/data/venv/bin/cinder-rootwrap /etc/cinder/rootwrap.conf qemu-img commit -d /opt/stack/data/cinder/mnt/acc7e9f62b341440c56e34f5efa5edd4/volume-e7a8a7e1-2154-4260-9e6c-231637699523.f941a184-363e-456d-b49c-85acd889c15b
Aug 05 13:48:24 devstack sudo[98214]: pam_unix(sudo:session): session opened for user root(uid=0) by (uid=1000)
Aug 05 13:48:25 devstack sudo[98214]: pam_unix(sudo:session): session closed for user root
Aug 05 13:48:25 devstack cinder-volume[88982]: DEBUG oslo_concurrency.processutils [None req-f2638bd7-59c4-4dd7-9e38-49b04e1eec70 tempest-SnapshotsActionsTest-231164309 None] CMD "sudo cinder-rootwrap /etc/cinder/rootwrap.conf qemu-img commit -d /opt/stack/data/cinder/mnt/acc7e9f62b341440c56e34f5efa5edd4/volume-e7a8a7e1-2154-4260-9e6c-231637699523.f941a184-363e-456d-b49c-85acd889c15b" returned: 0 in 0.549s {{(pid=88982) execute /opt/stack/data/venv/lib/python3.12/site-packages/oslo_concurrency/processutils.py:468}}
Aug 05 13:48:25 devstack cinder-volume[88982]: DEBUG oslo_concurrency.processutils [None req-f2638bd7-59c4-4dd7-9e38-49b04e1eec70 tempest-SnapshotsActionsTest-231164309 None] Running cmd (subprocess): sudo cinder-rootwrap /etc/cinder/rootwrap.conf rm -f /opt/stack/data/cinder/mnt/acc7e9f62b341440c56e34f5efa5edd4/volume-e7a8a7e1-2154-4260-9e6c-231637699523.f941a184-363e-456d-b49c-85acd889c15b {{(pid=88982) execute /opt/stack/data/venv/lib/python3.12/site-packages/oslo_concurrency/processutils.py:440}}
Aug 05 13:48:25 devstack sudo[98221]: quobyte : PWD=/ ; USER=root ; COMMAND=/opt/stack/data/venv/bin/cinder-rootwrap /etc/cinder/rootwrap.conf rm -f /opt/stack/data/cinder/mnt/acc7e9f62b341440c56e34f5efa5edd4/volume-e7a8a7e1-2154-4260-9e6c-231637699523.f941a184-363e-456d-b49c-85acd889c15b
Aug 05 13:48:25 devstack sudo[98221]: pam_unix(sudo:session): session opened for user root(uid=0) by (uid=1000)
Aug 05 13:48:25 devstack sudo[98221]: pam_unix(sudo:session): session closed for user root
Aug 05 13:48:25 devstack cinder-volume[88982]: DEBUG oslo_concurrency.processutils [None req-f2638bd7-59c4-4dd7-9e38-49b04e1eec70 tempest-SnapshotsActionsTest-231164309 None] CMD "sudo cinder-rootwrap /etc/cinder/rootwrap.conf rm -f /opt/stack/data/cinder/mnt/acc7e9f62b341440c56e34f5efa5edd4/volume-e7a8a7e1-2154-4260-9e6c-231637699523.f941a184-363e-456d-b49c-85acd889c15b" returned: 0 in 0.297s {{(pid=88982) execute /opt/stack/data/venv/lib/python3.12/site-packages/oslo_concurrency/processutils.py:468}}
Aug 05 13:48:25 devstack cinder-volume[88982]: DEBUG cinder.coordination [None req-f2638bd7-59c4-4dd7-9e38-49b04e1eec70 tempest-SnapshotsActionsTest-231164309 None] Lock "cinder-quobyte-f941a184-363e-456d-b49c-85acd889c15b" released by "_delete_snapshot" :: held 1.813s {{(pid=88982) __release /opt/stack/cinder/cinder/coordination.py:152}}
Aug 05 13:48:25 devstack cinder-volume[88982]: DEBUG cinder.coordination [None req-f2638bd7-59c4-4dd7-9e38-49b04e1eec70 tempest-SnapshotsActionsTest-231164309 None] Lock "cinder-quobyte-e7a8a7e1-2154-4260-9e6c-231637699523" released by "delete_snapshot" :: held 1.849s {{(pid=88982) __release /opt/stack/cinder/cinder/coordination.py:152}}
Aug 05 13:48:25 devstack cinder-volume[88982]: DEBUG cinder.quota [None req-f2638bd7-59c4-4dd7-9e38-49b04e1eec70 tempest-SnapshotsActionsTest-231164309 None] Created reservations ['70e8d55c-fd51-4e46-babe-4946bff419b5', '45cbcd95-b785-4c36-9ae7-fe118be27a99', '4cd6f887-c00a-446a-8c56-6cd0e358ea5d', '5b7fdc13-f083-4327-8271-a9b8f619253d'] {{(pid=88982) reserve /opt/stack/cinder/cinder/quota.py:752}}
