Aug 05 13:46:14 devstack cinder-volume[88982]: DEBUG cinder.volume.drivers.quobyte [None req-b93535ab-1aa8-4592-b657-63c90b6eccfe tempest-VolumeQuotasAdminTestJSON-1988958819 None] ==> create_volume: call "{'self': , 'volume': Volume(_name_id=None,admin_metadata=,attach_status='detached',availability_zone='nova',bootable=False,cluster=,cluster_name=None,consistencygroup=,consistencygroup_id=None,created_at=2026-08-05T11:46:14Z,deleted=False,deleted_at=None,display_description=None,display_name='tempest-VolumeQuotasAdminTestJSON-Volume-615455316',ec2_id=None,encryption_key_id=None,glance_metadata=,group=,group_id=None,host='devstack@QuobyteHD#QuobyteHD',id=87b890bc-ad6e-454f-823b-15a4ebc6f9d4,launched_at=None,metadata={},migration_status=None,multiattach=False,previous_status=None,project_id='1a468a23bac04c628522a959054b5d9a',provider_auth=None,provider_geometry=None,provider_id=None,provider_location=None,replication_driver_data=None,replication_extended_status=None,replication_status=None,scheduled_at=2026-08-05T11:46:14Z,service_uuid=None,shared_targets=True,size=1,snapshot_id=None,snapshots=,source_volid=None,status='creating',terminated_at=None,updated_at=2026-08-05T11:46:14Z,use_quota=True,user_id='83d7910a33c040b8a70bee908a51c472',volume_attachment=VolumeAttachmentList,volume_type=VolumeType(aae6b59e-995b-4f9e-b4cb-c5e4d7522235),volume_type_id=aae6b59e-995b-4f9e-b4cb-c5e4d7522235)}" {{(pid=88982) trace_logging_wrapper /opt/stack/cinder/cinder/volume/volume_utils.py:1497}}
Aug 05 13:46:14 devstack cinder-volume[88982]: DEBUG cinder.volume.drivers.remotefs [None req-b93535ab-1aa8-4592-b657-63c90b6eccfe tempest-VolumeQuotasAdminTestJSON-1988958819 None] Creating volume 87b890bc-ad6e-454f-823b-15a4ebc6f9d4 {{(pid=88982) create_volume /opt/stack/cinder/cinder/volume/drivers/remotefs.py:292}}
Aug 05 13:46:14 devstack cinder-volume[88982]: DEBUG oslo_concurrency.lockutils [None req-b93535ab-1aa8-4592-b657-63c90b6eccfe tempest-VolumeQuotasAdminTestJSON-1988958819 None] Acquiring lock "quobyte_ensure" by "cinder.volume.drivers.quobyte.QuobyteDriver._ensure_shares_mounted" {{(pid=88982) inner /opt/stack/data/venv/lib/python3.12/site-packages/oslo_concurrency/lockutils.py:512}}
Aug 05 13:46:14 devstack cinder-volume[88982]: DEBUG oslo_concurrency.lockutils [None req-b93535ab-1aa8-4592-b657-63c90b6eccfe tempest-VolumeQuotasAdminTestJSON-1988958819 None] Lock "quobyte_ensure" acquired by "cinder.volume.drivers.quobyte.QuobyteDriver._ensure_shares_mounted" :: waited 0.000s {{(pid=88982) inner /opt/stack/data/venv/lib/python3.12/site-packages/oslo_concurrency/lockutils.py:525}}
Aug 05 13:46:14 devstack cinder-volume[88982]: DEBUG cinder.volume.drivers.quobyte [None req-b93535ab-1aa8-4592-b657-63c90b6eccfe tempest-VolumeQuotasAdminTestJSON-1988958819 None] Quobyte Volume URL set to: {'osci02.corp.quobyte.com/cinder-vol-e9863358-f5f6-48a3-9d69-11fd953199a9': None} {{(pid=88982) _load_shares_config /opt/stack/cinder/cinder/volume/drivers/quobyte.py:665}}
Aug 05 13:46:14 devstack cinder-volume[88982]: DEBUG cinder.volume.drivers.quobyte [None req-b93535ab-1aa8-4592-b657-63c90b6eccfe tempest-VolumeQuotasAdminTestJSON-1988958819 None] Available shares ['osci02.corp.quobyte.com/cinder-vol-e9863358-f5f6-48a3-9d69-11fd953199a9'] {{(pid=88982) _ensure_shares_mounted /opt/stack/cinder/cinder/volume/drivers/quobyte.py:695}}
Aug 05 13:46:14 devstack cinder-volume[88982]: DEBUG oslo_concurrency.lockutils [None req-b93535ab-1aa8-4592-b657-63c90b6eccfe tempest-VolumeQuotasAdminTestJSON-1988958819 None] Lock "quobyte_ensure" "released" by "cinder.volume.drivers.quobyte.QuobyteDriver._ensure_shares_mounted" :: held 0.009s {{(pid=88982) inner /opt/stack/data/venv/lib/python3.12/site-packages/oslo_concurrency/lockutils.py:544}}
Aug 05 13:46:14 devstack cinder-volume[88982]: DEBUG cinder.volume.drivers.quobyte [None req-b93535ab-1aa8-4592-b657-63c90b6eccfe tempest-VolumeQuotasAdminTestJSON-1988958819 None] Selected osci02.corp.quobyte.com/cinder-vol-e9863358-f5f6-48a3-9d69-11fd953199a9 as target Quobyte volume. {{(pid=88982) _find_share /opt/stack/cinder/cinder/volume/drivers/quobyte.py:716}}
Aug 05 13:46:14 devstack cinder-volume[88982]: INFO cinder.volume.drivers.remotefs [None req-b93535ab-1aa8-4592-b657-63c90b6eccfe tempest-VolumeQuotasAdminTestJSON-1988958819 None] casted to osci02.corp.quobyte.com/cinder-vol-e9863358-f5f6-48a3-9d69-11fd953199a9
Aug 05 13:46:14 devstack cinder-volume[88982]: DEBUG oslo_concurrency.processutils [None req-b93535ab-1aa8-4592-b657-63c90b6eccfe tempest-VolumeQuotasAdminTestJSON-1988958819 None] Running cmd (subprocess): sudo cinder-rootwrap /etc/cinder/rootwrap.conf qemu-img create -f qcow2 -o preallocation=metadata /opt/stack/data/cinder/mnt/acc7e9f62b341440c56e34f5efa5edd4/volume-87b890bc-ad6e-454f-823b-15a4ebc6f9d4 1073741824 {{(pid=88982) execute /opt/stack/data/venv/lib/python3.12/site-packages/oslo_concurrency/processutils.py:440}}
Aug 05 13:46:14 devstack cinder-volume[88982]: DEBUG cinder.volume.manager [None req-e88ee464-9afc-4b21-84fb-057073963ebe tempest-GroupSnapshotsTest-524372192 None] Task 'cinder.volume.flows.manager.create_volume.CreateVolumeFromSpecTask;volume:create' (5d06fb38-d736-40e8-9bf9-fe33f313ef81) transitioned into state 'SUCCESS' from state 'RUNNING' with result '{'status': 'creating', 'volume_name': 'volume-5719a9f3-42d0-4925-8f35-f081b4108d69', 'volume_size': 1}' {{(pid=88982) _task_receiver /opt/stack/data/venv/lib/python3.12/site-packages/taskflow/listeners/logging.py:218}}
Aug 05 13:46:14 devstack cinder-volume[88982]: DEBUG cinder.volume.manager [None req-e88ee464-9afc-4b21-84fb-057073963ebe tempest-GroupSnapshotsTest-524372192 None] Task 'cinder.volume.flows.manager.create_volume.CreateVolumeOnFinishTask;volume:create, create.end' (13776d6e-aaf7-47a2-b932-4829f610c334) transitioned into state 'RUNNING' from state 'PENDING' {{(pid=88982) _task_receiver /opt/stack/data/venv/lib/python3.12/site-packages/taskflow/listeners/logging.py:242}}
Aug 05 13:46:14 devstack sudo[95942]: quobyte : PWD=/ ; USER=root ; COMMAND=/opt/stack/data/venv/bin/cinder-rootwrap /etc/cinder/rootwrap.conf qemu-img create -f qcow2 -o preallocation=metadata /opt/stack/data/cinder/mnt/acc7e9f62b341440c56e34f5efa5edd4/volume-87b890bc-ad6e-454f-823b-15a4ebc6f9d4 1073741824
Aug 05 13:46:14 devstack sudo[95942]: pam_unix(sudo:session): session opened for user root(uid=0) by (uid=1000)
Aug 05 13:46:14 devstack cinder-volume[88982]: INFO cinder.volume.flows.manager.create_volume [None req-e88ee464-9afc-4b21-84fb-057073963ebe tempest-GroupSnapshotsTest-524372192 None] Volume volume-5719a9f3-42d0-4925-8f35-f081b4108d69 (5719a9f3-42d0-4925-8f35-f081b4108d69): created successfully
Aug 05 13:46:14 devstack cinder-volume[88982]: DEBUG cinder.volume.manager [None req-e88ee464-9afc-4b21-84fb-057073963ebe tempest-GroupSnapshotsTest-524372192 None] Task 'cinder.volume.flows.manager.create_volume.CreateVolumeOnFinishTask;volume:create, create.end' (13776d6e-aaf7-47a2-b932-4829f610c334) transitioned into state 'SUCCESS' from state 'RUNNING' with result 'None' {{(pid=88982) _task_receiver /opt/stack/data/venv/lib/python3.12/site-packages/taskflow/listeners/logging.py:218}}
Aug 05 13:46:14 devstack cinder-volume[88982]: DEBUG cinder.volume.manager [None req-e88ee464-9afc-4b21-84fb-057073963ebe tempest-GroupSnapshotsTest-524372192 None] Flow 'volume_create_manager' (592ea0fd-baf4-4caf-9ca3-193b84c88116) transitioned into state 'SUCCESS' from state 'RUNNING' {{(pid=88982) _flow_receiver /opt/stack/data/venv/lib/python3.12/site-packages/taskflow/listeners/logging.py:160}}
Aug 05 13:46:14 devstack cinder-volume[88982]: INFO cinder.volume.manager [None req-e88ee464-9afc-4b21-84fb-057073963ebe tempest-GroupSnapshotsTest-524372192 None] Created volume successfully.
Aug 05 13:46:15 devstack sudo[95942]: pam_unix(sudo:session): session closed for user root
Aug 05 13:46:15 devstack cinder-volume[88982]: DEBUG oslo_concurrency.processutils [None req-b93535ab-1aa8-4592-b657-63c90b6eccfe tempest-VolumeQuotasAdminTestJSON-1988958819 None] CMD "sudo cinder-rootwrap /etc/cinder/rootwrap.conf qemu-img create -f qcow2 -o preallocation=metadata /opt/stack/data/cinder/mnt/acc7e9f62b341440c56e34f5efa5edd4/volume-87b890bc-ad6e-454f-823b-15a4ebc6f9d4 1073741824" returned: 0 in 0.540s {{(pid=88982) execute /opt/stack/data/venv/lib/python3.12/site-packages/oslo_concurrency/processutils.py:468}}
Aug 05 13:46:15 devstack cinder-volume[88982]: DEBUG oslo_concurrency.processutils [None req-b93535ab-1aa8-4592-b657-63c90b6eccfe tempest-VolumeQuotasAdminTestJSON-1988958819 None] Running cmd (subprocess): sudo cinder-rootwrap /etc/cinder/rootwrap.conf chmod ugo+rw /opt/stack/data/cinder/mnt/acc7e9f62b341440c56e34f5efa5edd4/volume-87b890bc-ad6e-454f-823b-15a4ebc6f9d4 {{(pid=88982) execute /opt/stack/data/venv/lib/python3.12/site-packages/oslo_concurrency/processutils.py:440}}
Aug 05 13:46:15 devstack sudo[95949]: quobyte : PWD=/ ; USER=root ; COMMAND=/opt/stack/data/venv/bin/cinder-rootwrap /etc/cinder/rootwrap.conf chmod ugo+rw /opt/stack/data/cinder/mnt/acc7e9f62b341440c56e34f5efa5edd4/volume-87b890bc-ad6e-454f-823b-15a4ebc6f9d4
Aug 05 13:46:15 devstack sudo[95949]: pam_unix(sudo:session): session opened for user root(uid=0) by (uid=1000)
Aug 05 13:46:15 devstack sudo[95949]: pam_unix(sudo:session): session closed for user root
Aug 05 13:46:15 devstack cinder-volume[88982]: DEBUG oslo_concurrency.processutils [None req-b93535ab-1aa8-4592-b657-63c90b6eccfe tempest-VolumeQuotasAdminTestJSON-1988958819 None] CMD "sudo cinder-rootwrap /etc/cinder/rootwrap.conf chmod ugo+rw /opt/stack/data/cinder/mnt/acc7e9f62b341440c56e34f5efa5edd4/volume-87b890bc-ad6e-454f-823b-15a4ebc6f9d4" returned: 0 in 0.267s {{(pid=88982) execute /opt/stack/data/venv/lib/python3.12/site-packages/oslo_concurrency/processutils.py:468}}
Aug 05 13:46:15 devstack cinder-volume[88982]: DEBUG cinder.volume.drivers.quobyte [None req-b93535ab-1aa8-4592-b657-63c90b6eccfe tempest-VolumeQuotasAdminTestJSON-1988958819 None] <== create_volume: return (870ms) {'provider_location': 'osci02.corp.quobyte.com/cinder-vol-e9863358-f5f6-48a3-9d69-11fd953199a9'} {{(pid=88982) trace_logging_wrapper /opt/stack/cinder/cinder/volume/volume_utils.py:1522}}
Aug 05 13:46:15 devstack cinder-volume[88982]: DEBUG oslo_concurrency.lockutils [None req-b93535ab-1aa8-4592-b657-63c90b6eccfe tempest-VolumeQuotasAdminTestJSON-1988958819 None] Lock "quobyte" "released" by "cinder.volume.drivers.quobyte.QuobyteDriver.create_volume" :: held 0.872s {{(pid=88982) inner /opt/stack/data/venv/lib/python3.12/site-packages/oslo_concurrency/lockutils.py:544}}
Aug 05 13:46:15 devstack cinder-volume[88982]: DEBUG cinder.volume.manager [None req-b93535ab-1aa8-4592-b657-63c90b6eccfe tempest-VolumeQuotasAdminTestJSON-1988958819 None] Task 'cinder.volume.flows.manager.create_volume.CreateVolumeFromSpecTask;volume:create' (ed7d1e04-f78f-431f-9aac-b184ddb040f8) transitioned into state 'SUCCESS' from state 'RUNNING' with result '{'status': 'creating', 'volume_name': 'volume-87b890bc-ad6e-454f-823b-15a4ebc6f9d4', 'volume_size': 1}' {{(pid=88982) _task_receiver /opt/stack/data/venv/lib/python3.12/site-packages/taskflow/listeners/logging.py:218}}
Aug 05 13:46:15 devstack cinder-volume[88982]: DEBUG cinder.volume.manager [None req-b93535ab-1aa8-4592-b657-63c90b6eccfe tempest-VolumeQuotasAdminTestJSON-1988958819 None] Task 'cinder.volume.flows.manager.create_volume.CreateVolumeOnFinishTask;volume:create, create.end' (8daefb17-ec19-4d0a-9478-319ba1eb6818) transitioned into state 'RUNNING' from state 'PENDING' {{(pid=88982) _task_receiver /opt/stack/data/venv/lib/python3.12/site-packages/taskflow/listeners/logging.py:242}}
Aug 05 13:46:15 devstack cinder-volume[88982]: INFO cinder.volume.flows.manager.create_volume [None req-b93535ab-1aa8-4592-b657-63c90b6eccfe tempest-VolumeQuotasAdminTestJSON-1988958819 None] Volume volume-87b890bc-ad6e-454f-823b-15a4ebc6f9d4 (87b890bc-ad6e-454f-823b-15a4ebc6f9d4): created successfully
Aug 05 13:46:15 devstack cinder-volume[88982]: DEBUG cinder.volume.manager [None req-b93535ab-1aa8-4592-b657-63c90b6eccfe tempest-VolumeQuotasAdminTestJSON-1988958819 None] Task 'cinder.volume.flows.manager.create_volume.CreateVolumeOnFinishTask;volume:create, create.end' (8daefb17-ec19-4d0a-9478-319ba1eb6818) transitioned into state 'SUCCESS' from state 'RUNNING' with result 'None' {{(pid=88982) _task_receiver /opt/stack/data/venv/lib/python3.12/site-packages/taskflow/listeners/logging.py:218}}
Aug 05 13:46:15 devstack cinder-volume[88982]: DEBUG cinder.volume.manager [None req-b93535ab-1aa8-4592-b657-63c90b6eccfe tempest-VolumeQuotasAdminTestJSON-1988958819 None] Flow 'volume_create_manager' (d2b09dac-a358-4f11-826d-8a2b97bcfbb5) transitioned into state 'SUCCESS' from state 'RUNNING' {{(pid=88982) _flow_receiver /opt/stack/data/venv/lib/python3.12/site-packages/taskflow/listeners/logging.py:160}}
Aug 05 13:46:15 devstack cinder-volume[88982]: INFO cinder.volume.manager [None req-b93535ab-1aa8-4592-b657-63c90b6eccfe tempest-VolumeQuotasAdminTestJSON-1988958819 None] Created volume successfully.
Aug 05 13:46:16 devstack cinder-volume[88982]: INFO cinder.volume.manager [None req-1610cd9e-a52c-4ba3-ad38-26893512e74d tempest-GroupSnapshotsTest-524372192 None] GroupSnapshot 539f1bb1-f06e-4887-8e2a-28e9dd1bb1fe: creating.
Aug 05 13:46:16 devstack cinder-volume[88982]: DEBUG cinder.volume.manager [None req-1610cd9e-a52c-4ba3-ad38-26893512e74d tempest-GroupSnapshotsTest-524372192 None] Group snapshot 539f1bb1-f06e-4887-8e2a-28e9dd1bb1fe: creating. {{(pid=88982) create_group_snapshot /opt/stack/cinder/cinder/volume/manager.py:4175}}
Aug 05 13:46:16 devstack cinder-volume[88982]: DEBUG oslo_concurrency.lockutils [None req-1610cd9e-a52c-4ba3-ad38-26893512e74d tempest-GroupSnapshotsTest-524372192 None] Acquiring lock "quobyte" by "cinder.volume.drivers.quobyte.QuobyteDriver.create_snapshot" {{(pid=88982) inner /opt/stack/data/venv/lib/python3.12/site-packages/oslo_concurrency/lockutils.py:512}}
Aug 05 13:46:16 devstack cinder-volume[88982]: DEBUG oslo_concurrency.lockutils [None req-1610cd9e-a52c-4ba3-ad38-26893512e74d tempest-GroupSnapshotsTest-524372192 None] Lock "quobyte" acquired by "cinder.volume.drivers.quobyte.QuobyteDriver.create_snapshot" :: waited 0.001s {{(pid=88982) inner /opt/stack/data/venv/lib/python3.12/site-packages/oslo_concurrency/lockutils.py:525}}
Aug 05 13:46:16 devstack cinder-volume[88982]: DEBUG cinder.volume.drivers.remotefs [None req-1610cd9e-a52c-4ba3-ad38-26893512e74d tempest-GroupSnapshotsTest-524372192 None] Creating offline snapshot feb5592b-b3d4-4079-9c38-2ab9eb8a0761 of volume 5719a9f3-42d0-4925-8f35-f081b4108d69 {{(pid=88982) _create_snapshot /opt/stack/cinder/cinder/volume/drivers/remotefs.py:1816}}
Aug 05 13:46:16 devstack cinder-volume[88982]: DEBUG oslo.privsep.daemon [-] privsep: reply[057ac402-29f9-4d5c-b2d9-48bf74e88ffb]: (4, 'qcow2') {{(pid=90393) _call_back /opt/stack/data/venv/lib/python3.12/site-packages/oslo_privsep/daemon.py:580}}
Aug 05 13:46:16 devstack cinder-volume[88982]: DEBUG oslo_concurrency.processutils [None req-1610cd9e-a52c-4ba3-ad38-26893512e74d tempest-GroupSnapshotsTest-524372192 None] Running cmd (subprocess): /opt/stack/data/venv/bin/python3.12 -m oslo_concurrency.prlimit --as=1073741824 --cpu=60 -- sudo cinder-rootwrap /etc/cinder/rootwrap.conf env LC_ALL=C qemu-img info -f qcow2 --output=json --force-share /opt/stack/data/cinder/mnt/acc7e9f62b341440c56e34f5efa5edd4/volume-5719a9f3-42d0-4925-8f35-f081b4108d69 {{(pid=88982) execute /opt/stack/data/venv/lib/python3.12/site-packages/oslo_concurrency/processutils.py:440}}
Aug 05 13:46:16 devstack sudo[95952]: quobyte : PWD=/ ; USER=root ; COMMAND=/opt/stack/data/venv/bin/cinder-rootwrap /etc/cinder/rootwrap.conf env LC_ALL=C qemu-img info -f qcow2 --output=json --force-share /opt/stack/data/cinder/mnt/acc7e9f62b341440c56e34f5efa5edd4/volume-5719a9f3-42d0-4925-8f35-f081b4108d69
Aug 05 13:46:16 devstack sudo[95952]: pam_unix(sudo:session): session opened for user root(uid=0) by (uid=1000)
Aug 05 13:46:16 devstack sudo[95952]: pam_unix(sudo:session): session closed for user root
Aug 05 13:46:16 devstack cinder-volume[88982]: DEBUG oslo_concurrency.processutils [None req-1610cd9e-a52c-4ba3-ad38-26893512e74d tempest-GroupSnapshotsTest-524372192 None] CMD "/opt/stack/data/venv/bin/python3.12 -m oslo_concurrency.prlimit --as=1073741824 --cpu=60 -- sudo cinder-rootwrap /etc/cinder/rootwrap.conf env LC_ALL=C qemu-img info -f qcow2 --output=json --force-share /opt/stack/data/cinder/mnt/acc7e9f62b341440c56e34f5efa5edd4/volume-5719a9f3-42d0-4925-8f35-f081b4108d69" returned: 0 in 0.534s {{(pid=88982) execute /opt/stack/data/venv/lib/python3.12/site-packages/oslo_concurrency/processutils.py:468}}
Aug 05 13:46:16 devstack cinder-volume[88982]: DEBUG oslo_concurrency.processutils [None req-1610cd9e-a52c-4ba3-ad38-26893512e74d tempest-GroupSnapshotsTest-524372192 None] Running cmd (subprocess): sudo cinder-rootwrap /etc/cinder/rootwrap.conf qemu-img create -f qcow2 -o backing_file=/opt/stack/data/cinder/mnt/acc7e9f62b341440c56e34f5efa5edd4/volume-5719a9f3-42d0-4925-8f35-f081b4108d69,backing_fmt=qcow2 /opt/stack/data/cinder/mnt/acc7e9f62b341440c56e34f5efa5edd4/volume-5719a9f3-42d0-4925-8f35-f081b4108d69.feb5592b-b3d4-4079-9c38-2ab9eb8a0761 1G {{(pid=88982) execute /opt/stack/data/venv/lib/python3.12/site-packages/oslo_concurrency/processutils.py:440}}
Aug 05 13:46:16 devstack sudo[95957]: quobyte : PWD=/ ; USER=root ; COMMAND=/opt/stack/data/venv/bin/cinder-rootwrap /etc/cinder/rootwrap.conf qemu-img create -f qcow2 -o backing_file=/opt/stack/data/cinder/mnt/acc7e9f62b341440c56e34f5efa5edd4/volume-5719a9f3-42d0-4925-8f35-f081b4108d69,backing_fmt=qcow2 /opt/stack/data/cinder/mnt/acc7e9f62b341440c56e34f5efa5edd4/volume-5719a9f3-42d0-4925-8f35-f081b4108d69.feb5592b-b3d4-4079-9c38-2ab9eb8a0761 1G
Aug 05 13:46:16 devstack sudo[95957]: pam_unix(sudo:session): session opened for user root(uid=0) by (uid=1000)
Aug 05 13:46:17 devstack sudo[95957]: pam_unix(sudo:session): session closed for user root
Aug 05 13:46:17 devstack cinder-volume[88982]: DEBUG oslo_concurrency.processutils [None req-1610cd9e-a52c-4ba3-ad38-26893512e74d tempest-GroupSnapshotsTest-524372192 None] CMD "sudo cinder-rootwrap /etc/cinder/rootwrap.conf qemu-img create -f qcow2 -o backing_file=/opt/stack/data/cinder/mnt/acc7e9f62b341440c56e34f5efa5edd4/volume-5719a9f3-42d0-4925-8f35-f081b4108d69,backing_fmt=qcow2 /opt/stack/data/cinder/mnt/acc7e9f62b341440c56e34f5efa5edd4/volume-5719a9f3-42d0-4925-8f35-f081b4108d69.feb5592b-b3d4-4079-9c38-2ab9eb8a0761 1G" returned: 0 in 0.601s {{(pid=88982) execute /opt/stack/data/venv/lib/python3.12/site-packages/oslo_concurrency/processutils.py:468}}
Aug 05 13:46:17 devstack cinder-volume[88982]: DEBUG oslo_concurrency.processutils [None req-1610cd9e-a52c-4ba3-ad38-26893512e74d tempest-GroupSnapshotsTest-524372192 None] Running cmd (subprocess): sudo cinder-rootwrap /etc/cinder/rootwrap.conf qemu-img rebase -u -b volume-5719a9f3-42d0-4925-8f35-f081b4108d69 -F qcow2 /opt/stack/data/cinder/mnt/acc7e9f62b341440c56e34f5efa5edd4/volume-5719a9f3-42d0-4925-8f35-f081b4108d69.feb5592b-b3d4-4079-9c38-2ab9eb8a0761 {{(pid=88982) execute /opt/stack/data/venv/lib/python3.12/site-packages/oslo_concurrency/processutils.py:440}}
Aug 05 13:46:17 devstack sudo[95962]: quobyte : PWD=/ ; USER=root ; COMMAND=/opt/stack/data/venv/bin/cinder-rootwrap /etc/cinder/rootwrap.conf qemu-img rebase -u -b volume-5719a9f3-42d0-4925-8f35-f081b4108d69 -F qcow2 /opt/stack/data/cinder/mnt/acc7e9f62b341440c56e34f5efa5edd4/volume-5719a9f3-42d0-4925-8f35-f081b4108d69.feb5592b-b3d4-4079-9c38-2ab9eb8a0761
Aug 05 13:46:17 devstack sudo[95962]: pam_unix(sudo:session): session opened for user root(uid=0) by (uid=1000)
Aug 05 13:46:17 devstack cinder-volume[88982]: INFO cinder.volume.manager [None req-c8309a49-b63a-4178-b954-38f241958461 tempest-VolumeQuotasAdminTestJSON-1057817863 None] Transfer volume completed successfully.
Aug 05 13:46:18 devstack sudo[95962]: pam_unix(sudo:session): session closed for user root
Aug 05 13:46:18 devstack cinder-volume[88982]: DEBUG oslo_concurrency.processutils [None req-1610cd9e-a52c-4ba3-ad38-26893512e74d tempest-GroupSnapshotsTest-524372192 None] CMD "sudo cinder-rootwrap /etc/cinder/rootwrap.conf qemu-img rebase -u -b volume-5719a9f3-42d0-4925-8f35-f081b4108d69 -F qcow2 /opt/stack/data/cinder/mnt/acc7e9f62b341440c56e34f5efa5edd4/volume-5719a9f3-42d0-4925-8f35-f081b4108d69.feb5592b-b3d4-4079-9c38-2ab9eb8a0761" returned: 0 in 0.560s {{(pid=88982) execute /opt/stack/data/venv/lib/python3.12/site-packages/oslo_concurrency/processutils.py:468}}
Aug 05 13:46:18 devstack cinder-volume[88982]: WARNING cinder.volume.drivers.remotefs [None req-1610cd9e-a52c-4ba3-ad38-26893512e74d tempest-GroupSnapshotsTest-524372192 None] /opt/stack/data/cinder/mnt/acc7e9f62b341440c56e34f5efa5edd4/volume-5719a9f3-42d0-4925-8f35-f081b4108d69.feb5592b-b3d4-4079-9c38-2ab9eb8a0761 is being set with open permissions: ugo+rw: NotImplementedError
Aug 05 13:46:18 devstack cinder-volume[88982]: DEBUG oslo_concurrency.processutils [None req-1610cd9e-a52c-4ba3-ad38-26893512e74d tempest-GroupSnapshotsTest-524372192 None] Running cmd (subprocess): sudo cinder-rootwrap /etc/cinder/rootwrap.conf chmod ugo+rw /opt/stack/data/cinder/mnt/acc7e9f62b341440c56e34f5efa5edd4/volume-5719a9f3-42d0-4925-8f35-f081b4108d69.feb5592b-b3d4-4079-9c38-2ab9eb8a0761 {{(pid=88982) execute /opt/stack/data/venv/lib/python3.12/site-packages/oslo_concurrency/processutils.py:440}}
Aug 05 13:46:18 devstack sudo[95968]: quobyte : PWD=/ ; USER=root ; COMMAND=/opt/stack/data/venv/bin/cinder-rootwrap /etc/cinder/rootwrap.conf chmod ugo+rw /opt/stack/data/cinder/mnt/acc7e9f62b341440c56e34f5efa5edd4/volume-5719a9f3-42d0-4925-8f35-f081b4108d69.feb5592b-b3d4-4079-9c38-2ab9eb8a0761
Aug 05 13:46:18 devstack sudo[95968]: pam_unix(sudo:session): session opened for user root(uid=0) by (uid=1000)
Aug 05 13:46:18 devstack sudo[95968]: pam_unix(sudo:session): session closed for user root
Aug 05 13:46:18 devstack cinder-volume[88982]: DEBUG oslo_concurrency.processutils [None req-1610cd9e-a52c-4ba3-ad38-26893512e74d tempest-GroupSnapshotsTest-524372192 None] CMD "sudo cinder-rootwrap /etc/cinder/rootwrap.conf chmod ugo+rw /opt/stack/data/cinder/mnt/acc7e9f62b341440c56e34f5efa5edd4/volume-5719a9f3-42d0-4925-8f35-f081b4108d69.feb5592b-b3d4-4079-9c38-2ab9eb8a0761" returned: 0 in 0.409s {{(pid=88982) execute /opt/stack/data/venv/lib/python3.12/site-packages/oslo_concurrency/processutils.py:468}}
Aug 05 13:46:18 devstack cinder-volume[88982]: DEBUG oslo_concurrency.processutils [None req-1610cd9e-a52c-4ba3-ad38-26893512e74d tempest-GroupSnapshotsTest-524372192 None] Running cmd (subprocess): sudo cinder-rootwrap /etc/cinder/rootwrap.conf truncate -s0 /opt/stack/data/cinder/mnt/acc7e9f62b341440c56e34f5efa5edd4/volume-5719a9f3-42d0-4925-8f35-f081b4108d69.info {{(pid=88982) execute /opt/stack/data/venv/lib/python3.12/site-packages/oslo_concurrency/processutils.py:440}}
Aug 05 13:46:18 devstack cinder-volume[88982]: DEBUG cinder.coordination [None req-5d3c771e-9ccd-4410-a555-8ec3976901e4 tempest-VolumeQuotasAdminTestJSON-1863779930 None] Acquiring lock "cinder-87b890bc-ad6e-454f-823b-15a4ebc6f9d4-delete_volume" by "delete_volume" {{(pid=88982) __acquire /opt/stack/cinder/cinder/coordination.py:138}}
Aug 05 13:46:18 devstack sudo[95971]: quobyte : PWD=/ ; USER=root ; COMMAND=/opt/stack/data/venv/bin/cinder-rootwrap /etc/cinder/rootwrap.conf truncate -s0 /opt/stack/data/cinder/mnt/acc7e9f62b341440c56e34f5efa5edd4/volume-5719a9f3-42d0-4925-8f35-f081b4108d69.info
Aug 05 13:46:18 devstack sudo[95971]: pam_unix(sudo:session): session opened for user root(uid=0) by (uid=1000)
Aug 05 13:46:18 devstack cinder-volume[88982]: DEBUG cinder.coordination [None req-5d3c771e-9ccd-4410-a555-8ec3976901e4 tempest-VolumeQuotasAdminTestJSON-1863779930 None] Lock "cinder-87b890bc-ad6e-454f-823b-15a4ebc6f9d4-delete_volume" acquired by "delete_volume" :: waited 0.031s {{(pid=88982) __acquire /opt/stack/cinder/cinder/coordination.py:141}}
Aug 05 13:46:18 devstack cinder-volume[88982]: DEBUG cinder.coordination [None req-5d3c771e-9ccd-4410-a555-8ec3976901e4 tempest-VolumeQuotasAdminTestJSON-1863779930 None] Acquiring lock "cinder-quobyte-87b890bc-ad6e-454f-823b-15a4ebc6f9d4" by "delete_volume" {{(pid=88982) __acquire /opt/stack/cinder/cinder/coordination.py:138}}
Aug 05 13:46:18 devstack cinder-volume[88982]: DEBUG cinder.coordination [None req-5d3c771e-9ccd-4410-a555-8ec3976901e4 tempest-VolumeQuotasAdminTestJSON-1863779930 None] Lock "cinder-quobyte-87b890bc-ad6e-454f-823b-15a4ebc6f9d4" acquired by "delete_volume" :: waited 0.025s {{(pid=88982) __acquire /opt/stack/cinder/cinder/coordination.py:141}}
Aug 05 13:46:18 devstack cinder-volume[88982]: DEBUG oslo.privsep.daemon [-] privsep: reply[5813c481-f1d3-4aed-b84e-a922b208001d]: (4, 'qcow2') {{(pid=90393) _call_back /opt/stack/data/venv/lib/python3.12/site-packages/oslo_privsep/daemon.py:580}}
Aug 05 13:46:18 devstack cinder-volume[88982]: DEBUG oslo_concurrency.processutils [None req-5d3c771e-9ccd-4410-a555-8ec3976901e4 tempest-VolumeQuotasAdminTestJSON-1863779930 None] Running cmd (subprocess): /opt/stack/data/venv/bin/python3.12 -m oslo_concurrency.prlimit --as=1073741824 --cpu=60 -- sudo cinder-rootwrap /etc/cinder/rootwrap.conf env LC_ALL=C qemu-img info -f qcow2 --output=json --force-share /opt/stack/data/cinder/mnt/acc7e9f62b341440c56e34f5efa5edd4/volume-87b890bc-ad6e-454f-823b-15a4ebc6f9d4 {{(pid=88982) execute /opt/stack/data/venv/lib/python3.12/site-packages/oslo_concurrency/processutils.py:440}}
Aug 05 13:46:18 devstack sudo[95973]: quobyte : PWD=/ ; USER=root ; COMMAND=/opt/stack/data/venv/bin/cinder-rootwrap /etc/cinder/rootwrap.conf env LC_ALL=C qemu-img info -f qcow2 --output=json --force-share /opt/stack/data/cinder/mnt/acc7e9f62b341440c56e34f5efa5edd4/volume-87b890bc-ad6e-454f-823b-15a4ebc6f9d4
Aug 05 13:46:18 devstack sudo[95973]: pam_unix(sudo:session): session opened for user root(uid=0) by (uid=1000)
Aug 05 13:46:18 devstack sudo[95971]: pam_unix(sudo:session): session closed for user root
Aug 05 13:46:18 devstack cinder-volume[88982]: DEBUG oslo_concurrency.processutils [None req-1610cd9e-a52c-4ba3-ad38-26893512e74d tempest-GroupSnapshotsTest-524372192 None] CMD "sudo cinder-rootwrap /etc/cinder/rootwrap.conf truncate -s0 /opt/stack/data/cinder/mnt/acc7e9f62b341440c56e34f5efa5edd4/volume-5719a9f3-42d0-4925-8f35-f081b4108d69.info" returned: 0 in 0.324s {{(pid=88982) execute /opt/stack/data/venv/lib/python3.12/site-packages/oslo_concurrency/processutils.py:468}}
Aug 05 13:46:18 devstack cinder-volume[88982]: WARNING cinder.volume.drivers.remotefs [None req-1610cd9e-a52c-4ba3-ad38-26893512e74d tempest-GroupSnapshotsTest-524372192 None] /opt/stack/data/cinder/mnt/acc7e9f62b341440c56e34f5efa5edd4/volume-5719a9f3-42d0-4925-8f35-f081b4108d69.info is being set with open permissions: ugo+rw: NotImplementedError
Aug 05 13:46:18 devstack cinder-volume[88982]: DEBUG oslo_concurrency.processutils [None req-1610cd9e-a52c-4ba3-ad38-26893512e74d tempest-GroupSnapshotsTest-524372192 None] Running cmd (subprocess): sudo cinder-rootwrap /etc/cinder/rootwrap.conf chmod ugo+rw /opt/stack/data/cinder/mnt/acc7e9f62b341440c56e34f5efa5edd4/volume-5719a9f3-42d0-4925-8f35-f081b4108d69.info {{(pid=88982) execute /opt/stack/data/venv/lib/python3.12/site-packages/oslo_concurrency/processutils.py:440}}
Aug 05 13:46:18 devstack sudo[95976]: quobyte : PWD=/ ; USER=root ; COMMAND=/opt/stack/data/venv/bin/cinder-rootwrap /etc/cinder/rootwrap.conf chmod ugo+rw /opt/stack/data/cinder/mnt/acc7e9f62b341440c56e34f5efa5edd4/volume-5719a9f3-42d0-4925-8f35-f081b4108d69.info
Aug 05 13:46:18 devstack sudo[95976]: pam_unix(sudo:session): session opened for user root(uid=0) by (uid=1000)
Aug 05 13:46:19 devstack sudo[95973]: pam_unix(sudo:session): session closed for user root
Aug 05 13:46:19 devstack sudo[95976]: pam_unix(sudo:session): session closed for user root
Aug 05 13:46:19 devstack cinder-volume[88982]: DEBUG oslo_concurrency.processutils [None req-5d3c771e-9ccd-4410-a555-8ec3976901e4 tempest-VolumeQuotasAdminTestJSON-1863779930 None] CMD "/opt/stack/data/venv/bin/python3.12 -m oslo_concurrency.prlimit --as=1073741824 --cpu=60 -- sudo cinder-rootwrap /etc/cinder/rootwrap.conf env LC_ALL=C qemu-img info -f qcow2 --output=json --force-share /opt/stack/data/cinder/mnt/acc7e9f62b341440c56e34f5efa5edd4/volume-87b890bc-ad6e-454f-823b-15a4ebc6f9d4" returned: 0 in 0.433s {{(pid=88982) execute /opt/stack/data/venv/lib/python3.12/site-packages/oslo_concurrency/processutils.py:468}}
Aug 05 13:46:19 devstack cinder-volume[88982]: DEBUG oslo_concurrency.processutils [None req-5d3c771e-9ccd-4410-a555-8ec3976901e4 tempest-VolumeQuotasAdminTestJSON-1863779930 None] Running cmd (subprocess): sudo cinder-rootwrap /etc/cinder/rootwrap.conf rm -f /opt/stack/data/cinder/mnt/acc7e9f62b341440c56e34f5efa5edd4/volume-87b890bc-ad6e-454f-823b-15a4ebc6f9d4 {{(pid=88982) execute /opt/stack/data/venv/lib/python3.12/site-packages/oslo_concurrency/processutils.py:440}}
Aug 05 13:46:19 devstack cinder-volume[88982]: DEBUG oslo_concurrency.processutils [None req-1610cd9e-a52c-4ba3-ad38-26893512e74d tempest-GroupSnapshotsTest-524372192 None] CMD "sudo cinder-rootwrap /etc/cinder/rootwrap.conf chmod ugo+rw /opt/stack/data/cinder/mnt/acc7e9f62b341440c56e34f5efa5edd4/volume-5719a9f3-42d0-4925-8f35-f081b4108d69.info" returned: 0 in 0.278s {{(pid=88982) execute /opt/stack/data/venv/lib/python3.12/site-packages/oslo_concurrency/processutils.py:468}}
Aug 05 13:46:19 devstack cinder-volume[88982]: DEBUG oslo_concurrency.lockutils [None req-1610cd9e-a52c-4ba3-ad38-26893512e74d tempest-GroupSnapshotsTest-524372192 None] Lock "quobyte" "released" by "cinder.volume.drivers.quobyte.QuobyteDriver.create_snapshot" :: held 2.828s {{(pid=88982) inner /opt/stack/data/venv/lib/python3.12/site-packages/oslo_concurrency/lockutils.py:544}}
Aug 05 13:46:19 devstack sudo[95982]: quobyte : PWD=/ ; USER=root ; COMMAND=/opt/stack/data/venv/bin/cinder-rootwrap /etc/cinder/rootwrap.conf rm -f /opt/stack/data/cinder/mnt/acc7e9f62b341440c56e34f5efa5edd4/volume-87b890bc-ad6e-454f-823b-15a4ebc6f9d4
Aug 05 13:46:19 devstack sudo[95982]: pam_unix(sudo:session): session opened for user root(uid=0) by (uid=1000)
Aug 05 13:46:19 devstack cinder-volume[88982]: INFO cinder.volume.manager [None req-1610cd9e-a52c-4ba3-ad38-26893512e74d tempest-GroupSnapshotsTest-524372192 None] group_snapshot 539f1bb1-f06e-4887-8e2a-28e9dd1bb1fe: created successfully
Aug 05 13:46:19 devstack sudo[95982]: pam_unix(sudo:session): session closed for user root
Aug 05 13:46:19 devstack cinder-volume[88982]: DEBUG oslo_concurrency.processutils [None req-5d3c771e-9ccd-4410-a555-8ec3976901e4 tempest-VolumeQuotasAdminTestJSON-1863779930 None] CMD "sudo cinder-rootwrap /etc/cinder/rootwrap.conf rm -f /opt/stack/data/cinder/mnt/acc7e9f62b341440c56e34f5efa5edd4/volume-87b890bc-ad6e-454f-823b-15a4ebc6f9d4" returned: 0 in 0.289s {{(pid=88982) execute /opt/stack/data/venv/lib/python3.12/site-packages/oslo_concurrency/processutils.py:468}}
Aug 05 13:46:19 devstack cinder-volume[88982]: DEBUG cinder.coordination [None req-5d3c771e-9ccd-4410-a555-8ec3976901e4 tempest-VolumeQuotasAdminTestJSON-1863779930 None] Lock "cinder-quobyte-87b890bc-ad6e-454f-823b-15a4ebc6f9d4" released by "delete_volume" :: held 0.766s {{(pid=88982) __release /opt/stack/cinder/cinder/coordination.py:152}}
Aug 05 13:46:19 devstack cinder-volume[88982]: DEBUG cinder.quota [None req-5d3c771e-9ccd-4410-a555-8ec3976901e4 tempest-VolumeQuotasAdminTestJSON-1863779930 None] Created reservations ['2bd43c8c-297e-4a24-a37a-b44fbfa24c49', '7540383d-fe8b-4fb7-8114-28e1918a9bc0', 'bf77ded1-d3b2-45b4-8256-1271fab4bb84', '3836f7d4-8d43-43d0-8830-b7afb78647ea'] {{(pid=88982) reserve /opt/stack/cinder/cinder/quota.py:752}}
Aug 05 13:46:19 devstack cinder-volume[88982]: DEBUG oslo_concurrency.lockutils [None req-5d3c771e-9ccd-4410-a555-8ec3976901e4 tempest-VolumeQuotasAdminTestJSON-1863779930 None] Acquiring lock "quobyte_ensure" by "cinder.volume.drivers.quobyte.QuobyteDriver._ensure_shares_mounted" {{(pid=88982) inner /opt/stack/data/venv/lib/python3.12/site-packages/oslo_concurrency/lockutils.py:512}}
Aug 05 13:46:19 devstack cinder-volume[88982]: DEBUG oslo_concurrency.lockutils [None req-5d3c771e-9ccd-4410-a555-8ec3976901e4 tempest-VolumeQuotasAdminTestJSON-1863779930 None] Lock "quobyte_ensure" acquired by "cinder.volume.drivers.quobyte.QuobyteDriver._ensure_shares_mounted" :: waited 0.001s {{(pid=88982) inner /opt/stack/data/venv/lib/python3.12/site-packages/oslo_concurrency/lockutils.py:525}}
Aug 05 13:46:19 devstack cinder-volume[88982]: DEBUG cinder.volume.drivers.quobyte [None req-5d3c771e-9ccd-4410-a555-8ec3976901e4 tempest-VolumeQuotasAdminTestJSON-1863779930 None] Quobyte Volume URL set to: {'osci02.corp.quobyte.com/cinder-vol-e9863358-f5f6-48a3-9d69-11fd953199a9': None} {{(pid=88982) _load_shares_config /opt/stack/cinder/cinder/volume/drivers/quobyte.py:665}}
Aug 05 13:46:19 devstack cinder-volume[88982]: DEBUG cinder.volume.drivers.quobyte [None req-5d3c771e-9ccd-4410-a555-8ec3976901e4 tempest-VolumeQuotasAdminTestJSON-1863779930 None] Available shares ['osci02.corp.quobyte.com/cinder-vol-e9863358-f5f6-48a3-9d69-11fd953199a9'] {{(pid=88982) _ensure_shares_mounted /opt/stack/cinder/cinder/volume/drivers/quobyte.py:695}}
Aug 05 13:46:19 devstack cinder-volume[88982]: DEBUG oslo_concurrency.lockutils [None req-5d3c771e-9ccd-4410-a555-8ec3976901e4 tempest-VolumeQuotasAdminTestJSON-1863779930 None] Lock "quobyte_ensure" "released" by "cinder.volume.drivers.quobyte.QuobyteDriver._ensure_shares_mounted" :: held 0.006s {{(pid=88982) inner /opt/stack/data/venv/lib/python3.12/site-packages/oslo_concurrency/lockutils.py:544}}
Aug 05 13:46:19 devstack cinder-volume[88982]: DEBUG oslo_concurrency.processutils [None req-5d3c771e-9ccd-4410-a555-8ec3976901e4 tempest-VolumeQuotasAdminTestJSON-1863779930 None] Running cmd (subprocess): sudo cinder-rootwrap /etc/cinder/rootwrap.conf df --portability --block-size 1 /opt/stack/data/cinder/mnt/acc7e9f62b341440c56e34f5efa5edd4 {{(pid=88982) execute /opt/stack/data/venv/lib/python3.12/site-packages/oslo_concurrency/processutils.py:440}}
Aug 05 13:46:19 devstack sudo[95985]: quobyte : PWD=/ ; USER=root ; COMMAND=/opt/stack/data/venv/bin/cinder-rootwrap /etc/cinder/rootwrap.conf df --portability --block-size 1 /opt/stack/data/cinder/mnt/acc7e9f62b341440c56e34f5efa5edd4
Aug 05 13:46:19 devstack sudo[95985]: pam_unix(sudo:session): session opened for user root(uid=0) by (uid=1000)
Aug 05 13:46:19 devstack sudo[95985]: pam_unix(sudo:session): session closed for user root
Aug 05 13:46:19 devstack cinder-volume[88982]: DEBUG oslo_concurrency.processutils [None req-5d3c771e-9ccd-4410-a555-8ec3976901e4 tempest-VolumeQuotasAdminTestJSON-1863779930 None] CMD "sudo cinder-rootwrap /etc/cinder/rootwrap.conf df --portability --block-size 1 /opt/stack/data/cinder/mnt/acc7e9f62b341440c56e34f5efa5edd4" returned: 0 in 0.463s {{(pid=88982) execute /opt/stack/data/venv/lib/python3.12/site-packages/oslo_concurrency/processutils.py:468}}
Aug 05 13:46:19 devstack cinder-volume[88982]: DEBUG cinder.manager [None req-5d3c771e-9ccd-4410-a555-8ec3976901e4 tempest-VolumeQuotasAdminTestJSON-1863779930 None] Notifying Schedulers of capabilities ... {{(pid=88982) _publish_service_capabilities /opt/stack/cinder/cinder/manager.py:219}}
Aug 05 13:46:19 devstack cinder-volume[88982]: INFO cinder.volume.manager [None req-5d3c771e-9ccd-4410-a555-8ec3976901e4 tempest-VolumeQuotasAdminTestJSON-1863779930 None] Deleted volume successfully.
Aug 05 13:46:20 devstack cinder-volume[88982]: DEBUG cinder.coordination [None req-5d3c771e-9ccd-4410-a555-8ec3976901e4 tempest-VolumeQuotasAdminTestJSON-1863779930 None] Lock "cinder-87b890bc-ad6e-454f-823b-15a4ebc6f9d4-delete_volume" released by "delete_volume" :: held 1.498s {{(pid=88982) __release /opt/stack/cinder/cinder/coordination.py:152}}
Aug 05 13:46:20 devstack cinder-volume[88982]: DEBUG oslo_concurrency.lockutils [None req-766ffeba-cd8d-4586-ba8c-6c0691992a2e tempest-GroupSnapshotsTest-524372192 None] Acquiring lock "quobyte" by "cinder.volume.drivers.quobyte.QuobyteDriver.create_volume_from_snapshot" {{(pid=88982) inner /opt/stack/data/venv/lib/python3.12/site-packages/oslo_concurrency/lockutils.py:512}}
Aug 05 13:46:20 devstack cinder-volume[88982]: DEBUG oslo_concurrency.lockutils [None req-766ffeba-cd8d-4586-ba8c-6c0691992a2e tempest-GroupSnapshotsTest-524372192 None] Lock "quobyte" acquired by "cinder.volume.drivers.quobyte.QuobyteDriver.create_volume_from_snapshot" :: waited 0.001s {{(pid=88982) inner /opt/stack/data/venv/lib/python3.12/site-packages/oslo_concurrency/lockutils.py:525}}
Aug 05 13:46:20 devstack cinder-volume[88982]: DEBUG cinder.coordination [None req-766ffeba-cd8d-4586-ba8c-6c0691992a2e tempest-GroupSnapshotsTest-524372192 None] Acquiring lock "cinder-quobyte-feb5592b-b3d4-4079-9c38-2ab9eb8a0761-420c9117-abfb-4d41-a9be-3967a225a1f2" by "_create_volume_from_snapshot" {{(pid=88982) __acquire /opt/stack/cinder/cinder/coordination.py:138}}
Aug 05 13:46:20 devstack cinder-volume[88982]: DEBUG cinder.coordination [None req-766ffeba-cd8d-4586-ba8c-6c0691992a2e tempest-GroupSnapshotsTest-524372192 None] Lock "cinder-quobyte-feb5592b-b3d4-4079-9c38-2ab9eb8a0761-420c9117-abfb-4d41-a9be-3967a225a1f2" acquired by "_create_volume_from_snapshot" :: waited 0.025s {{(pid=88982) __acquire /opt/stack/cinder/cinder/coordination.py:141}}
Aug 05 13:46:20 devstack cinder-volume[88982]: DEBUG cinder.volume.drivers.quobyte [None req-766ffeba-cd8d-4586-ba8c-6c0691992a2e tempest-GroupSnapshotsTest-524372192 None] Creating volume 420c9117-abfb-4d41-a9be-3967a225a1f2 from snapshot feb5592b-b3d4-4079-9c38-2ab9eb8a0761 {{(pid=88982) _create_volume_from_snapshot /opt/stack/cinder/cinder/volume/drivers/quobyte.py:358}}
Aug 05 13:46:20 devstack cinder-volume[88982]: DEBUG oslo_concurrency.lockutils [None req-766ffeba-cd8d-4586-ba8c-6c0691992a2e tempest-GroupSnapshotsTest-524372192 None] Acquiring lock "quobyte_ensure" by "cinder.volume.drivers.quobyte.QuobyteDriver._ensure_shares_mounted" {{(pid=88982) inner /opt/stack/data/venv/lib/python3.12/site-packages/oslo_concurrency/lockutils.py:512}}
Aug 05 13:46:20 devstack cinder-volume[88982]: DEBUG oslo_concurrency.lockutils [None req-766ffeba-cd8d-4586-ba8c-6c0691992a2e tempest-GroupSnapshotsTest-524372192 None] Lock "quobyte_ensure" acquired by "cinder.volume.drivers.quobyte.QuobyteDriver._ensure_shares_mounted" :: waited 0.007s {{(pid=88982) inner /opt/stack/data/venv/lib/python3.12/site-packages/oslo_concurrency/lockutils.py:525}}
Aug 05 13:46:20 devstack cinder-volume[88982]: DEBUG cinder.volume.drivers.quobyte [None req-766ffeba-cd8d-4586-ba8c-6c0691992a2e tempest-GroupSnapshotsTest-524372192 None] Quobyte Volume URL set to: {'osci02.corp.quobyte.com/cinder-vol-e9863358-f5f6-48a3-9d69-11fd953199a9': None} {{(pid=88982) _load_shares_config /opt/stack/cinder/cinder/volume/drivers/quobyte.py:665}}
Aug 05 13:46:20 devstack cinder-volume[88982]: DEBUG cinder.volume.drivers.quobyte [None req-766ffeba-cd8d-4586-ba8c-6c0691992a2e tempest-GroupSnapshotsTest-524372192 None] Available shares ['osci02.corp.quobyte.com/cinder-vol-e9863358-f5f6-48a3-9d69-11fd953199a9'] {{(pid=88982) _ensure_shares_mounted /opt/stack/cinder/cinder/volume/drivers/quobyte.py:695}}
Aug 05 13:46:20 devstack cinder-volume[88982]: DEBUG oslo_concurrency.lockutils [None req-766ffeba-cd8d-4586-ba8c-6c0691992a2e tempest-GroupSnapshotsTest-524372192 None] Lock "quobyte_ensure" "released" by "cinder.volume.drivers.quobyte.QuobyteDriver._ensure_shares_mounted" :: held 0.014s {{(pid=88982) inner /opt/stack/data/venv/lib/python3.12/site-packages/oslo_concurrency/lockutils.py:544}}
Aug 05 13:46:20 devstack cinder-volume[88982]: DEBUG cinder.volume.drivers.quobyte [None req-766ffeba-cd8d-4586-ba8c-6c0691992a2e tempest-GroupSnapshotsTest-524372192 None] Selected osci02.corp.quobyte.com/cinder-vol-e9863358-f5f6-48a3-9d69-11fd953199a9 as target Quobyte volume. {{(pid=88982) _find_share /opt/stack/cinder/cinder/volume/drivers/quobyte.py:716}}
Aug 05 13:46:20 devstack cinder-volume[88982]: DEBUG cinder.coordination [None req-766ffeba-cd8d-4586-ba8c-6c0691992a2e tempest-GroupSnapshotsTest-524372192 None] Acquiring lock "cinder-quobyte-420c9117-abfb-4d41-a9be-3967a225a1f2" by "_copy_volume_from_snapshot" {{(pid=88982) __acquire /opt/stack/cinder/cinder/coordination.py:138}}
Aug 05 13:46:20 devstack cinder-volume[88982]: DEBUG cinder.coordination [None req-766ffeba-cd8d-4586-ba8c-6c0691992a2e tempest-GroupSnapshotsTest-524372192 None] Lock "cinder-quobyte-420c9117-abfb-4d41-a9be-3967a225a1f2" acquired by "_copy_volume_from_snapshot" :: waited 0.036s {{(pid=88982) __acquire /opt/stack/cinder/cinder/coordination.py:141}}
Aug 05 13:46:20 devstack cinder-volume[88982]: DEBUG cinder.volume.drivers.quobyte [None req-766ffeba-cd8d-4586-ba8c-6c0691992a2e tempest-GroupSnapshotsTest-524372192 None] snapshot: feb5592b-b3d4-4079-9c38-2ab9eb8a0761, volume: 420c9117-abfb-4d41-a9be-3967a225a1f2, {{(pid=88982) _copy_volume_from_snapshot /opt/stack/cinder/cinder/volume/drivers/quobyte.py:405}}
Aug 05 13:46:20 devstack cinder-volume[88982]: DEBUG oslo_concurrency.lockutils [None req-766ffeba-cd8d-4586-ba8c-6c0691992a2e tempest-GroupSnapshotsTest-524372192 None] Acquiring lock "quobyte_ensure" by "cinder.volume.drivers.quobyte.QuobyteDriver._ensure_shares_mounted" {{(pid=88982) inner /opt/stack/data/venv/lib/python3.12/site-packages/oslo_concurrency/lockutils.py:512}}
Aug 05 13:46:20 devstack cinder-volume[88982]: DEBUG oslo_concurrency.lockutils [None req-766ffeba-cd8d-4586-ba8c-6c0691992a2e tempest-GroupSnapshotsTest-524372192 None] Lock "quobyte_ensure" acquired by "cinder.volume.drivers.quobyte.QuobyteDriver._ensure_shares_mounted" :: waited 0.001s {{(pid=88982) inner /opt/stack/data/venv/lib/python3.12/site-packages/oslo_concurrency/lockutils.py:525}}
Aug 05 13:46:20 devstack cinder-volume[88982]: DEBUG cinder.volume.drivers.quobyte [None req-766ffeba-cd8d-4586-ba8c-6c0691992a2e tempest-GroupSnapshotsTest-524372192 None] Quobyte Volume URL set to: {'osci02.corp.quobyte.com/cinder-vol-e9863358-f5f6-48a3-9d69-11fd953199a9': None} {{(pid=88982) _load_shares_config /opt/stack/cinder/cinder/volume/drivers/quobyte.py:665}}
Aug 05 13:46:20 devstack cinder-volume[88982]: DEBUG cinder.volume.drivers.quobyte [None req-766ffeba-cd8d-4586-ba8c-6c0691992a2e tempest-GroupSnapshotsTest-524372192 None] Available shares ['osci02.corp.quobyte.com/cinder-vol-e9863358-f5f6-48a3-9d69-11fd953199a9'] {{(pid=88982) _ensure_shares_mounted /opt/stack/cinder/cinder/volume/drivers/quobyte.py:695}}
Aug 05 13:46:20 devstack cinder-volume[88982]: DEBUG oslo_concurrency.lockutils [None req-766ffeba-cd8d-4586-ba8c-6c0691992a2e tempest-GroupSnapshotsTest-524372192 None] Lock "quobyte_ensure" "released" by "cinder.volume.drivers.quobyte.QuobyteDriver._ensure_shares_mounted" :: held 0.007s {{(pid=88982) inner /opt/stack/data/venv/lib/python3.12/site-packages/oslo_concurrency/lockutils.py:544}}
Aug 05 13:46:20 devstack cinder-volume[88982]: DEBUG oslo.privsep.daemon [-] privsep: reply[4817399c-306e-449a-93d9-fce9f0bf7ec4]: (4, 'qcow2') {{(pid=90393) _call_back /opt/stack/data/venv/lib/python3.12/site-packages/oslo_privsep/daemon.py:580}}
Aug 05 13:46:20 devstack cinder-volume[88982]: DEBUG oslo_concurrency.processutils [None req-766ffeba-cd8d-4586-ba8c-6c0691992a2e tempest-GroupSnapshotsTest-524372192 None] Running cmd (subprocess): /opt/stack/data/venv/bin/python3.12 -m oslo_concurrency.prlimit --as=1073741824 --cpu=60 -- sudo cinder-rootwrap /etc/cinder/rootwrap.conf env LC_ALL=C qemu-img info -f qcow2 --output=json --force-share /opt/stack/data/cinder/mnt/acc7e9f62b341440c56e34f5efa5edd4/volume-5719a9f3-42d0-4925-8f35-f081b4108d69.feb5592b-b3d4-4079-9c38-2ab9eb8a0761 {{(pid=88982) execute /opt/stack/data/venv/lib/python3.12/site-packages/oslo_concurrency/processutils.py:440}}
Aug 05 13:46:20 devstack sudo[95989]: quobyte : PWD=/ ; USER=root ; COMMAND=/opt/stack/data/venv/bin/cinder-rootwrap /etc/cinder/rootwrap.conf env LC_ALL=C qemu-img info -f qcow2 --output=json --force-share /opt/stack/data/cinder/mnt/acc7e9f62b341440c56e34f5efa5edd4/volume-5719a9f3-42d0-4925-8f35-f081b4108d69.feb5592b-b3d4-4079-9c38-2ab9eb8a0761
Aug 05 13:46:20 devstack sudo[95989]: pam_unix(sudo:session): session opened for user root(uid=0) by (uid=1000)
Aug 05 13:46:21 devstack sudo[95989]: pam_unix(sudo:session): session closed for user root
Aug 05 13:46:21 devstack cinder-volume[88982]: DEBUG oslo_concurrency.processutils [None req-766ffeba-cd8d-4586-ba8c-6c0691992a2e tempest-GroupSnapshotsTest-524372192 None] CMD "/opt/stack/data/venv/bin/python3.12 -m oslo_concurrency.prlimit --as=1073741824 --cpu=60 -- sudo cinder-rootwrap /etc/cinder/rootwrap.conf env LC_ALL=C qemu-img info -f qcow2 --output=json --force-share /opt/stack/data/cinder/mnt/acc7e9f62b341440c56e34f5efa5edd4/volume-5719a9f3-42d0-4925-8f35-f081b4108d69.feb5592b-b3d4-4079-9c38-2ab9eb8a0761" returned: 0 in 0.598s {{(pid=88982) execute /opt/stack/data/venv/lib/python3.12/site-packages/oslo_concurrency/processutils.py:468}}
Aug 05 13:46:21 devstack cinder-volume[88982]: DEBUG cinder.volume.drivers.remotefs [None req-766ffeba-cd8d-4586-ba8c-6c0691992a2e tempest-GroupSnapshotsTest-524372192 None] Fetching qemu-img info with special backing_file_template: (/opt/stack/data/cinder/mnt/[0-9a-f]+/)?(volume-5719a9f3-42d0-4925-8f35-f081b4108d69(.(tmp-snap-)?[0-9a-f-]+)?|volume_from_snapshot_cache/(tmp-snap-)?[0-9a-f-]+(.(child-|parent-)[0-9a-f-]+)?)$ {{(pid=88982) _qemu_img_info_base /opt/stack/cinder/cinder/volume/drivers/remotefs.py:896}}
Aug 05 13:46:21 devstack cinder-volume[88982]: DEBUG oslo.privsep.daemon [-] privsep: reply[c272a635-90ab-4c17-97c9-f347027c209a]: (4, 'qcow2') {{(pid=90393) _call_back /opt/stack/data/venv/lib/python3.12/site-packages/oslo_privsep/daemon.py:580}}
Aug 05 13:46:21 devstack cinder-volume[88982]: DEBUG oslo_concurrency.processutils [None req-766ffeba-cd8d-4586-ba8c-6c0691992a2e tempest-GroupSnapshotsTest-524372192 None] Running cmd (subprocess): /opt/stack/data/venv/bin/python3.12 -m oslo_concurrency.prlimit --as=1073741824 --cpu=60 -- sudo cinder-rootwrap /etc/cinder/rootwrap.conf env LC_ALL=C qemu-img info -f qcow2 --output=json --force-share /opt/stack/data/cinder/mnt/acc7e9f62b341440c56e34f5efa5edd4/volume-5719a9f3-42d0-4925-8f35-f081b4108d69 {{(pid=88982) execute /opt/stack/data/venv/lib/python3.12/site-packages/oslo_concurrency/processutils.py:440}}
Aug 05 13:46:21 devstack sudo[95994]: quobyte : PWD=/ ; USER=root ; COMMAND=/opt/stack/data/venv/bin/cinder-rootwrap /etc/cinder/rootwrap.conf env LC_ALL=C qemu-img info -f qcow2 --output=json --force-share /opt/stack/data/cinder/mnt/acc7e9f62b341440c56e34f5efa5edd4/volume-5719a9f3-42d0-4925-8f35-f081b4108d69
Aug 05 13:46:21 devstack sudo[95994]: pam_unix(sudo:session): session opened for user root(uid=0) by (uid=1000)
Aug 05 13:46:21 devstack sudo[95994]: pam_unix(sudo:session): session closed for user root
Aug 05 13:46:21 devstack cinder-volume[88982]: DEBUG oslo_concurrency.processutils [None req-766ffeba-cd8d-4586-ba8c-6c0691992a2e tempest-GroupSnapshotsTest-524372192 None] CMD "/opt/stack/data/venv/bin/python3.12 -m oslo_concurrency.prlimit --as=1073741824 --cpu=60 -- sudo cinder-rootwrap /etc/cinder/rootwrap.conf env LC_ALL=C qemu-img info -f qcow2 --output=json --force-share /opt/stack/data/cinder/mnt/acc7e9f62b341440c56e34f5efa5edd4/volume-5719a9f3-42d0-4925-8f35-f081b4108d69" returned: 0 in 0.446s {{(pid=88982) execute /opt/stack/data/venv/lib/python3.12/site-packages/oslo_concurrency/processutils.py:468}}
Aug 05 13:46:21 devstack cinder-volume[88982]: DEBUG cinder.volume.drivers.quobyte [None req-766ffeba-cd8d-4586-ba8c-6c0691992a2e tempest-GroupSnapshotsTest-524372192 None] will copy from snapshot at /opt/stack/data/cinder/mnt/acc7e9f62b341440c56e34f5efa5edd4/volume-5719a9f3-42d0-4925-8f35-f081b4108d69 {{(pid=88982) _copy_volume_from_snapshot /opt/stack/cinder/cinder/volume/drivers/quobyte.py:426}}
Aug 05 13:46:21 devstack cinder-volume[88982]: DEBUG cinder.volume.drivers.quobyte [None req-766ffeba-cd8d-4586-ba8c-6c0691992a2e tempest-GroupSnapshotsTest-524372192 None] Creating direct copy from snapshot {{(pid=88982) _copy_volume_from_snapshot /opt/stack/cinder/cinder/volume/drivers/quobyte.py:434}}
Aug 05 13:46:21 devstack cinder-volume[88982]: DEBUG cinder.utils [None req-766ffeba-cd8d-4586-ba8c-6c0691992a2e tempest-GroupSnapshotsTest-524372192 None] Path /opt/stack/data/cinder/mnt/acc7e9f62b341440c56e34f5efa5edd4/volume-420c9117-abfb-4d41-a9be-3967a225a1f2 not found in is_blk_device check {{(pid=88982) is_blk_device /opt/stack/cinder/cinder/utils.py:615}}
Aug 05 13:46:21 devstack cinder-volume[88982]: DEBUG oslo_concurrency.processutils [None req-766ffeba-cd8d-4586-ba8c-6c0691992a2e tempest-GroupSnapshotsTest-524372192 None] Running cmd (subprocess): sudo cinder-rootwrap /etc/cinder/rootwrap.conf qemu-img convert -O qcow2 /opt/stack/data/cinder/mnt/acc7e9f62b341440c56e34f5efa5edd4/volume-5719a9f3-42d0-4925-8f35-f081b4108d69 /opt/stack/data/cinder/mnt/acc7e9f62b341440c56e34f5efa5edd4/volume-420c9117-abfb-4d41-a9be-3967a225a1f2 {{(pid=88982) execute /opt/stack/data/venv/lib/python3.12/site-packages/oslo_concurrency/processutils.py:440}}
Aug 05 13:46:21 devstack sudo[95999]: quobyte : PWD=/ ; USER=root ; COMMAND=/opt/stack/data/venv/bin/cinder-rootwrap /etc/cinder/rootwrap.conf qemu-img convert -O qcow2 /opt/stack/data/cinder/mnt/acc7e9f62b341440c56e34f5efa5edd4/volume-5719a9f3-42d0-4925-8f35-f081b4108d69 /opt/stack/data/cinder/mnt/acc7e9f62b341440c56e34f5efa5edd4/volume-420c9117-abfb-4d41-a9be-3967a225a1f2
