Jan 09 16:46:36 devstack cinder-volume[81797]: WARNING cinder.volume.volume_utils [None req-1b391eb3-8e8c-4c3d-89b4-abf68323b23f tempest-VolumesDeleteCascade-1503546006 None] Volume driver (QuobyteDriver 1.1.13) is currently unsupported and may be removed in the next release of OpenStack. Use at your own risk.
Jan 09 16:46:36 devstack cinder-volume[81797]: DEBUG oslo_concurrency.lockutils [None req-1b391eb3-8e8c-4c3d-89b4-abf68323b23f tempest-VolumesDeleteCascade-1503546006 None] Acquiring lock "quobyte" by "cinder.volume.drivers.quobyte.QuobyteDriver.create_snapshot" {{(pid=81797) inner /opt/stack/data/venv/lib/python3.10/site-packages/oslo_concurrency/lockutils.py:405}}
Jan 09 16:46:36 devstack sudo[84677]: pam_unix(sudo:session): session closed for user root
Jan 09 16:46:36 devstack cinder-volume[81797]: DEBUG oslo_concurrency.processutils [None req-3b9a8994-eec3-491a-bbc8-6d249f26ff84 tempest-TaggedBootDevicesTest_v242-1315714382 None] CMD "sudo cinder-rootwrap /etc/cinder/rootwrap.conf qemu-img create -f qcow2 -o preallocation=metadata /opt/stack/data/cinder/mnt/4555af63f7425e09ffd7686a213f0482/volume-05722e52-89ca-446b-9c0a-4e6952fe3b6b 1073741824" returned: 0 in 0.649s {{(pid=81797) execute /opt/stack/data/venv/lib/python3.10/site-packages/oslo_concurrency/processutils.py:372}}
Jan 09 16:46:36 devstack cinder-volume[81797]: DEBUG oslo_concurrency.processutils [None req-3b9a8994-eec3-491a-bbc8-6d249f26ff84 tempest-TaggedBootDevicesTest_v242-1315714382 None] Running cmd (subprocess): sudo cinder-rootwrap /etc/cinder/rootwrap.conf chmod ugo+rw /opt/stack/data/cinder/mnt/4555af63f7425e09ffd7686a213f0482/volume-05722e52-89ca-446b-9c0a-4e6952fe3b6b {{(pid=81797) execute /opt/stack/data/venv/lib/python3.10/site-packages/oslo_concurrency/processutils.py:349}}
Jan 09 16:46:36 devstack sudo[84682]: quobyte : PWD=/ ; USER=root ; COMMAND=/opt/stack/data/venv/bin/cinder-rootwrap /etc/cinder/rootwrap.conf chmod ugo+rw /opt/stack/data/cinder/mnt/4555af63f7425e09ffd7686a213f0482/volume-05722e52-89ca-446b-9c0a-4e6952fe3b6b
Jan 09 16:46:36 devstack sudo[84682]: pam_unix(sudo:session): session opened for user root(uid=0) by (uid=1000)
Jan 09 16:46:36 devstack sudo[84682]: pam_unix(sudo:session): session closed for user root
Jan 09 16:46:36 devstack cinder-volume[81797]: DEBUG oslo_concurrency.processutils [None req-3b9a8994-eec3-491a-bbc8-6d249f26ff84 tempest-TaggedBootDevicesTest_v242-1315714382 None] CMD "sudo cinder-rootwrap /etc/cinder/rootwrap.conf chmod ugo+rw /opt/stack/data/cinder/mnt/4555af63f7425e09ffd7686a213f0482/volume-05722e52-89ca-446b-9c0a-4e6952fe3b6b" returned: 0 in 0.516s {{(pid=81797) execute /opt/stack/data/venv/lib/python3.10/site-packages/oslo_concurrency/processutils.py:372}}
Jan 09 16:46:36 devstack cinder-volume[81797]: DEBUG cinder.volume.drivers.quobyte [None req-3b9a8994-eec3-491a-bbc8-6d249f26ff84 tempest-TaggedBootDevicesTest_v242-1315714382 None] <== create_volume: return (1195ms) {'provider_location': 'osci02.corp.quobyte.com/cinder-vol-c87e0d87-08e8-4e52-9bbf-5731b2020165'} {{(pid=81797) trace_logging_wrapper /opt/stack/cinder/cinder/volume/volume_utils.py:1523}}
Jan 09 16:46:36 devstack cinder-volume[81797]: DEBUG oslo_concurrency.lockutils [None req-3b9a8994-eec3-491a-bbc8-6d249f26ff84 tempest-TaggedBootDevicesTest_v242-1315714382 None] Lock "quobyte" "released" by "cinder.volume.drivers.quobyte.QuobyteDriver.create_volume" :: held 1.198s {{(pid=81797) inner /opt/stack/data/venv/lib/python3.10/site-packages/oslo_concurrency/lockutils.py:424}}
Jan 09 16:46:36 devstack cinder-volume[81797]: DEBUG oslo_concurrency.lockutils [None req-1b391eb3-8e8c-4c3d-89b4-abf68323b23f tempest-VolumesDeleteCascade-1503546006 None] Lock "quobyte" acquired by "cinder.volume.drivers.quobyte.QuobyteDriver.create_snapshot" :: waited 0.768s {{(pid=81797) inner /opt/stack/data/venv/lib/python3.10/site-packages/oslo_concurrency/lockutils.py:410}}
Jan 09 16:46:36 devstack cinder-volume[81797]: DEBUG cinder.volume.drivers.remotefs [None req-1b391eb3-8e8c-4c3d-89b4-abf68323b23f tempest-VolumesDeleteCascade-1503546006 None] Creating offline snapshot 0a5cd9cd-01fb-4586-babe-0d038d4cae62 of volume fc3ce104-33dd-4b73-bed5-37886cbdc7b4 {{(pid=81797) _create_snapshot /opt/stack/cinder/cinder/volume/drivers/remotefs.py:1817}}
Jan 09 16:46:36 devstack cinder-volume[81797]: DEBUG cinder.volume.manager [None req-3b9a8994-eec3-491a-bbc8-6d249f26ff84 tempest-TaggedBootDevicesTest_v242-1315714382 None] Task 'cinder.volume.flows.manager.create_volume.CreateVolumeFromSpecTask;volume:create' (f37b97d5-1073-48b1-aadd-6046f9b8d38b) transitioned into state 'SUCCESS' from state 'RUNNING' with result '{'status': 'creating', 'volume_name': 'volume-05722e52-89ca-446b-9c0a-4e6952fe3b6b', 'volume_size': 1}' {{(pid=81797) _task_receiver /opt/stack/data/venv/lib/python3.10/site-packages/taskflow/listeners/logging.py:182}}
Jan 09 16:46:36 devstack cinder-volume[81797]: DEBUG cinder.volume.manager [None req-3b9a8994-eec3-491a-bbc8-6d249f26ff84 tempest-TaggedBootDevicesTest_v242-1315714382 None] Task 'cinder.volume.flows.manager.create_volume.CreateVolumeOnFinishTask;volume:create, create.end' (3f8a2126-cb96-4782-b9f6-0a121a704073) transitioned into state 'RUNNING' from state 'PENDING' {{(pid=81797) _task_receiver /opt/stack/data/venv/lib/python3.10/site-packages/taskflow/listeners/logging.py:194}}
Jan 09 16:46:36 devstack cinder-volume[81797]: DEBUG oslo.privsep.daemon [-] privsep: reply[c81a2c27-98c8-4828-8e69-1832c33e4cd9]: (4, 'qcow2') {{(pid=82448) _call_back /opt/stack/data/venv/lib/python3.10/site-packages/oslo_privsep/daemon.py:515}}
Jan 09 16:46:36 devstack cinder-volume[81797]: DEBUG oslo_concurrency.processutils [None req-1b391eb3-8e8c-4c3d-89b4-abf68323b23f tempest-VolumesDeleteCascade-1503546006 None] Running cmd (subprocess): /opt/stack/data/venv/bin/python3.10 -m oslo_concurrency.prlimit --as=1073741824 --cpu=60 -- sudo cinder-rootwrap /etc/cinder/rootwrap.conf env LC_ALL=C qemu-img info -f qcow2 --output=json --force-share /opt/stack/data/cinder/mnt/4555af63f7425e09ffd7686a213f0482/volume-fc3ce104-33dd-4b73-bed5-37886cbdc7b4 {{(pid=81797) execute /opt/stack/data/venv/lib/python3.10/site-packages/oslo_concurrency/processutils.py:349}}
Jan 09 16:46:36 devstack cinder-volume[81797]: INFO cinder.volume.flows.manager.create_volume [None req-3b9a8994-eec3-491a-bbc8-6d249f26ff84 tempest-TaggedBootDevicesTest_v242-1315714382 None] Volume volume-05722e52-89ca-446b-9c0a-4e6952fe3b6b (05722e52-89ca-446b-9c0a-4e6952fe3b6b): created successfully
Jan 09 16:46:36 devstack cinder-volume[81797]: DEBUG cinder.volume.manager [None req-3b9a8994-eec3-491a-bbc8-6d249f26ff84 tempest-TaggedBootDevicesTest_v242-1315714382 None] Task 'cinder.volume.flows.manager.create_volume.CreateVolumeOnFinishTask;volume:create, create.end' (3f8a2126-cb96-4782-b9f6-0a121a704073) transitioned into state 'SUCCESS' from state 'RUNNING' with result 'None' {{(pid=81797) _task_receiver /opt/stack/data/venv/lib/python3.10/site-packages/taskflow/listeners/logging.py:182}}
Jan 09 16:46:36 devstack cinder-volume[81797]: DEBUG cinder.volume.manager [None req-3b9a8994-eec3-491a-bbc8-6d249f26ff84 tempest-TaggedBootDevicesTest_v242-1315714382 None] Flow 'volume_create_manager' (2231c621-c36d-4596-b08c-36bdbd531ffe) transitioned into state 'SUCCESS' from state 'RUNNING' {{(pid=81797) _flow_receiver /opt/stack/data/venv/lib/python3.10/site-packages/taskflow/listeners/logging.py:145}}
Jan 09 16:46:36 devstack cinder-volume[81797]: INFO cinder.volume.manager [None req-3b9a8994-eec3-491a-bbc8-6d249f26ff84 tempest-TaggedBootDevicesTest_v242-1315714382 None] Created volume successfully.
Jan 09 16:46:36 devstack sudo[84685]: quobyte : PWD=/ ; USER=root ; COMMAND=/opt/stack/data/venv/bin/cinder-rootwrap /etc/cinder/rootwrap.conf env LC_ALL=C qemu-img info -f qcow2 --output=json --force-share /opt/stack/data/cinder/mnt/4555af63f7425e09ffd7686a213f0482/volume-fc3ce104-33dd-4b73-bed5-37886cbdc7b4
Jan 09 16:46:36 devstack sudo[84685]: pam_unix(sudo:session): session opened for user root(uid=0) by (uid=1000)
Jan 09 16:46:37 devstack sudo[84685]: pam_unix(sudo:session): session closed for user root
Jan 09 16:46:37 devstack cinder-volume[81797]: DEBUG oslo_concurrency.processutils [None req-1b391eb3-8e8c-4c3d-89b4-abf68323b23f tempest-VolumesDeleteCascade-1503546006 None] CMD "/opt/stack/data/venv/bin/python3.10 -m oslo_concurrency.prlimit --as=1073741824 --cpu=60 -- sudo cinder-rootwrap /etc/cinder/rootwrap.conf env LC_ALL=C qemu-img info -f qcow2 --output=json --force-share /opt/stack/data/cinder/mnt/4555af63f7425e09ffd7686a213f0482/volume-fc3ce104-33dd-4b73-bed5-37886cbdc7b4" returned: 0 in 0.592s {{(pid=81797) execute /opt/stack/data/venv/lib/python3.10/site-packages/oslo_concurrency/processutils.py:372}}
Jan 09 16:46:37 devstack cinder-volume[81797]: DEBUG oslo_concurrency.processutils [None req-1b391eb3-8e8c-4c3d-89b4-abf68323b23f tempest-VolumesDeleteCascade-1503546006 None] Running cmd (subprocess): sudo cinder-rootwrap /etc/cinder/rootwrap.conf qemu-img create -f qcow2 -o backing_file=/opt/stack/data/cinder/mnt/4555af63f7425e09ffd7686a213f0482/volume-fc3ce104-33dd-4b73-bed5-37886cbdc7b4,backing_fmt=qcow2 /opt/stack/data/cinder/mnt/4555af63f7425e09ffd7686a213f0482/volume-fc3ce104-33dd-4b73-bed5-37886cbdc7b4.0a5cd9cd-01fb-4586-babe-0d038d4cae62 1G {{(pid=81797) execute /opt/stack/data/venv/lib/python3.10/site-packages/oslo_concurrency/processutils.py:349}}
Jan 09 16:46:37 devstack sudo[84690]: quobyte : PWD=/ ; USER=root ; COMMAND=/opt/stack/data/venv/bin/cinder-rootwrap /etc/cinder/rootwrap.conf qemu-img create -f qcow2 -o backing_file=/opt/stack/data/cinder/mnt/4555af63f7425e09ffd7686a213f0482/volume-fc3ce104-33dd-4b73-bed5-37886cbdc7b4,backing_fmt=qcow2 /opt/stack/data/cinder/mnt/4555af63f7425e09ffd7686a213f0482/volume-fc3ce104-33dd-4b73-bed5-37886cbdc7b4.0a5cd9cd-01fb-4586-babe-0d038d4cae62 1G
Jan 09 16:46:37 devstack sudo[84690]: pam_unix(sudo:session): session opened for user root(uid=0) by (uid=1000)
Jan 09 16:46:37 devstack sudo[84690]: pam_unix(sudo:session): session closed for user root
Jan 09 16:46:37 devstack cinder-volume[81797]: DEBUG oslo_concurrency.processutils [None req-1b391eb3-8e8c-4c3d-89b4-abf68323b23f tempest-VolumesDeleteCascade-1503546006 None] CMD "sudo cinder-rootwrap /etc/cinder/rootwrap.conf qemu-img create -f qcow2 -o backing_file=/opt/stack/data/cinder/mnt/4555af63f7425e09ffd7686a213f0482/volume-fc3ce104-33dd-4b73-bed5-37886cbdc7b4,backing_fmt=qcow2 /opt/stack/data/cinder/mnt/4555af63f7425e09ffd7686a213f0482/volume-fc3ce104-33dd-4b73-bed5-37886cbdc7b4.0a5cd9cd-01fb-4586-babe-0d038d4cae62 1G" returned: 0 in 0.557s {{(pid=81797) execute /opt/stack/data/venv/lib/python3.10/site-packages/oslo_concurrency/processutils.py:372}}
Jan 09 16:46:37 devstack cinder-volume[81797]: DEBUG oslo_concurrency.processutils [None req-1b391eb3-8e8c-4c3d-89b4-abf68323b23f tempest-VolumesDeleteCascade-1503546006 None] Running cmd (subprocess): sudo cinder-rootwrap /etc/cinder/rootwrap.conf qemu-img rebase -u -b volume-fc3ce104-33dd-4b73-bed5-37886cbdc7b4 -F qcow2 /opt/stack/data/cinder/mnt/4555af63f7425e09ffd7686a213f0482/volume-fc3ce104-33dd-4b73-bed5-37886cbdc7b4.0a5cd9cd-01fb-4586-babe-0d038d4cae62 {{(pid=81797) execute /opt/stack/data/venv/lib/python3.10/site-packages/oslo_concurrency/processutils.py:349}}
Jan 09 16:46:37 devstack sudo[84695]: quobyte : PWD=/ ; USER=root ; COMMAND=/opt/stack/data/venv/bin/cinder-rootwrap /etc/cinder/rootwrap.conf qemu-img rebase -u -b volume-fc3ce104-33dd-4b73-bed5-37886cbdc7b4 -F qcow2 /opt/stack/data/cinder/mnt/4555af63f7425e09ffd7686a213f0482/volume-fc3ce104-33dd-4b73-bed5-37886cbdc7b4.0a5cd9cd-01fb-4586-babe-0d038d4cae62
Jan 09 16:46:37 devstack sudo[84695]: pam_unix(sudo:session): session opened for user root(uid=0) by (uid=1000)
Jan 09 16:46:38 devstack sudo[84695]: pam_unix(sudo:session): session closed for user root
Jan 09 16:46:38 devstack cinder-volume[81797]: DEBUG oslo_concurrency.processutils [None req-1b391eb3-8e8c-4c3d-89b4-abf68323b23f tempest-VolumesDeleteCascade-1503546006 None] CMD "sudo cinder-rootwrap /etc/cinder/rootwrap.conf qemu-img rebase -u -b volume-fc3ce104-33dd-4b73-bed5-37886cbdc7b4 -F qcow2 /opt/stack/data/cinder/mnt/4555af63f7425e09ffd7686a213f0482/volume-fc3ce104-33dd-4b73-bed5-37886cbdc7b4.0a5cd9cd-01fb-4586-babe-0d038d4cae62" returned: 0 in 0.559s {{(pid=81797) execute /opt/stack/data/venv/lib/python3.10/site-packages/oslo_concurrency/processutils.py:372}}
Jan 09 16:46:38 devstack cinder-volume[81797]: WARNING cinder.volume.drivers.remotefs [None req-1b391eb3-8e8c-4c3d-89b4-abf68323b23f tempest-VolumesDeleteCascade-1503546006 None] /opt/stack/data/cinder/mnt/4555af63f7425e09ffd7686a213f0482/volume-fc3ce104-33dd-4b73-bed5-37886cbdc7b4.0a5cd9cd-01fb-4586-babe-0d038d4cae62 is being set with open permissions: ugo+rw
Jan 09 16:46:38 devstack cinder-volume[81797]: DEBUG oslo_concurrency.processutils [None req-1b391eb3-8e8c-4c3d-89b4-abf68323b23f tempest-VolumesDeleteCascade-1503546006 None] Running cmd (subprocess): sudo cinder-rootwrap /etc/cinder/rootwrap.conf chmod ugo+rw /opt/stack/data/cinder/mnt/4555af63f7425e09ffd7686a213f0482/volume-fc3ce104-33dd-4b73-bed5-37886cbdc7b4.0a5cd9cd-01fb-4586-babe-0d038d4cae62 {{(pid=81797) execute /opt/stack/data/venv/lib/python3.10/site-packages/oslo_concurrency/processutils.py:349}}
Jan 09 16:46:38 devstack sudo[84700]: quobyte : PWD=/ ; USER=root ; COMMAND=/opt/stack/data/venv/bin/cinder-rootwrap /etc/cinder/rootwrap.conf chmod ugo+rw /opt/stack/data/cinder/mnt/4555af63f7425e09ffd7686a213f0482/volume-fc3ce104-33dd-4b73-bed5-37886cbdc7b4.0a5cd9cd-01fb-4586-babe-0d038d4cae62
Jan 09 16:46:38 devstack sudo[84700]: pam_unix(sudo:session): session opened for user root(uid=0) by (uid=1000)
Jan 09 16:46:39 devstack sudo[84700]: pam_unix(sudo:session): session closed for user root
Jan 09 16:46:39 devstack cinder-volume[81797]: DEBUG oslo_concurrency.processutils [None req-1b391eb3-8e8c-4c3d-89b4-abf68323b23f tempest-VolumesDeleteCascade-1503546006 None] CMD "sudo cinder-rootwrap /etc/cinder/rootwrap.conf chmod ugo+rw /opt/stack/data/cinder/mnt/4555af63f7425e09ffd7686a213f0482/volume-fc3ce104-33dd-4b73-bed5-37886cbdc7b4.0a5cd9cd-01fb-4586-babe-0d038d4cae62" returned: 0 in 0.539s {{(pid=81797) execute /opt/stack/data/venv/lib/python3.10/site-packages/oslo_concurrency/processutils.py:372}}
Jan 09 16:46:39 devstack cinder-volume[81797]: DEBUG oslo_concurrency.processutils [None req-1b391eb3-8e8c-4c3d-89b4-abf68323b23f tempest-VolumesDeleteCascade-1503546006 None] Running cmd (subprocess): sudo cinder-rootwrap /etc/cinder/rootwrap.conf truncate -s0 /opt/stack/data/cinder/mnt/4555af63f7425e09ffd7686a213f0482/volume-fc3ce104-33dd-4b73-bed5-37886cbdc7b4.info {{(pid=81797) execute /opt/stack/data/venv/lib/python3.10/site-packages/oslo_concurrency/processutils.py:349}}
Jan 09 16:46:39 devstack sudo[84704]: quobyte : PWD=/ ; USER=root ; COMMAND=/opt/stack/data/venv/bin/cinder-rootwrap /etc/cinder/rootwrap.conf truncate -s0 /opt/stack/data/cinder/mnt/4555af63f7425e09ffd7686a213f0482/volume-fc3ce104-33dd-4b73-bed5-37886cbdc7b4.info
Jan 09 16:46:39 devstack sudo[84704]: pam_unix(sudo:session): session opened for user root(uid=0) by (uid=1000)
Jan 09 16:46:39 devstack sudo[84704]: pam_unix(sudo:session): session closed for user root
Jan 09 16:46:39 devstack cinder-volume[81797]: DEBUG oslo_concurrency.processutils [None req-1b391eb3-8e8c-4c3d-89b4-abf68323b23f tempest-VolumesDeleteCascade-1503546006 None] CMD "sudo cinder-rootwrap /etc/cinder/rootwrap.conf truncate -s0 /opt/stack/data/cinder/mnt/4555af63f7425e09ffd7686a213f0482/volume-fc3ce104-33dd-4b73-bed5-37886cbdc7b4.info" returned: 0 in 0.615s {{(pid=81797) execute /opt/stack/data/venv/lib/python3.10/site-packages/oslo_concurrency/processutils.py:372}}
Jan 09 16:46:39 devstack cinder-volume[81797]: WARNING cinder.volume.drivers.remotefs [None req-1b391eb3-8e8c-4c3d-89b4-abf68323b23f tempest-VolumesDeleteCascade-1503546006 None] /opt/stack/data/cinder/mnt/4555af63f7425e09ffd7686a213f0482/volume-fc3ce104-33dd-4b73-bed5-37886cbdc7b4.info is being set with open permissions: ugo+rw
Jan 09 16:46:39 devstack cinder-volume[81797]: DEBUG oslo_concurrency.processutils [None req-1b391eb3-8e8c-4c3d-89b4-abf68323b23f tempest-VolumesDeleteCascade-1503546006 None] Running cmd (subprocess): sudo cinder-rootwrap /etc/cinder/rootwrap.conf chmod ugo+rw /opt/stack/data/cinder/mnt/4555af63f7425e09ffd7686a213f0482/volume-fc3ce104-33dd-4b73-bed5-37886cbdc7b4.info {{(pid=81797) execute /opt/stack/data/venv/lib/python3.10/site-packages/oslo_concurrency/processutils.py:349}}
Jan 09 16:46:39 devstack sudo[84707]: quobyte : PWD=/ ; USER=root ; COMMAND=/opt/stack/data/venv/bin/cinder-rootwrap /etc/cinder/rootwrap.conf chmod ugo+rw /opt/stack/data/cinder/mnt/4555af63f7425e09ffd7686a213f0482/volume-fc3ce104-33dd-4b73-bed5-37886cbdc7b4.info
Jan 09 16:46:39 devstack sudo[84707]: pam_unix(sudo:session): session opened for user root(uid=0) by (uid=1000)
Jan 09 16:46:40 devstack sudo[84707]: pam_unix(sudo:session): session closed for user root
Jan 09 16:46:40 devstack cinder-volume[81797]: DEBUG oslo_concurrency.processutils [None req-1b391eb3-8e8c-4c3d-89b4-abf68323b23f tempest-VolumesDeleteCascade-1503546006 None] CMD "sudo cinder-rootwrap /etc/cinder/rootwrap.conf chmod ugo+rw /opt/stack/data/cinder/mnt/4555af63f7425e09ffd7686a213f0482/volume-fc3ce104-33dd-4b73-bed5-37886cbdc7b4.info" returned: 0 in 0.435s {{(pid=81797) execute /opt/stack/data/venv/lib/python3.10/site-packages/oslo_concurrency/processutils.py:372}}
Jan 09 16:46:40 devstack cinder-volume[81797]: DEBUG oslo_concurrency.lockutils [None req-1b391eb3-8e8c-4c3d-89b4-abf68323b23f tempest-VolumesDeleteCascade-1503546006 None] Lock "quobyte" "released" by "cinder.volume.drivers.quobyte.QuobyteDriver.create_snapshot" :: held 3.389s {{(pid=81797) inner /opt/stack/data/venv/lib/python3.10/site-packages/oslo_concurrency/lockutils.py:424}}
Jan 09 16:46:40 devstack cinder-volume[81797]: INFO cinder.volume.manager [None req-1b391eb3-8e8c-4c3d-89b4-abf68323b23f tempest-VolumesDeleteCascade-1503546006 None] Create snapshot completed successfully
Jan 09 16:46:41 devstack cinder-volume[81797]: WARNING cinder.volume.volume_utils [None req-0ff48bb3-c8d8-44ac-99c8-8db1d25c1187 tempest-VolumesDeleteCascade-1503546006 None] Volume driver (QuobyteDriver 1.1.13) is currently unsupported and may be removed in the next release of OpenStack. Use at your own risk.
Jan 09 16:46:41 devstack cinder-volume[81797]: DEBUG oslo_concurrency.lockutils [None req-0ff48bb3-c8d8-44ac-99c8-8db1d25c1187 tempest-VolumesDeleteCascade-1503546006 None] Acquiring lock "quobyte" by "cinder.volume.drivers.quobyte.QuobyteDriver.create_snapshot" {{(pid=81797) inner /opt/stack/data/venv/lib/python3.10/site-packages/oslo_concurrency/lockutils.py:405}}
Jan 09 16:46:41 devstack cinder-volume[81797]: DEBUG oslo_concurrency.lockutils [None req-0ff48bb3-c8d8-44ac-99c8-8db1d25c1187 tempest-VolumesDeleteCascade-1503546006 None] Lock "quobyte" acquired by "cinder.volume.drivers.quobyte.QuobyteDriver.create_snapshot" :: waited 0.001s {{(pid=81797) inner /opt/stack/data/venv/lib/python3.10/site-packages/oslo_concurrency/lockutils.py:410}}
Jan 09 16:46:41 devstack cinder-volume[81797]: DEBUG cinder.volume.drivers.remotefs [None req-0ff48bb3-c8d8-44ac-99c8-8db1d25c1187 tempest-VolumesDeleteCascade-1503546006 None] Creating offline snapshot 93233c33-fce2-48c3-a01e-745ed18569fb of volume fc3ce104-33dd-4b73-bed5-37886cbdc7b4 {{(pid=81797) _create_snapshot /opt/stack/cinder/cinder/volume/drivers/remotefs.py:1817}}
Jan 09 16:46:41 devstack cinder-volume[81797]: DEBUG oslo.privsep.daemon [-] privsep: reply[b0170c31-4846-4947-9564-677f48e1d8c1]: (4, 'qcow2') {{(pid=82448) _call_back /opt/stack/data/venv/lib/python3.10/site-packages/oslo_privsep/daemon.py:515}}
Jan 09 16:46:41 devstack cinder-volume[81797]: DEBUG oslo_concurrency.processutils [None req-0ff48bb3-c8d8-44ac-99c8-8db1d25c1187 tempest-VolumesDeleteCascade-1503546006 None] Running cmd (subprocess): /opt/stack/data/venv/bin/python3.10 -m oslo_concurrency.prlimit --as=1073741824 --cpu=60 -- sudo cinder-rootwrap /etc/cinder/rootwrap.conf env LC_ALL=C qemu-img info -f qcow2 --output=json --force-share /opt/stack/data/cinder/mnt/4555af63f7425e09ffd7686a213f0482/volume-fc3ce104-33dd-4b73-bed5-37886cbdc7b4.0a5cd9cd-01fb-4586-babe-0d038d4cae62 {{(pid=81797) execute /opt/stack/data/venv/lib/python3.10/site-packages/oslo_concurrency/processutils.py:349}}
Jan 09 16:46:41 devstack sudo[84710]: quobyte : PWD=/ ; USER=root ; COMMAND=/opt/stack/data/venv/bin/cinder-rootwrap /etc/cinder/rootwrap.conf env LC_ALL=C qemu-img info -f qcow2 --output=json --force-share /opt/stack/data/cinder/mnt/4555af63f7425e09ffd7686a213f0482/volume-fc3ce104-33dd-4b73-bed5-37886cbdc7b4.0a5cd9cd-01fb-4586-babe-0d038d4cae62
Jan 09 16:46:41 devstack sudo[84710]: pam_unix(sudo:session): session opened for user root(uid=0) by (uid=1000)
Jan 09 16:46:42 devstack sudo[84710]: pam_unix(sudo:session): session closed for user root
Jan 09 16:46:42 devstack cinder-volume[81797]: DEBUG oslo_concurrency.processutils [None req-0ff48bb3-c8d8-44ac-99c8-8db1d25c1187 tempest-VolumesDeleteCascade-1503546006 None] CMD "/opt/stack/data/venv/bin/python3.10 -m oslo_concurrency.prlimit --as=1073741824 --cpu=60 -- sudo cinder-rootwrap /etc/cinder/rootwrap.conf env LC_ALL=C qemu-img info -f qcow2 --output=json --force-share /opt/stack/data/cinder/mnt/4555af63f7425e09ffd7686a213f0482/volume-fc3ce104-33dd-4b73-bed5-37886cbdc7b4.0a5cd9cd-01fb-4586-babe-0d038d4cae62" returned: 0 in 0.649s {{(pid=81797) execute /opt/stack/data/venv/lib/python3.10/site-packages/oslo_concurrency/processutils.py:372}}
Jan 09 16:46:42 devstack cinder-volume[81797]: DEBUG cinder.volume.drivers.remotefs [None req-0ff48bb3-c8d8-44ac-99c8-8db1d25c1187 tempest-VolumesDeleteCascade-1503546006 None] Fetching qemu-img info with special backing_file_template: (/opt/stack/data/cinder/mnt/[0-9a-f]+/)?(volume-fc3ce104-33dd-4b73-bed5-37886cbdc7b4(.(tmp-snap-)?[0-9a-f-]+)?|volume_from_snapshot_cache/(tmp-snap-)?[0-9a-f-]+(.(child-|parent-)[0-9a-f-]+)?)$ {{(pid=81797) _qemu_img_info_base /opt/stack/cinder/cinder/volume/drivers/remotefs.py:898}}
Jan 09 16:46:42 devstack cinder-volume[81797]: DEBUG oslo_concurrency.processutils [None req-0ff48bb3-c8d8-44ac-99c8-8db1d25c1187 tempest-VolumesDeleteCascade-1503546006 None] Running cmd (subprocess): sudo cinder-rootwrap /etc/cinder/rootwrap.conf qemu-img create -f qcow2 -o backing_file=/opt/stack/data/cinder/mnt/4555af63f7425e09ffd7686a213f0482/volume-fc3ce104-33dd-4b73-bed5-37886cbdc7b4.0a5cd9cd-01fb-4586-babe-0d038d4cae62,backing_fmt=qcow2 /opt/stack/data/cinder/mnt/4555af63f7425e09ffd7686a213f0482/volume-fc3ce104-33dd-4b73-bed5-37886cbdc7b4.93233c33-fce2-48c3-a01e-745ed18569fb 1G {{(pid=81797) execute /opt/stack/data/venv/lib/python3.10/site-packages/oslo_concurrency/processutils.py:349}}
Jan 09 16:46:42 devstack sudo[84715]: quobyte : PWD=/ ; USER=root ; COMMAND=/opt/stack/data/venv/bin/cinder-rootwrap /etc/cinder/rootwrap.conf qemu-img create -f qcow2 -o backing_file=/opt/stack/data/cinder/mnt/4555af63f7425e09ffd7686a213f0482/volume-fc3ce104-33dd-4b73-bed5-37886cbdc7b4.0a5cd9cd-01fb-4586-babe-0d038d4cae62,backing_fmt=qcow2 /opt/stack/data/cinder/mnt/4555af63f7425e09ffd7686a213f0482/volume-fc3ce104-33dd-4b73-bed5-37886cbdc7b4.93233c33-fce2-48c3-a01e-745ed18569fb 1G
Jan 09 16:46:42 devstack sudo[84715]: pam_unix(sudo:session): session opened for user root(uid=0) by (uid=1000)
Jan 09 16:46:42 devstack cinder-volume[81797]: DEBUG oslo_service.periodic_task [None req-0a659e34-683c-4c8e-916f-aed3d1089821 None None] Running periodic task VolumeManager.publish_service_capabilities {{(pid=81797) run_periodic_tasks /opt/stack/data/venv/lib/python3.10/site-packages/oslo_service/periodic_task.py:210}}
Jan 09 16:46:42 devstack cinder-volume[81797]: DEBUG oslo_concurrency.lockutils [None req-0a659e34-683c-4c8e-916f-aed3d1089821 None None] Acquiring lock "quobyte_ensure" by "cinder.volume.drivers.quobyte.QuobyteDriver._ensure_shares_mounted" {{(pid=81797) inner /opt/stack/data/venv/lib/python3.10/site-packages/oslo_concurrency/lockutils.py:405}}
Jan 09 16:46:42 devstack cinder-volume[81797]: DEBUG oslo_concurrency.lockutils [None req-0a659e34-683c-4c8e-916f-aed3d1089821 None None] Lock "quobyte_ensure" acquired by "cinder.volume.drivers.quobyte.QuobyteDriver._ensure_shares_mounted" :: waited 0.000s {{(pid=81797) inner /opt/stack/data/venv/lib/python3.10/site-packages/oslo_concurrency/lockutils.py:410}}
Jan 09 16:46:42 devstack cinder-volume[81797]: DEBUG cinder.volume.drivers.quobyte [None req-0a659e34-683c-4c8e-916f-aed3d1089821 None None] Quobyte Volume URL set to: {'osci02.corp.quobyte.com/cinder-vol-c87e0d87-08e8-4e52-9bbf-5731b2020165': None} {{(pid=81797) _load_shares_config /opt/stack/cinder/cinder/volume/drivers/quobyte.py:611}}
Jan 09 16:46:42 devstack cinder-volume[81797]: DEBUG cinder.volume.drivers.quobyte [None req-0a659e34-683c-4c8e-916f-aed3d1089821 None None] Available shares ['osci02.corp.quobyte.com/cinder-vol-c87e0d87-08e8-4e52-9bbf-5731b2020165'] {{(pid=81797) _ensure_shares_mounted /opt/stack/cinder/cinder/volume/drivers/quobyte.py:641}}
Jan 09 16:46:42 devstack cinder-volume[81797]: DEBUG oslo_concurrency.lockutils [None req-0a659e34-683c-4c8e-916f-aed3d1089821 None None] Lock "quobyte_ensure" "released" by "cinder.volume.drivers.quobyte.QuobyteDriver._ensure_shares_mounted" :: held 0.004s {{(pid=81797) inner /opt/stack/data/venv/lib/python3.10/site-packages/oslo_concurrency/lockutils.py:424}}
Jan 09 16:46:42 devstack cinder-volume[81797]: DEBUG oslo_concurrency.processutils [None req-0a659e34-683c-4c8e-916f-aed3d1089821 None None] Running cmd (subprocess): sudo cinder-rootwrap /etc/cinder/rootwrap.conf df --portability --block-size 1 /opt/stack/data/cinder/mnt/4555af63f7425e09ffd7686a213f0482 {{(pid=81797) execute /opt/stack/data/venv/lib/python3.10/site-packages/oslo_concurrency/processutils.py:349}}
Jan 09 16:46:42 devstack sudo[84717]: quobyte : PWD=/ ; USER=root ; COMMAND=/opt/stack/data/venv/bin/cinder-rootwrap /etc/cinder/rootwrap.conf df --portability --block-size 1 /opt/stack/data/cinder/mnt/4555af63f7425e09ffd7686a213f0482
Jan 09 16:46:42 devstack sudo[84717]: pam_unix(sudo:session): session opened for user root(uid=0) by (uid=1000)
Jan 09 16:46:42 devstack sudo[84715]: pam_unix(sudo:session): session closed for user root
Jan 09 16:46:42 devstack cinder-volume[81797]: DEBUG oslo_concurrency.processutils [None req-0ff48bb3-c8d8-44ac-99c8-8db1d25c1187 tempest-VolumesDeleteCascade-1503546006 None] CMD "sudo cinder-rootwrap /etc/cinder/rootwrap.conf qemu-img create -f qcow2 -o backing_file=/opt/stack/data/cinder/mnt/4555af63f7425e09ffd7686a213f0482/volume-fc3ce104-33dd-4b73-bed5-37886cbdc7b4.0a5cd9cd-01fb-4586-babe-0d038d4cae62,backing_fmt=qcow2 /opt/stack/data/cinder/mnt/4555af63f7425e09ffd7686a213f0482/volume-fc3ce104-33dd-4b73-bed5-37886cbdc7b4.93233c33-fce2-48c3-a01e-745ed18569fb 1G" returned: 0 in 0.754s {{(pid=81797) execute /opt/stack/data/venv/lib/python3.10/site-packages/oslo_concurrency/processutils.py:372}}
Jan 09 16:46:42 devstack cinder-volume[81797]: DEBUG oslo_concurrency.processutils [None req-0ff48bb3-c8d8-44ac-99c8-8db1d25c1187 tempest-VolumesDeleteCascade-1503546006 None] Running cmd (subprocess): sudo cinder-rootwrap /etc/cinder/rootwrap.conf qemu-img rebase -u -b volume-fc3ce104-33dd-4b73-bed5-37886cbdc7b4.0a5cd9cd-01fb-4586-babe-0d038d4cae62 -F qcow2 /opt/stack/data/cinder/mnt/4555af63f7425e09ffd7686a213f0482/volume-fc3ce104-33dd-4b73-bed5-37886cbdc7b4.93233c33-fce2-48c3-a01e-745ed18569fb {{(pid=81797) execute /opt/stack/data/venv/lib/python3.10/site-packages/oslo_concurrency/processutils.py:349}}
Jan 09 16:46:42 devstack sudo[84723]: quobyte : PWD=/ ; USER=root ; COMMAND=/opt/stack/data/venv/bin/cinder-rootwrap /etc/cinder/rootwrap.conf qemu-img rebase -u -b volume-fc3ce104-33dd-4b73-bed5-37886cbdc7b4.0a5cd9cd-01fb-4586-babe-0d038d4cae62 -F qcow2 /opt/stack/data/cinder/mnt/4555af63f7425e09ffd7686a213f0482/volume-fc3ce104-33dd-4b73-bed5-37886cbdc7b4.93233c33-fce2-48c3-a01e-745ed18569fb
Jan 09 16:46:42 devstack sudo[84717]: pam_unix(sudo:session): session closed for user root
Jan 09 16:46:42 devstack sudo[84723]: pam_unix(sudo:session): session opened for user root(uid=0) by (uid=1000)
Jan 09 16:46:42 devstack cinder-volume[81797]: DEBUG oslo_concurrency.processutils [None req-0a659e34-683c-4c8e-916f-aed3d1089821 None None] CMD "sudo cinder-rootwrap /etc/cinder/rootwrap.conf df --portability --block-size 1 /opt/stack/data/cinder/mnt/4555af63f7425e09ffd7686a213f0482" returned: 0 in 0.635s {{(pid=81797) execute /opt/stack/data/venv/lib/python3.10/site-packages/oslo_concurrency/processutils.py:372}}
Jan 09 16:46:42 devstack cinder-volume[81797]: DEBUG cinder.manager [None req-0a659e34-683c-4c8e-916f-aed3d1089821 None None] Notifying Schedulers of capabilities ... {{(pid=81797) _publish_service_capabilities /opt/stack/cinder/cinder/manager.py:202}}
Jan 09 16:46:43 devstack sudo[84723]: pam_unix(sudo:session): session closed for user root
Jan 09 16:46:43 devstack cinder-volume[81797]: DEBUG oslo_concurrency.processutils [None req-0ff48bb3-c8d8-44ac-99c8-8db1d25c1187 tempest-VolumesDeleteCascade-1503546006 None] CMD "sudo cinder-rootwrap /etc/cinder/rootwrap.conf qemu-img rebase -u -b volume-fc3ce104-33dd-4b73-bed5-37886cbdc7b4.0a5cd9cd-01fb-4586-babe-0d038d4cae62 -F qcow2 /opt/stack/data/cinder/mnt/4555af63f7425e09ffd7686a213f0482/volume-fc3ce104-33dd-4b73-bed5-37886cbdc7b4.93233c33-fce2-48c3-a01e-745ed18569fb" returned: 0 in 0.546s {{(pid=81797) execute /opt/stack/data/venv/lib/python3.10/site-packages/oslo_concurrency/processutils.py:372}}
Jan 09 16:46:43 devstack cinder-volume[81797]: WARNING cinder.volume.drivers.remotefs [None req-0ff48bb3-c8d8-44ac-99c8-8db1d25c1187 tempest-VolumesDeleteCascade-1503546006 None] /opt/stack/data/cinder/mnt/4555af63f7425e09ffd7686a213f0482/volume-fc3ce104-33dd-4b73-bed5-37886cbdc7b4.93233c33-fce2-48c3-a01e-745ed18569fb is being set with open permissions: ugo+rw
Jan 09 16:46:43 devstack cinder-volume[81797]: DEBUG oslo_concurrency.processutils [None req-0ff48bb3-c8d8-44ac-99c8-8db1d25c1187 tempest-VolumesDeleteCascade-1503546006 None] Running cmd (subprocess): sudo cinder-rootwrap /etc/cinder/rootwrap.conf chmod ugo+rw /opt/stack/data/cinder/mnt/4555af63f7425e09ffd7686a213f0482/volume-fc3ce104-33dd-4b73-bed5-37886cbdc7b4.93233c33-fce2-48c3-a01e-745ed18569fb {{(pid=81797) execute /opt/stack/data/venv/lib/python3.10/site-packages/oslo_concurrency/processutils.py:349}}
Jan 09 16:46:43 devstack sudo[84729]: quobyte : PWD=/ ; USER=root ; COMMAND=/opt/stack/data/venv/bin/cinder-rootwrap /etc/cinder/rootwrap.conf chmod ugo+rw /opt/stack/data/cinder/mnt/4555af63f7425e09ffd7686a213f0482/volume-fc3ce104-33dd-4b73-bed5-37886cbdc7b4.93233c33-fce2-48c3-a01e-745ed18569fb
Jan 09 16:46:43 devstack sudo[84729]: pam_unix(sudo:session): session opened for user root(uid=0) by (uid=1000)
Jan 09 16:46:43 devstack sudo[84729]: pam_unix(sudo:session): session closed for user root
Jan 09 16:46:43 devstack cinder-volume[81797]: DEBUG oslo_concurrency.processutils [None req-0ff48bb3-c8d8-44ac-99c8-8db1d25c1187 tempest-VolumesDeleteCascade-1503546006 None] CMD "sudo cinder-rootwrap /etc/cinder/rootwrap.conf chmod ugo+rw /opt/stack/data/cinder/mnt/4555af63f7425e09ffd7686a213f0482/volume-fc3ce104-33dd-4b73-bed5-37886cbdc7b4.93233c33-fce2-48c3-a01e-745ed18569fb" returned: 0 in 0.449s {{(pid=81797) execute /opt/stack/data/venv/lib/python3.10/site-packages/oslo_concurrency/processutils.py:372}}
Jan 09 16:46:43 devstack cinder-volume[81797]: DEBUG oslo_concurrency.lockutils [None req-0ff48bb3-c8d8-44ac-99c8-8db1d25c1187 tempest-VolumesDeleteCascade-1503546006 None] Lock "quobyte" "released" by "cinder.volume.drivers.quobyte.QuobyteDriver.create_snapshot" :: held 2.481s {{(pid=81797) inner /opt/stack/data/venv/lib/python3.10/site-packages/oslo_concurrency/lockutils.py:424}}
Jan 09 16:46:43 devstack cinder-volume[81797]: INFO cinder.volume.manager [None req-0ff48bb3-c8d8-44ac-99c8-8db1d25c1187 tempest-VolumesDeleteCascade-1503546006 None] Create snapshot completed successfully
Jan 09 16:46:44 devstack cinder-volume[81797]: DEBUG cinder.coordination [None req-fbc08aa8-886b-4c2d-b3ff-79756399f2ac tempest-VolumesDeleteCascade-1503546006 None] Acquiring lock "cinder-fc3ce104-33dd-4b73-bed5-37886cbdc7b4-delete_volume" by "delete_volume" {{(pid=81797) __acquire /opt/stack/cinder/cinder/coordination.py:143}}
Jan 09 16:46:44 devstack cinder-volume[81797]: DEBUG cinder.coordination [None req-fbc08aa8-886b-4c2d-b3ff-79756399f2ac tempest-VolumesDeleteCascade-1503546006 None] Lock "cinder-fc3ce104-33dd-4b73-bed5-37886cbdc7b4-delete_volume" acquired by "delete_volume" :: waited 0.016s {{(pid=81797) __acquire /opt/stack/cinder/cinder/coordination.py:146}}
Jan 09 16:46:44 devstack cinder-volume[81797]: WARNING cinder.volume.volume_utils [None req-fbc08aa8-886b-4c2d-b3ff-79756399f2ac tempest-VolumesDeleteCascade-1503546006 None] Volume driver (QuobyteDriver 1.1.13) is currently unsupported and may be removed in the next release of OpenStack. Use at your own risk.
Jan 09 16:46:44 devstack cinder-volume[81797]: DEBUG cinder.volume.manager [None req-fbc08aa8-886b-4c2d-b3ff-79756399f2ac tempest-VolumesDeleteCascade-1503546006 None] Performing cascade delete. {{(pid=81797) delete_volume /opt/stack/cinder/cinder/volume/manager.py:995}}
Jan 09 16:46:44 devstack cinder-volume[81797]: DEBUG cinder.coordination [None req-fbc08aa8-886b-4c2d-b3ff-79756399f2ac tempest-VolumesDeleteCascade-1503546006 None] Acquiring lock "cinder-0a5cd9cd-01fb-4586-babe-0d038d4cae62-delete_snapshot" by "delete_snapshot" {{(pid=81797) __acquire /opt/stack/cinder/cinder/coordination.py:143}}
Jan 09 16:46:44 devstack cinder-volume[81797]: DEBUG cinder.coordination [None req-fbc08aa8-886b-4c2d-b3ff-79756399f2ac tempest-VolumesDeleteCascade-1503546006 None] Lock "cinder-0a5cd9cd-01fb-4586-babe-0d038d4cae62-delete_snapshot" acquired by "delete_snapshot" :: waited 0.008s {{(pid=81797) __acquire /opt/stack/cinder/cinder/coordination.py:146}}
Jan 09 16:46:44 devstack cinder-volume[81797]: WARNING cinder.volume.volume_utils [None req-fbc08aa8-886b-4c2d-b3ff-79756399f2ac tempest-VolumesDeleteCascade-1503546006 None] Volume driver (QuobyteDriver 1.1.13) is currently unsupported and may be removed in the next release of OpenStack. Use at your own risk.
Jan 09 16:46:44 devstack cinder-volume[81797]: DEBUG cinder.coordination [None req-fbc08aa8-886b-4c2d-b3ff-79756399f2ac tempest-VolumesDeleteCascade-1503546006 None] Acquiring lock "cinder-quobyte-fc3ce104-33dd-4b73-bed5-37886cbdc7b4" by "delete_snapshot" {{(pid=81797) __acquire /opt/stack/cinder/cinder/coordination.py:143}}
Jan 09 16:46:44 devstack cinder-volume[81797]: DEBUG cinder.coordination [None req-fbc08aa8-886b-4c2d-b3ff-79756399f2ac tempest-VolumesDeleteCascade-1503546006 None] Lock "cinder-quobyte-fc3ce104-33dd-4b73-bed5-37886cbdc7b4" acquired by "delete_snapshot" :: waited 0.012s {{(pid=81797) __acquire /opt/stack/cinder/cinder/coordination.py:146}}
Jan 09 16:46:44 devstack cinder-volume[81797]: DEBUG cinder.coordination [None req-fbc08aa8-886b-4c2d-b3ff-79756399f2ac tempest-VolumesDeleteCascade-1503546006 None] Acquiring lock "cinder-quobyte-0a5cd9cd-01fb-4586-babe-0d038d4cae62" by "_delete_snapshot" {{(pid=81797) __acquire /opt/stack/cinder/cinder/coordination.py:143}}
Jan 09 16:46:44 devstack cinder-volume[81797]: DEBUG cinder.coordination [None req-fbc08aa8-886b-4c2d-b3ff-79756399f2ac tempest-VolumesDeleteCascade-1503546006 None] Lock "cinder-quobyte-0a5cd9cd-01fb-4586-babe-0d038d4cae62" acquired by "_delete_snapshot" :: waited 0.006s {{(pid=81797) __acquire /opt/stack/cinder/cinder/coordination.py:146}}
Jan 09 16:46:44 devstack cinder-volume[81797]: DEBUG cinder.volume.drivers.remotefs [None req-fbc08aa8-886b-4c2d-b3ff-79756399f2ac tempest-VolumesDeleteCascade-1503546006 None] Deleting offline snapshot 0a5cd9cd-01fb-4586-babe-0d038d4cae62 of volume fc3ce104-33dd-4b73-bed5-37886cbdc7b4 {{(pid=81797) _delete_snapshot /opt/stack/cinder/cinder/volume/drivers/remotefs.py:1290}}
Jan 09 16:46:44 devstack cinder-volume[81797]: DEBUG cinder.volume.drivers.remotefs [None req-fbc08aa8-886b-4c2d-b3ff-79756399f2ac tempest-VolumesDeleteCascade-1503546006 None] snapshot_file for this snap is: volume-fc3ce104-33dd-4b73-bed5-37886cbdc7b4.0a5cd9cd-01fb-4586-babe-0d038d4cae62 {{(pid=81797) _delete_snapshot /opt/stack/cinder/cinder/volume/drivers/remotefs.py:1319}}
Jan 09 16:46:44 devstack cinder-volume[81797]: DEBUG oslo.privsep.daemon [-] privsep: reply[afc09e8d-732d-4c32-be63-40d2edb49416]: (4, 'qcow2') {{(pid=82448) _call_back /opt/stack/data/venv/lib/python3.10/site-packages/oslo_privsep/daemon.py:515}}
Jan 09 16:46:44 devstack cinder-volume[81797]: DEBUG oslo_concurrency.processutils [None req-fbc08aa8-886b-4c2d-b3ff-79756399f2ac tempest-VolumesDeleteCascade-1503546006 None] Running cmd (subprocess): /opt/stack/data/venv/bin/python3.10 -m oslo_concurrency.prlimit --as=1073741824 --cpu=60 -- sudo cinder-rootwrap /etc/cinder/rootwrap.conf env LC_ALL=C qemu-img info -f qcow2 --output=json --force-share /opt/stack/data/cinder/mnt/4555af63f7425e09ffd7686a213f0482/volume-fc3ce104-33dd-4b73-bed5-37886cbdc7b4.0a5cd9cd-01fb-4586-babe-0d038d4cae62 {{(pid=81797) execute /opt/stack/data/venv/lib/python3.10/site-packages/oslo_concurrency/processutils.py:349}}
Jan 09 16:46:44 devstack sudo[84732]: quobyte : PWD=/ ; USER=root ; COMMAND=/opt/stack/data/venv/bin/cinder-rootwrap /etc/cinder/rootwrap.conf env LC_ALL=C qemu-img info -f qcow2 --output=json --force-share /opt/stack/data/cinder/mnt/4555af63f7425e09ffd7686a213f0482/volume-fc3ce104-33dd-4b73-bed5-37886cbdc7b4.0a5cd9cd-01fb-4586-babe-0d038d4cae62
Jan 09 16:46:44 devstack sudo[84732]: pam_unix(sudo:session): session opened for user root(uid=0) by (uid=1000)
Jan 09 16:46:45 devstack sudo[84732]: pam_unix(sudo:session): session closed for user root
Jan 09 16:46:45 devstack cinder-volume[81797]: DEBUG oslo_concurrency.processutils [None req-fbc08aa8-886b-4c2d-b3ff-79756399f2ac tempest-VolumesDeleteCascade-1503546006 None] CMD "/opt/stack/data/venv/bin/python3.10 -m oslo_concurrency.prlimit --as=1073741824 --cpu=60 -- sudo cinder-rootwrap /etc/cinder/rootwrap.conf env LC_ALL=C qemu-img info -f qcow2 --output=json --force-share /opt/stack/data/cinder/mnt/4555af63f7425e09ffd7686a213f0482/volume-fc3ce104-33dd-4b73-bed5-37886cbdc7b4.0a5cd9cd-01fb-4586-babe-0d038d4cae62" returned: 0 in 0.591s {{(pid=81797) execute /opt/stack/data/venv/lib/python3.10/site-packages/oslo_concurrency/processutils.py:372}}
Jan 09 16:46:45 devstack cinder-volume[81797]: DEBUG cinder.volume.drivers.remotefs [None req-fbc08aa8-886b-4c2d-b3ff-79756399f2ac tempest-VolumesDeleteCascade-1503546006 None] Fetching qemu-img info with special backing_file_template: (/opt/stack/data/cinder/mnt/[0-9a-f]+/)?(volume-fc3ce104-33dd-4b73-bed5-37886cbdc7b4(.(tmp-snap-)?[0-9a-f-]+)?|volume_from_snapshot_cache/(tmp-snap-)?[0-9a-f-]+(.(child-|parent-)[0-9a-f-]+)?)$ {{(pid=81797) _qemu_img_info_base /opt/stack/cinder/cinder/volume/drivers/remotefs.py:898}}
Jan 09 16:46:45 devstack cinder-volume[81797]: DEBUG oslo.privsep.daemon [-] privsep: reply[f57f0f39-830d-4317-a0d3-9d0cf290c4bb]: (4, 'qcow2') {{(pid=82448) _call_back /opt/stack/data/venv/lib/python3.10/site-packages/oslo_privsep/daemon.py:515}}
Jan 09 16:46:45 devstack cinder-volume[81797]: DEBUG oslo_concurrency.processutils [None req-fbc08aa8-886b-4c2d-b3ff-79756399f2ac tempest-VolumesDeleteCascade-1503546006 None] Running cmd (subprocess): /opt/stack/data/venv/bin/python3.10 -m oslo_concurrency.prlimit --as=1073741824 --cpu=60 -- sudo cinder-rootwrap /etc/cinder/rootwrap.conf env LC_ALL=C qemu-img info -f qcow2 --output=json --force-share /opt/stack/data/cinder/mnt/4555af63f7425e09ffd7686a213f0482/volume-fc3ce104-33dd-4b73-bed5-37886cbdc7b4 {{(pid=81797) execute /opt/stack/data/venv/lib/python3.10/site-packages/oslo_concurrency/processutils.py:349}}
Jan 09 16:46:45 devstack sudo[84737]: quobyte : PWD=/ ; USER=root ; COMMAND=/opt/stack/data/venv/bin/cinder-rootwrap /etc/cinder/rootwrap.conf env LC_ALL=C qemu-img info -f qcow2 --output=json --force-share /opt/stack/data/cinder/mnt/4555af63f7425e09ffd7686a213f0482/volume-fc3ce104-33dd-4b73-bed5-37886cbdc7b4
Jan 09 16:46:45 devstack sudo[84737]: pam_unix(sudo:session): session opened for user root(uid=0) by (uid=1000)
Jan 09 16:46:45 devstack sudo[84737]: pam_unix(sudo:session): session closed for user root
Jan 09 16:46:45 devstack cinder-volume[81797]: DEBUG oslo_concurrency.processutils [None req-fbc08aa8-886b-4c2d-b3ff-79756399f2ac tempest-VolumesDeleteCascade-1503546006 None] CMD "/opt/stack/data/venv/bin/python3.10 -m oslo_concurrency.prlimit --as=1073741824 --cpu=60 -- sudo cinder-rootwrap /etc/cinder/rootwrap.conf env LC_ALL=C qemu-img info -f qcow2 --output=json --force-share /opt/stack/data/cinder/mnt/4555af63f7425e09ffd7686a213f0482/volume-fc3ce104-33dd-4b73-bed5-37886cbdc7b4" returned: 0 in 0.596s {{(pid=81797) execute /opt/stack/data/venv/lib/python3.10/site-packages/oslo_concurrency/processutils.py:372}}
Jan 09 16:46:45 devstack cinder-volume[81797]: DEBUG oslo.privsep.daemon [-] privsep: reply[db14142d-6b93-4c39-8b9c-3e11350dcf97]: (4, 'qcow2') {{(pid=82448) _call_back /opt/stack/data/venv/lib/python3.10/site-packages/oslo_privsep/daemon.py:515}}
Jan 09 16:46:45 devstack cinder-volume[81797]: DEBUG oslo_concurrency.processutils [None req-fbc08aa8-886b-4c2d-b3ff-79756399f2ac tempest-VolumesDeleteCascade-1503546006 None] Running cmd (subprocess): /opt/stack/data/venv/bin/python3.10 -m oslo_concurrency.prlimit --as=1073741824 --cpu=60 -- sudo cinder-rootwrap /etc/cinder/rootwrap.conf env LC_ALL=C qemu-img info -f qcow2 --output=json --force-share /opt/stack/data/cinder/mnt/4555af63f7425e09ffd7686a213f0482/volume-fc3ce104-33dd-4b73-bed5-37886cbdc7b4.93233c33-fce2-48c3-a01e-745ed18569fb {{(pid=81797) execute /opt/stack/data/venv/lib/python3.10/site-packages/oslo_concurrency/processutils.py:349}}
Jan 09 16:46:45 devstack sudo[84742]: quobyte : PWD=/ ; USER=root ; COMMAND=/opt/stack/data/venv/bin/cinder-rootwrap /etc/cinder/rootwrap.conf env LC_ALL=C qemu-img info -f qcow2 --output=json --force-share /opt/stack/data/cinder/mnt/4555af63f7425e09ffd7686a213f0482/volume-fc3ce104-33dd-4b73-bed5-37886cbdc7b4.93233c33-fce2-48c3-a01e-745ed18569fb
Jan 09 16:46:45 devstack sudo[84742]: pam_unix(sudo:session): session opened for user root(uid=0) by (uid=1000)
Jan 09 16:46:46 devstack sudo[84742]: pam_unix(sudo:session): session closed for user root
Jan 09 16:46:46 devstack cinder-volume[81797]: DEBUG oslo_concurrency.processutils [None req-fbc08aa8-886b-4c2d-b3ff-79756399f2ac tempest-VolumesDeleteCascade-1503546006 None] CMD "/opt/stack/data/venv/bin/python3.10 -m oslo_concurrency.prlimit --as=1073741824 --cpu=60 -- sudo cinder-rootwrap /etc/cinder/rootwrap.conf env LC_ALL=C qemu-img info -f qcow2 --output=json --force-share /opt/stack/data/cinder/mnt/4555af63f7425e09ffd7686a213f0482/volume-fc3ce104-33dd-4b73-bed5-37886cbdc7b4.93233c33-fce2-48c3-a01e-745ed18569fb" returned: 0 in 0.603s {{(pid=81797) execute /opt/stack/data/venv/lib/python3.10/site-packages/oslo_concurrency/processutils.py:372}}
Jan 09 16:46:46 devstack cinder-volume[81797]: DEBUG cinder.volume.drivers.remotefs [None req-fbc08aa8-886b-4c2d-b3ff-79756399f2ac tempest-VolumesDeleteCascade-1503546006 None] Fetching qemu-img info with special backing_file_template: (/opt/stack/data/cinder/mnt/[0-9a-f]+/)?(volume-fc3ce104-33dd-4b73-bed5-37886cbdc7b4(.(tmp-snap-)?[0-9a-f-]+)?|volume_from_snapshot_cache/(tmp-snap-)?[0-9a-f-]+(.(child-|parent-)[0-9a-f-]+)?)$ {{(pid=81797) _qemu_img_info_base /opt/stack/cinder/cinder/volume/drivers/remotefs.py:898}}
Jan 09 16:46:46 devstack cinder-volume[81797]: DEBUG oslo.privsep.daemon [-] privsep: reply[024214f2-1985-4e19-b4be-ad76d1ac8e04]: (4, 'qcow2') {{(pid=82448) _call_back /opt/stack/data/venv/lib/python3.10/site-packages/oslo_privsep/daemon.py:515}}
Jan 09 16:46:46 devstack cinder-volume[81797]: DEBUG oslo_concurrency.processutils [None req-fbc08aa8-886b-4c2d-b3ff-79756399f2ac tempest-VolumesDeleteCascade-1503546006 None] Running cmd (subprocess): /opt/stack/data/venv/bin/python3.10 -m oslo_concurrency.prlimit --as=1073741824 --cpu=60 -- sudo cinder-rootwrap /etc/cinder/rootwrap.conf env LC_ALL=C qemu-img info -f qcow2 --output=json --force-share /opt/stack/data/cinder/mnt/4555af63f7425e09ffd7686a213f0482/volume-fc3ce104-33dd-4b73-bed5-37886cbdc7b4.0a5cd9cd-01fb-4586-babe-0d038d4cae62 {{(pid=81797) execute /opt/stack/data/venv/lib/python3.10/site-packages/oslo_concurrency/processutils.py:349}}
Jan 09 16:46:46 devstack sudo[84747]: quobyte : PWD=/ ; USER=root ; COMMAND=/opt/stack/data/venv/bin/cinder-rootwrap /etc/cinder/rootwrap.conf env LC_ALL=C qemu-img info -f qcow2 --output=json --force-share /opt/stack/data/cinder/mnt/4555af63f7425e09ffd7686a213f0482/volume-fc3ce104-33dd-4b73-bed5-37886cbdc7b4.0a5cd9cd-01fb-4586-babe-0d038d4cae62
Jan 09 16:46:46 devstack sudo[84747]: pam_unix(sudo:session): session opened for user root(uid=0) by (uid=1000)
Jan 09 16:46:47 devstack sudo[84747]: pam_unix(sudo:session): session closed for user root
Jan 09 16:46:47 devstack cinder-volume[81797]: DEBUG oslo_concurrency.processutils [None req-fbc08aa8-886b-4c2d-b3ff-79756399f2ac tempest-VolumesDeleteCascade-1503546006 None] CMD "/opt/stack/data/venv/bin/python3.10 -m oslo_concurrency.prlimit --as=1073741824 --cpu=60 -- sudo cinder-rootwrap /etc/cinder/rootwrap.conf env LC_ALL=C qemu-img info -f qcow2 --output=json --force-share /opt/stack/data/cinder/mnt/4555af63f7425e09ffd7686a213f0482/volume-fc3ce104-33dd-4b73-bed5-37886cbdc7b4.0a5cd9cd-01fb-4586-babe-0d038d4cae62" returned: 0 in 0.615s {{(pid=81797) execute /opt/stack/data/venv/lib/python3.10/site-packages/oslo_concurrency/processutils.py:372}}
Jan 09 16:46:47 devstack cinder-volume[81797]: DEBUG cinder.volume.drivers.remotefs [None req-fbc08aa8-886b-4c2d-b3ff-79756399f2ac tempest-VolumesDeleteCascade-1503546006 None] Fetching qemu-img info with special backing_file_template: (/opt/stack/data/cinder/mnt/[0-9a-f]+/)?(volume-fc3ce104-33dd-4b73-bed5-37886cbdc7b4(.(tmp-snap-)?[0-9a-f-]+)?|volume_from_snapshot_cache/(tmp-snap-)?[0-9a-f-]+(.(child-|parent-)[0-9a-f-]+)?)$ {{(pid=81797) _qemu_img_info_base /opt/stack/cinder/cinder/volume/drivers/remotefs.py:898}}
Jan 09 16:46:47 devstack cinder-volume[81797]: DEBUG oslo.privsep.daemon [-] privsep: reply[b0540eec-936a-4186-a772-75a01389e075]: (4, 'qcow2') {{(pid=82448) _call_back /opt/stack/data/venv/lib/python3.10/site-packages/oslo_privsep/daemon.py:515}}
Jan 09 16:46:47 devstack cinder-volume[81797]: DEBUG oslo_concurrency.processutils [None req-fbc08aa8-886b-4c2d-b3ff-79756399f2ac tempest-VolumesDeleteCascade-1503546006 None] Running cmd (subprocess): /opt/stack/data/venv/bin/python3.10 -m oslo_concurrency.prlimit --as=1073741824 --cpu=60 -- sudo cinder-rootwrap /etc/cinder/rootwrap.conf env LC_ALL=C qemu-img info -f qcow2 --output=json --force-share /opt/stack/data/cinder/mnt/4555af63f7425e09ffd7686a213f0482/volume-fc3ce104-33dd-4b73-bed5-37886cbdc7b4 {{(pid=81797) execute /opt/stack/data/venv/lib/python3.10/site-packages/oslo_concurrency/processutils.py:349}}
Jan 09 16:46:47 devstack sudo[84752]: quobyte : PWD=/ ; USER=root ; COMMAND=/opt/stack/data/venv/bin/cinder-rootwrap /etc/cinder/rootwrap.conf env LC_ALL=C qemu-img info -f qcow2 --output=json --force-share /opt/stack/data/cinder/mnt/4555af63f7425e09ffd7686a213f0482/volume-fc3ce104-33dd-4b73-bed5-37886cbdc7b4
Jan 09 16:46:47 devstack sudo[84752]: pam_unix(sudo:session): session opened for user root(uid=0) by (uid=1000)
Jan 09 16:46:47 devstack sudo[84752]: pam_unix(sudo:session): session closed for user root
Jan 09 16:46:47 devstack cinder-volume[81797]: DEBUG oslo_concurrency.processutils [None req-fbc08aa8-886b-4c2d-b3ff-79756399f2ac tempest-VolumesDeleteCascade-1503546006 None] CMD "/opt/stack/data/venv/bin/python3.10 -m oslo_concurrency.prlimit --as=1073741824 --cpu=60 -- sudo cinder-rootwrap /etc/cinder/rootwrap.conf env LC_ALL=C qemu-img info -f qcow2 --output=json --force-share /opt/stack/data/cinder/mnt/4555af63f7425e09ffd7686a213f0482/volume-fc3ce104-33dd-4b73-bed5-37886cbdc7b4" returned: 0 in 0.560s {{(pid=81797) execute /opt/stack/data/venv/lib/python3.10/site-packages/oslo_concurrency/processutils.py:372}}
Jan 09 16:46:47 devstack cinder-volume[81797]: DEBUG oslo_concurrency.processutils [None req-fbc08aa8-886b-4c2d-b3ff-79756399f2ac tempest-VolumesDeleteCascade-1503546006 None] Running cmd (subprocess): sudo cinder-rootwrap /etc/cinder/rootwrap.conf qemu-img commit -d /opt/stack/data/cinder/mnt/4555af63f7425e09ffd7686a213f0482/volume-fc3ce104-33dd-4b73-bed5-37886cbdc7b4.0a5cd9cd-01fb-4586-babe-0d038d4cae62 {{(pid=81797) execute /opt/stack/data/venv/lib/python3.10/site-packages/oslo_concurrency/processutils.py:349}}
Jan 09 16:46:47 devstack sudo[84759]: quobyte : PWD=/ ; USER=root ; COMMAND=/opt/stack/data/venv/bin/cinder-rootwrap /etc/cinder/rootwrap.conf qemu-img commit -d /opt/stack/data/cinder/mnt/4555af63f7425e09ffd7686a213f0482/volume-fc3ce104-33dd-4b73-bed5-37886cbdc7b4.0a5cd9cd-01fb-4586-babe-0d038d4cae62
Jan 09 16:46:47 devstack sudo[84759]: pam_unix(sudo:session): session opened for user root(uid=0) by (uid=1000)
Jan 09 16:46:48 devstack sudo[84759]: pam_unix(sudo:session): session closed for user root
