Sep 25 19:15:59 devstack devstack@n-api.service[63422]: DEBUG nova.api.openstack.wsgi_app [-] oslo_limit.endpoint_region_name = None {{(pid=63422) log_opt_values /opt/stack/data/venv/lib/python3.10/site-packages/oslo_config/cfg.py:2824}}
Sep 25 19:15:59 devstack devstack@n-api.service[63422]: DEBUG nova.api.openstack.wsgi_app [-] oslo_limit.endpoint_service_name = None {{(pid=63422) log_opt_values /opt/stack/data/venv/lib/python3.10/site-packages/oslo_config/cfg.py:2824}}
Sep 25 19:15:59 devstack devstack@n-api.service[63422]: DEBUG nova.api.openstack.wsgi_app [-] oslo_limit.endpoint_service_type = None {{(pid=63422) log_opt_values /opt/stack/data/venv/lib/python3.10/site-packages/oslo_config/cfg.py:2824}}
Sep 25 19:15:59 devstack devstack@n-api.service[63422]: DEBUG nova.api.openstack.wsgi_app [-] oslo_limit.insecure = False {{(pid=63422) log_opt_values /opt/stack/data/venv/lib/python3.10/site-packages/oslo_config/cfg.py:2824}}
Sep 25 19:15:59 devstack devstack@n-api.service[63422]: DEBUG nova.api.openstack.wsgi_app [-] oslo_limit.keyfile = None {{(pid=63422) log_opt_values /opt/stack/data/venv/lib/python3.10/site-packages/oslo_config/cfg.py:2824}}
Sep 25 19:15:59 devstack devstack@n-api.service[63422]: DEBUG nova.api.openstack.wsgi_app [-] oslo_limit.max_version = None {{(pid=63422) log_opt_values /opt/stack/data/venv/lib/python3.10/site-packages/oslo_config/cfg.py:2824}}
Sep 25 19:15:59 devstack devstack@n-api.service[63422]: DEBUG nova.api.openstack.wsgi_app [-] oslo_limit.min_version = None {{(pid=63422) log_opt_values /opt/stack/data/venv/lib/python3.10/site-packages/oslo_config/cfg.py:2824}}
Sep 25 19:15:59 devstack devstack@n-api.service[63422]: DEBUG nova.api.openstack.wsgi_app [-] oslo_limit.region_name = None {{(pid=63422) log_opt_values /opt/stack/data/venv/lib/python3.10/site-packages/oslo_config/cfg.py:2824}}
Sep 25 19:15:59 devstack devstack@n-api.service[63422]: DEBUG nova.api.openstack.wsgi_app [-] oslo_limit.retriable_status_codes = None {{(pid=63422) log_opt_values /opt/stack/data/venv/lib/python3.10/site-packages/oslo_config/cfg.py:2824}}
Sep 25 19:15:59 devstack devstack@n-api.service[63422]: DEBUG nova.api.openstack.wsgi_app [-] oslo_limit.service_name = None {{(pid=63422) log_opt_values /opt/stack/data/venv/lib/python3.10/site-packages/oslo_config/cfg.py:2824}}
Sep 25 19:15:59 devstack devstack@n-api.service[63422]: DEBUG nova.api.openstack.wsgi_app [-] oslo_limit.service_type = None {{(pid=63422) log_opt_values /opt/stack/data/venv/lib/python3.10/site-packages/oslo_config/cfg.py:2824}}
Sep 25 19:15:59 devstack devstack@n-api.service[63422]: DEBUG nova.api.openstack.wsgi_app [-] oslo_limit.split_loggers = False {{(pid=63422) log_opt_values /opt/stack/data/venv/lib/python3.10/site-packages/oslo_config/cfg.py:2824}}
Sep 25 19:15:59 devstack devstack@n-api.service[63422]: DEBUG nova.api.openstack.wsgi_app [-] oslo_limit.status_code_retries = None {{(pid=63422) log_opt_values /opt/stack/data/venv/lib/python3.10/site-packages/oslo_config/cfg.py:2824}}
Sep 25 19:15:59 devstack devstack@n-api.service[63422]: DEBUG nova.api.openstack.wsgi_app [-] oslo_limit.status_code_retry_delay = None {{(pid=63422) log_opt_values /opt/stack/data/venv/lib/python3.10/site-packages/oslo_config/cfg.py:2824}}
Sep 25 19:15:59 devstack devstack@n-api.service[63422]: DEBUG nova.api.openstack.wsgi_app [-] oslo_limit.timeout = None {{(pid=63422) log_opt_values /opt/stack/data/venv/lib/python3.10/site-packages/oslo_config/cfg.py:2824}}
Sep 25 19:15:59 devstack devstack@n-api.service[63422]: DEBUG nova.api.openstack.wsgi_app [-] oslo_limit.valid_interfaces = None {{(pid=63422) log_opt_values /opt/stack/data/venv/lib/python3.10/site-packages/oslo_config/cfg.py:2824}}
Sep 25 19:15:59 devstack devstack@n-api.service[63422]: DEBUG nova.api.openstack.wsgi_app [-] oslo_limit.version = None {{(pid=63422) log_opt_values /opt/stack/data/venv/lib/python3.10/site-packages/oslo_config/cfg.py:2824}}
Sep 25 19:15:59 devstack devstack@n-api.service[63422]: DEBUG nova.api.openstack.wsgi_app [-] oslo_messaging_rabbit.amqp_auto_delete = False {{(pid=63422) log_opt_values /opt/stack/data/venv/lib/python3.10/site-packages/oslo_config/cfg.py:2824}}
Sep 25 19:15:59 devstack devstack@n-api.service[63422]: DEBUG nova.api.openstack.wsgi_app [-] oslo_messaging_rabbit.amqp_durable_queues = False {{(pid=63422) log_opt_values /opt/stack/data/venv/lib/python3.10/site-packages/oslo_config/cfg.py:2824}}
Sep 25 19:15:59 devstack devstack@n-api.service[63422]: DEBUG nova.api.openstack.wsgi_app [-] oslo_messaging_rabbit.conn_pool_min_size = 2 {{(pid=63422) log_opt_values /opt/stack/data/venv/lib/python3.10/site-packages/oslo_config/cfg.py:2824}}
Sep 25 19:15:59 devstack devstack@n-api.service[63422]: DEBUG nova.api.openstack.wsgi_app [-] oslo_messaging_rabbit.conn_pool_ttl = 1200 {{(pid=63422) log_opt_values /opt/stack/data/venv/lib/python3.10/site-packages/oslo_config/cfg.py:2824}}
Sep 25 19:15:59 devstack devstack@n-api.service[63422]: DEBUG nova.api.openstack.wsgi_app [-] oslo_messaging_rabbit.direct_mandatory_flag = True {{(pid=63422) log_opt_values /opt/stack/data/venv/lib/python3.10/site-packages/oslo_config/cfg.py:2824}}
Sep 25 19:15:59 devstack devstack@n-api.service[63422]: DEBUG nova.api.openstack.wsgi_app [-] oslo_messaging_rabbit.enable_cancel_on_failover = False {{(pid=63422) log_opt_values /opt/stack/data/venv/lib/python3.10/site-packages/oslo_config/cfg.py:2824}}
Sep 25 19:15:59 devstack devstack@n-api.service[63422]: DEBUG nova.api.openstack.wsgi_app [-] oslo_messaging_rabbit.heartbeat_in_pthread = False {{(pid=63422) log_opt_values /opt/stack/data/venv/lib/python3.10/site-packages/oslo_config/cfg.py:2824}}
Sep 25 19:15:59 devstack devstack@n-api.service[63422]: DEBUG nova.api.openstack.wsgi_app [-] oslo_messaging_rabbit.heartbeat_rate = 3 {{(pid=63422) log_opt_values /opt/stack/data/venv/lib/python3.10/site-packages/oslo_config/cfg.py:2824}}
Sep 25 19:15:59 devstack devstack@n-api.service[63422]: DEBUG nova.api.openstack.wsgi_app [-] oslo_messaging_rabbit.heartbeat_timeout_threshold = 60 {{(pid=63422) log_opt_values /opt/stack/data/venv/lib/python3.10/site-packages/oslo_config/cfg.py:2824}}
Sep 25 19:15:59 devstack devstack@n-api.service[63422]: DEBUG nova.api.openstack.wsgi_app [-] oslo_messaging_rabbit.hostname = devstack {{(pid=63422) log_opt_values /opt/stack/data/venv/lib/python3.10/site-packages/oslo_config/cfg.py:2824}}
Sep 25 19:15:59 devstack devstack@n-api.service[63422]: DEBUG nova.api.openstack.wsgi_app [-] oslo_messaging_rabbit.kombu_compression = None {{(pid=63422) log_opt_values /opt/stack/data/venv/lib/python3.10/site-packages/oslo_config/cfg.py:2824}}
Sep 25 19:15:59 devstack devstack@n-api.service[63422]: DEBUG nova.api.openstack.wsgi_app [-] oslo_messaging_rabbit.kombu_failover_strategy = round-robin {{(pid=63422) log_opt_values /opt/stack/data/venv/lib/python3.10/site-packages/oslo_config/cfg.py:2824}}
Sep 25 19:15:59 devstack devstack@n-api.service[63422]: DEBUG nova.api.openstack.wsgi_app [-] oslo_messaging_rabbit.kombu_missing_consumer_retry_timeout = 60 {{(pid=63422) log_opt_values /opt/stack/data/venv/lib/python3.10/site-packages/oslo_config/cfg.py:2824}}
Sep 25 19:15:59 devstack devstack@n-api.service[63422]: DEBUG nova.api.openstack.wsgi_app [-] oslo_messaging_rabbit.kombu_reconnect_delay = 1.0 {{(pid=63422) log_opt_values /opt/stack/data/venv/lib/python3.10/site-packages/oslo_config/cfg.py:2824}}
Sep 25 19:15:59 devstack devstack@n-api.service[63422]: DEBUG nova.api.openstack.wsgi_app [-] oslo_messaging_rabbit.kombu_reconnect_splay = 0.0 {{(pid=63422) log_opt_values /opt/stack/data/venv/lib/python3.10/site-packages/oslo_config/cfg.py:2824}}
Sep 25 19:15:59 devstack devstack@n-api.service[63422]: DEBUG nova.api.openstack.wsgi_app [-] oslo_messaging_rabbit.processname = uwsgi {{(pid=63422) log_opt_values /opt/stack/data/venv/lib/python3.10/site-packages/oslo_config/cfg.py:2824}}
Sep 25 19:15:59 devstack devstack@n-api.service[63422]: DEBUG nova.api.openstack.wsgi_app [-] oslo_messaging_rabbit.rabbit_ha_queues = False {{(pid=63422) log_opt_values /opt/stack/data/venv/lib/python3.10/site-packages/oslo_config/cfg.py:2824}}
Sep 25 19:15:59 devstack devstack@n-api.service[63422]: DEBUG nova.api.openstack.wsgi_app [-] oslo_messaging_rabbit.rabbit_interval_max = 30 {{(pid=63422) log_opt_values /opt/stack/data/venv/lib/python3.10/site-packages/oslo_config/cfg.py:2824}}
Sep 25 19:15:59 devstack devstack@n-api.service[63422]: DEBUG nova.api.openstack.wsgi_app [-] oslo_messaging_rabbit.rabbit_login_method = AMQPLAIN {{(pid=63422) log_opt_values /opt/stack/data/venv/lib/python3.10/site-packages/oslo_config/cfg.py:2824}}
Sep 25 19:15:59 devstack devstack@n-api.service[63422]: DEBUG nova.api.openstack.wsgi_app [-] oslo_messaging_rabbit.rabbit_qos_prefetch_count = 0 {{(pid=63422) log_opt_values /opt/stack/data/venv/lib/python3.10/site-packages/oslo_config/cfg.py:2824}}
Sep 25 19:15:59 devstack devstack@n-api.service[63422]: DEBUG nova.api.openstack.wsgi_app [-] oslo_messaging_rabbit.rabbit_quorum_delivery_limit = 0 {{(pid=63422) log_opt_values /opt/stack/data/venv/lib/python3.10/site-packages/oslo_config/cfg.py:2824}}
Sep 25 19:15:59 devstack devstack@n-api.service[63422]: DEBUG nova.api.openstack.wsgi_app [-] oslo_messaging_rabbit.rabbit_quorum_max_memory_bytes = 0 {{(pid=63422) log_opt_values /opt/stack/data/venv/lib/python3.10/site-packages/oslo_config/cfg.py:2824}}
Sep 25 19:15:59 devstack devstack@n-api.service[63422]: DEBUG nova.api.openstack.wsgi_app [-] oslo_messaging_rabbit.rabbit_quorum_max_memory_length = 0 {{(pid=63422) log_opt_values /opt/stack/data/venv/lib/python3.10/site-packages/oslo_config/cfg.py:2824}}
Sep 25 19:15:59 devstack devstack@n-api.service[63422]: DEBUG nova.api.openstack.wsgi_app [-] oslo_messaging_rabbit.rabbit_quorum_queue = False {{(pid=63422) log_opt_values /opt/stack/data/venv/lib/python3.10/site-packages/oslo_config/cfg.py:2824}}
Sep 25 19:15:59 devstack devstack@n-api.service[63422]: DEBUG nova.api.openstack.wsgi_app [-] oslo_messaging_rabbit.rabbit_retry_backoff = 2 {{(pid=63422) log_opt_values /opt/stack/data/venv/lib/python3.10/site-packages/oslo_config/cfg.py:2824}}
Sep 25 19:15:59 devstack devstack@n-api.service[63422]: DEBUG nova.api.openstack.wsgi_app [-] oslo_messaging_rabbit.rabbit_retry_interval = 1 {{(pid=63422) log_opt_values /opt/stack/data/venv/lib/python3.10/site-packages/oslo_config/cfg.py:2824}}
Sep 25 19:15:59 devstack devstack@n-api.service[63422]: DEBUG nova.api.openstack.wsgi_app [-] oslo_messaging_rabbit.rabbit_stream_fanout = False {{(pid=63422) log_opt_values /opt/stack/data/venv/lib/python3.10/site-packages/oslo_config/cfg.py:2824}}
Sep 25 19:15:59 devstack devstack@n-api.service[63422]: DEBUG nova.api.openstack.wsgi_app [-] oslo_messaging_rabbit.rabbit_transient_queues_ttl = 1800 {{(pid=63422) log_opt_values /opt/stack/data/venv/lib/python3.10/site-packages/oslo_config/cfg.py:2824}}
Sep 25 19:15:59 devstack devstack@n-api.service[63422]: DEBUG nova.api.openstack.wsgi_app [-] oslo_messaging_rabbit.rabbit_transient_quorum_queue = False {{(pid=63422) log_opt_values /opt/stack/data/venv/lib/python3.10/site-packages/oslo_config/cfg.py:2824}}
Sep 25 19:15:59 devstack devstack@n-api.service[63422]: DEBUG nova.api.openstack.wsgi_app [-] oslo_messaging_rabbit.rpc_conn_pool_size = 30 {{(pid=63422) log_opt_values /opt/stack/data/venv/lib/python3.10/site-packages/oslo_config/cfg.py:2824}}
Sep 25 19:15:59 devstack devstack@n-api.service[63422]: DEBUG nova.api.openstack.wsgi_app [-] oslo_messaging_rabbit.ssl = False {{(pid=63422) log_opt_values /opt/stack/data/venv/lib/python3.10/site-packages/oslo_config/cfg.py:2824}}
Sep 25 19:15:59 devstack devstack@n-api.service[63422]: DEBUG nova.api.openstack.wsgi_app [-] oslo_messaging_rabbit.ssl_ca_file = {{(pid=63422) log_opt_values /opt/stack/data/venv/lib/python3.10/site-packages/oslo_config/cfg.py:2824}}
Sep 25 19:15:59 devstack devstack@n-api.service[63422]: DEBUG nova.api.openstack.wsgi_app [-] oslo_messaging_rabbit.ssl_cert_file = {{(pid=63422) log_opt_values /opt/stack/data/venv/lib/python3.10/site-packages/oslo_config/cfg.py:2824}}
Sep 25 19:15:59 devstack devstack@n-api.service[63422]: DEBUG nova.api.openstack.wsgi_app [-] oslo_messaging_rabbit.ssl_enforce_fips_mode = False {{(pid=63422) log_opt_values /opt/stack/data/venv/lib/python3.10/site-packages/oslo_config/cfg.py:2824}}
Sep 25 19:15:59 devstack devstack@n-api.service[63422]: DEBUG nova.api.openstack.wsgi_app [-] oslo_messaging_rabbit.ssl_key_file = {{(pid=63422) log_opt_values /opt/stack/data/venv/lib/python3.10/site-packages/oslo_config/cfg.py:2824}}
Sep 25 19:15:59 devstack devstack@n-api.service[63422]: DEBUG nova.api.openstack.wsgi_app [-] oslo_messaging_rabbit.ssl_version = {{(pid=63422) log_opt_values /opt/stack/data/venv/lib/python3.10/site-packages/oslo_config/cfg.py:2824}}
Sep 25 19:15:59 devstack devstack@n-api.service[63422]: DEBUG nova.api.openstack.wsgi_app [-] oslo_messaging_rabbit.use_queue_manager = False {{(pid=63422) log_opt_values /opt/stack/data/venv/lib/python3.10/site-packages/oslo_config/cfg.py:2824}}
Sep 25 19:15:59 devstack devstack@n-api.service[63422]: DEBUG nova.api.openstack.wsgi_app [-] oslo_messaging_notifications.driver = ['messagingv2'] {{(pid=63422) log_opt_values /opt/stack/data/venv/lib/python3.10/site-packages/oslo_config/cfg.py:2824}}
Sep 25 19:15:59 devstack devstack@n-api.service[63422]: DEBUG nova.api.openstack.wsgi_app [-] oslo_messaging_notifications.retry = -1 {{(pid=63422) log_opt_values /opt/stack/data/venv/lib/python3.10/site-packages/oslo_config/cfg.py:2824}}
Sep 25 19:15:59 devstack devstack@n-api.service[63422]: DEBUG nova.api.openstack.wsgi_app [-] oslo_messaging_notifications.topics = ['notifications'] {{(pid=63422) log_opt_values /opt/stack/data/venv/lib/python3.10/site-packages/oslo_config/cfg.py:2824}}
Sep 25 19:15:59 devstack devstack@n-api.service[63422]: DEBUG nova.api.openstack.wsgi_app [-] oslo_messaging_notifications.transport_url = **** {{(pid=63422) log_opt_values /opt/stack/data/venv/lib/python3.10/site-packages/oslo_config/cfg.py:2824}}
Sep 25 19:15:59 devstack devstack@n-api.service[63422]: DEBUG nova.api.openstack.wsgi_app [-] oslo_reports.file_event_handler = None {{(pid=63422) log_opt_values /opt/stack/data/venv/lib/python3.10/site-packages/oslo_config/cfg.py:2824}}
Sep 25 19:15:59 devstack devstack@n-api.service[63422]: DEBUG nova.api.openstack.wsgi_app [-] oslo_reports.file_event_handler_interval = 1 {{(pid=63422) log_opt_values /opt/stack/data/venv/lib/python3.10/site-packages/oslo_config/cfg.py:2824}}
Sep 25 19:15:59 devstack devstack@n-api.service[63422]: DEBUG nova.api.openstack.wsgi_app [-] oslo_reports.log_dir = None {{(pid=63422) log_opt_values /opt/stack/data/venv/lib/python3.10/site-packages/oslo_config/cfg.py:2824}}
Sep 25 19:15:59 devstack devstack@n-api.service[63422]: DEBUG nova.api.openstack.wsgi_app [-] ******************************************************************************** {{(pid=63422) log_opt_values /opt/stack/data/venv/lib/python3.10/site-packages/oslo_config/cfg.py:2828}}
Sep 25 19:15:59 devstack devstack@n-api.service[63423]: INFO dbcounter [None req-7f658114-ecfe-4f50-83b7-731d12e469fe None None] Registered counter for database nova_api
Sep 25 19:15:59 devstack devstack@n-api.service[63423]: DEBUG oslo_db.sqlalchemy.engines [None req-7f658114-ecfe-4f50-83b7-731d12e469fe None None] MySQL server mode set to STRICT_TRANS_TABLES,STRICT_ALL_TABLES,NO_ZERO_IN_DATE,NO_ZERO_DATE,ERROR_FOR_DIVISION_BY_ZERO,TRADITIONAL,NO_ENGINE_SUBSTITUTION {{(pid=63423) _check_effective_sql_mode /opt/stack/data/venv/lib/python3.10/site-packages/oslo_db/sqlalchemy/engines.py:397}}
Sep 25 19:15:59 devstack devstack@n-api.service[63422]: INFO dbcounter [None req-d5586a07-ab94-43e8-a932-2aa12cbe62a1 None None] Registered counter for database nova_api
Sep 25 19:15:59 devstack devstack@n-api.service[63422]: DEBUG oslo_db.sqlalchemy.engines [None req-d5586a07-ab94-43e8-a932-2aa12cbe62a1 None None] MySQL server mode set to STRICT_TRANS_TABLES,STRICT_ALL_TABLES,NO_ZERO_IN_DATE,NO_ZERO_DATE,ERROR_FOR_DIVISION_BY_ZERO,TRADITIONAL,NO_ENGINE_SUBSTITUTION {{(pid=63422) _check_effective_sql_mode /opt/stack/data/venv/lib/python3.10/site-packages/oslo_db/sqlalchemy/engines.py:397}}
Sep 25 19:15:59 devstack devstack@n-api.service[63423]: DEBUG dbcounter [-] [63423] Writer thread running {{(pid=63423) stat_writer /opt/stack/data/venv/lib/python3.10/site-packages/dbcounter.py:102}}
Sep 25 19:15:59 devstack devstack@n-api.service[63423]: DEBUG nova.context [None req-7f658114-ecfe-4f50-83b7-731d12e469fe None None] Found 2 cells: 00000000-0000-0000-0000-000000000000(cell0),f224d86e-3a73-4459-bc11-703751af6125(cell1) {{(pid=63423) load_cells /opt/stack/nova/nova/context.py:472}}
Sep 25 19:15:59 devstack devstack@n-api.service[63423]: INFO nova.utils [None req-7f658114-ecfe-4f50-83b7-731d12e469fe None None] The cell worker thread pool MainProcess.cell_worker is initialized
Sep 25 19:15:59 devstack devstack@n-api.service[63423]: DEBUG oslo_concurrency.lockutils [None req-7f658114-ecfe-4f50-83b7-731d12e469fe None None] Acquiring lock "00000000-0000-0000-0000-000000000000" by "nova.context.set_target_cell..get_or_set_cached_cell_and_set_connections" {{(pid=63423) inner /opt/stack/data/venv/lib/python3.10/site-packages/oslo_concurrency/lockutils.py:405}}
Sep 25 19:15:59 devstack devstack@n-api.service[63423]: DEBUG oslo_concurrency.lockutils [None req-7f658114-ecfe-4f50-83b7-731d12e469fe None None] Lock "00000000-0000-0000-0000-000000000000" acquired by "nova.context.set_target_cell..get_or_set_cached_cell_and_set_connections" :: waited 0.001s {{(pid=63423) inner /opt/stack/data/venv/lib/python3.10/site-packages/oslo_concurrency/lockutils.py:410}}
Sep 25 19:15:59 devstack devstack@n-api.service[63423]: DEBUG oslo_concurrency.lockutils [None req-7f658114-ecfe-4f50-83b7-731d12e469fe None None] Lock "00000000-0000-0000-0000-000000000000" "released" by "nova.context.set_target_cell..get_or_set_cached_cell_and_set_connections" :: held 0.001s {{(pid=63423) inner /opt/stack/data/venv/lib/python3.10/site-packages/oslo_concurrency/lockutils.py:424}}
Sep 25 19:15:59 devstack devstack@n-api.service[63423]: DEBUG oslo_concurrency.lockutils [None req-7f658114-ecfe-4f50-83b7-731d12e469fe None None] Acquiring lock "f224d86e-3a73-4459-bc11-703751af6125" by "nova.context.set_target_cell..get_or_set_cached_cell_and_set_connections" {{(pid=63423) inner /opt/stack/data/venv/lib/python3.10/site-packages/oslo_concurrency/lockutils.py:405}}
Sep 25 19:15:59 devstack devstack@n-api.service[63423]: DEBUG oslo_concurrency.lockutils [None req-7f658114-ecfe-4f50-83b7-731d12e469fe None None] Lock "f224d86e-3a73-4459-bc11-703751af6125" acquired by "nova.context.set_target_cell..get_or_set_cached_cell_and_set_connections" :: waited 0.000s {{(pid=63423) inner /opt/stack/data/venv/lib/python3.10/site-packages/oslo_concurrency/lockutils.py:410}}
Sep 25 19:15:59 devstack devstack@n-api.service[63423]: DEBUG oslo_concurrency.lockutils [None req-7f658114-ecfe-4f50-83b7-731d12e469fe None None] Lock "f224d86e-3a73-4459-bc11-703751af6125" "released" by "nova.context.set_target_cell..get_or_set_cached_cell_and_set_connections" :: held 0.002s {{(pid=63423) inner /opt/stack/data/venv/lib/python3.10/site-packages/oslo_concurrency/lockutils.py:424}}
Sep 25 19:15:59 devstack devstack@n-api.service[63423]: INFO dbcounter [None req-7f658114-ecfe-4f50-83b7-731d12e469fe None None] Registered counter for database nova_cell0
Sep 25 19:15:59 devstack devstack@n-api.service[63423]: INFO dbcounter [None req-7f658114-ecfe-4f50-83b7-731d12e469fe None None] Registered counter for database nova_cell1
Sep 25 19:15:59 devstack devstack@n-api.service[63423]: DEBUG oslo_db.sqlalchemy.engines [None req-7f658114-ecfe-4f50-83b7-731d12e469fe None None] MySQL server mode set to STRICT_TRANS_TABLES,STRICT_ALL_TABLES,NO_ZERO_IN_DATE,NO_ZERO_DATE,ERROR_FOR_DIVISION_BY_ZERO,TRADITIONAL,NO_ENGINE_SUBSTITUTION {{(pid=63423) _check_effective_sql_mode /opt/stack/data/venv/lib/python3.10/site-packages/oslo_db/sqlalchemy/engines.py:397}}
Sep 25 19:15:59 devstack devstack@n-api.service[63422]: DEBUG dbcounter [-] [63422] Writer thread running {{(pid=63422) stat_writer /opt/stack/data/venv/lib/python3.10/site-packages/dbcounter.py:102}}
Sep 25 19:15:59 devstack devstack@n-api.service[63422]: DEBUG nova.context [None req-d5586a07-ab94-43e8-a932-2aa12cbe62a1 None None] Found 2 cells: 00000000-0000-0000-0000-000000000000(cell0),f224d86e-3a73-4459-bc11-703751af6125(cell1) {{(pid=63422) load_cells /opt/stack/nova/nova/context.py:472}}
Sep 25 19:15:59 devstack devstack@n-api.service[63422]: INFO nova.utils [None req-d5586a07-ab94-43e8-a932-2aa12cbe62a1 None None] The cell worker thread pool MainProcess.cell_worker is initialized
Sep 25 19:15:59 devstack devstack@n-api.service[63422]: DEBUG oslo_concurrency.lockutils [None req-d5586a07-ab94-43e8-a932-2aa12cbe62a1 None None] Acquiring lock "00000000-0000-0000-0000-000000000000" by "nova.context.set_target_cell..get_or_set_cached_cell_and_set_connections" {{(pid=63422) inner /opt/stack/data/venv/lib/python3.10/site-packages/oslo_concurrency/lockutils.py:405}}
Sep 25 19:15:59 devstack devstack@n-api.service[63422]: DEBUG oslo_concurrency.lockutils [None req-d5586a07-ab94-43e8-a932-2aa12cbe62a1 None None] Lock "00000000-0000-0000-0000-000000000000" acquired by "nova.context.set_target_cell..get_or_set_cached_cell_and_set_connections" :: waited 0.000s {{(pid=63422) inner /opt/stack/data/venv/lib/python3.10/site-packages/oslo_concurrency/lockutils.py:410}}
Sep 25 19:15:59 devstack devstack@n-api.service[63422]: DEBUG oslo_concurrency.lockutils [None req-d5586a07-ab94-43e8-a932-2aa12cbe62a1 None None] Lock "00000000-0000-0000-0000-000000000000" "released" by "nova.context.set_target_cell..get_or_set_cached_cell_and_set_connections" :: held 0.001s {{(pid=63422) inner /opt/stack/data/venv/lib/python3.10/site-packages/oslo_concurrency/lockutils.py:424}}
Sep 25 19:15:59 devstack devstack@n-api.service[63422]: DEBUG oslo_concurrency.lockutils [None req-d5586a07-ab94-43e8-a932-2aa12cbe62a1 None None] Acquiring lock "f224d86e-3a73-4459-bc11-703751af6125" by "nova.context.set_target_cell..get_or_set_cached_cell_and_set_connections" {{(pid=63422) inner /opt/stack/data/venv/lib/python3.10/site-packages/oslo_concurrency/lockutils.py:405}}
Sep 25 19:15:59 devstack devstack@n-api.service[63422]: DEBUG oslo_concurrency.lockutils [None req-d5586a07-ab94-43e8-a932-2aa12cbe62a1 None None] Lock "f224d86e-3a73-4459-bc11-703751af6125" acquired by "nova.context.set_target_cell..get_or_set_cached_cell_and_set_connections" :: waited 0.001s {{(pid=63422) inner /opt/stack/data/venv/lib/python3.10/site-packages/oslo_concurrency/lockutils.py:410}}
Sep 25 19:15:59 devstack devstack@n-api.service[63422]: DEBUG oslo_concurrency.lockutils [None req-d5586a07-ab94-43e8-a932-2aa12cbe62a1 None None] Lock "f224d86e-3a73-4459-bc11-703751af6125" "released" by "nova.context.set_target_cell..get_or_set_cached_cell_and_set_connections" :: held 0.002s {{(pid=63422) inner /opt/stack/data/venv/lib/python3.10/site-packages/oslo_concurrency/lockutils.py:424}}
Sep 25 19:15:59 devstack devstack@n-api.service[63422]: INFO dbcounter [None req-d5586a07-ab94-43e8-a932-2aa12cbe62a1 None None] Registered counter for database nova_cell0
Sep 25 19:15:59 devstack devstack@n-api.service[63422]: INFO dbcounter [None req-d5586a07-ab94-43e8-a932-2aa12cbe62a1 None None] Registered counter for database nova_cell1
Sep 25 19:16:00 devstack devstack@n-api.service[63422]: DEBUG oslo_db.sqlalchemy.engines [None req-d5586a07-ab94-43e8-a932-2aa12cbe62a1 None None] MySQL server mode set to STRICT_TRANS_TABLES,STRICT_ALL_TABLES,NO_ZERO_IN_DATE,NO_ZERO_DATE,ERROR_FOR_DIVISION_BY_ZERO,TRADITIONAL,NO_ENGINE_SUBSTITUTION {{(pid=63422) _check_effective_sql_mode /opt/stack/data/venv/lib/python3.10/site-packages/oslo_db/sqlalchemy/engines.py:397}}
Sep 25 19:16:00 devstack devstack@n-api.service[63423]: DEBUG oslo_db.sqlalchemy.engines [None req-7f658114-ecfe-4f50-83b7-731d12e469fe None None] MySQL server mode set to STRICT_TRANS_TABLES,STRICT_ALL_TABLES,NO_ZERO_IN_DATE,NO_ZERO_DATE,ERROR_FOR_DIVISION_BY_ZERO,TRADITIONAL,NO_ENGINE_SUBSTITUTION {{(pid=63423) _check_effective_sql_mode /opt/stack/data/venv/lib/python3.10/site-packages/oslo_db/sqlalchemy/engines.py:397}}
Sep 25 19:16:00 devstack devstack@n-api.service[63423]: DEBUG dbcounter [-] [63423] Writer thread running {{(pid=63423) stat_writer /opt/stack/data/venv/lib/python3.10/site-packages/dbcounter.py:102}}
Sep 25 19:16:00 devstack devstack@n-api.service[63423]: DEBUG dbcounter [-] [63423] Writer thread running {{(pid=63423) stat_writer /opt/stack/data/venv/lib/python3.10/site-packages/dbcounter.py:102}}
Sep 25 19:16:00 devstack devstack@n-api.service[63423]: INFO dbcounter [None req-7f658114-ecfe-4f50-83b7-731d12e469fe None None] Registered counter for database nova_cell0
Sep 25 19:16:00 devstack devstack@n-api.service[63423]: DEBUG oslo_db.sqlalchemy.engines [None req-7f658114-ecfe-4f50-83b7-731d12e469fe None None] MySQL server mode set to STRICT_TRANS_TABLES,STRICT_ALL_TABLES,NO_ZERO_IN_DATE,NO_ZERO_DATE,ERROR_FOR_DIVISION_BY_ZERO,TRADITIONAL,NO_ENGINE_SUBSTITUTION {{(pid=63423) _check_effective_sql_mode /opt/stack/data/venv/lib/python3.10/site-packages/oslo_db/sqlalchemy/engines.py:397}}
Sep 25 19:16:00 devstack devstack@n-api.service[63423]: DEBUG dbcounter [-] [63423] Writer thread running {{(pid=63423) stat_writer /opt/stack/data/venv/lib/python3.10/site-packages/dbcounter.py:102}}
Sep 25 19:16:00 devstack devstack@n-api.service[63422]: DEBUG oslo_db.sqlalchemy.engines [None req-d5586a07-ab94-43e8-a932-2aa12cbe62a1 None None] MySQL server mode set to STRICT_TRANS_TABLES,STRICT_ALL_TABLES,NO_ZERO_IN_DATE,NO_ZERO_DATE,ERROR_FOR_DIVISION_BY_ZERO,TRADITIONAL,NO_ENGINE_SUBSTITUTION {{(pid=63422) _check_effective_sql_mode /opt/stack/data/venv/lib/python3.10/site-packages/oslo_db/sqlalchemy/engines.py:397}}
Sep 25 19:16:00 devstack devstack@n-api.service[63422]: DEBUG dbcounter [-] [63422] Writer thread running {{(pid=63422) stat_writer /opt/stack/data/venv/lib/python3.10/site-packages/dbcounter.py:102}}
Sep 25 19:16:00 devstack devstack@n-api.service[63422]: DEBUG dbcounter [-] [63422] Writer thread running {{(pid=63422) stat_writer /opt/stack/data/venv/lib/python3.10/site-packages/dbcounter.py:102}}
Sep 25 19:16:00 devstack devstack@n-api.service[63422]: INFO dbcounter [None req-d5586a07-ab94-43e8-a932-2aa12cbe62a1 None None] Registered counter for database nova_cell0
Sep 25 19:16:00 devstack devstack@n-api.service[63422]: DEBUG oslo_db.sqlalchemy.engines [None req-d5586a07-ab94-43e8-a932-2aa12cbe62a1 None None] MySQL server mode set to STRICT_TRANS_TABLES,STRICT_ALL_TABLES,NO_ZERO_IN_DATE,NO_ZERO_DATE,ERROR_FOR_DIVISION_BY_ZERO,TRADITIONAL,NO_ENGINE_SUBSTITUTION {{(pid=63422) _check_effective_sql_mode /opt/stack/data/venv/lib/python3.10/site-packages/oslo_db/sqlalchemy/engines.py:397}}
Sep 25 19:16:00 devstack devstack@n-api.service[63422]: DEBUG dbcounter [-] [63422] Writer thread running {{(pid=63422) stat_writer /opt/stack/data/venv/lib/python3.10/site-packages/dbcounter.py:102}}
Sep 25 19:16:00 devstack devstack@n-api.service[63423]: DEBUG oslo_concurrency.processutils [None req-7f658114-ecfe-4f50-83b7-731d12e469fe None None] Running cmd (subprocess): grep -F node.session.scan /sbin/iscsiadm {{(pid=63423) execute /opt/stack/data/venv/lib/python3.10/site-packages/oslo_concurrency/processutils.py:349}}
Sep 25 19:16:00 devstack devstack@n-api.service[63422]: DEBUG oslo_concurrency.processutils [None req-d5586a07-ab94-43e8-a932-2aa12cbe62a1 None None] Running cmd (subprocess): grep -F node.session.scan /sbin/iscsiadm {{(pid=63422) execute /opt/stack/data/venv/lib/python3.10/site-packages/oslo_concurrency/processutils.py:349}}
Sep 25 19:16:01 devstack devstack@n-api.service[63422]: DEBUG oslo_concurrency.processutils [None req-d5586a07-ab94-43e8-a932-2aa12cbe62a1 None None] CMD "grep -F node.session.scan /sbin/iscsiadm" returned: 0 in 0.122s {{(pid=63422) execute /opt/stack/data/venv/lib/python3.10/site-packages/oslo_concurrency/processutils.py:372}}
Sep 25 19:16:01 devstack devstack@n-api.service[63423]: DEBUG oslo_concurrency.processutils [None req-7f658114-ecfe-4f50-83b7-731d12e469fe None None] CMD "grep -F node.session.scan /sbin/iscsiadm" returned: 0 in 0.127s {{(pid=63423) execute /opt/stack/data/venv/lib/python3.10/site-packages/oslo_concurrency/processutils.py:372}}
Sep 25 19:16:04 devstack devstack@n-api.service[63422]: WARNING keystonemiddleware.auth_token [None req-d5586a07-ab94-43e8-a932-2aa12cbe62a1 None None] AuthToken middleware is set with keystone_authtoken.service_token_roles_required set to False. This is backwards compatible but deprecated behaviour. Please set this to True.
Sep 25 19:16:04 devstack devstack@n-api.service[63423]: WARNING keystonemiddleware.auth_token [None req-7f658114-ecfe-4f50-83b7-731d12e469fe None None] AuthToken middleware is set with keystone_authtoken.service_token_roles_required set to False. This is backwards compatible but deprecated behaviour. Please set this to True.
Sep 25 19:16:04 devstack devstack@n-api.service[63422]: WARNING keystonemiddleware.auth_token [None req-d5586a07-ab94-43e8-a932-2aa12cbe62a1 None None] Configuring www_authenticate_uri to point to the public identity endpoint is required; clients may not be able to authenticate against an admin endpoint
Sep 25 19:16:04 devstack devstack@n-api.service[63423]: WARNING keystonemiddleware.auth_token [None req-7f658114-ecfe-4f50-83b7-731d12e469fe None None] Configuring www_authenticate_uri to point to the public identity endpoint is required; clients may not be able to authenticate against an admin endpoint
Sep 25 19:16:04 devstack devstack@n-api.service[63422]: WARNING keystonemiddleware.auth_token [None req-d5586a07-ab94-43e8-a932-2aa12cbe62a1 None None] AuthToken middleware is set with keystone_authtoken.service_token_roles_required set to False. This is backwards compatible but deprecated behaviour. Please set this to True.
Sep 25 19:16:04 devstack devstack@n-api.service[63422]: WARNING keystonemiddleware.auth_token [None req-d5586a07-ab94-43e8-a932-2aa12cbe62a1 None None] Configuring www_authenticate_uri to point to the public identity endpoint is required; clients may not be able to authenticate against an admin endpoint
Sep 25 19:16:04 devstack devstack@n-api.service[63423]: WARNING keystonemiddleware.auth_token [None req-7f658114-ecfe-4f50-83b7-731d12e469fe None None] AuthToken middleware is set with keystone_authtoken.service_token_roles_required set to False. This is backwards compatible but deprecated behaviour. Please set this to True.
Sep 25 19:16:04 devstack devstack@n-api.service[63422]: WSGI app 0 (mountpoint='') ready in 11 seconds on interpreter 0x56346d8241e0 pid: 63422 (default app)
Sep 25 19:16:04 devstack devstack@n-api.service[63423]: WARNING keystonemiddleware.auth_token [None req-7f658114-ecfe-4f50-83b7-731d12e469fe None None] Configuring www_authenticate_uri to point to the public identity endpoint is required; clients may not be able to authenticate against an admin endpoint
Sep 25 19:16:04 devstack devstack@n-api.service[63422]: DEBUG nova.api.openstack.wsgi [None req-d5586a07-ab94-43e8-a932-2aa12cbe62a1 None None] Calling method '>' {{(pid=63422) _process_stack /opt/stack/nova/nova/api/openstack/wsgi.py:552}}
Sep 25 19:16:04 devstack devstack@n-api.service[63423]: WSGI app 0 (mountpoint='') ready in 11 seconds on interpreter 0x56346d8241e0 pid: 63423 (default app)
Sep 25 19:16:04 devstack devstack@n-api.service[63422]: INFO nova.api.openstack.requestlog [None req-d5586a07-ab94-43e8-a932-2aa12cbe62a1 None None] 192.168.122.86 "GET /compute/v2.1/" status: 200 len: 392 microversion: 2.1 time: 0.018197
Sep 25 19:16:04 devstack devstack@n-api.service[63422]: [pid: 63422|app: 0|req: 1/1] 192.168.122.86 () {54 vars in 884 bytes} [Thu Sep 25 19:16:04 2025] GET /compute/v2.1/ => generated 392 bytes in 28 msecs (HTTP/1.1 200) 9 headers in 357 bytes (1 switches on core 0)
Sep 25 19:21:16 devstack devstack@n-api.service[63423]: DEBUG nova.api.openstack.wsgi [None req-7f658114-ecfe-4f50-83b7-731d12e469fe None None] Calling method '>' {{(pid=63423) _process_stack /opt/stack/nova/nova/api/openstack/wsgi.py:552}}
Sep 25 19:21:16 devstack devstack@n-api.service[63423]: INFO nova.api.openstack.requestlog [None req-7f658114-ecfe-4f50-83b7-731d12e469fe None None] 192.168.122.86 "GET /compute/v2.1" status: 200 len: 392 microversion: 2.1 time: 0.030635
Sep 25 19:21:16 devstack devstack@n-api.service[63423]: [pid: 63423|app: 0|req: 1/2] 192.168.122.86 () {58 vars in 1027 bytes} [Thu Sep 25 19:21:16 2025] GET /compute/v2.1 => generated 392 bytes in 50 msecs (HTTP/1.1 200) 9 headers in 357 bytes (1 switches on core 0)
Sep 25 19:21:17 devstack devstack@n-api.service[63422]: DEBUG dbcounter [-] [63422] Writing DB stats nova_api:SELECT=1 {{(pid=63422) stat_writer /opt/stack/data/venv/lib/python3.10/site-packages/dbcounter.py:115}}
Sep 25 19:21:17 devstack devstack@n-api.service[63422]: DEBUG dbcounter [-] [63422] Writing DB stats nova_cell0:SELECT=1 {{(pid=63422) stat_writer /opt/stack/data/venv/lib/python3.10/site-packages/dbcounter.py:115}}
Sep 25 19:21:17 devstack devstack@n-api.service[63422]: DEBUG dbcounter [-] [63422] Writing DB stats nova_cell1:SELECT=1 {{(pid=63422) stat_writer /opt/stack/data/venv/lib/python3.10/site-packages/dbcounter.py:115}}
Sep 25 19:21:17 devstack devstack@n-api.service[63422]: DEBUG dbcounter [-] [63422] Writing DB stats nova_cell0:SELECT=1 {{(pid=63422) stat_writer /opt/stack/data/venv/lib/python3.10/site-packages/dbcounter.py:115}}
Sep 25 19:21:17 devstack devstack@n-api.service[63422]: DEBUG nova.api.openstack.wsgi [None req-6adfad26-85bd-423f-99b0-7eb21b13c387 admin admin] Calling method '>' {{(pid=63422) _process_stack /opt/stack/nova/nova/api/openstack/wsgi.py:552}}
Sep 25 19:21:18 devstack devstack@n-api.service[63422]: INFO nova.api.openstack.requestlog [None req-6adfad26-85bd-423f-99b0-7eb21b13c387 admin admin] 192.168.122.86 "GET /compute/v2.1/flavors/detail?is_public=True" status: 200 len: 15 microversion: 2.61 time: 1.086570
Sep 25 19:21:18 devstack devstack@n-api.service[63422]: [pid: 63422|app: 0|req: 2/3] 192.168.122.86 () {64 vars in 1388 bytes} [Thu Sep 25 19:21:16 2025] GET /compute/v2.1/flavors/detail?is_public=True => generated 15 bytes in 1100 msecs (HTTP/1.1 200) 9 headers in 358 bytes (1 switches on core 0)
Sep 25 19:21:23 devstack devstack@n-api.service[63423]: DEBUG nova.api.openstack.wsgi [None req-7f658114-ecfe-4f50-83b7-731d12e469fe None None] Calling method '>' {{(pid=63423) _process_stack /opt/stack/nova/nova/api/openstack/wsgi.py:552}}
Sep 25 19:21:24 devstack devstack@n-api.service[63423]: INFO nova.api.openstack.requestlog [None req-7f658114-ecfe-4f50-83b7-731d12e469fe None None] 192.168.122.86 "GET /compute/v2.1" status: 200 len: 392 microversion: 2.1 time: 0.036906
Sep 25 19:21:24 devstack devstack@n-api.service[63423]: [pid: 63423|app: 0|req: 2/4] 192.168.122.86 () {58 vars in 1027 bytes} [Thu Sep 25 19:21:23 2025] GET /compute/v2.1 => generated 392 bytes in 50 msecs (HTTP/1.1 200) 9 headers in 357 bytes (1 switches on core 0)
Sep 25 19:21:24 devstack devstack@n-api.service[63422]: DEBUG nova.api.openstack.wsgi [None req-d2ac5601-6782-49e2-80a1-82e07598f02f admin admin] Action: 'create', calling method: >, body: {"flavor": {"vcpus": 1, "ram": 256, "rxtx_factor": 1.0, "id": "c1", "OS-FLV-EXT-DATA:ephemeral": 0, "disk": 1, "swap": 0, "os-flavor-access:is_public": true, "name": "cirros256"}} {{(pid=63422) _process_stack /opt/stack/nova/nova/api/openstack/wsgi.py:550}}
Sep 25 19:21:24 devstack devstack@n-api.service[63422]: INFO nova.api.openstack.requestlog [None req-d2ac5601-6782-49e2-80a1-82e07598f02f admin admin] 192.168.122.86 "POST /compute/v2.1/flavors" status: 200 len: 413 microversion: 2.61 time: 0.211193
Sep 25 19:21:24 devstack devstack@n-api.service[63422]: [pid: 63422|app: 0|req: 3/5] 192.168.122.86 () {68 vars in 1379 bytes} [Thu Sep 25 19:21:24 2025] POST /compute/v2.1/flavors => generated 413 bytes in 233 msecs (HTTP/1.1 200) 9 headers in 359 bytes (1 switches on core 0)
Sep 25 19:21:24 devstack devstack@n-api.service[63423]: DEBUG nova.api.openstack.wsgi [None req-702c8054-f82f-4c67-b7be-db8597f0b35f admin admin] Action: 'create', calling method: >, body: {"extra_specs": {"hw_rng:allowed": "True"}} {{(pid=63423) _process_stack /opt/stack/nova/nova/api/openstack/wsgi.py:550}}
Sep 25 19:21:24 devstack devstack@n-api.service[63423]: DEBUG dbcounter [-] [63423] Writing DB stats nova_api:SELECT=1 {{(pid=63423) stat_writer /opt/stack/data/venv/lib/python3.10/site-packages/dbcounter.py:115}}
Sep 25 19:21:24 devstack devstack@n-api.service[63423]: DEBUG dbcounter [-] [63423] Writing DB stats nova_cell0:SELECT=1 {{(pid=63423) stat_writer /opt/stack/data/venv/lib/python3.10/site-packages/dbcounter.py:115}}
Sep 25 19:21:24 devstack devstack@n-api.service[63423]: DEBUG dbcounter [-] [63423] Writing DB stats nova_cell1:SELECT=1 {{(pid=63423) stat_writer /opt/stack/data/venv/lib/python3.10/site-packages/dbcounter.py:115}}
Sep 25 19:21:24 devstack devstack@n-api.service[63423]: DEBUG dbcounter [-] [63423] Writing DB stats nova_cell0:SELECT=2,nova_cell0:INSERT=1 {{(pid=63423) stat_writer /opt/stack/data/venv/lib/python3.10/site-packages/dbcounter.py:115}}
Sep 25 19:21:24 devstack devstack@n-api.service[63423]: INFO nova.api.openstack.requestlog [None req-702c8054-f82f-4c67-b7be-db8597f0b35f admin admin] 192.168.122.86 "POST /compute/v2.1/flavors/c1/os-extra_specs" status: 200 len: 43 microversion: 2.61 time: 0.716286
Sep 25 19:21:24 devstack devstack@n-api.service[63423]: [pid: 63423|app: 0|req: 3/6] 192.168.122.86 () {68 vars in 1432 bytes} [Thu Sep 25 19:21:24 2025] POST /compute/v2.1/flavors/c1/os-extra_specs => generated 43 bytes in 718 msecs (HTTP/1.1 200) 9 headers in 358 bytes (2 switches on core 0)
Sep 25 19:21:31 devstack devstack@n-api.service[63422]: DEBUG nova.api.openstack.wsgi [None req-d2ac5601-6782-49e2-80a1-82e07598f02f admin admin] Calling method '>' {{(pid=63422) _process_stack /opt/stack/nova/nova/api/openstack/wsgi.py:552}}
Sep 25 19:21:31 devstack devstack@n-api.service[63422]: INFO nova.api.openstack.requestlog [None req-d2ac5601-6782-49e2-80a1-82e07598f02f admin admin] 192.168.122.86 "GET /compute/v2.1" status: 200 len: 392 microversion: 2.1 time: 0.008471
Sep 25 19:21:31 devstack devstack@n-api.service[63422]: [pid: 63422|app: 0|req: 4/7] 192.168.122.86 () {58 vars in 1027 bytes} [Thu Sep 25 19:21:31 2025] GET /compute/v2.1 => generated 392 bytes in 10 msecs (HTTP/1.1 200) 9 headers in 357 bytes (1 switches on core 0)
Sep 25 19:21:31 devstack devstack@n-api.service[63423]: DEBUG nova.api.openstack.wsgi [None req-00e7a67a-c80c-412d-a5df-9c8ffdb07b6d admin admin] Action: 'create', calling method: >, body: {"flavor": {"disk": 5, "OS-FLV-EXT-DATA:ephemeral": 0, "rxtx_factor": 1.0, "vcpus": 1, "swap": 0, "name": "ds512M", "ram": 512, "os-flavor-access:is_public": true, "id": "d1"}} {{(pid=63423) _process_stack /opt/stack/nova/nova/api/openstack/wsgi.py:550}}
Sep 25 19:21:31 devstack devstack@n-api.service[63423]: INFO nova.api.openstack.requestlog [None req-00e7a67a-c80c-412d-a5df-9c8ffdb07b6d admin admin] 192.168.122.86 "POST /compute/v2.1/flavors" status: 200 len: 410 microversion: 2.61 time: 0.590227
Sep 25 19:21:31 devstack devstack@n-api.service[63423]: [pid: 63423|app: 0|req: 4/8] 192.168.122.86 () {68 vars in 1379 bytes} [Thu Sep 25 19:21:31 2025] POST /compute/v2.1/flavors => generated 410 bytes in 592 msecs (HTTP/1.1 200) 9 headers in 359 bytes (2 switches on core 0)
Sep 25 19:21:31 devstack devstack@n-api.service[63422]: DEBUG nova.api.openstack.wsgi [None req-04297d2d-0476-48b7-a990-75d92fc62adb admin admin] Action: 'create', calling method: >, body: {"extra_specs": {"hw_rng:allowed": "True"}} {{(pid=63422) _process_stack /opt/stack/nova/nova/api/openstack/wsgi.py:550}}
Sep 25 19:21:31 devstack devstack@n-api.service[63422]: INFO nova.api.openstack.requestlog [None req-04297d2d-0476-48b7-a990-75d92fc62adb admin admin] 192.168.122.86 "POST /compute/v2.1/flavors/d1/os-extra_specs" status: 200 len: 43 microversion: 2.61 time: 0.109050
Sep 25 19:21:31 devstack devstack@n-api.service[63422]: [pid: 63422|app: 0|req: 5/9] 192.168.122.86 () {68 vars in 1432 bytes} [Thu Sep 25 19:21:31 2025] POST /compute/v2.1/flavors/d1/os-extra_specs => generated 43 bytes in 113 msecs (HTTP/1.1 200) 9 headers in 358 bytes (1 switches on core 0)
Sep 25 19:21:37 devstack devstack@n-api.service[63423]: DEBUG nova.api.openstack.wsgi [None req-00e7a67a-c80c-412d-a5df-9c8ffdb07b6d admin admin] Calling method '>' {{(pid=63423) _process_stack /opt/stack/nova/nova/api/openstack/wsgi.py:552}}
Sep 25 19:21:37 devstack devstack@n-api.service[63423]: INFO nova.api.openstack.requestlog [None req-00e7a67a-c80c-412d-a5df-9c8ffdb07b6d admin admin] 192.168.122.86 "GET /compute/v2.1" status: 200 len: 392 microversion: 2.1 time: 0.007152
Sep 25 19:21:37 devstack devstack@n-api.service[63423]: [pid: 63423|app: 0|req: 5/10] 192.168.122.86 () {58 vars in 1027 bytes} [Thu Sep 25 19:21:37 2025] GET /compute/v2.1 => generated 392 bytes in 57 msecs (HTTP/1.1 200) 9 headers in 357 bytes (1 switches on core 0)
Sep 25 19:21:37 devstack devstack@n-api.service[63422]: DEBUG nova.api.openstack.wsgi [None req-04d015df-a843-41b3-b440-ff86ad7c5ef4 admin admin] Action: 'create', calling method: >, body: {"flavor": {"id": "d2", "os-flavor-access:is_public": true, "rxtx_factor": 1.0, "OS-FLV-EXT-DATA:ephemeral": 0, "vcpus": 1, "name": "ds1G", "disk": 10, "ram": 1024, "swap": 0}} {{(pid=63422) _process_stack /opt/stack/nova/nova/api/openstack/wsgi.py:550}}
Sep 25 19:21:37 devstack devstack@n-api.service[63422]: INFO nova.api.openstack.requestlog [None req-04d015df-a843-41b3-b440-ff86ad7c5ef4 admin admin] 192.168.122.86 "POST /compute/v2.1/flavors" status: 200 len: 410 microversion: 2.61 time: 0.180284
Sep 25 19:21:37 devstack devstack@n-api.service[63422]: [pid: 63422|app: 0|req: 6/11] 192.168.122.86 () {68 vars in 1379 bytes} [Thu Sep 25 19:21:37 2025] POST /compute/v2.1/flavors => generated 410 bytes in 187 msecs (HTTP/1.1 200) 9 headers in 359 bytes (1 switches on core 0)
Sep 25 19:21:37 devstack devstack@n-api.service[63423]: DEBUG nova.api.openstack.wsgi [None req-507e230d-6b58-48fa-b539-69e6a058d35d admin admin] Action: 'create', calling method: >, body: {"extra_specs": {"hw_rng:allowed": "True"}} {{(pid=63423) _process_stack /opt/stack/nova/nova/api/openstack/wsgi.py:550}}
Sep 25 19:21:37 devstack devstack@n-api.service[63423]: INFO nova.api.openstack.requestlog [None req-507e230d-6b58-48fa-b539-69e6a058d35d admin admin] 192.168.122.86 "POST /compute/v2.1/flavors/d2/os-extra_specs" status: 200 len: 43 microversion: 2.61 time: 0.093219
Sep 25 19:21:37 devstack devstack@n-api.service[63423]: [pid: 63423|app: 0|req: 6/12] 192.168.122.86 () {68 vars in 1432 bytes} [Thu Sep 25 19:21:37 2025] POST /compute/v2.1/flavors/d2/os-extra_specs => generated 43 bytes in 106 msecs (HTTP/1.1 200) 9 headers in 358 bytes (1 switches on core 0)
Sep 25 19:21:43 devstack devstack@n-api.service[63422]: DEBUG nova.api.openstack.wsgi [None req-04d015df-a843-41b3-b440-ff86ad7c5ef4 admin admin] Calling method '>' {{(pid=63422) _process_stack /opt/stack/nova/nova/api/openstack/wsgi.py:552}}
Sep 25 19:21:43 devstack devstack@n-api.service[63422]: INFO nova.api.openstack.requestlog [None req-04d015df-a843-41b3-b440-ff86ad7c5ef4 admin admin] 192.168.122.86 "GET /compute/v2.1" status: 200 len: 392 microversion: 2.1 time: 0.010717
Sep 25 19:21:43 devstack devstack@n-api.service[63422]: [pid: 63422|app: 0|req: 7/13] 192.168.122.86 () {58 vars in 1027 bytes} [Thu Sep 25 19:21:43 2025] GET /compute/v2.1 => generated 392 bytes in 13 msecs (HTTP/1.1 200) 9 headers in 357 bytes (1 switches on core 0)
Sep 25 19:21:43 devstack devstack@n-api.service[63423]: DEBUG nova.api.openstack.wsgi [None req-09e7cdb6-1c23-436f-a102-457d3f9d53d4 admin admin] Action: 'create', calling method: >, body: {"flavor": {"disk": 10, "OS-FLV-EXT-DATA:ephemeral": 0, "name": "ds2G", "os-flavor-access:is_public": true, "rxtx_factor": 1.0, "vcpus": 2, "ram": 2048, "swap": 0, "id": "d3"}} {{(pid=63423) _process_stack /opt/stack/nova/nova/api/openstack/wsgi.py:550}}
Sep 25 19:21:43 devstack devstack@n-api.service[63423]: INFO nova.api.openstack.requestlog [None req-09e7cdb6-1c23-436f-a102-457d3f9d53d4 admin admin] 192.168.122.86 "POST /compute/v2.1/flavors" status: 200 len: 410 microversion: 2.61 time: 0.159352
Sep 25 19:21:43 devstack devstack@n-api.service[63423]: [pid: 63423|app: 0|req: 7/14] 192.168.122.86 () {68 vars in 1379 bytes} [Thu Sep 25 19:21:43 2025] POST /compute/v2.1/flavors => generated 410 bytes in 161 msecs (HTTP/1.1 200) 9 headers in 359 bytes (2 switches on core 0)
Sep 25 19:21:43 devstack devstack@n-api.service[63422]: DEBUG nova.api.openstack.wsgi [None req-2f27d932-e77d-4c4e-87e7-b5d80d7e3a53 admin admin] Action: 'create', calling method: >, body: {"extra_specs": {"hw_rng:allowed": "True"}} {{(pid=63422) _process_stack /opt/stack/nova/nova/api/openstack/wsgi.py:550}}
Sep 25 19:21:43 devstack devstack@n-api.service[63422]: INFO nova.api.openstack.requestlog [None req-2f27d932-e77d-4c4e-87e7-b5d80d7e3a53 admin admin] 192.168.122.86 "POST /compute/v2.1/flavors/d3/os-extra_specs" status: 200 len: 43 microversion: 2.61 time: 0.076742
Sep 25 19:21:43 devstack devstack@n-api.service[63422]: [pid: 63422|app: 0|req: 8/15] 192.168.122.86 () {68 vars in 1432 bytes} [Thu Sep 25 19:21:43 2025] POST /compute/v2.1/flavors/d3/os-extra_specs => generated 43 bytes in 79 msecs (HTTP/1.1 200) 9 headers in 358 bytes (1 switches on core 0)
Sep 25 19:21:49 devstack devstack@n-api.service[63423]: DEBUG nova.api.openstack.wsgi [None req-09e7cdb6-1c23-436f-a102-457d3f9d53d4 admin admin] Calling method '>' {{(pid=63423) _process_stack /opt/stack/nova/nova/api/openstack/wsgi.py:552}}
Sep 25 19:21:49 devstack devstack@n-api.service[63423]: INFO nova.api.openstack.requestlog [None req-09e7cdb6-1c23-436f-a102-457d3f9d53d4 admin admin] 192.168.122.86 "GET /compute/v2.1" status: 200 len: 392 microversion: 2.1 time: 0.009633
Sep 25 19:21:49 devstack devstack@n-api.service[63423]: [pid: 63423|app: 0|req: 8/16] 192.168.122.86 () {58 vars in 1027 bytes} [Thu Sep 25 19:21:49 2025] GET /compute/v2.1 => generated 392 bytes in 25 msecs (HTTP/1.1 200) 9 headers in 357 bytes (1 switches on core 0)
Sep 25 19:21:49 devstack devstack@n-api.service[63422]: DEBUG nova.api.openstack.wsgi [None req-d0a7ef75-7623-4836-9b25-abd1f227c990 admin admin] Action: 'create', calling method: >, body: {"flavor": {"os-flavor-access:is_public": true, "vcpus": 4, "OS-FLV-EXT-DATA:ephemeral": 0, "swap": 0, "disk": 20, "name": "ds4G", "id": "d4", "ram": 4096, "rxtx_factor": 1.0}} {{(pid=63422) _process_stack /opt/stack/nova/nova/api/openstack/wsgi.py:550}}
Sep 25 19:21:49 devstack devstack@n-api.service[63422]: INFO nova.api.openstack.requestlog [None req-d0a7ef75-7623-4836-9b25-abd1f227c990 admin admin] 192.168.122.86 "POST /compute/v2.1/flavors" status: 200 len: 410 microversion: 2.61 time: 0.128306
Sep 25 19:21:49 devstack devstack@n-api.service[63422]: [pid: 63422|app: 0|req: 9/17] 192.168.122.86 () {68 vars in 1379 bytes} [Thu Sep 25 19:21:49 2025] POST /compute/v2.1/flavors => generated 410 bytes in 132 msecs (HTTP/1.1 200) 9 headers in 359 bytes (1 switches on core 0)
Sep 25 19:21:49 devstack devstack@n-api.service[63423]: DEBUG nova.api.openstack.wsgi [None req-0ea8b9bc-b46b-4571-a38b-44dfee8e057f admin admin] Action: 'create', calling method: >, body: {"extra_specs": {"hw_rng:allowed": "True"}} {{(pid=63423) _process_stack /opt/stack/nova/nova/api/openstack/wsgi.py:550}}
Sep 25 19:21:49 devstack devstack@n-api.service[63423]: INFO nova.api.openstack.requestlog [None req-0ea8b9bc-b46b-4571-a38b-44dfee8e057f admin admin] 192.168.122.86 "POST /compute/v2.1/flavors/d4/os-extra_specs" status: 200 len: 43 microversion: 2.61 time: 0.061211
Sep 25 19:21:49 devstack devstack@n-api.service[63423]: [pid: 63423|app: 0|req: 9/18] 192.168.122.86 () {68 vars in 1432 bytes} [Thu Sep 25 19:21:49 2025] POST /compute/v2.1/flavors/d4/os-extra_specs => generated 43 bytes in 69 msecs (HTTP/1.1 200) 9 headers in 358 bytes (1 switches on core 0)
Sep 25 19:21:56 devstack devstack@n-api.service[63422]: DEBUG nova.api.openstack.wsgi [None req-d0a7ef75-7623-4836-9b25-abd1f227c990 admin admin] Calling method '>' {{(pid=63422) _process_stack /opt/stack/nova/nova/api/openstack/wsgi.py:552}}
Sep 25 19:21:56 devstack devstack@n-api.service[63422]: INFO nova.api.openstack.requestlog [None req-d0a7ef75-7623-4836-9b25-abd1f227c990 admin admin] 192.168.122.86 "GET /compute/v2.1" status: 200 len: 392 microversion: 2.1 time: 0.012354
Sep 25 19:21:56 devstack devstack@n-api.service[63422]: [pid: 63422|app: 0|req: 10/19] 192.168.122.86 () {58 vars in 1027 bytes} [Thu Sep 25 19:21:56 2025] GET /compute/v2.1 => generated 392 bytes in 16 msecs (HTTP/1.1 200) 9 headers in 357 bytes (2 switches on core 0)
Sep 25 19:21:56 devstack devstack@n-api.service[63423]: DEBUG nova.api.openstack.wsgi [None req-831701aa-2d39-4589-a1b9-e3690e13df9e admin admin] Calling method '>' {{(pid=63423) _process_stack /opt/stack/nova/nova/api/openstack/wsgi.py:552}}
Sep 25 19:21:56 devstack devstack@n-api.service[63423]: INFO nova.api.openstack.requestlog [None req-831701aa-2d39-4589-a1b9-e3690e13df9e admin admin] 192.168.122.86 "GET /compute/v2.1/flavors/detail?is_public=True" status: 200 len: 2136 microversion: 2.61 time: 0.112933
