Jul 08 16:15:29 devstack cinder-volume[87227]: DEBUG cinder.volume.manager [None req-161d5cdb-27fd-400b-8c4f-f3d2f8de0518 tempest-GroupsV314Test-1882952185 None] Task 'cinder.volume.flows.manager.create_volume.CreateVolumeFromSpecTask;volume:create' (b34557a0-38d2-469a-a5ca-c5faa9f35e1e) transitioned into state 'RUNNING' from state 'PENDING' {{(pid=87227) _task_receiver /opt/stack/data/venv/lib/python3.12/site-packages/taskflow/listeners/logging.py:242}}
Jul 08 16:15:29 devstack cinder-volume[87227]: INFO cinder.volume.flows.manager.create_volume [None req-161d5cdb-27fd-400b-8c4f-f3d2f8de0518 tempest-GroupsV314Test-1882952185 None] Volume 5066d017-8b28-4fa0-a2fa-2a7b1491514b: being created as raw with specification: {'status': 'creating', 'volume_name': 'volume-5066d017-8b28-4fa0-a2fa-2a7b1491514b', 'volume_size': 1}
Jul 08 16:15:29 devstack cinder-volume[87227]: DEBUG oslo_concurrency.lockutils [None req-161d5cdb-27fd-400b-8c4f-f3d2f8de0518 tempest-GroupsV314Test-1882952185 None] Acquiring lock "quobyte" by "cinder.volume.drivers.quobyte.QuobyteDriver.create_volume" {{(pid=87227) inner /opt/stack/data/venv/lib/python3.12/site-packages/oslo_concurrency/lockutils.py:511}}
Jul 08 16:15:29 devstack cinder-volume[87227]: DEBUG oslo_concurrency.lockutils [None req-161d5cdb-27fd-400b-8c4f-f3d2f8de0518 tempest-GroupsV314Test-1882952185 None] Lock "quobyte" acquired by "cinder.volume.drivers.quobyte.QuobyteDriver.create_volume" :: waited 0.001s {{(pid=87227) inner /opt/stack/data/venv/lib/python3.12/site-packages/oslo_concurrency/lockutils.py:524}}
Jul 08 16:15:29 devstack cinder-volume[87227]: DEBUG cinder.volume.drivers.quobyte [None req-161d5cdb-27fd-400b-8c4f-f3d2f8de0518 tempest-GroupsV314Test-1882952185 None] ==> create_volume: call "{'self': , 'volume': Volume(_name_id=None,admin_metadata=,attach_status='detached',availability_zone='nova',bootable=False,cluster=,cluster_name=None,consistencygroup=,consistencygroup_id=22d4cdc1-7e01-45ee-9a2c-f13397a1becc,created_at=2026-07-08T14:15:29Z,deleted=False,deleted_at=None,display_description=None,display_name='tempest-volume-997153188',ec2_id=None,encryption_key_id=None,glance_metadata=,group=,group_id=22d4cdc1-7e01-45ee-9a2c-f13397a1becc,host='devstack@QuobyteHD#QuobyteHD',id=5066d017-8b28-4fa0-a2fa-2a7b1491514b,launched_at=None,metadata={},migration_status=None,multiattach=False,previous_status=None,project_id='21ffb811ff7d4c76b5097a7bacf7cac0',provider_auth=None,provider_geometry=None,provider_id=None,provider_location=None,replication_driver_data=None,replication_extended_status=None,replication_status=None,scheduled_at=2026-07-08T14:15:30Z,service_uuid=None,shared_targets=True,size=1,snapshot_id=None,snapshots=,source_volid=None,status='creating',terminated_at=None,updated_at=2026-07-08T14:15:30Z,use_quota=True,user_id='7b3c56e2982144fb9cc06994bb26e5bb',volume_attachment=VolumeAttachmentList,volume_type=VolumeType(60b60b7b-6ff9-46ac-8b8d-129d431609ad),volume_type_id=60b60b7b-6ff9-46ac-8b8d-129d431609ad)}" {{(pid=87227) trace_logging_wrapper /opt/stack/cinder/cinder/volume/volume_utils.py:1497}}
Jul 08 16:15:29 devstack cinder-volume[87227]: DEBUG cinder.volume.drivers.remotefs [None req-161d5cdb-27fd-400b-8c4f-f3d2f8de0518 tempest-GroupsV314Test-1882952185 None] Creating volume 5066d017-8b28-4fa0-a2fa-2a7b1491514b {{(pid=87227) create_volume /opt/stack/cinder/cinder/volume/drivers/remotefs.py:292}}
Jul 08 16:15:29 devstack cinder-volume[87227]: DEBUG oslo_concurrency.lockutils [None req-161d5cdb-27fd-400b-8c4f-f3d2f8de0518 tempest-GroupsV314Test-1882952185 None] Acquiring lock "quobyte_ensure" by "cinder.volume.drivers.quobyte.QuobyteDriver._ensure_shares_mounted" {{(pid=87227) inner /opt/stack/data/venv/lib/python3.12/site-packages/oslo_concurrency/lockutils.py:511}}
Jul 08 16:15:29 devstack cinder-volume[87227]: DEBUG oslo_concurrency.lockutils [None req-161d5cdb-27fd-400b-8c4f-f3d2f8de0518 tempest-GroupsV314Test-1882952185 None] Lock "quobyte_ensure" acquired by "cinder.volume.drivers.quobyte.QuobyteDriver._ensure_shares_mounted" :: waited 0.001s {{(pid=87227) inner /opt/stack/data/venv/lib/python3.12/site-packages/oslo_concurrency/lockutils.py:524}}
Jul 08 16:15:29 devstack cinder-volume[87227]: DEBUG cinder.volume.drivers.quobyte [None req-161d5cdb-27fd-400b-8c4f-f3d2f8de0518 tempest-GroupsV314Test-1882952185 None] Quobyte Volume URL set to: {'osci02.corp.quobyte.com/cinder-vol-84f5ff03-d8f0-4295-b48a-44e0716aea63': None} {{(pid=87227) _load_shares_config /opt/stack/cinder/cinder/volume/drivers/quobyte.py:617}}
Jul 08 16:15:29 devstack cinder-volume[87227]: DEBUG cinder.volume.drivers.quobyte [None req-161d5cdb-27fd-400b-8c4f-f3d2f8de0518 tempest-GroupsV314Test-1882952185 None] Available shares ['osci02.corp.quobyte.com/cinder-vol-84f5ff03-d8f0-4295-b48a-44e0716aea63'] {{(pid=87227) _ensure_shares_mounted /opt/stack/cinder/cinder/volume/drivers/quobyte.py:647}}
Jul 08 16:15:29 devstack cinder-volume[87227]: DEBUG oslo_concurrency.lockutils [None req-161d5cdb-27fd-400b-8c4f-f3d2f8de0518 tempest-GroupsV314Test-1882952185 None] Lock "quobyte_ensure" "released" by "cinder.volume.drivers.quobyte.QuobyteDriver._ensure_shares_mounted" :: held 0.012s {{(pid=87227) inner /opt/stack/data/venv/lib/python3.12/site-packages/oslo_concurrency/lockutils.py:543}}
Jul 08 16:15:29 devstack cinder-volume[87227]: DEBUG cinder.volume.drivers.quobyte [None req-161d5cdb-27fd-400b-8c4f-f3d2f8de0518 tempest-GroupsV314Test-1882952185 None] Selected osci02.corp.quobyte.com/cinder-vol-84f5ff03-d8f0-4295-b48a-44e0716aea63 as target Quobyte volume. {{(pid=87227) _find_share /opt/stack/cinder/cinder/volume/drivers/quobyte.py:668}}
Jul 08 16:15:29 devstack cinder-volume[87227]: INFO cinder.volume.drivers.remotefs [None req-161d5cdb-27fd-400b-8c4f-f3d2f8de0518 tempest-GroupsV314Test-1882952185 None] casted to osci02.corp.quobyte.com/cinder-vol-84f5ff03-d8f0-4295-b48a-44e0716aea63
Jul 08 16:15:29 devstack cinder-volume[87227]: DEBUG oslo_concurrency.processutils [None req-161d5cdb-27fd-400b-8c4f-f3d2f8de0518 tempest-GroupsV314Test-1882952185 None] Running cmd (subprocess): sudo cinder-rootwrap /etc/cinder/rootwrap.conf qemu-img create -f qcow2 -o preallocation=metadata /opt/stack/data/cinder/mnt/bb18c281062cc9f0f36d64fe3ff6727c/volume-5066d017-8b28-4fa0-a2fa-2a7b1491514b 1073741824 {{(pid=87227) execute /opt/stack/data/venv/lib/python3.12/site-packages/oslo_concurrency/processutils.py:440}}
Jul 08 16:15:29 devstack cinder-volume[87227]: DEBUG cinder.coordination [None req-3c7b6411-e308-4b52-ad3f-b5247ec6eccd tempest-AttachVolumeShelveTestJSON-354937171 None] Acquiring lock "cinder-5e1cac50-4d90-45a9-bf45-c15c9e772676-delete_volume" by "delete_volume" {{(pid=87227) __acquire /opt/stack/cinder/cinder/coordination.py:138}}
Jul 08 16:15:29 devstack sudo[89903]: quobyte : PWD=/ ; USER=root ; COMMAND=/opt/stack/data/venv/bin/cinder-rootwrap /etc/cinder/rootwrap.conf qemu-img create -f qcow2 -o preallocation=metadata /opt/stack/data/cinder/mnt/bb18c281062cc9f0f36d64fe3ff6727c/volume-5066d017-8b28-4fa0-a2fa-2a7b1491514b 1073741824
Jul 08 16:15:29 devstack sudo[89903]: pam_unix(sudo:session): session opened for user root(uid=0) by (uid=1000)
Jul 08 16:15:29 devstack cinder-volume[87227]: DEBUG cinder.coordination [None req-3c7b6411-e308-4b52-ad3f-b5247ec6eccd tempest-AttachVolumeShelveTestJSON-354937171 None] Lock "cinder-5e1cac50-4d90-45a9-bf45-c15c9e772676-delete_volume" acquired by "delete_volume" :: waited 0.021s {{(pid=87227) __acquire /opt/stack/cinder/cinder/coordination.py:141}}
Jul 08 16:15:30 devstack cinder-volume[87227]: DEBUG cinder.coordination [None req-3c7b6411-e308-4b52-ad3f-b5247ec6eccd tempest-AttachVolumeShelveTestJSON-354937171 None] Acquiring lock "cinder-quobyte-5e1cac50-4d90-45a9-bf45-c15c9e772676" by "delete_volume" {{(pid=87227) __acquire /opt/stack/cinder/cinder/coordination.py:138}}
Jul 08 16:15:30 devstack cinder-volume[87227]: DEBUG cinder.coordination [None req-3c7b6411-e308-4b52-ad3f-b5247ec6eccd tempest-AttachVolumeShelveTestJSON-354937171 None] Lock "cinder-quobyte-5e1cac50-4d90-45a9-bf45-c15c9e772676" acquired by "delete_volume" :: waited 0.019s {{(pid=87227) __acquire /opt/stack/cinder/cinder/coordination.py:141}}
Jul 08 16:15:30 devstack cinder-volume[87227]: DEBUG oslo.privsep.daemon [-] privsep: reply[79cbcf4b-0c30-48db-b81d-7ae8a8946b78]: (4, 'qcow2') {{(pid=88295) _call_back /opt/stack/data/venv/lib/python3.12/site-packages/oslo_privsep/daemon.py:580}}
Jul 08 16:15:30 devstack cinder-volume[87227]: DEBUG oslo_concurrency.processutils [None req-3c7b6411-e308-4b52-ad3f-b5247ec6eccd tempest-AttachVolumeShelveTestJSON-354937171 None] Running cmd (subprocess): /opt/stack/data/venv/bin/python3.12 -m oslo_concurrency.prlimit --as=1073741824 --cpu=60 -- sudo cinder-rootwrap /etc/cinder/rootwrap.conf env LC_ALL=C qemu-img info -f qcow2 --output=json --force-share /opt/stack/data/cinder/mnt/bb18c281062cc9f0f36d64fe3ff6727c/volume-5e1cac50-4d90-45a9-bf45-c15c9e772676 {{(pid=87227) execute /opt/stack/data/venv/lib/python3.12/site-packages/oslo_concurrency/processutils.py:440}}
Jul 08 16:15:30 devstack sudo[89905]: quobyte : PWD=/ ; USER=root ; COMMAND=/opt/stack/data/venv/bin/cinder-rootwrap /etc/cinder/rootwrap.conf env LC_ALL=C qemu-img info -f qcow2 --output=json --force-share /opt/stack/data/cinder/mnt/bb18c281062cc9f0f36d64fe3ff6727c/volume-5e1cac50-4d90-45a9-bf45-c15c9e772676
Jul 08 16:15:30 devstack sudo[89905]: pam_unix(sudo:session): session opened for user root(uid=0) by (uid=1000)
Jul 08 16:15:30 devstack sudo[89903]: pam_unix(sudo:session): session closed for user root
Jul 08 16:15:30 devstack cinder-volume[87227]: DEBUG oslo_concurrency.processutils [None req-161d5cdb-27fd-400b-8c4f-f3d2f8de0518 tempest-GroupsV314Test-1882952185 None] CMD "sudo cinder-rootwrap /etc/cinder/rootwrap.conf qemu-img create -f qcow2 -o preallocation=metadata /opt/stack/data/cinder/mnt/bb18c281062cc9f0f36d64fe3ff6727c/volume-5066d017-8b28-4fa0-a2fa-2a7b1491514b 1073741824" returned: 0 in 0.973s {{(pid=87227) execute /opt/stack/data/venv/lib/python3.12/site-packages/oslo_concurrency/processutils.py:468}}
Jul 08 16:15:30 devstack cinder-volume[87227]: DEBUG oslo_concurrency.processutils [None req-161d5cdb-27fd-400b-8c4f-f3d2f8de0518 tempest-GroupsV314Test-1882952185 None] Running cmd (subprocess): sudo cinder-rootwrap /etc/cinder/rootwrap.conf chmod ugo+rw /opt/stack/data/cinder/mnt/bb18c281062cc9f0f36d64fe3ff6727c/volume-5066d017-8b28-4fa0-a2fa-2a7b1491514b {{(pid=87227) execute /opt/stack/data/venv/lib/python3.12/site-packages/oslo_concurrency/processutils.py:440}}
Jul 08 16:15:30 devstack sudo[89905]: pam_unix(sudo:session): session closed for user root
Jul 08 16:15:31 devstack cinder-volume[87227]: DEBUG oslo_concurrency.processutils [None req-3c7b6411-e308-4b52-ad3f-b5247ec6eccd tempest-AttachVolumeShelveTestJSON-354937171 None] CMD "/opt/stack/data/venv/bin/python3.12 -m oslo_concurrency.prlimit --as=1073741824 --cpu=60 -- sudo cinder-rootwrap /etc/cinder/rootwrap.conf env LC_ALL=C qemu-img info -f qcow2 --output=json --force-share /opt/stack/data/cinder/mnt/bb18c281062cc9f0f36d64fe3ff6727c/volume-5e1cac50-4d90-45a9-bf45-c15c9e772676" returned: 0 in 0.903s {{(pid=87227) execute /opt/stack/data/venv/lib/python3.12/site-packages/oslo_concurrency/processutils.py:468}}
Jul 08 16:15:31 devstack cinder-volume[87227]: DEBUG oslo_concurrency.processutils [None req-3c7b6411-e308-4b52-ad3f-b5247ec6eccd tempest-AttachVolumeShelveTestJSON-354937171 None] Running cmd (subprocess): sudo cinder-rootwrap /etc/cinder/rootwrap.conf rm -f /opt/stack/data/cinder/mnt/bb18c281062cc9f0f36d64fe3ff6727c/volume-5e1cac50-4d90-45a9-bf45-c15c9e772676 {{(pid=87227) execute /opt/stack/data/venv/lib/python3.12/site-packages/oslo_concurrency/processutils.py:440}}
Jul 08 16:15:31 devstack sudo[89914]: quobyte : PWD=/ ; USER=root ; COMMAND=/opt/stack/data/venv/bin/cinder-rootwrap /etc/cinder/rootwrap.conf chmod ugo+rw /opt/stack/data/cinder/mnt/bb18c281062cc9f0f36d64fe3ff6727c/volume-5066d017-8b28-4fa0-a2fa-2a7b1491514b
Jul 08 16:15:31 devstack sudo[89914]: pam_unix(sudo:session): session opened for user root(uid=0) by (uid=1000)
Jul 08 16:15:31 devstack sudo[89915]: quobyte : PWD=/ ; USER=root ; COMMAND=/opt/stack/data/venv/bin/cinder-rootwrap /etc/cinder/rootwrap.conf rm -f /opt/stack/data/cinder/mnt/bb18c281062cc9f0f36d64fe3ff6727c/volume-5e1cac50-4d90-45a9-bf45-c15c9e772676
Jul 08 16:15:31 devstack sudo[89915]: pam_unix(sudo:session): session opened for user root(uid=0) by (uid=1000)
Jul 08 16:15:31 devstack sudo[89915]: pam_unix(sudo:session): session closed for user root
Jul 08 16:15:31 devstack cinder-volume[87227]: DEBUG oslo_concurrency.processutils [None req-3c7b6411-e308-4b52-ad3f-b5247ec6eccd tempest-AttachVolumeShelveTestJSON-354937171 None] CMD "sudo cinder-rootwrap /etc/cinder/rootwrap.conf rm -f /opt/stack/data/cinder/mnt/bb18c281062cc9f0f36d64fe3ff6727c/volume-5e1cac50-4d90-45a9-bf45-c15c9e772676" returned: 0 in 0.721s {{(pid=87227) execute /opt/stack/data/venv/lib/python3.12/site-packages/oslo_concurrency/processutils.py:468}}
Jul 08 16:15:31 devstack sudo[89914]: pam_unix(sudo:session): session closed for user root
Jul 08 16:15:31 devstack cinder-volume[87227]: DEBUG cinder.coordination [None req-3c7b6411-e308-4b52-ad3f-b5247ec6eccd tempest-AttachVolumeShelveTestJSON-354937171 None] Lock "cinder-quobyte-5e1cac50-4d90-45a9-bf45-c15c9e772676" released by "delete_volume" :: held 1.680s {{(pid=87227) __release /opt/stack/cinder/cinder/coordination.py:152}}
Jul 08 16:15:31 devstack cinder-volume[87227]: DEBUG oslo_concurrency.processutils [None req-161d5cdb-27fd-400b-8c4f-f3d2f8de0518 tempest-GroupsV314Test-1882952185 None] CMD "sudo cinder-rootwrap /etc/cinder/rootwrap.conf chmod ugo+rw /opt/stack/data/cinder/mnt/bb18c281062cc9f0f36d64fe3ff6727c/volume-5066d017-8b28-4fa0-a2fa-2a7b1491514b" returned: 0 in 0.773s {{(pid=87227) execute /opt/stack/data/venv/lib/python3.12/site-packages/oslo_concurrency/processutils.py:468}}
Jul 08 16:15:31 devstack cinder-volume[87227]: DEBUG cinder.volume.drivers.quobyte [None req-161d5cdb-27fd-400b-8c4f-f3d2f8de0518 tempest-GroupsV314Test-1882952185 None] <== create_volume: return (1819ms) {'provider_location': 'osci02.corp.quobyte.com/cinder-vol-84f5ff03-d8f0-4295-b48a-44e0716aea63'} {{(pid=87227) trace_logging_wrapper /opt/stack/cinder/cinder/volume/volume_utils.py:1522}}
Jul 08 16:15:31 devstack cinder-volume[87227]: DEBUG oslo_concurrency.lockutils [None req-161d5cdb-27fd-400b-8c4f-f3d2f8de0518 tempest-GroupsV314Test-1882952185 None] Lock "quobyte" "released" by "cinder.volume.drivers.quobyte.QuobyteDriver.create_volume" :: held 1.822s {{(pid=87227) inner /opt/stack/data/venv/lib/python3.12/site-packages/oslo_concurrency/lockutils.py:543}}
Jul 08 16:15:31 devstack cinder-volume[87227]: DEBUG cinder.volume.manager [None req-161d5cdb-27fd-400b-8c4f-f3d2f8de0518 tempest-GroupsV314Test-1882952185 None] Task 'cinder.volume.flows.manager.create_volume.CreateVolumeFromSpecTask;volume:create' (b34557a0-38d2-469a-a5ca-c5faa9f35e1e) transitioned into state 'SUCCESS' from state 'RUNNING' with result '{'status': 'creating', 'volume_name': 'volume-5066d017-8b28-4fa0-a2fa-2a7b1491514b', 'volume_size': 1}' {{(pid=87227) _task_receiver /opt/stack/data/venv/lib/python3.12/site-packages/taskflow/listeners/logging.py:218}}
Jul 08 16:15:31 devstack cinder-volume[87227]: DEBUG cinder.volume.manager [None req-161d5cdb-27fd-400b-8c4f-f3d2f8de0518 tempest-GroupsV314Test-1882952185 None] Task 'cinder.volume.flows.manager.create_volume.CreateVolumeOnFinishTask;volume:create, create.end' (052d5b45-2dc8-4fcd-9e8e-f3d4ef95a3c7) transitioned into state 'RUNNING' from state 'PENDING' {{(pid=87227) _task_receiver /opt/stack/data/venv/lib/python3.12/site-packages/taskflow/listeners/logging.py:242}}
Jul 08 16:15:31 devstack cinder-volume[87227]: INFO cinder.volume.flows.manager.create_volume [None req-161d5cdb-27fd-400b-8c4f-f3d2f8de0518 tempest-GroupsV314Test-1882952185 None] Volume volume-5066d017-8b28-4fa0-a2fa-2a7b1491514b (5066d017-8b28-4fa0-a2fa-2a7b1491514b): created successfully
Jul 08 16:15:31 devstack cinder-volume[87227]: DEBUG cinder.volume.manager [None req-161d5cdb-27fd-400b-8c4f-f3d2f8de0518 tempest-GroupsV314Test-1882952185 None] Task 'cinder.volume.flows.manager.create_volume.CreateVolumeOnFinishTask;volume:create, create.end' (052d5b45-2dc8-4fcd-9e8e-f3d4ef95a3c7) transitioned into state 'SUCCESS' from state 'RUNNING' with result 'None' {{(pid=87227) _task_receiver /opt/stack/data/venv/lib/python3.12/site-packages/taskflow/listeners/logging.py:218}}
Jul 08 16:15:31 devstack cinder-volume[87227]: DEBUG cinder.volume.manager [None req-161d5cdb-27fd-400b-8c4f-f3d2f8de0518 tempest-GroupsV314Test-1882952185 None] Flow 'volume_create_manager' (0667c7c9-30e1-4235-9db4-12f7d703bb61) transitioned into state 'SUCCESS' from state 'RUNNING' {{(pid=87227) _flow_receiver /opt/stack/data/venv/lib/python3.12/site-packages/taskflow/listeners/logging.py:160}}
Jul 08 16:15:31 devstack cinder-volume[87227]: INFO cinder.volume.manager [None req-161d5cdb-27fd-400b-8c4f-f3d2f8de0518 tempest-GroupsV314Test-1882952185 None] Created volume successfully.
Jul 08 16:15:31 devstack cinder-volume[87227]: DEBUG cinder.quota [None req-3c7b6411-e308-4b52-ad3f-b5247ec6eccd tempest-AttachVolumeShelveTestJSON-354937171 None] Created reservations ['a2892c45-2b63-4f86-b90e-afc53e2b561a', '33025c2b-f986-4a3d-9964-d94a951abebc', 'b7eb9d92-df6c-4104-894b-2d65f8e3a7ef', '06b726e3-50de-46e5-9aff-b0c309f4eb25'] {{(pid=87227) reserve /opt/stack/cinder/cinder/quota.py:752}}
Jul 08 16:15:31 devstack cinder-volume[87227]: DEBUG oslo_concurrency.lockutils [None req-3c7b6411-e308-4b52-ad3f-b5247ec6eccd tempest-AttachVolumeShelveTestJSON-354937171 None] Acquiring lock "quobyte_ensure" by "cinder.volume.drivers.quobyte.QuobyteDriver._ensure_shares_mounted" {{(pid=87227) inner /opt/stack/data/venv/lib/python3.12/site-packages/oslo_concurrency/lockutils.py:511}}
Jul 08 16:15:31 devstack cinder-volume[87227]: DEBUG oslo_concurrency.lockutils [None req-3c7b6411-e308-4b52-ad3f-b5247ec6eccd tempest-AttachVolumeShelveTestJSON-354937171 None] Lock "quobyte_ensure" acquired by "cinder.volume.drivers.quobyte.QuobyteDriver._ensure_shares_mounted" :: waited 0.001s {{(pid=87227) inner /opt/stack/data/venv/lib/python3.12/site-packages/oslo_concurrency/lockutils.py:524}}
Jul 08 16:15:31 devstack cinder-volume[87227]: DEBUG cinder.volume.drivers.quobyte [None req-3c7b6411-e308-4b52-ad3f-b5247ec6eccd tempest-AttachVolumeShelveTestJSON-354937171 None] Quobyte Volume URL set to: {'osci02.corp.quobyte.com/cinder-vol-84f5ff03-d8f0-4295-b48a-44e0716aea63': None} {{(pid=87227) _load_shares_config /opt/stack/cinder/cinder/volume/drivers/quobyte.py:617}}
Jul 08 16:15:31 devstack cinder-volume[87227]: DEBUG cinder.volume.drivers.quobyte [None req-3c7b6411-e308-4b52-ad3f-b5247ec6eccd tempest-AttachVolumeShelveTestJSON-354937171 None] Available shares ['osci02.corp.quobyte.com/cinder-vol-84f5ff03-d8f0-4295-b48a-44e0716aea63'] {{(pid=87227) _ensure_shares_mounted /opt/stack/cinder/cinder/volume/drivers/quobyte.py:647}}
Jul 08 16:15:31 devstack cinder-volume[87227]: DEBUG oslo_concurrency.lockutils [None req-3c7b6411-e308-4b52-ad3f-b5247ec6eccd tempest-AttachVolumeShelveTestJSON-354937171 None] Lock "quobyte_ensure" "released" by "cinder.volume.drivers.quobyte.QuobyteDriver._ensure_shares_mounted" :: held 0.006s {{(pid=87227) inner /opt/stack/data/venv/lib/python3.12/site-packages/oslo_concurrency/lockutils.py:543}}
Jul 08 16:15:31 devstack cinder-volume[87227]: DEBUG oslo_concurrency.processutils [None req-3c7b6411-e308-4b52-ad3f-b5247ec6eccd tempest-AttachVolumeShelveTestJSON-354937171 None] Running cmd (subprocess): sudo cinder-rootwrap /etc/cinder/rootwrap.conf df --portability --block-size 1 /opt/stack/data/cinder/mnt/bb18c281062cc9f0f36d64fe3ff6727c {{(pid=87227) execute /opt/stack/data/venv/lib/python3.12/site-packages/oslo_concurrency/processutils.py:440}}
Jul 08 16:15:31 devstack sudo[89921]: quobyte : PWD=/ ; USER=root ; COMMAND=/opt/stack/data/venv/bin/cinder-rootwrap /etc/cinder/rootwrap.conf df --portability --block-size 1 /opt/stack/data/cinder/mnt/bb18c281062cc9f0f36d64fe3ff6727c
Jul 08 16:15:31 devstack sudo[89921]: pam_unix(sudo:session): session opened for user root(uid=0) by (uid=1000)
Jul 08 16:15:32 devstack sudo[89921]: pam_unix(sudo:session): session closed for user root
Jul 08 16:15:32 devstack cinder-volume[87227]: DEBUG oslo_concurrency.processutils [None req-3c7b6411-e308-4b52-ad3f-b5247ec6eccd tempest-AttachVolumeShelveTestJSON-354937171 None] CMD "sudo cinder-rootwrap /etc/cinder/rootwrap.conf df --portability --block-size 1 /opt/stack/data/cinder/mnt/bb18c281062cc9f0f36d64fe3ff6727c" returned: 0 in 0.732s {{(pid=87227) execute /opt/stack/data/venv/lib/python3.12/site-packages/oslo_concurrency/processutils.py:468}}
Jul 08 16:15:32 devstack cinder-volume[87227]: DEBUG cinder.manager [None req-3c7b6411-e308-4b52-ad3f-b5247ec6eccd tempest-AttachVolumeShelveTestJSON-354937171 None] Notifying Schedulers of capabilities ... {{(pid=87227) _publish_service_capabilities /opt/stack/cinder/cinder/manager.py:219}}
Jul 08 16:15:32 devstack cinder-volume[87227]: INFO cinder.volume.manager [None req-3c7b6411-e308-4b52-ad3f-b5247ec6eccd tempest-AttachVolumeShelveTestJSON-354937171 None] Deleted volume successfully.
Jul 08 16:15:32 devstack cinder-volume[87227]: DEBUG cinder.coordination [None req-3c7b6411-e308-4b52-ad3f-b5247ec6eccd tempest-AttachVolumeShelveTestJSON-354937171 None] Lock "cinder-5e1cac50-4d90-45a9-bf45-c15c9e772676-delete_volume" released by "delete_volume" :: held 2.666s {{(pid=87227) __release /opt/stack/cinder/cinder/coordination.py:152}}
Jul 08 16:15:33 devstack cinder-volume[87227]: DEBUG oslo_concurrency.lockutils [None req-06b50805-e2e8-4c92-9657-841a4aae1e6c tempest-GroupsV314Test-1882952185 None] Acquiring lock "quobyte" by "cinder.volume.drivers.quobyte.QuobyteDriver.create_cloned_volume" {{(pid=87227) inner /opt/stack/data/venv/lib/python3.12/site-packages/oslo_concurrency/lockutils.py:511}}
Jul 08 16:15:33 devstack cinder-volume[87227]: DEBUG oslo_concurrency.lockutils [None req-06b50805-e2e8-4c92-9657-841a4aae1e6c tempest-GroupsV314Test-1882952185 None] Lock "quobyte" acquired by "cinder.volume.drivers.quobyte.QuobyteDriver.create_cloned_volume" :: waited 0.001s {{(pid=87227) inner /opt/stack/data/venv/lib/python3.12/site-packages/oslo_concurrency/lockutils.py:524}}
Jul 08 16:15:33 devstack cinder-volume[87227]: INFO cinder.volume.drivers.remotefs [None req-06b50805-e2e8-4c92-9657-841a4aae1e6c tempest-GroupsV314Test-1882952185 None] Cloning volume 5066d017-8b28-4fa0-a2fa-2a7b1491514b to volume 2eb1e5e1-35b2-4864-aca2-e6b486cf54a1
Jul 08 16:15:33 devstack cinder-volume[87227]: DEBUG cinder.volume.drivers.remotefs [None req-06b50805-e2e8-4c92-9657-841a4aae1e6c tempest-GroupsV314Test-1882952185 None] Creating offline snapshot bba51e58-2cf3-4cf8-a39f-cf38efeb755e of volume 5066d017-8b28-4fa0-a2fa-2a7b1491514b {{(pid=87227) _create_snapshot /opt/stack/cinder/cinder/volume/drivers/remotefs.py:1816}}
Jul 08 16:15:33 devstack cinder-volume[87227]: DEBUG oslo.privsep.daemon [-] privsep: reply[baaa6016-fdc3-465c-86ed-af215320f0e0]: (4, 'qcow2') {{(pid=88295) _call_back /opt/stack/data/venv/lib/python3.12/site-packages/oslo_privsep/daemon.py:580}}
Jul 08 16:15:33 devstack cinder-volume[87227]: DEBUG oslo_concurrency.processutils [None req-06b50805-e2e8-4c92-9657-841a4aae1e6c tempest-GroupsV314Test-1882952185 None] Running cmd (subprocess): /opt/stack/data/venv/bin/python3.12 -m oslo_concurrency.prlimit --as=1073741824 --cpu=60 -- sudo cinder-rootwrap /etc/cinder/rootwrap.conf env LC_ALL=C qemu-img info -f qcow2 --output=json --force-share /opt/stack/data/cinder/mnt/bb18c281062cc9f0f36d64fe3ff6727c/volume-5066d017-8b28-4fa0-a2fa-2a7b1491514b {{(pid=87227) execute /opt/stack/data/venv/lib/python3.12/site-packages/oslo_concurrency/processutils.py:440}}
Jul 08 16:15:33 devstack sudo[89928]: quobyte : PWD=/ ; USER=root ; COMMAND=/opt/stack/data/venv/bin/cinder-rootwrap /etc/cinder/rootwrap.conf env LC_ALL=C qemu-img info -f qcow2 --output=json --force-share /opt/stack/data/cinder/mnt/bb18c281062cc9f0f36d64fe3ff6727c/volume-5066d017-8b28-4fa0-a2fa-2a7b1491514b
Jul 08 16:15:33 devstack sudo[89928]: pam_unix(sudo:session): session opened for user root(uid=0) by (uid=1000)
Jul 08 16:15:35 devstack sudo[89928]: pam_unix(sudo:session): session closed for user root
Jul 08 16:15:35 devstack cinder-volume[87227]: DEBUG oslo_concurrency.processutils [None req-06b50805-e2e8-4c92-9657-841a4aae1e6c tempest-GroupsV314Test-1882952185 None] CMD "/opt/stack/data/venv/bin/python3.12 -m oslo_concurrency.prlimit --as=1073741824 --cpu=60 -- sudo cinder-rootwrap /etc/cinder/rootwrap.conf env LC_ALL=C qemu-img info -f qcow2 --output=json --force-share /opt/stack/data/cinder/mnt/bb18c281062cc9f0f36d64fe3ff6727c/volume-5066d017-8b28-4fa0-a2fa-2a7b1491514b" returned: 0 in 1.248s {{(pid=87227) execute /opt/stack/data/venv/lib/python3.12/site-packages/oslo_concurrency/processutils.py:468}}
Jul 08 16:15:35 devstack cinder-volume[87227]: DEBUG oslo_concurrency.processutils [None req-06b50805-e2e8-4c92-9657-841a4aae1e6c tempest-GroupsV314Test-1882952185 None] Running cmd (subprocess): sudo cinder-rootwrap /etc/cinder/rootwrap.conf qemu-img create -f qcow2 -o backing_file=/opt/stack/data/cinder/mnt/bb18c281062cc9f0f36d64fe3ff6727c/volume-5066d017-8b28-4fa0-a2fa-2a7b1491514b,backing_fmt=qcow2 /opt/stack/data/cinder/mnt/bb18c281062cc9f0f36d64fe3ff6727c/volume-5066d017-8b28-4fa0-a2fa-2a7b1491514b.bba51e58-2cf3-4cf8-a39f-cf38efeb755e 1G {{(pid=87227) execute /opt/stack/data/venv/lib/python3.12/site-packages/oslo_concurrency/processutils.py:440}}
Jul 08 16:15:35 devstack sudo[89936]: quobyte : PWD=/ ; USER=root ; COMMAND=/opt/stack/data/venv/bin/cinder-rootwrap /etc/cinder/rootwrap.conf qemu-img create -f qcow2 -o backing_file=/opt/stack/data/cinder/mnt/bb18c281062cc9f0f36d64fe3ff6727c/volume-5066d017-8b28-4fa0-a2fa-2a7b1491514b,backing_fmt=qcow2 /opt/stack/data/cinder/mnt/bb18c281062cc9f0f36d64fe3ff6727c/volume-5066d017-8b28-4fa0-a2fa-2a7b1491514b.bba51e58-2cf3-4cf8-a39f-cf38efeb755e 1G
Jul 08 16:15:35 devstack sudo[89936]: pam_unix(sudo:session): session opened for user root(uid=0) by (uid=1000)
Jul 08 16:15:36 devstack sudo[89936]: pam_unix(sudo:session): session closed for user root
Jul 08 16:15:36 devstack cinder-volume[87227]: DEBUG oslo_concurrency.processutils [None req-06b50805-e2e8-4c92-9657-841a4aae1e6c tempest-GroupsV314Test-1882952185 None] CMD "sudo cinder-rootwrap /etc/cinder/rootwrap.conf qemu-img create -f qcow2 -o backing_file=/opt/stack/data/cinder/mnt/bb18c281062cc9f0f36d64fe3ff6727c/volume-5066d017-8b28-4fa0-a2fa-2a7b1491514b,backing_fmt=qcow2 /opt/stack/data/cinder/mnt/bb18c281062cc9f0f36d64fe3ff6727c/volume-5066d017-8b28-4fa0-a2fa-2a7b1491514b.bba51e58-2cf3-4cf8-a39f-cf38efeb755e 1G" returned: 0 in 1.067s {{(pid=87227) execute /opt/stack/data/venv/lib/python3.12/site-packages/oslo_concurrency/processutils.py:468}}
Jul 08 16:15:36 devstack cinder-volume[87227]: DEBUG oslo_concurrency.processutils [None req-06b50805-e2e8-4c92-9657-841a4aae1e6c tempest-GroupsV314Test-1882952185 None] Running cmd (subprocess): sudo cinder-rootwrap /etc/cinder/rootwrap.conf qemu-img rebase -u -b volume-5066d017-8b28-4fa0-a2fa-2a7b1491514b -F qcow2 /opt/stack/data/cinder/mnt/bb18c281062cc9f0f36d64fe3ff6727c/volume-5066d017-8b28-4fa0-a2fa-2a7b1491514b.bba51e58-2cf3-4cf8-a39f-cf38efeb755e {{(pid=87227) execute /opt/stack/data/venv/lib/python3.12/site-packages/oslo_concurrency/processutils.py:440}}
Jul 08 16:15:36 devstack sudo[89955]: quobyte : PWD=/ ; USER=root ; COMMAND=/opt/stack/data/venv/bin/cinder-rootwrap /etc/cinder/rootwrap.conf qemu-img rebase -u -b volume-5066d017-8b28-4fa0-a2fa-2a7b1491514b -F qcow2 /opt/stack/data/cinder/mnt/bb18c281062cc9f0f36d64fe3ff6727c/volume-5066d017-8b28-4fa0-a2fa-2a7b1491514b.bba51e58-2cf3-4cf8-a39f-cf38efeb755e
Jul 08 16:15:36 devstack sudo[89955]: pam_unix(sudo:session): session opened for user root(uid=0) by (uid=1000)
Jul 08 16:15:36 devstack sudo[89955]: pam_unix(sudo:session): session closed for user root
Jul 08 16:15:36 devstack cinder-volume[87227]: DEBUG oslo_concurrency.processutils [None req-06b50805-e2e8-4c92-9657-841a4aae1e6c tempest-GroupsV314Test-1882952185 None] CMD "sudo cinder-rootwrap /etc/cinder/rootwrap.conf qemu-img rebase -u -b volume-5066d017-8b28-4fa0-a2fa-2a7b1491514b -F qcow2 /opt/stack/data/cinder/mnt/bb18c281062cc9f0f36d64fe3ff6727c/volume-5066d017-8b28-4fa0-a2fa-2a7b1491514b.bba51e58-2cf3-4cf8-a39f-cf38efeb755e" returned: 0 in 0.911s {{(pid=87227) execute /opt/stack/data/venv/lib/python3.12/site-packages/oslo_concurrency/processutils.py:468}}
Jul 08 16:15:36 devstack cinder-volume[87227]: WARNING cinder.volume.drivers.remotefs [None req-06b50805-e2e8-4c92-9657-841a4aae1e6c tempest-GroupsV314Test-1882952185 None] /opt/stack/data/cinder/mnt/bb18c281062cc9f0f36d64fe3ff6727c/volume-5066d017-8b28-4fa0-a2fa-2a7b1491514b.bba51e58-2cf3-4cf8-a39f-cf38efeb755e is being set with open permissions: ugo+rw: NotImplementedError
Jul 08 16:15:36 devstack cinder-volume[87227]: DEBUG oslo_concurrency.processutils [None req-06b50805-e2e8-4c92-9657-841a4aae1e6c tempest-GroupsV314Test-1882952185 None] Running cmd (subprocess): sudo cinder-rootwrap /etc/cinder/rootwrap.conf chmod ugo+rw /opt/stack/data/cinder/mnt/bb18c281062cc9f0f36d64fe3ff6727c/volume-5066d017-8b28-4fa0-a2fa-2a7b1491514b.bba51e58-2cf3-4cf8-a39f-cf38efeb755e {{(pid=87227) execute /opt/stack/data/venv/lib/python3.12/site-packages/oslo_concurrency/processutils.py:440}}
Jul 08 16:15:37 devstack sudo[89966]: quobyte : PWD=/ ; USER=root ; COMMAND=/opt/stack/data/venv/bin/cinder-rootwrap /etc/cinder/rootwrap.conf chmod ugo+rw /opt/stack/data/cinder/mnt/bb18c281062cc9f0f36d64fe3ff6727c/volume-5066d017-8b28-4fa0-a2fa-2a7b1491514b.bba51e58-2cf3-4cf8-a39f-cf38efeb755e
Jul 08 16:15:37 devstack sudo[89966]: pam_unix(sudo:session): session opened for user root(uid=0) by (uid=1000)
Jul 08 16:15:37 devstack sudo[89966]: pam_unix(sudo:session): session closed for user root
Jul 08 16:15:37 devstack cinder-volume[87227]: DEBUG oslo_concurrency.processutils [None req-06b50805-e2e8-4c92-9657-841a4aae1e6c tempest-GroupsV314Test-1882952185 None] CMD "sudo cinder-rootwrap /etc/cinder/rootwrap.conf chmod ugo+rw /opt/stack/data/cinder/mnt/bb18c281062cc9f0f36d64fe3ff6727c/volume-5066d017-8b28-4fa0-a2fa-2a7b1491514b.bba51e58-2cf3-4cf8-a39f-cf38efeb755e" returned: 0 in 0.728s {{(pid=87227) execute /opt/stack/data/venv/lib/python3.12/site-packages/oslo_concurrency/processutils.py:468}}
Jul 08 16:15:37 devstack cinder-volume[87227]: DEBUG oslo_concurrency.processutils [None req-06b50805-e2e8-4c92-9657-841a4aae1e6c tempest-GroupsV314Test-1882952185 None] Running cmd (subprocess): sudo cinder-rootwrap /etc/cinder/rootwrap.conf truncate -s0 /opt/stack/data/cinder/mnt/bb18c281062cc9f0f36d64fe3ff6727c/volume-5066d017-8b28-4fa0-a2fa-2a7b1491514b.info {{(pid=87227) execute /opt/stack/data/venv/lib/python3.12/site-packages/oslo_concurrency/processutils.py:440}}
Jul 08 16:15:37 devstack sudo[89971]: quobyte : PWD=/ ; USER=root ; COMMAND=/opt/stack/data/venv/bin/cinder-rootwrap /etc/cinder/rootwrap.conf truncate -s0 /opt/stack/data/cinder/mnt/bb18c281062cc9f0f36d64fe3ff6727c/volume-5066d017-8b28-4fa0-a2fa-2a7b1491514b.info
Jul 08 16:15:37 devstack sudo[89971]: pam_unix(sudo:session): session opened for user root(uid=0) by (uid=1000)
Jul 08 16:15:38 devstack sudo[89971]: pam_unix(sudo:session): session closed for user root
Jul 08 16:15:38 devstack cinder-volume[87227]: DEBUG oslo_concurrency.processutils [None req-06b50805-e2e8-4c92-9657-841a4aae1e6c tempest-GroupsV314Test-1882952185 None] CMD "sudo cinder-rootwrap /etc/cinder/rootwrap.conf truncate -s0 /opt/stack/data/cinder/mnt/bb18c281062cc9f0f36d64fe3ff6727c/volume-5066d017-8b28-4fa0-a2fa-2a7b1491514b.info" returned: 0 in 0.811s {{(pid=87227) execute /opt/stack/data/venv/lib/python3.12/site-packages/oslo_concurrency/processutils.py:468}}
Jul 08 16:15:38 devstack cinder-volume[87227]: WARNING cinder.volume.drivers.remotefs [None req-06b50805-e2e8-4c92-9657-841a4aae1e6c tempest-GroupsV314Test-1882952185 None] /opt/stack/data/cinder/mnt/bb18c281062cc9f0f36d64fe3ff6727c/volume-5066d017-8b28-4fa0-a2fa-2a7b1491514b.info is being set with open permissions: ugo+rw: NotImplementedError
Jul 08 16:15:38 devstack cinder-volume[87227]: DEBUG oslo_concurrency.processutils [None req-06b50805-e2e8-4c92-9657-841a4aae1e6c tempest-GroupsV314Test-1882952185 None] Running cmd (subprocess): sudo cinder-rootwrap /etc/cinder/rootwrap.conf chmod ugo+rw /opt/stack/data/cinder/mnt/bb18c281062cc9f0f36d64fe3ff6727c/volume-5066d017-8b28-4fa0-a2fa-2a7b1491514b.info {{(pid=87227) execute /opt/stack/data/venv/lib/python3.12/site-packages/oslo_concurrency/processutils.py:440}}
Jul 08 16:15:38 devstack sudo[89975]: quobyte : PWD=/ ; USER=root ; COMMAND=/opt/stack/data/venv/bin/cinder-rootwrap /etc/cinder/rootwrap.conf chmod ugo+rw /opt/stack/data/cinder/mnt/bb18c281062cc9f0f36d64fe3ff6727c/volume-5066d017-8b28-4fa0-a2fa-2a7b1491514b.info
Jul 08 16:15:38 devstack sudo[89975]: pam_unix(sudo:session): session opened for user root(uid=0) by (uid=1000)
Jul 08 16:15:39 devstack sudo[89975]: pam_unix(sudo:session): session closed for user root
Jul 08 16:15:39 devstack cinder-volume[87227]: DEBUG oslo_concurrency.processutils [None req-06b50805-e2e8-4c92-9657-841a4aae1e6c tempest-GroupsV314Test-1882952185 None] CMD "sudo cinder-rootwrap /etc/cinder/rootwrap.conf chmod ugo+rw /opt/stack/data/cinder/mnt/bb18c281062cc9f0f36d64fe3ff6727c/volume-5066d017-8b28-4fa0-a2fa-2a7b1491514b.info" returned: 0 in 1.193s {{(pid=87227) execute /opt/stack/data/venv/lib/python3.12/site-packages/oslo_concurrency/processutils.py:468}}
Jul 08 16:15:39 devstack cinder-volume[87227]: DEBUG cinder.coordination [None req-06b50805-e2e8-4c92-9657-841a4aae1e6c tempest-GroupsV314Test-1882952185 None] Acquiring lock "cinder-quobyte-2eb1e5e1-35b2-4864-aca2-e6b486cf54a1" by "_copy_volume_from_snapshot" {{(pid=87227) __acquire /opt/stack/cinder/cinder/coordination.py:138}}
Jul 08 16:15:39 devstack cinder-volume[87227]: DEBUG cinder.coordination [None req-06b50805-e2e8-4c92-9657-841a4aae1e6c tempest-GroupsV314Test-1882952185 None] Lock "cinder-quobyte-2eb1e5e1-35b2-4864-aca2-e6b486cf54a1" acquired by "_copy_volume_from_snapshot" :: waited 0.026s {{(pid=87227) __acquire /opt/stack/cinder/cinder/coordination.py:141}}
Jul 08 16:15:39 devstack cinder-volume[87227]: DEBUG cinder.volume.drivers.quobyte [None req-06b50805-e2e8-4c92-9657-841a4aae1e6c tempest-GroupsV314Test-1882952185 None] snapshot: bba51e58-2cf3-4cf8-a39f-cf38efeb755e, volume: 2eb1e5e1-35b2-4864-aca2-e6b486cf54a1, {{(pid=87227) _copy_volume_from_snapshot /opt/stack/cinder/cinder/volume/drivers/quobyte.py:401}}
Jul 08 16:15:39 devstack cinder-volume[87227]: DEBUG oslo_concurrency.lockutils [None req-06b50805-e2e8-4c92-9657-841a4aae1e6c tempest-GroupsV314Test-1882952185 None] Acquiring lock "quobyte_ensure" by "cinder.volume.drivers.quobyte.QuobyteDriver._ensure_shares_mounted" {{(pid=87227) inner /opt/stack/data/venv/lib/python3.12/site-packages/oslo_concurrency/lockutils.py:511}}
Jul 08 16:15:39 devstack cinder-volume[87227]: DEBUG oslo_concurrency.lockutils [None req-06b50805-e2e8-4c92-9657-841a4aae1e6c tempest-GroupsV314Test-1882952185 None] Lock "quobyte_ensure" acquired by "cinder.volume.drivers.quobyte.QuobyteDriver._ensure_shares_mounted" :: waited 0.001s {{(pid=87227) inner /opt/stack/data/venv/lib/python3.12/site-packages/oslo_concurrency/lockutils.py:524}}
Jul 08 16:15:39 devstack cinder-volume[87227]: DEBUG cinder.volume.drivers.quobyte [None req-06b50805-e2e8-4c92-9657-841a4aae1e6c tempest-GroupsV314Test-1882952185 None] Quobyte Volume URL set to: {'osci02.corp.quobyte.com/cinder-vol-84f5ff03-d8f0-4295-b48a-44e0716aea63': None} {{(pid=87227) _load_shares_config /opt/stack/cinder/cinder/volume/drivers/quobyte.py:617}}
Jul 08 16:15:39 devstack cinder-volume[87227]: DEBUG cinder.volume.drivers.quobyte [None req-06b50805-e2e8-4c92-9657-841a4aae1e6c tempest-GroupsV314Test-1882952185 None] Available shares ['osci02.corp.quobyte.com/cinder-vol-84f5ff03-d8f0-4295-b48a-44e0716aea63'] {{(pid=87227) _ensure_shares_mounted /opt/stack/cinder/cinder/volume/drivers/quobyte.py:647}}
Jul 08 16:15:39 devstack cinder-volume[87227]: DEBUG oslo_concurrency.lockutils [None req-06b50805-e2e8-4c92-9657-841a4aae1e6c tempest-GroupsV314Test-1882952185 None] Lock "quobyte_ensure" "released" by "cinder.volume.drivers.quobyte.QuobyteDriver._ensure_shares_mounted" :: held 0.013s {{(pid=87227) inner /opt/stack/data/venv/lib/python3.12/site-packages/oslo_concurrency/lockutils.py:543}}
Jul 08 16:15:39 devstack cinder-volume[87227]: DEBUG oslo.privsep.daemon [-] privsep: reply[c7219bc9-aaec-4a89-96e7-e6cd8834fee3]: (4, 'qcow2') {{(pid=88295) _call_back /opt/stack/data/venv/lib/python3.12/site-packages/oslo_privsep/daemon.py:580}}
Jul 08 16:15:39 devstack cinder-volume[87227]: DEBUG oslo_concurrency.processutils [None req-06b50805-e2e8-4c92-9657-841a4aae1e6c tempest-GroupsV314Test-1882952185 None] Running cmd (subprocess): /opt/stack/data/venv/bin/python3.12 -m oslo_concurrency.prlimit --as=1073741824 --cpu=60 -- sudo cinder-rootwrap /etc/cinder/rootwrap.conf env LC_ALL=C qemu-img info -f qcow2 --output=json --force-share /opt/stack/data/cinder/mnt/bb18c281062cc9f0f36d64fe3ff6727c/volume-5066d017-8b28-4fa0-a2fa-2a7b1491514b.bba51e58-2cf3-4cf8-a39f-cf38efeb755e {{(pid=87227) execute /opt/stack/data/venv/lib/python3.12/site-packages/oslo_concurrency/processutils.py:440}}
Jul 08 16:15:40 devstack sudo[90033]: quobyte : PWD=/ ; USER=root ; COMMAND=/opt/stack/data/venv/bin/cinder-rootwrap /etc/cinder/rootwrap.conf env LC_ALL=C qemu-img info -f qcow2 --output=json --force-share /opt/stack/data/cinder/mnt/bb18c281062cc9f0f36d64fe3ff6727c/volume-5066d017-8b28-4fa0-a2fa-2a7b1491514b.bba51e58-2cf3-4cf8-a39f-cf38efeb755e
Jul 08 16:15:40 devstack sudo[90033]: pam_unix(sudo:session): session opened for user root(uid=0) by (uid=1000)
Jul 08 16:15:41 devstack sudo[90033]: pam_unix(sudo:session): session closed for user root
Jul 08 16:15:41 devstack cinder-volume[87227]: DEBUG oslo_concurrency.processutils [None req-06b50805-e2e8-4c92-9657-841a4aae1e6c tempest-GroupsV314Test-1882952185 None] CMD "/opt/stack/data/venv/bin/python3.12 -m oslo_concurrency.prlimit --as=1073741824 --cpu=60 -- sudo cinder-rootwrap /etc/cinder/rootwrap.conf env LC_ALL=C qemu-img info -f qcow2 --output=json --force-share /opt/stack/data/cinder/mnt/bb18c281062cc9f0f36d64fe3ff6727c/volume-5066d017-8b28-4fa0-a2fa-2a7b1491514b.bba51e58-2cf3-4cf8-a39f-cf38efeb755e" returned: 0 in 1.448s {{(pid=87227) execute /opt/stack/data/venv/lib/python3.12/site-packages/oslo_concurrency/processutils.py:468}}
Jul 08 16:15:41 devstack cinder-volume[87227]: DEBUG cinder.volume.drivers.remotefs [None req-06b50805-e2e8-4c92-9657-841a4aae1e6c tempest-GroupsV314Test-1882952185 None] Fetching qemu-img info with special backing_file_template: (/opt/stack/data/cinder/mnt/[0-9a-f]+/)?(volume-5066d017-8b28-4fa0-a2fa-2a7b1491514b(.(tmp-snap-)?[0-9a-f-]+)?|volume_from_snapshot_cache/(tmp-snap-)?[0-9a-f-]+(.(child-|parent-)[0-9a-f-]+)?)$ {{(pid=87227) _qemu_img_info_base /opt/stack/cinder/cinder/volume/drivers/remotefs.py:896}}
Jul 08 16:15:41 devstack cinder-volume[87227]: DEBUG cinder.volume.drivers.quobyte [None req-06b50805-e2e8-4c92-9657-841a4aae1e6c tempest-GroupsV314Test-1882952185 None] will copy from snapshot at /opt/stack/data/cinder/mnt/bb18c281062cc9f0f36d64fe3ff6727c/volume-5066d017-8b28-4fa0-a2fa-2a7b1491514b {{(pid=87227) _copy_volume_from_snapshot /opt/stack/cinder/cinder/volume/drivers/quobyte.py:420}}
Jul 08 16:15:41 devstack cinder-volume[87227]: DEBUG cinder.volume.drivers.quobyte [None req-06b50805-e2e8-4c92-9657-841a4aae1e6c tempest-GroupsV314Test-1882952185 None] Creating direct copy from snapshot {{(pid=87227) _copy_volume_from_snapshot /opt/stack/cinder/cinder/volume/drivers/quobyte.py:428}}
Jul 08 16:15:41 devstack cinder-volume[87227]: DEBUG oslo.privsep.daemon [-] privsep: reply[9e465772-b877-4500-a744-a67d0935e5c7]: (4, 'qcow2') {{(pid=88295) _call_back /opt/stack/data/venv/lib/python3.12/site-packages/oslo_privsep/daemon.py:580}}
Jul 08 16:15:41 devstack cinder-volume[87227]: DEBUG oslo_concurrency.processutils [None req-06b50805-e2e8-4c92-9657-841a4aae1e6c tempest-GroupsV314Test-1882952185 None] Running cmd (subprocess): /opt/stack/data/venv/bin/python3.12 -m oslo_concurrency.prlimit --as=1073741824 --cpu=60 -- sudo cinder-rootwrap /etc/cinder/rootwrap.conf env LC_ALL=C qemu-img info -f qcow2 --output=json /opt/stack/data/cinder/mnt/bb18c281062cc9f0f36d64fe3ff6727c/volume-5066d017-8b28-4fa0-a2fa-2a7b1491514b {{(pid=87227) execute /opt/stack/data/venv/lib/python3.12/site-packages/oslo_concurrency/processutils.py:440}}
Jul 08 16:15:41 devstack sudo[90092]: quobyte : PWD=/ ; USER=root ; COMMAND=/opt/stack/data/venv/bin/cinder-rootwrap /etc/cinder/rootwrap.conf env LC_ALL=C qemu-img info -f qcow2 --output=json /opt/stack/data/cinder/mnt/bb18c281062cc9f0f36d64fe3ff6727c/volume-5066d017-8b28-4fa0-a2fa-2a7b1491514b
Jul 08 16:15:41 devstack sudo[90092]: pam_unix(sudo:session): session opened for user root(uid=0) by (uid=1000)
Jul 08 16:15:42 devstack sudo[90092]: pam_unix(sudo:session): session closed for user root
Jul 08 16:15:42 devstack cinder-volume[87227]: DEBUG oslo_concurrency.processutils [None req-06b50805-e2e8-4c92-9657-841a4aae1e6c tempest-GroupsV314Test-1882952185 None] CMD "/opt/stack/data/venv/bin/python3.12 -m oslo_concurrency.prlimit --as=1073741824 --cpu=60 -- sudo cinder-rootwrap /etc/cinder/rootwrap.conf env LC_ALL=C qemu-img info -f qcow2 --output=json /opt/stack/data/cinder/mnt/bb18c281062cc9f0f36d64fe3ff6727c/volume-5066d017-8b28-4fa0-a2fa-2a7b1491514b" returned: 0 in 1.046s {{(pid=87227) execute /opt/stack/data/venv/lib/python3.12/site-packages/oslo_concurrency/processutils.py:468}}
Jul 08 16:15:42 devstack cinder-volume[87227]: DEBUG cinder.utils [None req-06b50805-e2e8-4c92-9657-841a4aae1e6c tempest-GroupsV314Test-1882952185 None] Path /opt/stack/data/cinder/mnt/bb18c281062cc9f0f36d64fe3ff6727c/volume-2eb1e5e1-35b2-4864-aca2-e6b486cf54a1 not found in is_blk_device check {{(pid=87227) is_blk_device /opt/stack/cinder/cinder/utils.py:615}}
Jul 08 16:15:42 devstack cinder-volume[87227]: DEBUG oslo_concurrency.processutils [None req-06b50805-e2e8-4c92-9657-841a4aae1e6c tempest-GroupsV314Test-1882952185 None] Running cmd (subprocess): sudo cinder-rootwrap /etc/cinder/rootwrap.conf qemu-img convert -O qcow2 /opt/stack/data/cinder/mnt/bb18c281062cc9f0f36d64fe3ff6727c/volume-5066d017-8b28-4fa0-a2fa-2a7b1491514b /opt/stack/data/cinder/mnt/bb18c281062cc9f0f36d64fe3ff6727c/volume-2eb1e5e1-35b2-4864-aca2-e6b486cf54a1 {{(pid=87227) execute /opt/stack/data/venv/lib/python3.12/site-packages/oslo_concurrency/processutils.py:440}}
Jul 08 16:15:42 devstack sudo[90113]: quobyte : PWD=/ ; USER=root ; COMMAND=/opt/stack/data/venv/bin/cinder-rootwrap /etc/cinder/rootwrap.conf qemu-img convert -O qcow2 /opt/stack/data/cinder/mnt/bb18c281062cc9f0f36d64fe3ff6727c/volume-5066d017-8b28-4fa0-a2fa-2a7b1491514b /opt/stack/data/cinder/mnt/bb18c281062cc9f0f36d64fe3ff6727c/volume-2eb1e5e1-35b2-4864-aca2-e6b486cf54a1
Jul 08 16:15:42 devstack sudo[90113]: pam_unix(sudo:session): session opened for user root(uid=0) by (uid=1000)
Jul 08 16:15:43 devstack cinder-volume[87227]: DEBUG cinder.volume.manager [None req-702eef44-4780-4a1c-946b-dc563dec8bf2 tempest-BackendsCapabilitiesAdminTestsJSON-1188250005 None] Obtained capabilities list: {'volume_backend_name': 'QuobyteHD', 'vendor_name': 'Open Source', 'driver_version': '1.1.14', 'storage_protocol': 'quobyte', 'total_capacity_gb': 1775.6940689086914, 'free_capacity_gb': 1775.6940689086914, 'reserved_percentage': 0, 'QoS_support': False, 'properties': {'thin_provisioning': {'title': 'Thin Provisioning', 'description': 'Sets thin provisioning.', 'type': 'boolean'}, 'compression': {'title': 'Compression', 'description': 'Enables compression.', 'type': 'boolean'}, 'qos': {'title': 'QoS', 'description': 'Enables QoS.', 'type': 'boolean'}, 'replication_enabled': {'title': 'Replication', 'description': 'Enables replication.', 'type': 'boolean'}}}. {{(pid=87227) get_capabilities /opt/stack/cinder/cinder/volume/manager.py:4830}}
Jul 08 16:15:43 devstack cinder-volume[87227]: DEBUG cinder.volume.manager [None req-40178ba1-872d-4ba8-bc81-f651329c60cf tempest-BackendsCapabilitiesAdminTestsJSON-1188250005 None] Obtained capabilities list: {'volume_backend_name': 'QuobyteHD', 'vendor_name': 'Open Source', 'driver_version': '1.1.14', 'storage_protocol': 'quobyte', 'total_capacity_gb': 1775.6940689086914, 'free_capacity_gb': 1775.6940689086914, 'reserved_percentage': 0, 'QoS_support': False, 'properties': {'thin_provisioning': {'title': 'Thin Provisioning', 'description': 'Sets thin provisioning.', 'type': 'boolean'}, 'compression': {'title': 'Compression', 'description': 'Enables compression.', 'type': 'boolean'}, 'qos': {'title': 'QoS', 'description': 'Enables QoS.', 'type': 'boolean'}, 'replication_enabled': {'title': 'Replication', 'description': 'Enables replication.', 'type': 'boolean'}}}. {{(pid=87227) get_capabilities /opt/stack/cinder/cinder/volume/manager.py:4830}}
Jul 08 16:15:47 devstack cinder-volume[87227]: DEBUG dbcounter [-] [87227] Writing DB stats cinder:SELECT=18,cinder:UPDATE=10,cinder:INSERT=2,cinder:DELETE=1 {{(pid=87227) stat_writer /opt/stack/data/venv/lib/python3.12/site-packages/dbcounter.py:115}}
Jul 08 16:15:47 devstack cinder-volume[87227]: DEBUG dbcounter [-] [87227] Writing DB stats cinder:SELECT=10,cinder:UPDATE=15,cinder:INSERT=5,cinder:DELETE=1 {{(pid=87227) stat_writer /opt/stack/data/venv/lib/python3.12/site-packages/dbcounter.py:115}}
Jul 08 16:15:52 devstack sudo[90113]: pam_unix(sudo:session): session closed for user root
Jul 08 16:15:52 devstack cinder-volume[87227]: DEBUG oslo_concurrency.processutils [None req-06b50805-e2e8-4c92-9657-841a4aae1e6c tempest-GroupsV314Test-1882952185 None] CMD "sudo cinder-rootwrap /etc/cinder/rootwrap.conf qemu-img convert -O qcow2 /opt/stack/data/cinder/mnt/bb18c281062cc9f0f36d64fe3ff6727c/volume-5066d017-8b28-4fa0-a2fa-2a7b1491514b /opt/stack/data/cinder/mnt/bb18c281062cc9f0f36d64fe3ff6727c/volume-2eb1e5e1-35b2-4864-aca2-e6b486cf54a1" returned: 0 in 10.190s {{(pid=87227) execute /opt/stack/data/venv/lib/python3.12/site-packages/oslo_concurrency/processutils.py:468}}
Jul 08 16:15:52 devstack cinder-volume[87227]: DEBUG oslo.privsep.daemon [-] privsep: reply[4c6ed930-c704-49f5-97f5-abb097b62d00]: (4, 'qcow2') {{(pid=88295) _call_back /opt/stack/data/venv/lib/python3.12/site-packages/oslo_privsep/daemon.py:580}}
Jul 08 16:15:52 devstack cinder-volume[87227]: DEBUG oslo_concurrency.processutils [None req-06b50805-e2e8-4c92-9657-841a4aae1e6c tempest-GroupsV314Test-1882952185 None] Running cmd (subprocess): /opt/stack/data/venv/bin/python3.12 -m oslo_concurrency.prlimit --as=1073741824 --cpu=60 -- sudo cinder-rootwrap /etc/cinder/rootwrap.conf env LC_ALL=C qemu-img info -f qcow2 --output=json /opt/stack/data/cinder/mnt/bb18c281062cc9f0f36d64fe3ff6727c/volume-5066d017-8b28-4fa0-a2fa-2a7b1491514b {{(pid=87227) execute /opt/stack/data/venv/lib/python3.12/site-packages/oslo_concurrency/processutils.py:440}}
Jul 08 16:15:52 devstack sudo[90214]: quobyte : PWD=/ ; USER=root ; COMMAND=/opt/stack/data/venv/bin/cinder-rootwrap /etc/cinder/rootwrap.conf env LC_ALL=C qemu-img info -f qcow2 --output=json /opt/stack/data/cinder/mnt/bb18c281062cc9f0f36d64fe3ff6727c/volume-5066d017-8b28-4fa0-a2fa-2a7b1491514b
Jul 08 16:15:52 devstack sudo[90214]: pam_unix(sudo:session): session opened for user root(uid=0) by (uid=1000)
Jul 08 16:15:54 devstack sudo[90214]: pam_unix(sudo:session): session closed for user root
Jul 08 16:15:54 devstack cinder-volume[87227]: DEBUG oslo_concurrency.processutils [None req-06b50805-e2e8-4c92-9657-841a4aae1e6c tempest-GroupsV314Test-1882952185 None] CMD "/opt/stack/data/venv/bin/python3.12 -m oslo_concurrency.prlimit --as=1073741824 --cpu=60 -- sudo cinder-rootwrap /etc/cinder/rootwrap.conf env LC_ALL=C qemu-img info -f qcow2 --output=json /opt/stack/data/cinder/mnt/bb18c281062cc9f0f36d64fe3ff6727c/volume-5066d017-8b28-4fa0-a2fa-2a7b1491514b" returned: 0 in 1.644s {{(pid=87227) execute /opt/stack/data/venv/lib/python3.12/site-packages/oslo_concurrency/processutils.py:468}}
Jul 08 16:15:54 devstack cinder-volume[87227]: DEBUG cinder.image.image_utils [None req-06b50805-e2e8-4c92-9657-841a4aae1e6c tempest-GroupsV314Test-1882952185 None] Image conversion details: src /opt/stack/data/cinder/mnt/bb18c281062cc9f0f36d64fe3ff6727c/volume-5066d017-8b28-4fa0-a2fa-2a7b1491514b, size 1024.00 MB, duration 10.19 sec, destination /opt/stack/data/cinder/mnt/bb18c281062cc9f0f36d64fe3ff6727c/volume-2eb1e5e1-35b2-4864-aca2-e6b486cf54a1 {{(pid=87227) _convert_image /opt/stack/cinder/cinder/image/image_utils.py:536}}
Jul 08 16:15:54 devstack cinder-volume[87227]: INFO cinder.image.image_utils [None req-06b50805-e2e8-4c92-9657-841a4aae1e6c tempest-GroupsV314Test-1882952185 None] Converted 1024.00 MB image at 100.47 MB/s
Jul 08 16:15:54 devstack cinder-volume[87227]: WARNING cinder.volume.drivers.remotefs [None req-06b50805-e2e8-4c92-9657-841a4aae1e6c tempest-GroupsV314Test-1882952185 None] /opt/stack/data/cinder/mnt/bb18c281062cc9f0f36d64fe3ff6727c/volume-2eb1e5e1-35b2-4864-aca2-e6b486cf54a1 is being set with open permissions: ugo+rw: NotImplementedError
