Jul 01 17:17:45 devstack devstack@keystone.service[41564]: DEBUG keystone.server.flask.request_processing.req_logging [None req-22acd6bc-aed5-4bf4-8d31-9ce29aa10d61 None None] REQUEST_METHOD: `POST` {{(pid=41564) log_request_info /opt/stack/keystone/keystone/server/flask/request_processing/req_logging.py:26}}
Jul 01 17:17:45 devstack devstack@keystone.service[41564]: DEBUG keystone.server.flask.request_processing.req_logging [None req-22acd6bc-aed5-4bf4-8d31-9ce29aa10d61 None None] SCRIPT_NAME: `/identity` {{(pid=41564) log_request_info /opt/stack/keystone/keystone/server/flask/request_processing/req_logging.py:27}}
Jul 01 17:17:45 devstack devstack@keystone.service[41564]: DEBUG keystone.server.flask.request_processing.req_logging [None req-22acd6bc-aed5-4bf4-8d31-9ce29aa10d61 None None] PATH_INFO: `/v3/auth/tokens` {{(pid=41564) log_request_info /opt/stack/keystone/keystone/server/flask/request_processing/req_logging.py:28}}
Jul 01 17:17:45 devstack devstack@keystone.service[41564]: INFO dbcounter [None req-22acd6bc-aed5-4bf4-8d31-9ce29aa10d61 None None] Registered counter for database keystone
Jul 01 17:17:45 devstack devstack@keystone.service[41564]: DEBUG oslo_db.sqlalchemy.engines [None req-22acd6bc-aed5-4bf4-8d31-9ce29aa10d61 None None] MySQL server mode set to STRICT_TRANS_TABLES,STRICT_ALL_TABLES,NO_ZERO_IN_DATE,NO_ZERO_DATE,ERROR_FOR_DIVISION_BY_ZERO,TRADITIONAL,NO_ENGINE_SUBSTITUTION {{(pid=41564) _check_effective_sql_mode /opt/stack/data/venv/lib/python3.12/site-packages/oslo_db/sqlalchemy/engines.py:325}}
Jul 01 17:17:45 devstack devstack@keystone.service[41564]: DEBUG dbcounter [-] [41564] Writer thread running {{(pid=41564) stat_writer /opt/stack/data/venv/lib/python3.12/site-packages/dbcounter.py:102}}
Jul 01 17:17:45 devstack devstack@keystone.service[41564]: WARNING keystone.common.password_hashing [None req-22acd6bc-aed5-4bf4-8d31-9ce29aa10d61 None None] Truncating password to algorithm specific maximum length 72 characters.
Jul 01 17:17:45 devstack devstack@keystone.service[41564]: DEBUG keystone.auth.core [None req-22acd6bc-aed5-4bf4-8d31-9ce29aa10d61 None None] MFA Rules not processed for user `d041d930d24b40ec94003385a20cb6b3`. Rule list: `[]` (Enabled: `True`). {{(pid=41564) check_auth_methods_against_rules /opt/stack/keystone/keystone/auth/core.py:476}}
Jul 01 17:17:45 devstack devstack@keystone.service[41564]: DEBUG keystone.common.fernet_utils [None req-22acd6bc-aed5-4bf4-8d31-9ce29aa10d61 None None] Loaded 2 Fernet keys from /etc/keystone/fernet-keys/, but `[fernet_tokens] max_active_keys = 3`; perhaps there have not been enough key rotations to reach `max_active_keys` yet? {{(pid=41564) load_keys /opt/stack/keystone/keystone/common/fernet_utils.py:297}}
Jul 01 17:17:45 devstack devstack@keystone.service[41564]: [pid: 41564|app: 0|req: 2/3] 192.168.122.137 () {58 vars in 1025 bytes} [Wed Jul 1 17:17:45 2026] POST /identity/v3/auth/tokens => generated 981 bytes in 665 msecs (HTTP/1.1 201) 6 headers in 384 bytes (1 switches on core 0)
Jul 01 17:17:46 devstack devstack@keystone.service[41565]: DEBUG keystone.server.flask.request_processing.middleware.auth_context [None req-027cd7dc-03ac-44e0-a234-931b97545db5 None None] Authenticating user token {{(pid=41565) process_request /opt/stack/data/venv/lib/python3.12/site-packages/keystonemiddleware/auth_token/__init__.py:406}}
Jul 01 17:17:46 devstack devstack@keystone.service[41565]: INFO dbcounter [None req-027cd7dc-03ac-44e0-a234-931b97545db5 None None] Registered counter for database keystone
Jul 01 17:17:46 devstack devstack@keystone.service[41565]: DEBUG oslo_db.sqlalchemy.engines [None req-027cd7dc-03ac-44e0-a234-931b97545db5 None None] MySQL server mode set to STRICT_TRANS_TABLES,STRICT_ALL_TABLES,NO_ZERO_IN_DATE,NO_ZERO_DATE,ERROR_FOR_DIVISION_BY_ZERO,TRADITIONAL,NO_ENGINE_SUBSTITUTION {{(pid=41565) _check_effective_sql_mode /opt/stack/data/venv/lib/python3.12/site-packages/oslo_db/sqlalchemy/engines.py:325}}
Jul 01 17:17:46 devstack devstack@keystone.service[41565]: DEBUG dbcounter [-] [41565] Writer thread running {{(pid=41565) stat_writer /opt/stack/data/venv/lib/python3.12/site-packages/dbcounter.py:102}}
Jul 01 17:17:46 devstack devstack@keystone.service[41565]: DEBUG keystone.server.flask.request_processing.middleware.auth_context [None req-027cd7dc-03ac-44e0-a234-931b97545db5 None None] Validating token access rules against request {{(pid=41565) validate_allowed_request /opt/stack/data/venv/lib/python3.12/site-packages/keystonemiddleware/auth_token/__init__.py:544}}
Jul 01 17:17:46 devstack devstack@keystone.service[41565]: DEBUG keystone.server.flask.request_processing.middleware.auth_context [None req-1c2cacf7-db00-4f7a-aa66-08baf3a980aa admin admin] RBAC: auth_context: {'token': , 'domain_id': None, 'trust_id': None, 'trustor_id': None, 'trustee_id': None, 'domain_name': None, 'group_ids': [], 'user_id': 'd041d930d24b40ec94003385a20cb6b3', 'user_domain_id': 'default', 'system_scope': None, 'project_id': 'f6f32d8f50d24f7b9bec7b01b1e9fa06', 'project_domain_id': 'default', 'roles': ['member', 'admin', 'manager', 'reader'], 'is_admin_project': True, 'service_user_id': None, 'service_user_domain_id': None, 'service_project_id': None, 'service_project_domain_id': None, 'service_roles': []} {{(pid=41565) fill_context /opt/stack/keystone/keystone/server/flask/request_processing/middleware/auth_context.py:509}}
Jul 01 17:17:46 devstack devstack@keystone.service[41565]: DEBUG keystone.server.flask.request_processing.req_logging [None req-1c2cacf7-db00-4f7a-aa66-08baf3a980aa admin admin] REQUEST_METHOD: `GET` {{(pid=41565) log_request_info /opt/stack/keystone/keystone/server/flask/request_processing/req_logging.py:26}}
Jul 01 17:17:46 devstack devstack@keystone.service[41565]: DEBUG keystone.server.flask.request_processing.req_logging [None req-1c2cacf7-db00-4f7a-aa66-08baf3a980aa admin admin] SCRIPT_NAME: `/identity` {{(pid=41565) log_request_info /opt/stack/keystone/keystone/server/flask/request_processing/req_logging.py:27}}
Jul 01 17:17:46 devstack devstack@keystone.service[41565]: DEBUG keystone.server.flask.request_processing.req_logging [None req-1c2cacf7-db00-4f7a-aa66-08baf3a980aa admin admin] PATH_INFO: `/v3/projects/admin` {{(pid=41565) log_request_info /opt/stack/keystone/keystone/server/flask/request_processing/req_logging.py:28}}
Jul 01 17:17:46 devstack devstack@keystone.service[41565]: DEBUG keystone.common.rbac_enforcer.enforcer [None req-1c2cacf7-db00-4f7a-aa66-08baf3a980aa admin admin] RBAC: Authorizing `identity:get_project(project_id=admin)` {{(pid=41565) enforce_call /opt/stack/keystone/keystone/common/rbac_enforcer/enforcer.py:501}}
Jul 01 17:17:46 devstack devstack@keystone.service[41565]: WARNING keystone.common.rbac_enforcer.enforcer [None req-1c2cacf7-db00-4f7a-aa66-08baf3a980aa admin admin] Deprecated policy rules found. Use oslopolicy-policy-generator and oslopolicy-policy-upgrade to detect and resolve deprecated policies in your configuration.
Jul 01 17:17:46 devstack devstack@keystone.service[41565]: DEBUG keystone.common.rbac_enforcer.enforcer [None req-1c2cacf7-db00-4f7a-aa66-08baf3a980aa admin admin] RBAC: Authorization granted {{(pid=41565) enforce_call /opt/stack/keystone/keystone/common/rbac_enforcer/enforcer.py:512}}
Jul 01 17:17:46 devstack devstack@keystone.service[41565]: DEBUG keystone.server.flask.application [None req-1c2cacf7-db00-4f7a-aa66-08baf3a980aa admin admin] Could not find project: admin. {{(pid=41565) _handle_keystone_exception /opt/stack/keystone/keystone/server/flask/application.py:146}}
Jul 01 17:17:46 devstack devstack@keystone.service[41565]: [pid: 41565|app: 0|req: 2/4] 192.168.122.137 () {56 vars in 1171 bytes} [Wed Jul 1 17:17:46 2026] GET /identity/v3/projects/admin => generated 86 bytes in 494 msecs (HTTP/1.1 404) 5 headers in 183 bytes (1 switches on core 0)
Jul 01 17:17:46 devstack devstack@keystone.service[41564]: DEBUG keystone.server.flask.request_processing.middleware.auth_context [None req-22acd6bc-aed5-4bf4-8d31-9ce29aa10d61 None None] Authenticating user token {{(pid=41564) process_request /opt/stack/data/venv/lib/python3.12/site-packages/keystonemiddleware/auth_token/__init__.py:406}}
Jul 01 17:17:46 devstack devstack@keystone.service[41564]: DEBUG keystone.server.flask.request_processing.middleware.auth_context [None req-22acd6bc-aed5-4bf4-8d31-9ce29aa10d61 None None] Validating token access rules against request {{(pid=41564) validate_allowed_request /opt/stack/data/venv/lib/python3.12/site-packages/keystonemiddleware/auth_token/__init__.py:544}}
Jul 01 17:17:46 devstack devstack@keystone.service[41564]: DEBUG keystone.server.flask.request_processing.middleware.auth_context [None req-19223765-65bf-4872-aa14-92fb5f6e062b admin admin] RBAC: auth_context: {'token': , 'domain_id': None, 'trust_id': None, 'trustor_id': None, 'trustee_id': None, 'domain_name': None, 'group_ids': [], 'user_id': 'd041d930d24b40ec94003385a20cb6b3', 'user_domain_id': 'default', 'system_scope': None, 'project_id': 'f6f32d8f50d24f7b9bec7b01b1e9fa06', 'project_domain_id': 'default', 'roles': ['member', 'admin', 'manager', 'reader'], 'is_admin_project': True, 'service_user_id': None, 'service_user_domain_id': None, 'service_project_id': None, 'service_project_domain_id': None, 'service_roles': []} {{(pid=41564) fill_context /opt/stack/keystone/keystone/server/flask/request_processing/middleware/auth_context.py:509}}
Jul 01 17:17:46 devstack devstack@keystone.service[41564]: DEBUG keystone.server.flask.request_processing.req_logging [None req-19223765-65bf-4872-aa14-92fb5f6e062b admin admin] REQUEST_METHOD: `GET` {{(pid=41564) log_request_info /opt/stack/keystone/keystone/server/flask/request_processing/req_logging.py:26}}
Jul 01 17:17:46 devstack devstack@keystone.service[41564]: DEBUG keystone.server.flask.request_processing.req_logging [None req-19223765-65bf-4872-aa14-92fb5f6e062b admin admin] SCRIPT_NAME: `/identity` {{(pid=41564) log_request_info /opt/stack/keystone/keystone/server/flask/request_processing/req_logging.py:27}}
Jul 01 17:17:46 devstack devstack@keystone.service[41564]: DEBUG keystone.server.flask.request_processing.req_logging [None req-19223765-65bf-4872-aa14-92fb5f6e062b admin admin] PATH_INFO: `/v3/projects` {{(pid=41564) log_request_info /opt/stack/keystone/keystone/server/flask/request_processing/req_logging.py:28}}
Jul 01 17:17:46 devstack devstack@keystone.service[41564]: DEBUG keystone.common.rbac_enforcer.enforcer [None req-19223765-65bf-4872-aa14-92fb5f6e062b admin admin] RBAC: Adding query filter params (name=admin) {{(pid=41564) _extract_filter_values /opt/stack/keystone/keystone/common/rbac_enforcer/enforcer.py:176}}
Jul 01 17:17:46 devstack devstack@keystone.service[41564]: DEBUG keystone.common.rbac_enforcer.enforcer [None req-19223765-65bf-4872-aa14-92fb5f6e062b admin admin] RBAC: Authorizing `identity:list_projects()` {{(pid=41564) enforce_call /opt/stack/keystone/keystone/common/rbac_enforcer/enforcer.py:501}}
Jul 01 17:17:46 devstack devstack@keystone.service[41564]: WARNING keystone.common.rbac_enforcer.enforcer [None req-19223765-65bf-4872-aa14-92fb5f6e062b admin admin] Deprecated policy rules found. Use oslopolicy-policy-generator and oslopolicy-policy-upgrade to detect and resolve deprecated policies in your configuration.
Jul 01 17:17:46 devstack devstack@keystone.service[41564]: DEBUG keystone.common.rbac_enforcer.enforcer [None req-19223765-65bf-4872-aa14-92fb5f6e062b admin admin] RBAC: Authorization granted {{(pid=41564) enforce_call /opt/stack/keystone/keystone/common/rbac_enforcer/enforcer.py:512}}
Jul 01 17:17:46 devstack devstack@keystone.service[41564]: [pid: 41564|app: 0|req: 3/5] 192.168.122.137 () {56 vars in 1187 bytes} [Wed Jul 1 17:17:46 2026] GET /identity/v3/projects?name=admin => generated 460 bytes in 81 msecs (HTTP/1.1 200) 5 headers in 177 bytes (1 switches on core 0)
Jul 01 17:17:46 devstack devstack@keystone.service[41565]: DEBUG keystone.server.flask.request_processing.middleware.auth_context [None req-1c2cacf7-db00-4f7a-aa66-08baf3a980aa admin admin] Authenticating user token {{(pid=41565) process_request /opt/stack/data/venv/lib/python3.12/site-packages/keystonemiddleware/auth_token/__init__.py:406}}
Jul 01 17:17:46 devstack devstack@keystone.service[41565]: DEBUG keystone.server.flask.request_processing.middleware.auth_context [None req-1c2cacf7-db00-4f7a-aa66-08baf3a980aa admin admin] Validating token access rules against request {{(pid=41565) validate_allowed_request /opt/stack/data/venv/lib/python3.12/site-packages/keystonemiddleware/auth_token/__init__.py:544}}
Jul 01 17:17:46 devstack devstack@keystone.service[41565]: DEBUG keystone.server.flask.request_processing.middleware.auth_context [None req-82c07d6e-c71b-4727-be55-90b14c90ff7b admin admin] RBAC: auth_context: {'token': , 'domain_id': None, 'trust_id': None, 'trustor_id': None, 'trustee_id': None, 'domain_name': None, 'group_ids': [], 'user_id': 'd041d930d24b40ec94003385a20cb6b3', 'user_domain_id': 'default', 'system_scope': None, 'project_id': 'f6f32d8f50d24f7b9bec7b01b1e9fa06', 'project_domain_id': 'default', 'roles': ['member', 'admin', 'manager', 'reader'], 'is_admin_project': True, 'service_user_id': None, 'service_user_domain_id': None, 'service_project_id': None, 'service_project_domain_id': None, 'service_roles': []} {{(pid=41565) fill_context /opt/stack/keystone/keystone/server/flask/request_processing/middleware/auth_context.py:509}}
Jul 01 17:17:46 devstack devstack@keystone.service[41565]: DEBUG keystone.server.flask.request_processing.req_logging [None req-82c07d6e-c71b-4727-be55-90b14c90ff7b admin admin] REQUEST_METHOD: `GET` {{(pid=41565) log_request_info /opt/stack/keystone/keystone/server/flask/request_processing/req_logging.py:26}}
Jul 01 17:17:46 devstack devstack@keystone.service[41565]: DEBUG keystone.server.flask.request_processing.req_logging [None req-82c07d6e-c71b-4727-be55-90b14c90ff7b admin admin] SCRIPT_NAME: `/identity` {{(pid=41565) log_request_info /opt/stack/keystone/keystone/server/flask/request_processing/req_logging.py:27}}
Jul 01 17:17:46 devstack devstack@keystone.service[41565]: DEBUG keystone.server.flask.request_processing.req_logging [None req-82c07d6e-c71b-4727-be55-90b14c90ff7b admin admin] PATH_INFO: `/v3/projects/f6f32d8f50d24f7b9bec7b01b1e9fa06` {{(pid=41565) log_request_info /opt/stack/keystone/keystone/server/flask/request_processing/req_logging.py:28}}
Jul 01 17:17:46 devstack devstack@keystone.service[41565]: DEBUG keystone.common.rbac_enforcer.enforcer [None req-82c07d6e-c71b-4727-be55-90b14c90ff7b admin admin] RBAC: Authorizing `identity:get_project(project_id=f6f32d8f50d24f7b9bec7b01b1e9fa06)` {{(pid=41565) enforce_call /opt/stack/keystone/keystone/common/rbac_enforcer/enforcer.py:501}}
Jul 01 17:17:46 devstack devstack@keystone.service[41565]: DEBUG keystone.common.rbac_enforcer.enforcer [None req-82c07d6e-c71b-4727-be55-90b14c90ff7b admin admin] RBAC: Authorization granted {{(pid=41565) enforce_call /opt/stack/keystone/keystone/common/rbac_enforcer/enforcer.py:512}}
Jul 01 17:17:46 devstack devstack@keystone.service[41565]: [pid: 41565|app: 0|req: 3/6] 192.168.122.137 () {56 vars in 1252 bytes} [Wed Jul 1 17:17:46 2026] GET /identity/v3/projects/f6f32d8f50d24f7b9bec7b01b1e9fa06 => generated 348 bytes in 27 msecs (HTTP/1.1 200) 5 headers in 177 bytes (1 switches on core 0)
Jul 01 17:17:49 devstack devstack@keystone.service[41564]: DEBUG keystone.server.flask.request_processing.req_logging [None req-8f6250d0-4b7c-474a-8e36-bc970a8c0e26 None None] REQUEST_METHOD: `GET` {{(pid=41564) log_request_info /opt/stack/keystone/keystone/server/flask/request_processing/req_logging.py:26}}
Jul 01 17:17:49 devstack devstack@keystone.service[41564]: DEBUG keystone.server.flask.request_processing.req_logging [None req-8f6250d0-4b7c-474a-8e36-bc970a8c0e26 None None] SCRIPT_NAME: `/identity` {{(pid=41564) log_request_info /opt/stack/keystone/keystone/server/flask/request_processing/req_logging.py:27}}
Jul 01 17:17:49 devstack devstack@keystone.service[41564]: DEBUG keystone.server.flask.request_processing.req_logging [None req-8f6250d0-4b7c-474a-8e36-bc970a8c0e26 None None] PATH_INFO: `/` {{(pid=41564) log_request_info /opt/stack/keystone/keystone/server/flask/request_processing/req_logging.py:28}}
Jul 01 17:17:49 devstack devstack@keystone.service[41564]: [pid: 41564|app: 0|req: 4/7] 192.168.122.137 () {54 vars in 928 bytes} [Wed Jul 1 17:17:49 2026] GET /identity => generated 274 bytes in 4 msecs (HTTP/1.1 300) 6 headers in 238 bytes (1 switches on core 0)
Jul 01 17:17:49 devstack devstack@keystone.service[41565]: DEBUG keystone.server.flask.request_processing.req_logging [None req-1ddcb20f-c5c6-430b-8dc3-77e70ef6402c None None] REQUEST_METHOD: `POST` {{(pid=41565) log_request_info /opt/stack/keystone/keystone/server/flask/request_processing/req_logging.py:26}}
Jul 01 17:17:49 devstack devstack@keystone.service[41565]: DEBUG keystone.server.flask.request_processing.req_logging [None req-1ddcb20f-c5c6-430b-8dc3-77e70ef6402c None None] SCRIPT_NAME: `/identity` {{(pid=41565) log_request_info /opt/stack/keystone/keystone/server/flask/request_processing/req_logging.py:27}}
Jul 01 17:17:49 devstack devstack@keystone.service[41565]: DEBUG keystone.server.flask.request_processing.req_logging [None req-1ddcb20f-c5c6-430b-8dc3-77e70ef6402c None None] PATH_INFO: `/v3/auth/tokens` {{(pid=41565) log_request_info /opt/stack/keystone/keystone/server/flask/request_processing/req_logging.py:28}}
Jul 01 17:17:49 devstack devstack@keystone.service[41565]: WARNING keystone.common.password_hashing [None req-1ddcb20f-c5c6-430b-8dc3-77e70ef6402c None None] Truncating password to algorithm specific maximum length 72 characters.
Jul 01 17:17:49 devstack devstack@keystone.service[41565]: DEBUG keystone.auth.core [None req-1ddcb20f-c5c6-430b-8dc3-77e70ef6402c None None] MFA Rules not processed for user `d041d930d24b40ec94003385a20cb6b3`. Rule list: `[]` (Enabled: `True`). {{(pid=41565) check_auth_methods_against_rules /opt/stack/keystone/keystone/auth/core.py:476}}
Jul 01 17:17:49 devstack devstack@keystone.service[41565]: DEBUG keystone.common.fernet_utils [None req-1ddcb20f-c5c6-430b-8dc3-77e70ef6402c None None] Loaded 2 Fernet keys from /etc/keystone/fernet-keys/, but `[fernet_tokens] max_active_keys = 3`; perhaps there have not been enough key rotations to reach `max_active_keys` yet? {{(pid=41565) load_keys /opt/stack/keystone/keystone/common/fernet_utils.py:297}}
Jul 01 17:17:49 devstack devstack@keystone.service[41565]: [pid: 41565|app: 0|req: 4/8] 192.168.122.137 () {58 vars in 1025 bytes} [Wed Jul 1 17:17:49 2026] POST /identity/v3/auth/tokens => generated 981 bytes in 75 msecs (HTTP/1.1 201) 6 headers in 384 bytes (1 switches on core 0)
Jul 01 17:17:50 devstack devstack@keystone.service[41564]: DEBUG keystone.server.flask.request_processing.middleware.auth_context [None req-8f6250d0-4b7c-474a-8e36-bc970a8c0e26 None None] Authenticating user token {{(pid=41564) process_request /opt/stack/data/venv/lib/python3.12/site-packages/keystonemiddleware/auth_token/__init__.py:406}}
Jul 01 17:17:50 devstack devstack@keystone.service[41564]: DEBUG keystone.server.flask.request_processing.middleware.auth_context [None req-8f6250d0-4b7c-474a-8e36-bc970a8c0e26 None None] Validating token access rules against request {{(pid=41564) validate_allowed_request /opt/stack/data/venv/lib/python3.12/site-packages/keystonemiddleware/auth_token/__init__.py:544}}
Jul 01 17:17:50 devstack devstack@keystone.service[41564]: DEBUG keystone.server.flask.request_processing.middleware.auth_context [None req-08c6dc7b-ee78-4bcc-913b-aac59ef40018 admin admin] RBAC: auth_context: {'token': , 'domain_id': None, 'trust_id': None, 'trustor_id': None, 'trustee_id': None, 'domain_name': None, 'group_ids': [], 'user_id': 'd041d930d24b40ec94003385a20cb6b3', 'user_domain_id': 'default', 'system_scope': None, 'project_id': 'f6f32d8f50d24f7b9bec7b01b1e9fa06', 'project_domain_id': 'default', 'roles': ['member', 'admin', 'manager', 'reader'], 'is_admin_project': True, 'service_user_id': None, 'service_user_domain_id': None, 'service_project_id': None, 'service_project_domain_id': None, 'service_roles': []} {{(pid=41564) fill_context /opt/stack/keystone/keystone/server/flask/request_processing/middleware/auth_context.py:509}}
Jul 01 17:17:50 devstack devstack@keystone.service[41564]: DEBUG keystone.server.flask.request_processing.req_logging [None req-08c6dc7b-ee78-4bcc-913b-aac59ef40018 admin admin] REQUEST_METHOD: `GET` {{(pid=41564) log_request_info /opt/stack/keystone/keystone/server/flask/request_processing/req_logging.py:26}}
Jul 01 17:17:50 devstack devstack@keystone.service[41564]: DEBUG keystone.server.flask.request_processing.req_logging [None req-08c6dc7b-ee78-4bcc-913b-aac59ef40018 admin admin] SCRIPT_NAME: `/identity` {{(pid=41564) log_request_info /opt/stack/keystone/keystone/server/flask/request_processing/req_logging.py:27}}
Jul 01 17:17:50 devstack devstack@keystone.service[41564]: DEBUG keystone.server.flask.request_processing.req_logging [None req-08c6dc7b-ee78-4bcc-913b-aac59ef40018 admin admin] PATH_INFO: `/v3/users/admin` {{(pid=41564) log_request_info /opt/stack/keystone/keystone/server/flask/request_processing/req_logging.py:28}}
Jul 01 17:17:50 devstack devstack@keystone.service[41564]: DEBUG keystone.common.rbac_enforcer.enforcer [None req-08c6dc7b-ee78-4bcc-913b-aac59ef40018 admin admin] RBAC: Authorizing `identity:get_user(user_id=admin)` {{(pid=41564) enforce_call /opt/stack/keystone/keystone/common/rbac_enforcer/enforcer.py:501}}
Jul 01 17:17:50 devstack devstack@keystone.service[41564]: DEBUG keystone.common.rbac_enforcer.enforcer [None req-08c6dc7b-ee78-4bcc-913b-aac59ef40018 admin admin] RBAC: Authorization granted {{(pid=41564) enforce_call /opt/stack/keystone/keystone/common/rbac_enforcer/enforcer.py:512}}
Jul 01 17:17:50 devstack devstack@keystone.service[41564]: DEBUG keystone.server.flask.application [None req-08c6dc7b-ee78-4bcc-913b-aac59ef40018 admin admin] Could not find user: admin. {{(pid=41564) _handle_keystone_exception /opt/stack/keystone/keystone/server/flask/application.py:146}}
Jul 01 17:17:50 devstack devstack@keystone.service[41564]: [pid: 41564|app: 0|req: 5/9] 192.168.122.137 () {56 vars in 1162 bytes} [Wed Jul 1 17:17:50 2026] GET /identity/v3/users/admin => generated 83 bytes in 56 msecs (HTTP/1.1 404) 5 headers in 183 bytes (1 switches on core 0)
Jul 01 17:17:50 devstack devstack@keystone.service[41565]: DEBUG keystone.server.flask.request_processing.middleware.auth_context [None req-1ddcb20f-c5c6-430b-8dc3-77e70ef6402c None None] Authenticating user token {{(pid=41565) process_request /opt/stack/data/venv/lib/python3.12/site-packages/keystonemiddleware/auth_token/__init__.py:406}}
Jul 01 17:17:50 devstack devstack@keystone.service[41565]: DEBUG keystone.server.flask.request_processing.middleware.auth_context [None req-1ddcb20f-c5c6-430b-8dc3-77e70ef6402c None None] Validating token access rules against request {{(pid=41565) validate_allowed_request /opt/stack/data/venv/lib/python3.12/site-packages/keystonemiddleware/auth_token/__init__.py:544}}
Jul 01 17:17:50 devstack devstack@keystone.service[41565]: DEBUG keystone.server.flask.request_processing.middleware.auth_context [None req-e387594e-8f0c-4055-8b19-23a1747daf33 admin admin] RBAC: auth_context: {'token': , 'domain_id': None, 'trust_id': None, 'trustor_id': None, 'trustee_id': None, 'domain_name': None, 'group_ids': [], 'user_id': 'd041d930d24b40ec94003385a20cb6b3', 'user_domain_id': 'default', 'system_scope': None, 'project_id': 'f6f32d8f50d24f7b9bec7b01b1e9fa06', 'project_domain_id': 'default', 'roles': ['member', 'admin', 'manager', 'reader'], 'is_admin_project': True, 'service_user_id': None, 'service_user_domain_id': None, 'service_project_id': None, 'service_project_domain_id': None, 'service_roles': []} {{(pid=41565) fill_context /opt/stack/keystone/keystone/server/flask/request_processing/middleware/auth_context.py:509}}
Jul 01 17:17:50 devstack devstack@keystone.service[41565]: DEBUG keystone.server.flask.request_processing.req_logging [None req-e387594e-8f0c-4055-8b19-23a1747daf33 admin admin] REQUEST_METHOD: `GET` {{(pid=41565) log_request_info /opt/stack/keystone/keystone/server/flask/request_processing/req_logging.py:26}}
Jul 01 17:17:50 devstack devstack@keystone.service[41565]: DEBUG keystone.server.flask.request_processing.req_logging [None req-e387594e-8f0c-4055-8b19-23a1747daf33 admin admin] SCRIPT_NAME: `/identity` {{(pid=41565) log_request_info /opt/stack/keystone/keystone/server/flask/request_processing/req_logging.py:27}}
Jul 01 17:17:50 devstack devstack@keystone.service[41565]: DEBUG keystone.server.flask.request_processing.req_logging [None req-e387594e-8f0c-4055-8b19-23a1747daf33 admin admin] PATH_INFO: `/v3/users` {{(pid=41565) log_request_info /opt/stack/keystone/keystone/server/flask/request_processing/req_logging.py:28}}
Jul 01 17:17:50 devstack devstack@keystone.service[41565]: DEBUG keystone.common.rbac_enforcer.enforcer [None req-e387594e-8f0c-4055-8b19-23a1747daf33 admin admin] RBAC: Adding query filter params (name=admin) {{(pid=41565) _extract_filter_values /opt/stack/keystone/keystone/common/rbac_enforcer/enforcer.py:176}}
Jul 01 17:17:50 devstack devstack@keystone.service[41565]: DEBUG keystone.common.rbac_enforcer.enforcer [None req-e387594e-8f0c-4055-8b19-23a1747daf33 admin admin] RBAC: Authorizing `identity:list_users()` {{(pid=41565) enforce_call /opt/stack/keystone/keystone/common/rbac_enforcer/enforcer.py:501}}
Jul 01 17:17:50 devstack devstack@keystone.service[41565]: DEBUG keystone.common.rbac_enforcer.enforcer [None req-e387594e-8f0c-4055-8b19-23a1747daf33 admin admin] RBAC: Authorization granted {{(pid=41565) enforce_call /opt/stack/keystone/keystone/common/rbac_enforcer/enforcer.py:512}}
Jul 01 17:17:50 devstack devstack@keystone.service[41565]: [pid: 41565|app: 0|req: 5/10] 192.168.122.137 () {56 vars in 1178 bytes} [Wed Jul 1 17:17:50 2026] GET /identity/v3/users?name=admin => generated 360 bytes in 80 msecs (HTTP/1.1 200) 5 headers in 177 bytes (1 switches on core 0)
Jul 01 17:17:53 devstack devstack@keystone.service[41564]: DEBUG keystone.server.flask.request_processing.req_logging [None req-182bd754-a124-49f8-a826-85c9538fb9b8 None None] REQUEST_METHOD: `GET` {{(pid=41564) log_request_info /opt/stack/keystone/keystone/server/flask/request_processing/req_logging.py:26}}
Jul 01 17:17:53 devstack devstack@keystone.service[41564]: DEBUG keystone.server.flask.request_processing.req_logging [None req-182bd754-a124-49f8-a826-85c9538fb9b8 None None] SCRIPT_NAME: `/identity` {{(pid=41564) log_request_info /opt/stack/keystone/keystone/server/flask/request_processing/req_logging.py:27}}
Jul 01 17:17:53 devstack devstack@keystone.service[41564]: DEBUG keystone.server.flask.request_processing.req_logging [None req-182bd754-a124-49f8-a826-85c9538fb9b8 None None] PATH_INFO: `/` {{(pid=41564) log_request_info /opt/stack/keystone/keystone/server/flask/request_processing/req_logging.py:28}}
Jul 01 17:17:53 devstack devstack@keystone.service[41564]: [pid: 41564|app: 0|req: 6/11] 192.168.122.137 () {54 vars in 928 bytes} [Wed Jul 1 17:17:53 2026] GET /identity => generated 274 bytes in 3 msecs (HTTP/1.1 300) 6 headers in 238 bytes (1 switches on core 0)
Jul 01 17:17:53 devstack devstack@keystone.service[41565]: DEBUG keystone.server.flask.request_processing.req_logging [None req-2bf87fd0-5187-4742-b515-b4b19f9de230 None None] REQUEST_METHOD: `POST` {{(pid=41565) log_request_info /opt/stack/keystone/keystone/server/flask/request_processing/req_logging.py:26}}
Jul 01 17:17:53 devstack devstack@keystone.service[41565]: DEBUG keystone.server.flask.request_processing.req_logging [None req-2bf87fd0-5187-4742-b515-b4b19f9de230 None None] SCRIPT_NAME: `/identity` {{(pid=41565) log_request_info /opt/stack/keystone/keystone/server/flask/request_processing/req_logging.py:27}}
Jul 01 17:17:53 devstack devstack@keystone.service[41565]: DEBUG keystone.server.flask.request_processing.req_logging [None req-2bf87fd0-5187-4742-b515-b4b19f9de230 None None] PATH_INFO: `/v3/auth/tokens` {{(pid=41565) log_request_info /opt/stack/keystone/keystone/server/flask/request_processing/req_logging.py:28}}
Jul 01 17:17:53 devstack devstack@keystone.service[41564]: DEBUG keystone.server.flask.request_processing.req_logging [None req-32bc9228-884a-4c35-82ca-5679b0193f8e None None] REQUEST_METHOD: `GET` {{(pid=41564) log_request_info /opt/stack/keystone/keystone/server/flask/request_processing/req_logging.py:26}}
Jul 01 17:17:53 devstack devstack@keystone.service[41564]: DEBUG keystone.server.flask.request_processing.req_logging [None req-32bc9228-884a-4c35-82ca-5679b0193f8e None None] SCRIPT_NAME: `/identity` {{(pid=41564) log_request_info /opt/stack/keystone/keystone/server/flask/request_processing/req_logging.py:27}}
Jul 01 17:17:53 devstack devstack@keystone.service[41564]: DEBUG keystone.server.flask.request_processing.req_logging [None req-32bc9228-884a-4c35-82ca-5679b0193f8e None None] PATH_INFO: `/` {{(pid=41564) log_request_info /opt/stack/keystone/keystone/server/flask/request_processing/req_logging.py:28}}
Jul 01 17:17:53 devstack devstack@keystone.service[41564]: [pid: 41564|app: 0|req: 7/12] 192.168.122.137 () {54 vars in 928 bytes} [Wed Jul 1 17:17:53 2026] GET /identity => generated 274 bytes in 2 msecs (HTTP/1.1 300) 6 headers in 238 bytes (1 switches on core 0)
Jul 01 17:17:53 devstack devstack@keystone.service[41564]: DEBUG keystone.server.flask.request_processing.req_logging [None req-33d20e6b-9b3e-45ab-8329-4e7fd585b027 None None] REQUEST_METHOD: `POST` {{(pid=41564) log_request_info /opt/stack/keystone/keystone/server/flask/request_processing/req_logging.py:26}}
Jul 01 17:17:53 devstack devstack@keystone.service[41564]: DEBUG keystone.server.flask.request_processing.req_logging [None req-33d20e6b-9b3e-45ab-8329-4e7fd585b027 None None] SCRIPT_NAME: `/identity` {{(pid=41564) log_request_info /opt/stack/keystone/keystone/server/flask/request_processing/req_logging.py:27}}
Jul 01 17:17:53 devstack devstack@keystone.service[41564]: DEBUG keystone.server.flask.request_processing.req_logging [None req-33d20e6b-9b3e-45ab-8329-4e7fd585b027 None None] PATH_INFO: `/v3/auth/tokens` {{(pid=41564) log_request_info /opt/stack/keystone/keystone/server/flask/request_processing/req_logging.py:28}}
Jul 01 17:17:53 devstack devstack@keystone.service[41565]: WARNING keystone.common.password_hashing [None req-2bf87fd0-5187-4742-b515-b4b19f9de230 None None] Truncating password to algorithm specific maximum length 72 characters.
Jul 01 17:17:53 devstack devstack@keystone.service[41564]: WARNING keystone.common.password_hashing [None req-33d20e6b-9b3e-45ab-8329-4e7fd585b027 None None] Truncating password to algorithm specific maximum length 72 characters.
Jul 01 17:17:53 devstack devstack@keystone.service[41565]: DEBUG keystone.auth.core [None req-2bf87fd0-5187-4742-b515-b4b19f9de230 None None] MFA Rules not processed for user `d041d930d24b40ec94003385a20cb6b3`. Rule list: `[]` (Enabled: `True`). {{(pid=41565) check_auth_methods_against_rules /opt/stack/keystone/keystone/auth/core.py:476}}
Jul 01 17:17:53 devstack devstack@keystone.service[41565]: DEBUG keystone.common.fernet_utils [None req-2bf87fd0-5187-4742-b515-b4b19f9de230 None None] Loaded 2 Fernet keys from /etc/keystone/fernet-keys/, but `[fernet_tokens] max_active_keys = 3`; perhaps there have not been enough key rotations to reach `max_active_keys` yet? {{(pid=41565) load_keys /opt/stack/keystone/keystone/common/fernet_utils.py:297}}
Jul 01 17:17:53 devstack devstack@keystone.service[41564]: DEBUG keystone.auth.core [None req-33d20e6b-9b3e-45ab-8329-4e7fd585b027 None None] MFA Rules not processed for user `d041d930d24b40ec94003385a20cb6b3`. Rule list: `[]` (Enabled: `True`). {{(pid=41564) check_auth_methods_against_rules /opt/stack/keystone/keystone/auth/core.py:476}}
Jul 01 17:17:53 devstack devstack@keystone.service[41564]: DEBUG keystone.common.fernet_utils [None req-33d20e6b-9b3e-45ab-8329-4e7fd585b027 None None] Loaded 2 Fernet keys from /etc/keystone/fernet-keys/, but `[fernet_tokens] max_active_keys = 3`; perhaps there have not been enough key rotations to reach `max_active_keys` yet? {{(pid=41564) load_keys /opt/stack/keystone/keystone/common/fernet_utils.py:297}}
Jul 01 17:17:53 devstack devstack@keystone.service[41565]: [pid: 41565|app: 0|req: 6/13] 192.168.122.137 () {58 vars in 1025 bytes} [Wed Jul 1 17:17:53 2026] POST /identity/v3/auth/tokens => generated 866 bytes in 167 msecs (HTTP/1.1 201) 6 headers in 363 bytes (1 switches on core 0)
Jul 01 17:17:53 devstack devstack@keystone.service[41564]: [pid: 41564|app: 0|req: 8/14] 192.168.122.137 () {58 vars in 1025 bytes} [Wed Jul 1 17:17:53 2026] POST /identity/v3/auth/tokens => generated 866 bytes in 160 msecs (HTTP/1.1 201) 6 headers in 363 bytes (1 switches on core 0)
Jul 01 17:17:53 devstack devstack@keystone.service[41565]: DEBUG keystone.server.flask.request_processing.middleware.auth_context [None req-2bf87fd0-5187-4742-b515-b4b19f9de230 None None] Authenticating user token {{(pid=41565) process_request /opt/stack/data/venv/lib/python3.12/site-packages/keystonemiddleware/auth_token/__init__.py:406}}
Jul 01 17:17:53 devstack devstack@keystone.service[41564]: DEBUG keystone.server.flask.request_processing.middleware.auth_context [None req-33d20e6b-9b3e-45ab-8329-4e7fd585b027 None None] Authenticating user token {{(pid=41564) process_request /opt/stack/data/venv/lib/python3.12/site-packages/keystonemiddleware/auth_token/__init__.py:406}}
Jul 01 17:17:53 devstack devstack@keystone.service[41565]: DEBUG keystone.server.flask.request_processing.middleware.auth_context [None req-2bf87fd0-5187-4742-b515-b4b19f9de230 None None] Validating token access rules against request {{(pid=41565) validate_allowed_request /opt/stack/data/venv/lib/python3.12/site-packages/keystonemiddleware/auth_token/__init__.py:544}}
Jul 01 17:17:54 devstack devstack@keystone.service[41564]: DEBUG keystone.server.flask.request_processing.middleware.auth_context [None req-33d20e6b-9b3e-45ab-8329-4e7fd585b027 None None] Validating token access rules against request {{(pid=41564) validate_allowed_request /opt/stack/data/venv/lib/python3.12/site-packages/keystonemiddleware/auth_token/__init__.py:544}}
Jul 01 17:17:54 devstack devstack@keystone.service[41565]: DEBUG keystone.server.flask.request_processing.middleware.auth_context [None req-ed8fd35b-a6cd-4434-854d-252c8c0c550b None admin] RBAC: auth_context: {'token': , 'domain_id': None, 'trust_id': None, 'trustor_id': None, 'trustee_id': None, 'domain_name': None, 'group_ids': [], 'user_id': 'd041d930d24b40ec94003385a20cb6b3', 'user_domain_id': 'default', 'system_scope': 'all', 'project_id': None, 'project_domain_id': None, 'roles': ['admin', 'manager', 'member', 'reader'], 'is_admin_project': True, 'service_user_id': None, 'service_user_domain_id': None, 'service_project_id': None, 'service_project_domain_id': None, 'service_roles': []} {{(pid=41565) fill_context /opt/stack/keystone/keystone/server/flask/request_processing/middleware/auth_context.py:509}}
Jul 01 17:17:54 devstack devstack@keystone.service[41565]: DEBUG keystone.server.flask.request_processing.req_logging [None req-ed8fd35b-a6cd-4434-854d-252c8c0c550b None admin] REQUEST_METHOD: `GET` {{(pid=41565) log_request_info /opt/stack/keystone/keystone/server/flask/request_processing/req_logging.py:26}}
Jul 01 17:17:54 devstack devstack@keystone.service[41565]: DEBUG keystone.server.flask.request_processing.req_logging [None req-ed8fd35b-a6cd-4434-854d-252c8c0c550b None admin] SCRIPT_NAME: `/identity` {{(pid=41565) log_request_info /opt/stack/keystone/keystone/server/flask/request_processing/req_logging.py:27}}
Jul 01 17:17:54 devstack devstack@keystone.service[41565]: DEBUG keystone.server.flask.request_processing.req_logging [None req-ed8fd35b-a6cd-4434-854d-252c8c0c550b None admin] PATH_INFO: `/v3/roles/admin` {{(pid=41565) log_request_info /opt/stack/keystone/keystone/server/flask/request_processing/req_logging.py:28}}
Jul 01 17:17:54 devstack devstack@keystone.service[41564]: DEBUG keystone.server.flask.request_processing.middleware.auth_context [None req-32a50a67-0139-4858-8034-40263b2e8375 None admin] RBAC: auth_context: {'token': , 'domain_id': None, 'trust_id': None, 'trustor_id': None, 'trustee_id': None, 'domain_name': None, 'group_ids': [], 'user_id': 'd041d930d24b40ec94003385a20cb6b3', 'user_domain_id': 'default', 'system_scope': 'all', 'project_id': None, 'project_domain_id': None, 'roles': ['admin', 'manager', 'member', 'reader'], 'is_admin_project': True, 'service_user_id': None, 'service_user_domain_id': None, 'service_project_id': None, 'service_project_domain_id': None, 'service_roles': []} {{(pid=41564) fill_context /opt/stack/keystone/keystone/server/flask/request_processing/middleware/auth_context.py:509}}
Jul 01 17:17:54 devstack devstack@keystone.service[41564]: DEBUG keystone.server.flask.request_processing.req_logging [None req-32a50a67-0139-4858-8034-40263b2e8375 None admin] REQUEST_METHOD: `POST` {{(pid=41564) log_request_info /opt/stack/keystone/keystone/server/flask/request_processing/req_logging.py:26}}
Jul 01 17:17:54 devstack devstack@keystone.service[41564]: DEBUG keystone.server.flask.request_processing.req_logging [None req-32a50a67-0139-4858-8034-40263b2e8375 None admin] SCRIPT_NAME: `/identity` {{(pid=41564) log_request_info /opt/stack/keystone/keystone/server/flask/request_processing/req_logging.py:27}}
Jul 01 17:17:54 devstack devstack@keystone.service[41564]: DEBUG keystone.server.flask.request_processing.req_logging [None req-32a50a67-0139-4858-8034-40263b2e8375 None admin] PATH_INFO: `/v3/domains` {{(pid=41564) log_request_info /opt/stack/keystone/keystone/server/flask/request_processing/req_logging.py:28}}
Jul 01 17:17:54 devstack devstack@keystone.service[41565]: DEBUG keystone.common.rbac_enforcer.enforcer [None req-ed8fd35b-a6cd-4434-854d-252c8c0c550b None admin] Extracting inferred target data resulted in "NOT FOUND (404)". {{(pid=41565) enforce_call /opt/stack/keystone/keystone/common/rbac_enforcer/enforcer.py:445}}
Jul 01 17:17:54 devstack devstack@keystone.service[41564]: DEBUG keystone.common.rbac_enforcer.enforcer [None req-32a50a67-0139-4858-8034-40263b2e8375 None admin] RBAC: Authorizing `identity:create_domain()` {{(pid=41564) enforce_call /opt/stack/keystone/keystone/common/rbac_enforcer/enforcer.py:501}}
Jul 01 17:17:54 devstack devstack@keystone.service[41565]: DEBUG keystone.server.flask.application [None req-ed8fd35b-a6cd-4434-854d-252c8c0c550b None admin] Could not find role: admin. {{(pid=41565) _handle_keystone_exception /opt/stack/keystone/keystone/server/flask/application.py:146}}
Jul 01 17:17:54 devstack devstack@keystone.service[41564]: DEBUG keystone.common.rbac_enforcer.enforcer [None req-32a50a67-0139-4858-8034-40263b2e8375 None admin] RBAC: Authorization granted {{(pid=41564) enforce_call /opt/stack/keystone/keystone/common/rbac_enforcer/enforcer.py:512}}
Jul 01 17:17:54 devstack devstack@keystone.service[41565]: [pid: 41565|app: 0|req: 7/15] 192.168.122.137 () {56 vars in 1141 bytes} [Wed Jul 1 17:17:53 2026] GET /identity/v3/roles/admin => generated 83 bytes in 176 msecs (HTTP/1.1 404) 5 headers in 183 bytes (1 switches on core 0)
Jul 01 17:17:54 devstack devstack@keystone.service[41565]: DEBUG keystone.server.flask.request_processing.middleware.auth_context [None req-ed8fd35b-a6cd-4434-854d-252c8c0c550b None admin] Authenticating user token {{(pid=41565) process_request /opt/stack/data/venv/lib/python3.12/site-packages/keystonemiddleware/auth_token/__init__.py:406}}
Jul 01 17:17:54 devstack devstack@keystone.service[41564]: DEBUG keystone.common.sql.core [None req-32a50a67-0139-4858-8034-40263b2e8375 None admin] Conflict project: (pymysql.err.IntegrityError) (1062, "Duplicate entry '<>-Default' for key 'project.ixu_project_name_domain_id'")
Jul 01 17:17:54 devstack devstack@keystone.service[41564]: [SQL: INSERT INTO project (id, name, domain_id, description, enabled, extra, parent_id, is_domain) VALUES (%(id)s, %(name)s, %(domain_id)s, %(description)s, %(enabled)s, %(extra)s, %(parent_id)s, %(is_domain)s)]
Jul 01 17:17:54 devstack devstack@keystone.service[41564]: [parameters: {'id': 'e0e346fea6f94c1bb694d345ff14764d', 'name': 'Default', 'domain_id': '<>', 'description': '', 'enabled': 1, 'extra': '{}', 'parent_id': None, 'is_domain': 1}]
Jul 01 17:17:54 devstack devstack@keystone.service[41564]: (Background on this error at: https://sqlalche.me/e/20/gkpj) {{(pid=41564) wrapper /opt/stack/keystone/keystone/common/sql/core.py:580}}
Jul 01 17:17:54 devstack devstack@keystone.service[41564]: ERROR keystone.server.flask.application [None req-32a50a67-0139-4858-8034-40263b2e8375 None admin] Conflict occurred attempting to store project - it is not permitted to have two projects acting as domains with the same name: Default.: keystone.exception.Conflict: Conflict occurred attempting to store project - it is not permitted to have two projects acting as domains with the same name: Default.
Jul 01 17:17:54 devstack devstack@keystone.service[41564]: ERROR keystone.server.flask.application
Traceback (most recent call last):
Jul 01 17:17:54 devstack devstack@keystone.service[41564]: ERROR keystone.server.flask.application
File "/opt/stack/data/venv/lib/python3.12/site-packages/sqlalchemy/engine/base.py", line 1969, in _exec_single_context
Jul 01 17:17:54 devstack devstack@keystone.service[41564]: ERROR keystone.server.flask.application self.dialect.do_execute(
Jul 01 17:17:54 devstack devstack@keystone.service[41564]: ERROR keystone.server.flask.application
File "/opt/stack/data/venv/lib/python3.12/site-packages/sqlalchemy/engine/default.py", line 952, in do_execute
Jul 01 17:17:54 devstack devstack@keystone.service[41564]: ERROR keystone.server.flask.application cursor.execute(statement, parameters)
Jul 01 17:17:54 devstack devstack@keystone.service[41564]: ERROR keystone.server.flask.application
File "/opt/stack/data/venv/lib/python3.12/site-packages/pymysql/cursors.py", line 159, in execute
Jul 01 17:17:54 devstack devstack@keystone.service[41564]: ERROR keystone.server.flask.application result = self._query(query)
Jul 01 17:17:54 devstack devstack@keystone.service[41564]: ERROR keystone.server.flask.application ^^^^^^^^^^^^^^^^^^
Jul 01 17:17:54 devstack devstack@keystone.service[41564]: ERROR keystone.server.flask.application
File "/opt/stack/data/venv/lib/python3.12/site-packages/pymysql/cursors.py", line 330, in _query
Jul 01 17:17:54 devstack devstack@keystone.service[41564]: ERROR keystone.server.flask.application conn.query(q)
Jul 01 17:17:54 devstack devstack@keystone.service[41564]: ERROR keystone.server.flask.application
File "/opt/stack/data/venv/lib/python3.12/site-packages/pymysql/connections.py", line 582, in query
Jul 01 17:17:54 devstack devstack@keystone.service[41564]: ERROR keystone.server.flask.application self._affected_rows = self._read_query_result(unbuffered=unbuffered)
Jul 01 17:17:54 devstack devstack@keystone.service[41564]: ERROR keystone.server.flask.application ^^^^^^^^^^^^^^^^^^^^^^^^^^^^^^^^^^^^^^^^^^^^^^
Jul 01 17:17:54 devstack devstack@keystone.service[41564]: ERROR keystone.server.flask.application
File "/opt/stack/data/venv/lib/python3.12/site-packages/pymysql/connections.py", line 847, in _read_query_result
Jul 01 17:17:54 devstack devstack@keystone.service[41564]: ERROR keystone.server.flask.application result.read()
Jul 01 17:17:54 devstack devstack@keystone.service[41564]: ERROR keystone.server.flask.application
File "/opt/stack/data/venv/lib/python3.12/site-packages/pymysql/connections.py", line 1245, in read
Jul 01 17:17:54 devstack devstack@keystone.service[41564]: ERROR keystone.server.flask.application first_packet = self.connection._read_packet()
Jul 01 17:17:54 devstack devstack@keystone.service[41564]: ERROR keystone.server.flask.application ^^^^^^^^^^^^^^^^^^^^^^^^^^^^^^
Jul 01 17:17:54 devstack devstack@keystone.service[41564]: ERROR keystone.server.flask.application
File "/opt/stack/data/venv/lib/python3.12/site-packages/pymysql/connections.py", line 803, in _read_packet
Jul 01 17:17:54 devstack devstack@keystone.service[41564]: ERROR keystone.server.flask.application packet.raise_for_error()
Jul 01 17:17:54 devstack devstack@keystone.service[41564]: ERROR keystone.server.flask.application
File "/opt/stack/data/venv/lib/python3.12/site-packages/pymysql/protocol.py", line 219, in raise_for_error
Jul 01 17:17:54 devstack devstack@keystone.service[41564]: ERROR keystone.server.flask.application err.raise_mysql_exception(self._data)
Jul 01 17:17:54 devstack devstack@keystone.service[41564]: ERROR keystone.server.flask.application
File "/opt/stack/data/venv/lib/python3.12/site-packages/pymysql/err.py", line 154, in raise_mysql_exception
Jul 01 17:17:54 devstack devstack@keystone.service[41564]: ERROR keystone.server.flask.application raise errorclass(errno, errval, sqlstate=sqlstate)
Jul 01 17:17:54 devstack devstack@keystone.service[41564]: ERROR keystone.server.flask.application pymysql.err.IntegrityError: (1062, "Duplicate entry '<>-Default' for key 'project.ixu_project_name_domain_id'")
Jul 01 17:17:54 devstack devstack@keystone.service[41564]: ERROR keystone.server.flask.application
Jul 01 17:17:54 devstack devstack@keystone.service[41564]: ERROR keystone.server.flask.application The above exception was the direct cause of the following exception:
Jul 01 17:17:54 devstack devstack@keystone.service[41564]: ERROR keystone.server.flask.application
Jul 01 17:17:54 devstack devstack@keystone.service[41564]: ERROR keystone.server.flask.application
Traceback (most recent call last):
Jul 01 17:17:54 devstack devstack@keystone.service[41564]: ERROR keystone.server.flask.application
File "/opt/stack/keystone/keystone/common/sql/core.py", line 575, in wrapper
Jul 01 17:17:54 devstack devstack@keystone.service[41564]: ERROR keystone.server.flask.application return method(*args, **kwargs)
Jul 01 17:17:54 devstack devstack@keystone.service[41564]: ERROR keystone.server.flask.application ^^^^^^^^^^^^^^^^^^^^^^^
Jul 01 17:17:54 devstack devstack@keystone.service[41564]: ERROR keystone.server.flask.application
File "/opt/stack/keystone/keystone/resource/backends/sql.py", line 278, in create_project
Jul 01 17:17:54 devstack devstack@keystone.service[41564]: ERROR keystone.server.flask.application with sql.session_for_write() as session:
Jul 01 17:17:54 devstack devstack@keystone.service[41564]: ERROR keystone.server.flask.application
File "/usr/lib/python3.12/contextlib.py", line 144, in __exit__
Jul 01 17:17:54 devstack devstack@keystone.service[41564]: ERROR keystone.server.flask.application next(self.gen)
Jul 01 17:17:54 devstack devstack@keystone.service[41564]: ERROR keystone.server.flask.application
File "/opt/stack/data/venv/lib/python3.12/site-packages/oslo_db/sqlalchemy/enginefacade.py", line 1175, in _transaction_scope
Jul 01 17:17:54 devstack devstack@keystone.service[41564]: ERROR keystone.server.flask.application with current._produce_block(
Jul 01 17:17:54 devstack devstack@keystone.service[41564]: ERROR keystone.server.flask.application
File "/usr/lib/python3.12/contextlib.py", line 144, in __exit__
Jul 01 17:17:54 devstack devstack@keystone.service[41564]: ERROR keystone.server.flask.application next(self.gen)
Jul 01 17:17:54 devstack devstack@keystone.service[41564]: ERROR keystone.server.flask.application
File "/opt/stack/data/venv/lib/python3.12/site-packages/oslo_db/sqlalchemy/enginefacade.py", line 837, in _session
Jul 01 17:17:54 devstack devstack@keystone.service[41564]: ERROR keystone.server.flask.application with excutils.save_and_reraise_exception():
Jul 01 17:17:54 devstack devstack@keystone.service[41564]: ERROR keystone.server.flask.application
File "/opt/stack/data/venv/lib/python3.12/site-packages/oslo_utils/excutils.py", line 266, in __exit__
Jul 01 17:17:54 devstack devstack@keystone.service[41564]: ERROR keystone.server.flask.application self.force_reraise()
Jul 01 17:17:54 devstack devstack@keystone.service[41564]: ERROR keystone.server.flask.application
File "/opt/stack/data/venv/lib/python3.12/site-packages/oslo_utils/excutils.py", line 232, in force_reraise
Jul 01 17:17:54 devstack devstack@keystone.service[41564]: ERROR keystone.server.flask.application raise self.value
Jul 01 17:17:54 devstack devstack@keystone.service[41564]: ERROR keystone.server.flask.application
File "/opt/stack/data/venv/lib/python3.12/site-packages/oslo_db/sqlalchemy/enginefacade.py", line 835, in _session
Jul 01 17:17:54 devstack devstack@keystone.service[41564]: ERROR keystone.server.flask.application self._end_session_transaction(self.session)
Jul 01 17:17:54 devstack devstack@keystone.service[41564]: ERROR keystone.server.flask.application
File "/opt/stack/data/venv/lib/python3.12/site-packages/oslo_db/sqlalchemy/enginefacade.py", line 748, in _end_session_transaction
Jul 01 17:17:54 devstack devstack@keystone.service[41564]: ERROR keystone.server.flask.application session.commit()
Jul 01 17:17:54 devstack devstack@keystone.service[41564]: ERROR keystone.server.flask.application
File "/opt/stack/data/venv/lib/python3.12/site-packages/sqlalchemy/orm/session.py", line 2035, in commit
Jul 01 17:17:54 devstack devstack@keystone.service[41564]: ERROR keystone.server.flask.application trans.commit(_to_root=True)
Jul 01 17:17:54 devstack devstack@keystone.service[41564]: ERROR keystone.server.flask.application File "", line 2, in commit
Jul 01 17:17:54 devstack devstack@keystone.service[41564]: ERROR keystone.server.flask.application
File "/opt/stack/data/venv/lib/python3.12/site-packages/sqlalchemy/orm/state_changes.py", line 137, in _go
Jul 01 17:17:54 devstack devstack@keystone.service[41564]: ERROR keystone.server.flask.application ret_value = fn(self, *arg, **kw)
