Jan 16 11:38:37 devstack cinder-volume[82281]: DEBUG oslo_concurrency.processutils [None req-a52b7feb-b799-48ea-b1c0-f86eb0fbf552 tempest-CinderUnicodeTest-2042661294 None] Running cmd (subprocess): sudo cinder-rootwrap /etc/cinder/rootwrap.conf qemu-img rebase -u -b volume-3031a6be-f163-407b-9541-9796e8d0f86a -F qcow2 /opt/stack/data/cinder/mnt/3dbfc275d35f7ba04331557f335a0125/volume-3031a6be-f163-407b-9541-9796e8d0f86a.242295df-74c5-4480-b1e2-63213bbee4b2 {{(pid=82281) execute /opt/stack/data/venv/lib/python3.10/site-packages/oslo_concurrency/processutils.py:349}}
Jan 16 11:38:37 devstack sudo[87430]: quobyte : PWD=/ ; USER=root ; COMMAND=/opt/stack/data/venv/bin/cinder-rootwrap /etc/cinder/rootwrap.conf qemu-img rebase -u -b volume-3031a6be-f163-407b-9541-9796e8d0f86a -F qcow2 /opt/stack/data/cinder/mnt/3dbfc275d35f7ba04331557f335a0125/volume-3031a6be-f163-407b-9541-9796e8d0f86a.242295df-74c5-4480-b1e2-63213bbee4b2
Jan 16 11:38:37 devstack sudo[87430]: pam_unix(sudo:session): session opened for user root(uid=0) by (uid=1000)
Jan 16 11:38:38 devstack sudo[87430]: pam_unix(sudo:session): session closed for user root
Jan 16 11:38:38 devstack cinder-volume[82281]: DEBUG oslo_concurrency.processutils [None req-a52b7feb-b799-48ea-b1c0-f86eb0fbf552 tempest-CinderUnicodeTest-2042661294 None] CMD "sudo cinder-rootwrap /etc/cinder/rootwrap.conf qemu-img rebase -u -b volume-3031a6be-f163-407b-9541-9796e8d0f86a -F qcow2 /opt/stack/data/cinder/mnt/3dbfc275d35f7ba04331557f335a0125/volume-3031a6be-f163-407b-9541-9796e8d0f86a.242295df-74c5-4480-b1e2-63213bbee4b2" returned: 0 in 0.678s {{(pid=82281) execute /opt/stack/data/venv/lib/python3.10/site-packages/oslo_concurrency/processutils.py:372}}
Jan 16 11:38:38 devstack cinder-volume[82281]: WARNING cinder.volume.drivers.remotefs [None req-a52b7feb-b799-48ea-b1c0-f86eb0fbf552 tempest-CinderUnicodeTest-2042661294 None] /opt/stack/data/cinder/mnt/3dbfc275d35f7ba04331557f335a0125/volume-3031a6be-f163-407b-9541-9796e8d0f86a.242295df-74c5-4480-b1e2-63213bbee4b2 is being set with open permissions: ugo+rw
Jan 16 11:38:38 devstack cinder-volume[82281]: DEBUG oslo_concurrency.processutils [None req-a52b7feb-b799-48ea-b1c0-f86eb0fbf552 tempest-CinderUnicodeTest-2042661294 None] Running cmd (subprocess): sudo cinder-rootwrap /etc/cinder/rootwrap.conf chmod ugo+rw /opt/stack/data/cinder/mnt/3dbfc275d35f7ba04331557f335a0125/volume-3031a6be-f163-407b-9541-9796e8d0f86a.242295df-74c5-4480-b1e2-63213bbee4b2 {{(pid=82281) execute /opt/stack/data/venv/lib/python3.10/site-packages/oslo_concurrency/processutils.py:349}}
Jan 16 11:38:38 devstack sudo[87438]: quobyte : PWD=/ ; USER=root ; COMMAND=/opt/stack/data/venv/bin/cinder-rootwrap /etc/cinder/rootwrap.conf chmod ugo+rw /opt/stack/data/cinder/mnt/3dbfc275d35f7ba04331557f335a0125/volume-3031a6be-f163-407b-9541-9796e8d0f86a.242295df-74c5-4480-b1e2-63213bbee4b2
Jan 16 11:38:38 devstack sudo[87438]: pam_unix(sudo:session): session opened for user root(uid=0) by (uid=1000)
Jan 16 11:38:39 devstack sudo[87438]: pam_unix(sudo:session): session closed for user root
Jan 16 11:38:39 devstack cinder-volume[82281]: DEBUG oslo_concurrency.processutils [None req-a52b7feb-b799-48ea-b1c0-f86eb0fbf552 tempest-CinderUnicodeTest-2042661294 None] CMD "sudo cinder-rootwrap /etc/cinder/rootwrap.conf chmod ugo+rw /opt/stack/data/cinder/mnt/3dbfc275d35f7ba04331557f335a0125/volume-3031a6be-f163-407b-9541-9796e8d0f86a.242295df-74c5-4480-b1e2-63213bbee4b2" returned: 0 in 0.535s {{(pid=82281) execute /opt/stack/data/venv/lib/python3.10/site-packages/oslo_concurrency/processutils.py:372}}
Jan 16 11:38:39 devstack cinder-volume[82281]: DEBUG oslo_concurrency.processutils [None req-a52b7feb-b799-48ea-b1c0-f86eb0fbf552 tempest-CinderUnicodeTest-2042661294 None] Running cmd (subprocess): sudo cinder-rootwrap /etc/cinder/rootwrap.conf truncate -s0 /opt/stack/data/cinder/mnt/3dbfc275d35f7ba04331557f335a0125/volume-3031a6be-f163-407b-9541-9796e8d0f86a.info {{(pid=82281) execute /opt/stack/data/venv/lib/python3.10/site-packages/oslo_concurrency/processutils.py:349}}
Jan 16 11:38:39 devstack sudo[87443]: quobyte : PWD=/ ; USER=root ; COMMAND=/opt/stack/data/venv/bin/cinder-rootwrap /etc/cinder/rootwrap.conf truncate -s0 /opt/stack/data/cinder/mnt/3dbfc275d35f7ba04331557f335a0125/volume-3031a6be-f163-407b-9541-9796e8d0f86a.info
Jan 16 11:38:39 devstack sudo[87443]: pam_unix(sudo:session): session opened for user root(uid=0) by (uid=1000)
Jan 16 11:38:39 devstack sudo[87443]: pam_unix(sudo:session): session closed for user root
Jan 16 11:38:39 devstack cinder-volume[82281]: DEBUG oslo_concurrency.processutils [None req-a52b7feb-b799-48ea-b1c0-f86eb0fbf552 tempest-CinderUnicodeTest-2042661294 None] CMD "sudo cinder-rootwrap /etc/cinder/rootwrap.conf truncate -s0 /opt/stack/data/cinder/mnt/3dbfc275d35f7ba04331557f335a0125/volume-3031a6be-f163-407b-9541-9796e8d0f86a.info" returned: 0 in 0.619s {{(pid=82281) execute /opt/stack/data/venv/lib/python3.10/site-packages/oslo_concurrency/processutils.py:372}}
Jan 16 11:38:39 devstack cinder-volume[82281]: WARNING cinder.volume.drivers.remotefs [None req-a52b7feb-b799-48ea-b1c0-f86eb0fbf552 tempest-CinderUnicodeTest-2042661294 None] /opt/stack/data/cinder/mnt/3dbfc275d35f7ba04331557f335a0125/volume-3031a6be-f163-407b-9541-9796e8d0f86a.info is being set with open permissions: ugo+rw
Jan 16 11:38:39 devstack cinder-volume[82281]: DEBUG oslo_concurrency.processutils [None req-a52b7feb-b799-48ea-b1c0-f86eb0fbf552 tempest-CinderUnicodeTest-2042661294 None] Running cmd (subprocess): sudo cinder-rootwrap /etc/cinder/rootwrap.conf chmod ugo+rw /opt/stack/data/cinder/mnt/3dbfc275d35f7ba04331557f335a0125/volume-3031a6be-f163-407b-9541-9796e8d0f86a.info {{(pid=82281) execute /opt/stack/data/venv/lib/python3.10/site-packages/oslo_concurrency/processutils.py:349}}
Jan 16 11:38:39 devstack sudo[87449]: quobyte : PWD=/ ; USER=root ; COMMAND=/opt/stack/data/venv/bin/cinder-rootwrap /etc/cinder/rootwrap.conf chmod ugo+rw /opt/stack/data/cinder/mnt/3dbfc275d35f7ba04331557f335a0125/volume-3031a6be-f163-407b-9541-9796e8d0f86a.info
Jan 16 11:38:39 devstack sudo[87449]: pam_unix(sudo:session): session opened for user root(uid=0) by (uid=1000)
Jan 16 11:38:40 devstack sudo[87449]: pam_unix(sudo:session): session closed for user root
Jan 16 11:38:40 devstack cinder-volume[82281]: DEBUG oslo_concurrency.processutils [None req-a52b7feb-b799-48ea-b1c0-f86eb0fbf552 tempest-CinderUnicodeTest-2042661294 None] CMD "sudo cinder-rootwrap /etc/cinder/rootwrap.conf chmod ugo+rw /opt/stack/data/cinder/mnt/3dbfc275d35f7ba04331557f335a0125/volume-3031a6be-f163-407b-9541-9796e8d0f86a.info" returned: 0 in 0.658s {{(pid=82281) execute /opt/stack/data/venv/lib/python3.10/site-packages/oslo_concurrency/processutils.py:372}}
Jan 16 11:38:40 devstack cinder-volume[82281]: DEBUG oslo_concurrency.lockutils [None req-a52b7feb-b799-48ea-b1c0-f86eb0fbf552 tempest-CinderUnicodeTest-2042661294 None] Lock "quobyte" "released" by "cinder.volume.drivers.quobyte.QuobyteDriver.create_snapshot" :: held 4.278s {{(pid=82281) inner /opt/stack/data/venv/lib/python3.10/site-packages/oslo_concurrency/lockutils.py:424}}
Jan 16 11:38:40 devstack cinder-volume[82281]: INFO cinder.volume.manager [None req-a52b7feb-b799-48ea-b1c0-f86eb0fbf552 tempest-CinderUnicodeTest-2042661294 None] Create snapshot completed successfully
Jan 16 11:38:41 devstack cinder-volume[82281]: DEBUG cinder.coordination [None req-0ed3d3d5-3c0f-4c04-9364-9d66bb2db1c3 tempest-CinderUnicodeTest-2042661294 None] Acquiring lock "cinder-242295df-74c5-4480-b1e2-63213bbee4b2-delete_snapshot" by "delete_snapshot" {{(pid=82281) __acquire /opt/stack/cinder/cinder/coordination.py:143}}
Jan 16 11:38:41 devstack cinder-volume[82281]: DEBUG cinder.coordination [None req-0ed3d3d5-3c0f-4c04-9364-9d66bb2db1c3 tempest-CinderUnicodeTest-2042661294 None] Lock "cinder-242295df-74c5-4480-b1e2-63213bbee4b2-delete_snapshot" acquired by "delete_snapshot" :: waited 0.013s {{(pid=82281) __acquire /opt/stack/cinder/cinder/coordination.py:146}}
Jan 16 11:38:41 devstack cinder-volume[82281]: WARNING cinder.volume.volume_utils [None req-0ed3d3d5-3c0f-4c04-9364-9d66bb2db1c3 tempest-CinderUnicodeTest-2042661294 None] Volume driver (QuobyteDriver 1.1.13) is currently unsupported and may be removed in the next release of OpenStack. Use at your own risk.
Jan 16 11:38:41 devstack cinder-volume[82281]: DEBUG cinder.coordination [None req-0ed3d3d5-3c0f-4c04-9364-9d66bb2db1c3 tempest-CinderUnicodeTest-2042661294 None] Acquiring lock "cinder-quobyte-3031a6be-f163-407b-9541-9796e8d0f86a" by "delete_snapshot" {{(pid=82281) __acquire /opt/stack/cinder/cinder/coordination.py:143}}
Jan 16 11:38:41 devstack cinder-volume[82281]: DEBUG cinder.coordination [None req-0ed3d3d5-3c0f-4c04-9364-9d66bb2db1c3 tempest-CinderUnicodeTest-2042661294 None] Lock "cinder-quobyte-3031a6be-f163-407b-9541-9796e8d0f86a" acquired by "delete_snapshot" :: waited 0.021s {{(pid=82281) __acquire /opt/stack/cinder/cinder/coordination.py:146}}
Jan 16 11:38:41 devstack cinder-volume[82281]: DEBUG cinder.coordination [None req-0ed3d3d5-3c0f-4c04-9364-9d66bb2db1c3 tempest-CinderUnicodeTest-2042661294 None] Acquiring lock "cinder-quobyte-242295df-74c5-4480-b1e2-63213bbee4b2" by "_delete_snapshot" {{(pid=82281) __acquire /opt/stack/cinder/cinder/coordination.py:143}}
Jan 16 11:38:41 devstack cinder-volume[82281]: DEBUG cinder.coordination [None req-0ed3d3d5-3c0f-4c04-9364-9d66bb2db1c3 tempest-CinderUnicodeTest-2042661294 None] Lock "cinder-quobyte-242295df-74c5-4480-b1e2-63213bbee4b2" acquired by "_delete_snapshot" :: waited 0.008s {{(pid=82281) __acquire /opt/stack/cinder/cinder/coordination.py:146}}
Jan 16 11:38:41 devstack cinder-volume[82281]: DEBUG cinder.volume.drivers.remotefs [None req-0ed3d3d5-3c0f-4c04-9364-9d66bb2db1c3 tempest-CinderUnicodeTest-2042661294 None] Deleting offline snapshot 242295df-74c5-4480-b1e2-63213bbee4b2 of volume 3031a6be-f163-407b-9541-9796e8d0f86a {{(pid=82281) _delete_snapshot /opt/stack/cinder/cinder/volume/drivers/remotefs.py:1290}}
Jan 16 11:38:41 devstack cinder-volume[82281]: DEBUG cinder.volume.drivers.remotefs [None req-0ed3d3d5-3c0f-4c04-9364-9d66bb2db1c3 tempest-CinderUnicodeTest-2042661294 None] snapshot_file for this snap is: volume-3031a6be-f163-407b-9541-9796e8d0f86a.242295df-74c5-4480-b1e2-63213bbee4b2 {{(pid=82281) _delete_snapshot /opt/stack/cinder/cinder/volume/drivers/remotefs.py:1319}}
Jan 16 11:38:41 devstack cinder-volume[82281]: DEBUG oslo.privsep.daemon [-] privsep: reply[e1647c58-7dda-4b63-9d0c-dd5a5eda1ab6]: (4, 'qcow2') {{(pid=83068) _call_back /opt/stack/data/venv/lib/python3.10/site-packages/oslo_privsep/daemon.py:515}}
Jan 16 11:38:41 devstack cinder-volume[82281]: DEBUG oslo_concurrency.processutils [None req-0ed3d3d5-3c0f-4c04-9364-9d66bb2db1c3 tempest-CinderUnicodeTest-2042661294 None] Running cmd (subprocess): /opt/stack/data/venv/bin/python3.10 -m oslo_concurrency.prlimit --as=1073741824 --cpu=60 -- sudo cinder-rootwrap /etc/cinder/rootwrap.conf env LC_ALL=C qemu-img info -f qcow2 --output=json --force-share /opt/stack/data/cinder/mnt/3dbfc275d35f7ba04331557f335a0125/volume-3031a6be-f163-407b-9541-9796e8d0f86a.242295df-74c5-4480-b1e2-63213bbee4b2 {{(pid=82281) execute /opt/stack/data/venv/lib/python3.10/site-packages/oslo_concurrency/processutils.py:349}}
Jan 16 11:38:41 devstack sudo[87452]: quobyte : PWD=/ ; USER=root ; COMMAND=/opt/stack/data/venv/bin/cinder-rootwrap /etc/cinder/rootwrap.conf env LC_ALL=C qemu-img info -f qcow2 --output=json --force-share /opt/stack/data/cinder/mnt/3dbfc275d35f7ba04331557f335a0125/volume-3031a6be-f163-407b-9541-9796e8d0f86a.242295df-74c5-4480-b1e2-63213bbee4b2
Jan 16 11:38:41 devstack sudo[87452]: pam_unix(sudo:session): session opened for user root(uid=0) by (uid=1000)
Jan 16 11:38:42 devstack sudo[87452]: pam_unix(sudo:session): session closed for user root
Jan 16 11:38:42 devstack cinder-volume[82281]: DEBUG oslo_concurrency.processutils [None req-0ed3d3d5-3c0f-4c04-9364-9d66bb2db1c3 tempest-CinderUnicodeTest-2042661294 None] CMD "/opt/stack/data/venv/bin/python3.10 -m oslo_concurrency.prlimit --as=1073741824 --cpu=60 -- sudo cinder-rootwrap /etc/cinder/rootwrap.conf env LC_ALL=C qemu-img info -f qcow2 --output=json --force-share /opt/stack/data/cinder/mnt/3dbfc275d35f7ba04331557f335a0125/volume-3031a6be-f163-407b-9541-9796e8d0f86a.242295df-74c5-4480-b1e2-63213bbee4b2" returned: 0 in 0.580s {{(pid=82281) execute /opt/stack/data/venv/lib/python3.10/site-packages/oslo_concurrency/processutils.py:372}}
Jan 16 11:38:42 devstack cinder-volume[82281]: DEBUG cinder.volume.drivers.remotefs [None req-0ed3d3d5-3c0f-4c04-9364-9d66bb2db1c3 tempest-CinderUnicodeTest-2042661294 None] Fetching qemu-img info with special backing_file_template: (/opt/stack/data/cinder/mnt/[0-9a-f]+/)?(volume-3031a6be-f163-407b-9541-9796e8d0f86a(.(tmp-snap-)?[0-9a-f-]+)?|volume_from_snapshot_cache/(tmp-snap-)?[0-9a-f-]+(.(child-|parent-)[0-9a-f-]+)?)$ {{(pid=82281) _qemu_img_info_base /opt/stack/cinder/cinder/volume/drivers/remotefs.py:898}}
Jan 16 11:38:42 devstack cinder-volume[82281]: DEBUG oslo.privsep.daemon [-] privsep: reply[c9941070-d322-4386-b71d-f7014d40287d]: (4, 'qcow2') {{(pid=83068) _call_back /opt/stack/data/venv/lib/python3.10/site-packages/oslo_privsep/daemon.py:515}}
Jan 16 11:38:42 devstack cinder-volume[82281]: DEBUG oslo_concurrency.processutils [None req-0ed3d3d5-3c0f-4c04-9364-9d66bb2db1c3 tempest-CinderUnicodeTest-2042661294 None] Running cmd (subprocess): /opt/stack/data/venv/bin/python3.10 -m oslo_concurrency.prlimit --as=1073741824 --cpu=60 -- sudo cinder-rootwrap /etc/cinder/rootwrap.conf env LC_ALL=C qemu-img info -f qcow2 --output=json --force-share /opt/stack/data/cinder/mnt/3dbfc275d35f7ba04331557f335a0125/volume-3031a6be-f163-407b-9541-9796e8d0f86a {{(pid=82281) execute /opt/stack/data/venv/lib/python3.10/site-packages/oslo_concurrency/processutils.py:349}}
Jan 16 11:38:42 devstack sudo[87457]: quobyte : PWD=/ ; USER=root ; COMMAND=/opt/stack/data/venv/bin/cinder-rootwrap /etc/cinder/rootwrap.conf env LC_ALL=C qemu-img info -f qcow2 --output=json --force-share /opt/stack/data/cinder/mnt/3dbfc275d35f7ba04331557f335a0125/volume-3031a6be-f163-407b-9541-9796e8d0f86a
Jan 16 11:38:42 devstack sudo[87457]: pam_unix(sudo:session): session opened for user root(uid=0) by (uid=1000)
Jan 16 11:38:42 devstack sudo[87457]: pam_unix(sudo:session): session closed for user root
Jan 16 11:38:42 devstack cinder-volume[82281]: DEBUG oslo_concurrency.processutils [None req-0ed3d3d5-3c0f-4c04-9364-9d66bb2db1c3 tempest-CinderUnicodeTest-2042661294 None] CMD "/opt/stack/data/venv/bin/python3.10 -m oslo_concurrency.prlimit --as=1073741824 --cpu=60 -- sudo cinder-rootwrap /etc/cinder/rootwrap.conf env LC_ALL=C qemu-img info -f qcow2 --output=json --force-share /opt/stack/data/cinder/mnt/3dbfc275d35f7ba04331557f335a0125/volume-3031a6be-f163-407b-9541-9796e8d0f86a" returned: 0 in 0.621s {{(pid=82281) execute /opt/stack/data/venv/lib/python3.10/site-packages/oslo_concurrency/processutils.py:372}}
Jan 16 11:38:42 devstack cinder-volume[82281]: DEBUG oslo_concurrency.processutils [None req-0ed3d3d5-3c0f-4c04-9364-9d66bb2db1c3 tempest-CinderUnicodeTest-2042661294 None] Running cmd (subprocess): sudo cinder-rootwrap /etc/cinder/rootwrap.conf qemu-img commit -d /opt/stack/data/cinder/mnt/3dbfc275d35f7ba04331557f335a0125/volume-3031a6be-f163-407b-9541-9796e8d0f86a.242295df-74c5-4480-b1e2-63213bbee4b2 {{(pid=82281) execute /opt/stack/data/venv/lib/python3.10/site-packages/oslo_concurrency/processutils.py:349}}
Jan 16 11:38:42 devstack sudo[87463]: quobyte : PWD=/ ; USER=root ; COMMAND=/opt/stack/data/venv/bin/cinder-rootwrap /etc/cinder/rootwrap.conf qemu-img commit -d /opt/stack/data/cinder/mnt/3dbfc275d35f7ba04331557f335a0125/volume-3031a6be-f163-407b-9541-9796e8d0f86a.242295df-74c5-4480-b1e2-63213bbee4b2
Jan 16 11:38:42 devstack sudo[87463]: pam_unix(sudo:session): session opened for user root(uid=0) by (uid=1000)
Jan 16 11:38:43 devstack sudo[87463]: pam_unix(sudo:session): session closed for user root
Jan 16 11:38:43 devstack cinder-volume[82281]: DEBUG oslo_concurrency.processutils [None req-0ed3d3d5-3c0f-4c04-9364-9d66bb2db1c3 tempest-CinderUnicodeTest-2042661294 None] CMD "sudo cinder-rootwrap /etc/cinder/rootwrap.conf qemu-img commit -d /opt/stack/data/cinder/mnt/3dbfc275d35f7ba04331557f335a0125/volume-3031a6be-f163-407b-9541-9796e8d0f86a.242295df-74c5-4480-b1e2-63213bbee4b2" returned: 0 in 0.450s {{(pid=82281) execute /opt/stack/data/venv/lib/python3.10/site-packages/oslo_concurrency/processutils.py:372}}
Jan 16 11:38:43 devstack cinder-volume[82281]: DEBUG oslo_concurrency.processutils [None req-0ed3d3d5-3c0f-4c04-9364-9d66bb2db1c3 tempest-CinderUnicodeTest-2042661294 None] Running cmd (subprocess): sudo cinder-rootwrap /etc/cinder/rootwrap.conf rm -f /opt/stack/data/cinder/mnt/3dbfc275d35f7ba04331557f335a0125/volume-3031a6be-f163-407b-9541-9796e8d0f86a.242295df-74c5-4480-b1e2-63213bbee4b2 {{(pid=82281) execute /opt/stack/data/venv/lib/python3.10/site-packages/oslo_concurrency/processutils.py:349}}
Jan 16 11:38:43 devstack sudo[87468]: quobyte : PWD=/ ; USER=root ; COMMAND=/opt/stack/data/venv/bin/cinder-rootwrap /etc/cinder/rootwrap.conf rm -f /opt/stack/data/cinder/mnt/3dbfc275d35f7ba04331557f335a0125/volume-3031a6be-f163-407b-9541-9796e8d0f86a.242295df-74c5-4480-b1e2-63213bbee4b2
Jan 16 11:38:43 devstack sudo[87468]: pam_unix(sudo:session): session opened for user root(uid=0) by (uid=1000)
Jan 16 11:38:43 devstack sudo[87468]: pam_unix(sudo:session): session closed for user root
Jan 16 11:38:43 devstack cinder-volume[82281]: DEBUG oslo_concurrency.processutils [None req-0ed3d3d5-3c0f-4c04-9364-9d66bb2db1c3 tempest-CinderUnicodeTest-2042661294 None] CMD "sudo cinder-rootwrap /etc/cinder/rootwrap.conf rm -f /opt/stack/data/cinder/mnt/3dbfc275d35f7ba04331557f335a0125/volume-3031a6be-f163-407b-9541-9796e8d0f86a.242295df-74c5-4480-b1e2-63213bbee4b2" returned: 0 in 0.432s {{(pid=82281) execute /opt/stack/data/venv/lib/python3.10/site-packages/oslo_concurrency/processutils.py:372}}
Jan 16 11:38:44 devstack cinder-volume[82281]: DEBUG cinder.coordination [None req-0ed3d3d5-3c0f-4c04-9364-9d66bb2db1c3 tempest-CinderUnicodeTest-2042661294 None] Lock "cinder-quobyte-242295df-74c5-4480-b1e2-63213bbee4b2" released by "_delete_snapshot" :: held 3.081s {{(pid=82281) __release /opt/stack/cinder/cinder/coordination.py:157}}
Jan 16 11:38:44 devstack cinder-volume[82281]: DEBUG cinder.coordination [None req-0ed3d3d5-3c0f-4c04-9364-9d66bb2db1c3 tempest-CinderUnicodeTest-2042661294 None] Lock "cinder-quobyte-3031a6be-f163-407b-9541-9796e8d0f86a" released by "delete_snapshot" :: held 3.093s {{(pid=82281) __release /opt/stack/cinder/cinder/coordination.py:157}}
Jan 16 11:38:46 devstack cinder-volume[82281]: DEBUG cinder.quota [None req-0ed3d3d5-3c0f-4c04-9364-9d66bb2db1c3 tempest-CinderUnicodeTest-2042661294 None] Created reservations ['046b4f20-a770-4cba-be76-c98906cd151f', '46267746-0c75-4bb7-b6fd-c53d3d8e795c', 'a8f7bcba-d53a-4666-9fef-1f45975b7bf8', '7e6e6b93-1cdb-4def-85cf-f42416d5f285'] {{(pid=82281) reserve /opt/stack/cinder/cinder/quota.py:752}}
Jan 16 11:38:46 devstack cinder-volume[82281]: INFO cinder.volume.manager [None req-0ed3d3d5-3c0f-4c04-9364-9d66bb2db1c3 tempest-CinderUnicodeTest-2042661294 None] Delete snapshot completed successfully.
Jan 16 11:38:46 devstack cinder-volume[82281]: DEBUG cinder.coordination [None req-0ed3d3d5-3c0f-4c04-9364-9d66bb2db1c3 tempest-CinderUnicodeTest-2042661294 None] Lock "cinder-242295df-74c5-4480-b1e2-63213bbee4b2-delete_snapshot" released by "delete_snapshot" :: held 5.097s {{(pid=82281) __release /opt/stack/cinder/cinder/coordination.py:157}}
Jan 16 11:38:46 devstack cinder-volume[82281]: DEBUG cinder.coordination [None req-309b68e3-b3a5-44e2-9797-aa44f6117076 tempest-CinderUnicodeTest-2042661294 None] Acquiring lock "cinder-3031a6be-f163-407b-9541-9796e8d0f86a-delete_volume" by "delete_volume" {{(pid=82281) __acquire /opt/stack/cinder/cinder/coordination.py:143}}
Jan 16 11:38:46 devstack cinder-volume[82281]: DEBUG cinder.coordination [None req-309b68e3-b3a5-44e2-9797-aa44f6117076 tempest-CinderUnicodeTest-2042661294 None] Lock "cinder-3031a6be-f163-407b-9541-9796e8d0f86a-delete_volume" acquired by "delete_volume" :: waited 0.018s {{(pid=82281) __acquire /opt/stack/cinder/cinder/coordination.py:146}}
Jan 16 11:38:46 devstack cinder-volume[82281]: WARNING cinder.volume.volume_utils [None req-309b68e3-b3a5-44e2-9797-aa44f6117076 tempest-CinderUnicodeTest-2042661294 None] Volume driver (QuobyteDriver 1.1.13) is currently unsupported and may be removed in the next release of OpenStack. Use at your own risk.
Jan 16 11:38:46 devstack cinder-volume[82281]: DEBUG cinder.coordination [None req-309b68e3-b3a5-44e2-9797-aa44f6117076 tempest-CinderUnicodeTest-2042661294 None] Acquiring lock "cinder-quobyte-3031a6be-f163-407b-9541-9796e8d0f86a" by "delete_volume" {{(pid=82281) __acquire /opt/stack/cinder/cinder/coordination.py:143}}
Jan 16 11:38:46 devstack cinder-volume[82281]: DEBUG cinder.coordination [None req-309b68e3-b3a5-44e2-9797-aa44f6117076 tempest-CinderUnicodeTest-2042661294 None] Lock "cinder-quobyte-3031a6be-f163-407b-9541-9796e8d0f86a" acquired by "delete_volume" :: waited 0.009s {{(pid=82281) __acquire /opt/stack/cinder/cinder/coordination.py:146}}
Jan 16 11:38:46 devstack cinder-volume[82281]: DEBUG oslo.privsep.daemon [-] privsep: reply[bb7316fe-c4d1-404b-9a1c-3036908867c6]: (4, 'qcow2') {{(pid=83068) _call_back /opt/stack/data/venv/lib/python3.10/site-packages/oslo_privsep/daemon.py:515}}
Jan 16 11:38:46 devstack cinder-volume[82281]: DEBUG oslo_concurrency.processutils [None req-309b68e3-b3a5-44e2-9797-aa44f6117076 tempest-CinderUnicodeTest-2042661294 None] Running cmd (subprocess): /opt/stack/data/venv/bin/python3.10 -m oslo_concurrency.prlimit --as=1073741824 --cpu=60 -- sudo cinder-rootwrap /etc/cinder/rootwrap.conf env LC_ALL=C qemu-img info -f qcow2 --output=json --force-share /opt/stack/data/cinder/mnt/3dbfc275d35f7ba04331557f335a0125/volume-3031a6be-f163-407b-9541-9796e8d0f86a {{(pid=82281) execute /opt/stack/data/venv/lib/python3.10/site-packages/oslo_concurrency/processutils.py:349}}
Jan 16 11:38:47 devstack sudo[87471]: quobyte : PWD=/ ; USER=root ; COMMAND=/opt/stack/data/venv/bin/cinder-rootwrap /etc/cinder/rootwrap.conf env LC_ALL=C qemu-img info -f qcow2 --output=json --force-share /opt/stack/data/cinder/mnt/3dbfc275d35f7ba04331557f335a0125/volume-3031a6be-f163-407b-9541-9796e8d0f86a
Jan 16 11:38:47 devstack sudo[87471]: pam_unix(sudo:session): session opened for user root(uid=0) by (uid=1000)
Jan 16 11:38:47 devstack sudo[87471]: pam_unix(sudo:session): session closed for user root
Jan 16 11:38:47 devstack cinder-volume[82281]: DEBUG oslo_concurrency.processutils [None req-309b68e3-b3a5-44e2-9797-aa44f6117076 tempest-CinderUnicodeTest-2042661294 None] CMD "/opt/stack/data/venv/bin/python3.10 -m oslo_concurrency.prlimit --as=1073741824 --cpu=60 -- sudo cinder-rootwrap /etc/cinder/rootwrap.conf env LC_ALL=C qemu-img info -f qcow2 --output=json --force-share /opt/stack/data/cinder/mnt/3dbfc275d35f7ba04331557f335a0125/volume-3031a6be-f163-407b-9541-9796e8d0f86a" returned: 0 in 0.772s {{(pid=82281) execute /opt/stack/data/venv/lib/python3.10/site-packages/oslo_concurrency/processutils.py:372}}
Jan 16 11:38:47 devstack cinder-volume[82281]: DEBUG oslo_concurrency.processutils [None req-309b68e3-b3a5-44e2-9797-aa44f6117076 tempest-CinderUnicodeTest-2042661294 None] Running cmd (subprocess): sudo cinder-rootwrap /etc/cinder/rootwrap.conf rm -f /opt/stack/data/cinder/mnt/3dbfc275d35f7ba04331557f335a0125/volume-3031a6be-f163-407b-9541-9796e8d0f86a {{(pid=82281) execute /opt/stack/data/venv/lib/python3.10/site-packages/oslo_concurrency/processutils.py:349}}
Jan 16 11:38:47 devstack sudo[87476]: quobyte : PWD=/ ; USER=root ; COMMAND=/opt/stack/data/venv/bin/cinder-rootwrap /etc/cinder/rootwrap.conf rm -f /opt/stack/data/cinder/mnt/3dbfc275d35f7ba04331557f335a0125/volume-3031a6be-f163-407b-9541-9796e8d0f86a
Jan 16 11:38:47 devstack sudo[87476]: pam_unix(sudo:session): session opened for user root(uid=0) by (uid=1000)
Jan 16 11:38:48 devstack sudo[87476]: pam_unix(sudo:session): session closed for user root
Jan 16 11:38:48 devstack cinder-volume[82281]: DEBUG oslo_concurrency.processutils [None req-309b68e3-b3a5-44e2-9797-aa44f6117076 tempest-CinderUnicodeTest-2042661294 None] CMD "sudo cinder-rootwrap /etc/cinder/rootwrap.conf rm -f /opt/stack/data/cinder/mnt/3dbfc275d35f7ba04331557f335a0125/volume-3031a6be-f163-407b-9541-9796e8d0f86a" returned: 0 in 0.654s {{(pid=82281) execute /opt/stack/data/venv/lib/python3.10/site-packages/oslo_concurrency/processutils.py:372}}
Jan 16 11:38:48 devstack cinder-volume[82281]: DEBUG cinder.coordination [None req-309b68e3-b3a5-44e2-9797-aa44f6117076 tempest-CinderUnicodeTest-2042661294 None] Lock "cinder-quobyte-3031a6be-f163-407b-9541-9796e8d0f86a" released by "delete_volume" :: held 1.477s {{(pid=82281) __release /opt/stack/cinder/cinder/coordination.py:157}}
Jan 16 11:38:48 devstack cinder-volume[82281]: DEBUG cinder.quota [None req-309b68e3-b3a5-44e2-9797-aa44f6117076 tempest-CinderUnicodeTest-2042661294 None] Created reservations ['cdc42e95-b2a5-4e41-8291-248ce4dbfcfd', '3b20837c-1b11-4bee-84df-993895f48304', '29f2745d-6c77-4771-8da2-9f1fd9ce0f12', '812f9d8b-556c-4e0c-8ff3-e7adeb6393e5'] {{(pid=82281) reserve /opt/stack/cinder/cinder/quota.py:752}}
Jan 16 11:38:48 devstack cinder-volume[82281]: DEBUG oslo_concurrency.lockutils [None req-309b68e3-b3a5-44e2-9797-aa44f6117076 tempest-CinderUnicodeTest-2042661294 None] Acquiring lock "quobyte_ensure" by "cinder.volume.drivers.quobyte.QuobyteDriver._ensure_shares_mounted" {{(pid=82281) inner /opt/stack/data/venv/lib/python3.10/site-packages/oslo_concurrency/lockutils.py:405}}
Jan 16 11:38:48 devstack cinder-volume[82281]: DEBUG oslo_concurrency.lockutils [None req-309b68e3-b3a5-44e2-9797-aa44f6117076 tempest-CinderUnicodeTest-2042661294 None] Lock "quobyte_ensure" acquired by "cinder.volume.drivers.quobyte.QuobyteDriver._ensure_shares_mounted" :: waited 0.001s {{(pid=82281) inner /opt/stack/data/venv/lib/python3.10/site-packages/oslo_concurrency/lockutils.py:410}}
Jan 16 11:38:48 devstack cinder-volume[82281]: DEBUG cinder.volume.drivers.quobyte [None req-309b68e3-b3a5-44e2-9797-aa44f6117076 tempest-CinderUnicodeTest-2042661294 None] Quobyte Volume URL set to: {'osci02.corp.quobyte.com/cinder-vol-1f49205f-634e-4cdb-8ba2-37acbf85db8f': None} {{(pid=82281) _load_shares_config /opt/stack/cinder/cinder/volume/drivers/quobyte.py:611}}
Jan 16 11:38:48 devstack cinder-volume[82281]: DEBUG cinder.volume.drivers.quobyte [None req-309b68e3-b3a5-44e2-9797-aa44f6117076 tempest-CinderUnicodeTest-2042661294 None] Available shares ['osci02.corp.quobyte.com/cinder-vol-1f49205f-634e-4cdb-8ba2-37acbf85db8f'] {{(pid=82281) _ensure_shares_mounted /opt/stack/cinder/cinder/volume/drivers/quobyte.py:641}}
Jan 16 11:38:48 devstack cinder-volume[82281]: DEBUG oslo_concurrency.lockutils [None req-309b68e3-b3a5-44e2-9797-aa44f6117076 tempest-CinderUnicodeTest-2042661294 None] Lock "quobyte_ensure" "released" by "cinder.volume.drivers.quobyte.QuobyteDriver._ensure_shares_mounted" :: held 0.016s {{(pid=82281) inner /opt/stack/data/venv/lib/python3.10/site-packages/oslo_concurrency/lockutils.py:424}}
Jan 16 11:38:48 devstack cinder-volume[82281]: DEBUG oslo_concurrency.processutils [None req-309b68e3-b3a5-44e2-9797-aa44f6117076 tempest-CinderUnicodeTest-2042661294 None] Running cmd (subprocess): sudo cinder-rootwrap /etc/cinder/rootwrap.conf df --portability --block-size 1 /opt/stack/data/cinder/mnt/3dbfc275d35f7ba04331557f335a0125 {{(pid=82281) execute /opt/stack/data/venv/lib/python3.10/site-packages/oslo_concurrency/processutils.py:349}}
Jan 16 11:38:48 devstack sudo[87480]: quobyte : PWD=/ ; USER=root ; COMMAND=/opt/stack/data/venv/bin/cinder-rootwrap /etc/cinder/rootwrap.conf df --portability --block-size 1 /opt/stack/data/cinder/mnt/3dbfc275d35f7ba04331557f335a0125
Jan 16 11:38:48 devstack sudo[87480]: pam_unix(sudo:session): session opened for user root(uid=0) by (uid=1000)
Jan 16 11:38:49 devstack cinder-volume[82281]: DEBUG cinder.coordination [None req-8c9ffb62-eaed-4a70-8898-83812270a698 tempest-CinderUnicodeTest-2042661294 None] Acquiring lock "cinder-520009ca-5a49-403b-a3c6-fc4ecb180187-delete_volume" by "delete_volume" {{(pid=82281) __acquire /opt/stack/cinder/cinder/coordination.py:143}}
Jan 16 11:38:49 devstack cinder-volume[82281]: DEBUG cinder.coordination [None req-8c9ffb62-eaed-4a70-8898-83812270a698 tempest-CinderUnicodeTest-2042661294 None] Lock "cinder-520009ca-5a49-403b-a3c6-fc4ecb180187-delete_volume" acquired by "delete_volume" :: waited 0.016s {{(pid=82281) __acquire /opt/stack/cinder/cinder/coordination.py:146}}
Jan 16 11:38:49 devstack sudo[87480]: pam_unix(sudo:session): session closed for user root
Jan 16 11:38:49 devstack cinder-volume[82281]: WARNING cinder.volume.volume_utils [None req-8c9ffb62-eaed-4a70-8898-83812270a698 tempest-CinderUnicodeTest-2042661294 None] Volume driver (QuobyteDriver 1.1.13) is currently unsupported and may be removed in the next release of OpenStack. Use at your own risk.
Jan 16 11:38:49 devstack cinder-volume[82281]: DEBUG cinder.coordination [None req-8c9ffb62-eaed-4a70-8898-83812270a698 tempest-CinderUnicodeTest-2042661294 None] Acquiring lock "cinder-quobyte-520009ca-5a49-403b-a3c6-fc4ecb180187" by "delete_volume" {{(pid=82281) __acquire /opt/stack/cinder/cinder/coordination.py:143}}
Jan 16 11:38:49 devstack cinder-volume[82281]: DEBUG oslo_concurrency.processutils [None req-309b68e3-b3a5-44e2-9797-aa44f6117076 tempest-CinderUnicodeTest-2042661294 None] CMD "sudo cinder-rootwrap /etc/cinder/rootwrap.conf df --portability --block-size 1 /opt/stack/data/cinder/mnt/3dbfc275d35f7ba04331557f335a0125" returned: 0 in 0.710s {{(pid=82281) execute /opt/stack/data/venv/lib/python3.10/site-packages/oslo_concurrency/processutils.py:372}}
Jan 16 11:38:49 devstack cinder-volume[82281]: DEBUG cinder.manager [None req-309b68e3-b3a5-44e2-9797-aa44f6117076 tempest-CinderUnicodeTest-2042661294 None] Notifying Schedulers of capabilities ... {{(pid=82281) _publish_service_capabilities /opt/stack/cinder/cinder/manager.py:202}}
Jan 16 11:38:49 devstack cinder-volume[82281]: INFO cinder.volume.manager [None req-309b68e3-b3a5-44e2-9797-aa44f6117076 tempest-CinderUnicodeTest-2042661294 None] Deleted volume successfully.
Jan 16 11:38:49 devstack cinder-volume[82281]: DEBUG cinder.coordination [None req-8c9ffb62-eaed-4a70-8898-83812270a698 tempest-CinderUnicodeTest-2042661294 None] Lock "cinder-quobyte-520009ca-5a49-403b-a3c6-fc4ecb180187" acquired by "delete_volume" :: waited 0.023s {{(pid=82281) __acquire /opt/stack/cinder/cinder/coordination.py:146}}
Jan 16 11:38:49 devstack cinder-volume[82281]: DEBUG cinder.coordination [None req-309b68e3-b3a5-44e2-9797-aa44f6117076 tempest-CinderUnicodeTest-2042661294 None] Lock "cinder-3031a6be-f163-407b-9541-9796e8d0f86a-delete_volume" released by "delete_volume" :: held 2.413s {{(pid=82281) __release /opt/stack/cinder/cinder/coordination.py:157}}
Jan 16 11:38:49 devstack cinder-volume[82281]: DEBUG oslo.privsep.daemon [-] privsep: reply[3959a6bc-d5d5-4ce8-a791-28218bd064f9]: (4, 'qcow2') {{(pid=83068) _call_back /opt/stack/data/venv/lib/python3.10/site-packages/oslo_privsep/daemon.py:515}}
Jan 16 11:38:49 devstack cinder-volume[82281]: DEBUG oslo_concurrency.processutils [None req-8c9ffb62-eaed-4a70-8898-83812270a698 tempest-CinderUnicodeTest-2042661294 None] Running cmd (subprocess): /opt/stack/data/venv/bin/python3.10 -m oslo_concurrency.prlimit --as=1073741824 --cpu=60 -- sudo cinder-rootwrap /etc/cinder/rootwrap.conf env LC_ALL=C qemu-img info -f qcow2 --output=json --force-share /opt/stack/data/cinder/mnt/3dbfc275d35f7ba04331557f335a0125/volume-520009ca-5a49-403b-a3c6-fc4ecb180187 {{(pid=82281) execute /opt/stack/data/venv/lib/python3.10/site-packages/oslo_concurrency/processutils.py:349}}
Jan 16 11:38:49 devstack sudo[87483]: quobyte : PWD=/ ; USER=root ; COMMAND=/opt/stack/data/venv/bin/cinder-rootwrap /etc/cinder/rootwrap.conf env LC_ALL=C qemu-img info -f qcow2 --output=json --force-share /opt/stack/data/cinder/mnt/3dbfc275d35f7ba04331557f335a0125/volume-520009ca-5a49-403b-a3c6-fc4ecb180187
Jan 16 11:38:49 devstack sudo[87483]: pam_unix(sudo:session): session opened for user root(uid=0) by (uid=1000)
Jan 16 11:38:50 devstack sudo[87483]: pam_unix(sudo:session): session closed for user root
Jan 16 11:38:50 devstack cinder-volume[82281]: DEBUG oslo_concurrency.processutils [None req-8c9ffb62-eaed-4a70-8898-83812270a698 tempest-CinderUnicodeTest-2042661294 None] CMD "/opt/stack/data/venv/bin/python3.10 -m oslo_concurrency.prlimit --as=1073741824 --cpu=60 -- sudo cinder-rootwrap /etc/cinder/rootwrap.conf env LC_ALL=C qemu-img info -f qcow2 --output=json --force-share /opt/stack/data/cinder/mnt/3dbfc275d35f7ba04331557f335a0125/volume-520009ca-5a49-403b-a3c6-fc4ecb180187" returned: 0 in 0.793s {{(pid=82281) execute /opt/stack/data/venv/lib/python3.10/site-packages/oslo_concurrency/processutils.py:372}}
Jan 16 11:38:50 devstack cinder-volume[82281]: DEBUG oslo_concurrency.processutils [None req-8c9ffb62-eaed-4a70-8898-83812270a698 tempest-CinderUnicodeTest-2042661294 None] Running cmd (subprocess): sudo cinder-rootwrap /etc/cinder/rootwrap.conf rm -f /opt/stack/data/cinder/mnt/3dbfc275d35f7ba04331557f335a0125/volume-520009ca-5a49-403b-a3c6-fc4ecb180187 {{(pid=82281) execute /opt/stack/data/venv/lib/python3.10/site-packages/oslo_concurrency/processutils.py:349}}
Jan 16 11:38:50 devstack sudo[87499]: quobyte : PWD=/ ; USER=root ; COMMAND=/opt/stack/data/venv/bin/cinder-rootwrap /etc/cinder/rootwrap.conf rm -f /opt/stack/data/cinder/mnt/3dbfc275d35f7ba04331557f335a0125/volume-520009ca-5a49-403b-a3c6-fc4ecb180187
Jan 16 11:38:50 devstack sudo[87499]: pam_unix(sudo:session): session opened for user root(uid=0) by (uid=1000)
Jan 16 11:38:50 devstack cinder-volume[82281]: DEBUG oslo_service.periodic_task [None req-3b9cf2ce-93b1-46eb-922b-ac3a69409f03 None None] Running periodic task VolumeManager.publish_service_capabilities {{(pid=82281) run_periodic_tasks /opt/stack/data/venv/lib/python3.10/site-packages/oslo_service/periodic_task.py:210}}
Jan 16 11:38:50 devstack cinder-volume[82281]: DEBUG oslo_concurrency.lockutils [None req-3b9cf2ce-93b1-46eb-922b-ac3a69409f03 None None] Acquiring lock "quobyte_ensure" by "cinder.volume.drivers.quobyte.QuobyteDriver._ensure_shares_mounted" {{(pid=82281) inner /opt/stack/data/venv/lib/python3.10/site-packages/oslo_concurrency/lockutils.py:405}}
Jan 16 11:38:50 devstack cinder-volume[82281]: DEBUG oslo_concurrency.lockutils [None req-3b9cf2ce-93b1-46eb-922b-ac3a69409f03 None None] Lock "quobyte_ensure" acquired by "cinder.volume.drivers.quobyte.QuobyteDriver._ensure_shares_mounted" :: waited 0.001s {{(pid=82281) inner /opt/stack/data/venv/lib/python3.10/site-packages/oslo_concurrency/lockutils.py:410}}
Jan 16 11:38:50 devstack cinder-volume[82281]: DEBUG cinder.volume.drivers.quobyte [None req-3b9cf2ce-93b1-46eb-922b-ac3a69409f03 None None] Quobyte Volume URL set to: {'osci02.corp.quobyte.com/cinder-vol-1f49205f-634e-4cdb-8ba2-37acbf85db8f': None} {{(pid=82281) _load_shares_config /opt/stack/cinder/cinder/volume/drivers/quobyte.py:611}}
Jan 16 11:38:50 devstack cinder-volume[82281]: DEBUG cinder.volume.drivers.quobyte [None req-3b9cf2ce-93b1-46eb-922b-ac3a69409f03 None None] Available shares ['osci02.corp.quobyte.com/cinder-vol-1f49205f-634e-4cdb-8ba2-37acbf85db8f'] {{(pid=82281) _ensure_shares_mounted /opt/stack/cinder/cinder/volume/drivers/quobyte.py:641}}
Jan 16 11:38:50 devstack cinder-volume[82281]: DEBUG oslo_concurrency.lockutils [None req-3b9cf2ce-93b1-46eb-922b-ac3a69409f03 None None] Lock "quobyte_ensure" "released" by "cinder.volume.drivers.quobyte.QuobyteDriver._ensure_shares_mounted" :: held 0.007s {{(pid=82281) inner /opt/stack/data/venv/lib/python3.10/site-packages/oslo_concurrency/lockutils.py:424}}
Jan 16 11:38:50 devstack cinder-volume[82281]: DEBUG oslo_concurrency.processutils [None req-3b9cf2ce-93b1-46eb-922b-ac3a69409f03 None None] Running cmd (subprocess): sudo cinder-rootwrap /etc/cinder/rootwrap.conf df --portability --block-size 1 /opt/stack/data/cinder/mnt/3dbfc275d35f7ba04331557f335a0125 {{(pid=82281) execute /opt/stack/data/venv/lib/python3.10/site-packages/oslo_concurrency/processutils.py:349}}
Jan 16 11:38:50 devstack sudo[87504]: quobyte : PWD=/ ; USER=root ; COMMAND=/opt/stack/data/venv/bin/cinder-rootwrap /etc/cinder/rootwrap.conf df --portability --block-size 1 /opt/stack/data/cinder/mnt/3dbfc275d35f7ba04331557f335a0125
Jan 16 11:38:50 devstack sudo[87504]: pam_unix(sudo:session): session opened for user root(uid=0) by (uid=1000)
Jan 16 11:38:50 devstack sudo[87499]: pam_unix(sudo:session): session closed for user root
Jan 16 11:38:50 devstack cinder-volume[82281]: DEBUG oslo_concurrency.processutils [None req-8c9ffb62-eaed-4a70-8898-83812270a698 tempest-CinderUnicodeTest-2042661294 None] CMD "sudo cinder-rootwrap /etc/cinder/rootwrap.conf rm -f /opt/stack/data/cinder/mnt/3dbfc275d35f7ba04331557f335a0125/volume-520009ca-5a49-403b-a3c6-fc4ecb180187" returned: 0 in 0.670s {{(pid=82281) execute /opt/stack/data/venv/lib/python3.10/site-packages/oslo_concurrency/processutils.py:372}}
Jan 16 11:38:50 devstack cinder-volume[82281]: DEBUG cinder.coordination [None req-8c9ffb62-eaed-4a70-8898-83812270a698 tempest-CinderUnicodeTest-2042661294 None] Lock "cinder-quobyte-520009ca-5a49-403b-a3c6-fc4ecb180187" released by "delete_volume" :: held 1.508s {{(pid=82281) __release /opt/stack/cinder/cinder/coordination.py:157}}
Jan 16 11:38:50 devstack cinder-volume[82281]: DEBUG cinder.quota [None req-8c9ffb62-eaed-4a70-8898-83812270a698 tempest-CinderUnicodeTest-2042661294 None] Created reservations ['fd6b2f0b-3aa1-4ff0-b18b-6849e97f595d', '00f83b93-a0fd-417b-b6f8-1c866584fb24', 'e358a99d-1027-41a8-b1cc-e99ed833478c', '7255d05d-8c68-4a1c-ada8-333d4a3030cb'] {{(pid=82281) reserve /opt/stack/cinder/cinder/quota.py:752}}
Jan 16 11:38:50 devstack cinder-volume[82281]: DEBUG oslo_concurrency.lockutils [None req-8c9ffb62-eaed-4a70-8898-83812270a698 tempest-CinderUnicodeTest-2042661294 None] Acquiring lock "quobyte_ensure" by "cinder.volume.drivers.quobyte.QuobyteDriver._ensure_shares_mounted" {{(pid=82281) inner /opt/stack/data/venv/lib/python3.10/site-packages/oslo_concurrency/lockutils.py:405}}
Jan 16 11:38:50 devstack cinder-volume[82281]: DEBUG oslo_concurrency.lockutils [None req-8c9ffb62-eaed-4a70-8898-83812270a698 tempest-CinderUnicodeTest-2042661294 None] Lock "quobyte_ensure" acquired by "cinder.volume.drivers.quobyte.QuobyteDriver._ensure_shares_mounted" :: waited 0.001s {{(pid=82281) inner /opt/stack/data/venv/lib/python3.10/site-packages/oslo_concurrency/lockutils.py:410}}
Jan 16 11:38:50 devstack cinder-volume[82281]: DEBUG cinder.volume.drivers.quobyte [None req-8c9ffb62-eaed-4a70-8898-83812270a698 tempest-CinderUnicodeTest-2042661294 None] Quobyte Volume URL set to: {'osci02.corp.quobyte.com/cinder-vol-1f49205f-634e-4cdb-8ba2-37acbf85db8f': None} {{(pid=82281) _load_shares_config /opt/stack/cinder/cinder/volume/drivers/quobyte.py:611}}
Jan 16 11:38:50 devstack cinder-volume[82281]: DEBUG cinder.volume.drivers.quobyte [None req-8c9ffb62-eaed-4a70-8898-83812270a698 tempest-CinderUnicodeTest-2042661294 None] Available shares ['osci02.corp.quobyte.com/cinder-vol-1f49205f-634e-4cdb-8ba2-37acbf85db8f'] {{(pid=82281) _ensure_shares_mounted /opt/stack/cinder/cinder/volume/drivers/quobyte.py:641}}
Jan 16 11:38:50 devstack cinder-volume[82281]: DEBUG oslo_concurrency.lockutils [None req-8c9ffb62-eaed-4a70-8898-83812270a698 tempest-CinderUnicodeTest-2042661294 None] Lock "quobyte_ensure" "released" by "cinder.volume.drivers.quobyte.QuobyteDriver._ensure_shares_mounted" :: held 0.007s {{(pid=82281) inner /opt/stack/data/venv/lib/python3.10/site-packages/oslo_concurrency/lockutils.py:424}}
Jan 16 11:38:50 devstack cinder-volume[82281]: DEBUG oslo_concurrency.processutils [None req-8c9ffb62-eaed-4a70-8898-83812270a698 tempest-CinderUnicodeTest-2042661294 None] Running cmd (subprocess): sudo cinder-rootwrap /etc/cinder/rootwrap.conf df --portability --block-size 1 /opt/stack/data/cinder/mnt/3dbfc275d35f7ba04331557f335a0125 {{(pid=82281) execute /opt/stack/data/venv/lib/python3.10/site-packages/oslo_concurrency/processutils.py:349}}
Jan 16 11:38:51 devstack sudo[87509]: quobyte : PWD=/ ; USER=root ; COMMAND=/opt/stack/data/venv/bin/cinder-rootwrap /etc/cinder/rootwrap.conf df --portability --block-size 1 /opt/stack/data/cinder/mnt/3dbfc275d35f7ba04331557f335a0125
Jan 16 11:38:51 devstack sudo[87509]: pam_unix(sudo:session): session opened for user root(uid=0) by (uid=1000)
Jan 16 11:38:51 devstack sudo[87504]: pam_unix(sudo:session): session closed for user root
Jan 16 11:38:51 devstack cinder-volume[82281]: DEBUG oslo_concurrency.processutils [None req-3b9cf2ce-93b1-46eb-922b-ac3a69409f03 None None] CMD "sudo cinder-rootwrap /etc/cinder/rootwrap.conf df --portability --block-size 1 /opt/stack/data/cinder/mnt/3dbfc275d35f7ba04331557f335a0125" returned: 0 in 0.859s {{(pid=82281) execute /opt/stack/data/venv/lib/python3.10/site-packages/oslo_concurrency/processutils.py:372}}
Jan 16 11:38:51 devstack cinder-volume[82281]: DEBUG cinder.manager [None req-3b9cf2ce-93b1-46eb-922b-ac3a69409f03 None None] Notifying Schedulers of capabilities ... {{(pid=82281) _publish_service_capabilities /opt/stack/cinder/cinder/manager.py:202}}
Jan 16 11:38:51 devstack sudo[87509]: pam_unix(sudo:session): session closed for user root
Jan 16 11:38:51 devstack cinder-volume[82281]: DEBUG oslo_concurrency.processutils [None req-8c9ffb62-eaed-4a70-8898-83812270a698 tempest-CinderUnicodeTest-2042661294 None] CMD "sudo cinder-rootwrap /etc/cinder/rootwrap.conf df --portability --block-size 1 /opt/stack/data/cinder/mnt/3dbfc275d35f7ba04331557f335a0125" returned: 0 in 0.883s {{(pid=82281) execute /opt/stack/data/venv/lib/python3.10/site-packages/oslo_concurrency/processutils.py:372}}
Jan 16 11:38:51 devstack cinder-volume[82281]: DEBUG cinder.manager [None req-8c9ffb62-eaed-4a70-8898-83812270a698 tempest-CinderUnicodeTest-2042661294 None] Notifying Schedulers of capabilities ... {{(pid=82281) _publish_service_capabilities /opt/stack/cinder/cinder/manager.py:202}}
Jan 16 11:38:51 devstack cinder-volume[82281]: INFO cinder.volume.manager [None req-8c9ffb62-eaed-4a70-8898-83812270a698 tempest-CinderUnicodeTest-2042661294 None] Deleted volume successfully.
Jan 16 11:38:51 devstack cinder-volume[82281]: DEBUG cinder.coordination [None req-8c9ffb62-eaed-4a70-8898-83812270a698 tempest-CinderUnicodeTest-2042661294 None] Lock "cinder-520009ca-5a49-403b-a3c6-fc4ecb180187-delete_volume" released by "delete_volume" :: held 2.784s {{(pid=82281) __release /opt/stack/cinder/cinder/coordination.py:157}}
Jan 16 11:39:00 devstack cinder-volume[82281]: DEBUG dbcounter [-] [82281] Writing DB stats cinder:UPDATE=39,cinder:INSERT=16,cinder:SELECT=39,cinder:DELETE=4 {{(pid=82281) stat_writer /opt/stack/data/venv/lib/python3.10/site-packages/dbcounter.py:115}}
Jan 16 11:39:01 devstack cinder-volume[82281]: DEBUG dbcounter [-] [82281] Writing DB stats cinder:SELECT=65,cinder:INSERT=28,cinder:UPDATE=90,cinder:DELETE=9 {{(pid=82281) stat_writer /opt/stack/data/venv/lib/python3.10/site-packages/dbcounter.py:115}}
Jan 16 11:39:02 devstack cinder-volume[82281]: DEBUG oslo_concurrency.lockutils [req-56f71937-159a-4003-8758-0dc0ab14eb03 req-1fa4a210-ed21-4593-ade5-250107fc36b0 tempest-TaggedBootDevicesTest_v242-1239505434 None] Acquiring lock "quobyte" by "cinder.volume.drivers.quobyte.QuobyteDriver.initialize_connection" {{(pid=82281) inner /opt/stack/data/venv/lib/python3.10/site-packages/oslo_concurrency/lockutils.py:405}}
Jan 16 11:39:02 devstack cinder-volume[82281]: DEBUG oslo_concurrency.lockutils [req-56f71937-159a-4003-8758-0dc0ab14eb03 req-1fa4a210-ed21-4593-ade5-250107fc36b0 tempest-TaggedBootDevicesTest_v242-1239505434 None] Lock "quobyte" acquired by "cinder.volume.drivers.quobyte.QuobyteDriver.initialize_connection" :: waited 0.003s {{(pid=82281) inner /opt/stack/data/venv/lib/python3.10/site-packages/oslo_concurrency/lockutils.py:410}}
Jan 16 11:39:02 devstack cinder-volume[82281]: DEBUG oslo.privsep.daemon [-] privsep: reply[4be95353-541f-4ce1-9abd-088f087ab320]: (4, 'raw') {{(pid=83068) _call_back /opt/stack/data/venv/lib/python3.10/site-packages/oslo_privsep/daemon.py:515}}
Jan 16 11:39:02 devstack cinder-volume[82281]: DEBUG oslo_concurrency.processutils [req-56f71937-159a-4003-8758-0dc0ab14eb03 req-1fa4a210-ed21-4593-ade5-250107fc36b0 tempest-TaggedBootDevicesTest_v242-1239505434 None] Running cmd (subprocess): /opt/stack/data/venv/bin/python3.10 -m oslo_concurrency.prlimit --as=1073741824 --cpu=60 -- sudo cinder-rootwrap /etc/cinder/rootwrap.conf env LC_ALL=C qemu-img info -f raw --output=json --force-share /opt/stack/data/cinder/mnt/3dbfc275d35f7ba04331557f335a0125/volume-3b15d8f1-a126-49e6-b22d-329954b5e6fd {{(pid=82281) execute /opt/stack/data/venv/lib/python3.10/site-packages/oslo_concurrency/processutils.py:349}}
Jan 16 11:39:02 devstack sudo[87707]: quobyte : PWD=/ ; USER=root ; COMMAND=/opt/stack/data/venv/bin/cinder-rootwrap /etc/cinder/rootwrap.conf env LC_ALL=C qemu-img info -f raw --output=json --force-share /opt/stack/data/cinder/mnt/3dbfc275d35f7ba04331557f335a0125/volume-3b15d8f1-a126-49e6-b22d-329954b5e6fd
Jan 16 11:39:02 devstack sudo[87707]: pam_unix(sudo:session): session opened for user root(uid=0) by (uid=1000)
Jan 16 11:39:03 devstack sudo[87707]: pam_unix(sudo:session): session closed for user root
Jan 16 11:39:03 devstack cinder-volume[82281]: DEBUG oslo_concurrency.processutils [req-56f71937-159a-4003-8758-0dc0ab14eb03 req-1fa4a210-ed21-4593-ade5-250107fc36b0 tempest-TaggedBootDevicesTest_v242-1239505434 None] CMD "/opt/stack/data/venv/bin/python3.10 -m oslo_concurrency.prlimit --as=1073741824 --cpu=60 -- sudo cinder-rootwrap /etc/cinder/rootwrap.conf env LC_ALL=C qemu-img info -f raw --output=json --force-share /opt/stack/data/cinder/mnt/3dbfc275d35f7ba04331557f335a0125/volume-3b15d8f1-a126-49e6-b22d-329954b5e6fd" returned: 0 in 1.112s {{(pid=82281) execute /opt/stack/data/venv/lib/python3.10/site-packages/oslo_concurrency/processutils.py:372}}
Jan 16 11:39:03 devstack cinder-volume[82281]: DEBUG oslo_concurrency.processutils [req-56f71937-159a-4003-8758-0dc0ab14eb03 req-1fa4a210-ed21-4593-ade5-250107fc36b0 tempest-TaggedBootDevicesTest_v242-1239505434 None] Running cmd (subprocess): /opt/stack/data/venv/bin/python3.10 -m oslo_concurrency.prlimit --as=1073741824 --cpu=60 -- sudo cinder-rootwrap /etc/cinder/rootwrap.conf env LC_ALL=C qemu-img info -f luks --output=json --force-share /opt/stack/data/cinder/mnt/3dbfc275d35f7ba04331557f335a0125/volume-3b15d8f1-a126-49e6-b22d-329954b5e6fd {{(pid=82281) execute /opt/stack/data/venv/lib/python3.10/site-packages/oslo_concurrency/processutils.py:349}}
Jan 16 11:39:03 devstack sudo[87712]: quobyte : PWD=/ ; USER=root ; COMMAND=/opt/stack/data/venv/bin/cinder-rootwrap /etc/cinder/rootwrap.conf env LC_ALL=C qemu-img info -f luks --output=json --force-share /opt/stack/data/cinder/mnt/3dbfc275d35f7ba04331557f335a0125/volume-3b15d8f1-a126-49e6-b22d-329954b5e6fd
Jan 16 11:39:03 devstack sudo[87712]: pam_unix(sudo:session): session opened for user root(uid=0) by (uid=1000)
Jan 16 11:39:05 devstack sudo[87712]: pam_unix(sudo:session): session closed for user root
Jan 16 11:39:05 devstack cinder-volume[82281]: DEBUG oslo_concurrency.processutils [req-56f71937-159a-4003-8758-0dc0ab14eb03 req-1fa4a210-ed21-4593-ade5-250107fc36b0 tempest-TaggedBootDevicesTest_v242-1239505434 None] CMD "/opt/stack/data/venv/bin/python3.10 -m oslo_concurrency.prlimit --as=1073741824 --cpu=60 -- sudo cinder-rootwrap /etc/cinder/rootwrap.conf env LC_ALL=C qemu-img info -f luks --output=json --force-share /opt/stack/data/cinder/mnt/3dbfc275d35f7ba04331557f335a0125/volume-3b15d8f1-a126-49e6-b22d-329954b5e6fd" returned: 1 in 1.633s {{(pid=82281) execute /opt/stack/data/venv/lib/python3.10/site-packages/oslo_concurrency/processutils.py:372}}
Jan 16 11:39:05 devstack cinder-volume[82281]: DEBUG oslo_concurrency.processutils [req-56f71937-159a-4003-8758-0dc0ab14eb03 req-1fa4a210-ed21-4593-ade5-250107fc36b0 tempest-TaggedBootDevicesTest_v242-1239505434 None] '/opt/stack/data/venv/bin/python3.10 -m oslo_concurrency.prlimit --as=1073741824 --cpu=60 -- sudo cinder-rootwrap /etc/cinder/rootwrap.conf env LC_ALL=C qemu-img info -f luks --output=json --force-share /opt/stack/data/cinder/mnt/3dbfc275d35f7ba04331557f335a0125/volume-3b15d8f1-a126-49e6-b22d-329954b5e6fd' failed. Not Retrying. {{(pid=82281) execute /opt/stack/data/venv/lib/python3.10/site-packages/oslo_concurrency/processutils.py:423}}
Jan 16 11:39:05 devstack cinder-volume[82281]: DEBUG oslo_concurrency.lockutils [req-56f71937-159a-4003-8758-0dc0ab14eb03 req-1fa4a210-ed21-4593-ade5-250107fc36b0 tempest-TaggedBootDevicesTest_v242-1239505434 None] Lock "quobyte" "released" by "cinder.volume.drivers.quobyte.QuobyteDriver.initialize_connection" :: held 2.859s {{(pid=82281) inner /opt/stack/data/venv/lib/python3.10/site-packages/oslo_concurrency/lockutils.py:424}}
